Server IP : 192.64.118.117 / Your IP : 18.216.196.208 Web Server : LiteSpeed System : Linux premium56.web-hosting.com 4.18.0-513.24.1.lve.1.el8.x86_64 #1 SMP Thu May 9 15:10:09 UTC 2024 x86_64 User : thecgapy ( 1160) PHP Version : 7.4.33 Disable Function : NONE MySQL : OFF | cURL : ON | WGET : ON | Perl : ON | Python : ON | Sudo : OFF | Pkexec : OFF Directory : /home/thecgapy/access-logs/ |
Upload File : |
114.119.153.242 - - [27/Apr/2025:08:23:02 -0400] "GET /how-its-work/ HTTP/1.1" 200 14087 "https://acreditrepaircorp.com/price/" "Mozilla/5.0 (Linux; Android 7.0;) AppleWebKit/537.36 (KHTML, like Gecko) Mobile Safari/537.36 (compatible; PetalBot;+https://webmaster.petalsearch.com/site/petalbot)"
192.64.118.117 - - [27/Apr/2025:08:58:23 -0400] "POST /wp-cron.php?doing_wp_cron=1745758703.3886220455169677734375 HTTP/1.1" 403 1242 "https://acreditrepaircorp.com/wp-cron.php?doing_wp_cron=1745758703.3886220455169677734375" "WordPress/5.0.18; https://acreditrepaircorp.com"
192.64.118.117 - - [27/Apr/2025:08:23:02 -0400] "POST /wp-cron.php?doing_wp_cron=1745756582.6411681175231933593750 HTTP/1.1" 403 1242 "https://acreditrepaircorp.com/wp-cron.php?doing_wp_cron=1745756582.6411681175231933593750" "WordPress/5.0.18; https://acreditrepaircorp.com"
192.64.118.117 - - [27/Apr/2025:08:28:19 -0400] "POST /wp-cron.php?doing_wp_cron=1745756899.1783900260925292968750 HTTP/1.1" 403 1242 "https://acreditrepaircorp.com/wp-cron.php?doing_wp_cron=1745756899.1783900260925292968750" "WordPress/5.0.18; https://acreditrepaircorp.com"
84.246.85.11 - - [27/Apr/2025:08:28:18 -0400] "GET / HTTP/1.1" 200 19134 "http://acreditrepaircorp.com" "2ip bot/1.1 (+http://2ip.io)"
84.246.85.11 - - [27/Apr/2025:08:28:20 -0400] "GET / HTTP/1.1" 200 19133 "http://acreditrepaircorp.com" "2ip bot/1.1 (+http://2ip.io)"
84.246.85.11 - - [27/Apr/2025:08:28:21 -0400] "GET / HTTP/1.1" 200 19134 "http://acreditrepaircorp.com" "2ip bot/1.1 (+http://2ip.io)"
66.249.73.69 - - [27/Apr/2025:08:42:52 -0400] "GET /robots.txt HTTP/1.1" 200 94 "-" "Mozilla/5.0 (compatible; Googlebot/2.1; +http://www.google.com/bot.html)"
52.167.144.203 - - [27/Apr/2025:08:58:23 -0400] "GET /qa/ HTTP/1.1" 200 11421 "-" "Mozilla/5.0 AppleWebKit/537.36 (KHTML, like Gecko; compatible; bingbot/2.0; +http://www.bing.com/bingbot.htm) Chrome/116.0.1938.76 Safari/537.36"
192.64.118.117 - - [27/Apr/2025:09:30:56 -0400] "POST /wp-cron.php?doing_wp_cron=1745760656.7148120403289794921875 HTTP/1.1" 403 1242 "https://acreditrepaircorp.com/wp-cron.php?doing_wp_cron=1745760656.7148120403289794921875" "WordPress/5.0.18; https://acreditrepaircorp.com"
134.17.14.122 - - [27/Apr/2025:09:30:56 -0400] "GET /wp.php HTTP/1.1" 404 9051 "-" "Mozilla/4.0 (compatible; MSIE 6.0; Windows NT 5.1; SV1)"
192.64.118.117 - - [27/Apr/2025:09:38:44 -0400] "POST /wp-cron.php?doing_wp_cron=1745761124.7376999855041503906250 HTTP/1.1" 403 1242 "https://acreditrepaircorp.com/wp-cron.php?doing_wp_cron=1745761124.7376999855041503906250" "WordPress/5.0.18; https://acreditrepaircorp.com"
43.153.104.196 - - [27/Apr/2025:09:38:44 -0400] "GET / HTTP/1.1" 301 0 "http://www.acreditrepaircorp.com" "Mozilla/5.0 (iPhone; CPU iPhone OS 13_2_3 like Mac OS X) AppleWebKit/605.1.15 (KHTML, like Gecko) Version/13.0.3 Mobile/15E148 Safari/604.1"
43.153.104.196 - - [27/Apr/2025:09:38:45 -0400] "GET / HTTP/1.1" 200 19122 "https://www.acreditrepaircorp.com/" "Mozilla/5.0 (iPhone; CPU iPhone OS 13_2_3 like Mac OS X) AppleWebKit/605.1.15 (KHTML, like Gecko) Version/13.0.3 Mobile/15E148 Safari/604.1"
192.64.118.117 - - [27/Apr/2025:10:36:02 -0400] "POST /wp-cron.php?doing_wp_cron=1745764562.1050040721893310546875 HTTP/1.1" 403 1242 "https://acreditrepaircorp.com/wp-cron.php?doing_wp_cron=1745764562.1050040721893310546875" "WordPress/5.0.18; https://acreditrepaircorp.com"
110.249.201.106 - - [27/Apr/2025:10:36:02 -0400] "GET /wp-content/plugins/gtranslate/gtranslate-style24.css?ver=5.0.18 HTTP/1.1" 200 237 "https://acreditrepaircorp.com/" "Mozilla/5.0 (Linux; Android 5.0) AppleWebKit/537.36 (KHTML, like Gecko) Mobile Safari/537.36 (compatible; Bytespider; https://zhanzhang.toutiao.com/)"
110.249.201.106 - - [27/Apr/2025:10:36:03 -0400] "GET /wp-content/uploads/bb-plugin/cache/7-layout.css?ver=d95d182268e2ff4ac0174b47167b7f24 HTTP/1.1" 200 3948 "https://acreditrepaircorp.com/" "Mozilla/5.0 (Linux; Android 5.0) AppleWebKit/537.36 (KHTML, like Gecko) Mobile Safari/537.36 (compatible; Bytespider; https://zhanzhang.toutiao.com/)"
110.249.201.106 - - [27/Apr/2025:10:36:03 -0400] "GET /wp-content/plugins/beaver-builder-lite-version/css/jquery.magnificpopup.css?ver=1.9.4 HTTP/1.1" 200 1749 "https://acreditrepaircorp.com/" "Mozilla/5.0 (Linux; Android 5.0) AppleWebKit/537.36 (KHTML, like Gecko) Mobile Safari/537.36 (compatible; Bytespider; https://zhanzhang.toutiao.com/)"
110.249.201.106 - - [27/Apr/2025:10:36:03 -0400] "GET /wp-content/plugins/contact-form-7/includes/css/styles.css?ver=4.7 HTTP/1.1" 200 539 "https://acreditrepaircorp.com/" "Mozilla/5.0 (Linux; Android 5.0) AppleWebKit/537.36 (KHTML, like Gecko) Mobile Safari/537.36 (compatible; Bytespider; https://zhanzhang.toutiao.com/)"
110.249.201.106 - - [27/Apr/2025:10:36:03 -0400] "GET /wp-content/plugins/revslider/public/assets/css/settings.css?ver=5.4.6.3.1 HTTP/1.1" 200 6856 "https://acreditrepaircorp.com/" "Mozilla/5.0 (Linux; Android 5.0) AppleWebKit/537.36 (KHTML, like Gecko) Mobile Safari/537.36 (compatible; Bytespider; https://zhanzhang.toutiao.com/)"
110.249.201.106 - - [27/Apr/2025:10:36:03 -0400] "GET /wp-content/plugins/youtube-embed-plus/styles/ytprefs.min.css?ver=13.0 HTTP/1.1" 200 1180 "https://acreditrepaircorp.com/" "Mozilla/5.0 (Linux; Android 5.0) AppleWebKit/537.36 (KHTML, like Gecko) Mobile Safari/537.36 (compatible; Bytespider; https://zhanzhang.toutiao.com/)"
110.249.201.106 - - [27/Apr/2025:10:36:03 -0400] "GET /wp-content/themes/TESSERACT/css/site-banner.css?ver=1.0.0 HTTP/1.1" 200 1591 "https://acreditrepaircorp.com/" "Mozilla/5.0 (Linux; Android 5.0) AppleWebKit/537.36 (KHTML, like Gecko) Mobile Safari/537.36 (compatible; Bytespider; https://zhanzhang.toutiao.com/)"
110.249.201.106 - - [27/Apr/2025:10:36:03 -0400] "GET /wp-content/plugins/revslider/public/assets/js/jquery.themepunch.revolution.min.js?ver=5.4.6.3.1 HTTP/1.1" 200 17231 "https://acreditrepaircorp.com/" "Mozilla/5.0 (Linux; Android 5.0) AppleWebKit/537.36 (KHTML, like Gecko) Mobile Safari/537.36 (compatible; Bytespider; https://zhanzhang.toutiao.com/)"
110.249.201.106 - - [27/Apr/2025:10:36:03 -0400] "GET /wp-content/plugins/youtube-embed-plus/scripts/ytprefs.min.js?ver=13.0 HTTP/1.1" 200 2489 "https://acreditrepaircorp.com/" "Mozilla/5.0 (Linux; Android 5.0) AppleWebKit/537.36 (KHTML, like Gecko) Mobile Safari/537.36 (compatible; Bytespider; https://zhanzhang.toutiao.com/)"
110.249.201.106 - - [27/Apr/2025:10:36:03 -0400] "GET /wp-content/themes/TESSERACT/js/modernizr.custom.min.js?ver=1.0.0 HTTP/1.1" 200 3260 "https://acreditrepaircorp.com/" "Mozilla/5.0 (Linux; Android 5.0) AppleWebKit/537.36 (KHTML, like Gecko) Mobile Safari/537.36 (compatible; Bytespider; https://zhanzhang.toutiao.com/)"
110.249.201.106 - - [27/Apr/2025:10:36:03 -0400] "GET /wp-content/plugins/wonderplugin-gallery/engine/wonderplugingallery.js?ver=3.9C HTTP/1.1" 200 27407 "https://acreditrepaircorp.com/" "Mozilla/5.0 (Linux; Android 5.0) AppleWebKit/537.36 (KHTML, like Gecko) Mobile Safari/537.36 (compatible; Bytespider; https://zhanzhang.toutiao.com/)"
110.249.201.106 - - [27/Apr/2025:10:36:01 -0400] "GET / HTTP/1.1" 200 15713 "-" "Mozilla/5.0 (Linux; Android 5.0) AppleWebKit/537.36 (KHTML, like Gecko) Mobile Safari/537.36 (compatible; Bytespider; https://zhanzhang.toutiao.com/)"
110.249.201.106 - - [27/Apr/2025:10:36:03 -0400] "GET /wp-includes/css/dist/block-library/style.min.css?ver=5.0.18 HTTP/1.1" 200 3971 "https://acreditrepaircorp.com/" "Mozilla/5.0 (Linux; Android 5.0) AppleWebKit/537.36 (KHTML, like Gecko) Mobile Safari/537.36 (compatible; Bytespider; https://zhanzhang.toutiao.com/)"
110.249.201.106 - - [27/Apr/2025:10:36:03 -0400] "GET /wp-content/plugins/builder-responsive-pricing-tables/assets/css/pricing-tables.css?ver=5.0.18 HTTP/1.1" 200 2444 "https://acreditrepaircorp.com/" "Mozilla/5.0 (Linux; Android 5.0) AppleWebKit/537.36 (KHTML, like Gecko) Mobile Safari/537.36 (compatible; Bytespider; https://zhanzhang.toutiao.com/)"
110.249.201.106 - - [27/Apr/2025:10:36:03 -0400] "GET /wp-content/plugins/leads//shared/shortcodes/css/frontend-render.css?ver=5.0.18 HTTP/1.1" 200 11015 "https://acreditrepaircorp.com/" "Mozilla/5.0 (Linux; Android 5.0) AppleWebKit/537.36 (KHTML, like Gecko) Mobile Safari/537.36 (compatible; Bytespider; https://zhanzhang.toutiao.com/)"
110.249.201.106 - - [27/Apr/2025:10:36:03 -0400] "GET /wp-content/plugins/go_pricing/assets/css/go_pricing_styles.css?ver=3.3.12 HTTP/1.1" 200 7801 "https://acreditrepaircorp.com/" "Mozilla/5.0 (Linux; Android 5.0) AppleWebKit/537.36 (KHTML, like Gecko) Mobile Safari/537.36 (compatible; Bytespider; https://zhanzhang.toutiao.com/)"
110.249.201.106 - - [27/Apr/2025:10:36:03 -0400] "GET /wp-content/themes/TESSERACT/style.css?ver=1.0.0 HTTP/1.1" 200 10905 "https://acreditrepaircorp.com/" "Mozilla/5.0 (Linux; Android 5.0) AppleWebKit/537.36 (KHTML, like Gecko) Mobile Safari/537.36 (compatible; Bytespider; https://zhanzhang.toutiao.com/)"
110.249.201.106 - - [27/Apr/2025:10:36:03 -0400] "GET /wp-includes/css/dashicons.min.css?ver=5.0.18 HTTP/1.1" 200 28437 "https://acreditrepaircorp.com/" "Mozilla/5.0 (Linux; Android 5.0) AppleWebKit/537.36 (KHTML, like Gecko) Mobile Safari/537.36 (compatible; Bytespider; https://zhanzhang.toutiao.com/)"
110.249.201.106 - - [27/Apr/2025:10:36:03 -0400] "GET /wp-content/themes/TESSERACT/css/font-awesome.min.css?ver=4.4.0 HTTP/1.1" 200 5723 "https://acreditrepaircorp.com/" "Mozilla/5.0 (Linux; Android 5.0) AppleWebKit/537.36 (KHTML, like Gecko) Mobile Safari/537.36 (compatible; Bytespider; https://zhanzhang.toutiao.com/)"
110.249.201.106 - - [27/Apr/2025:10:36:03 -0400] "GET /wp-content/themes/TESSERACT/css/jquery.sidr.css?ver=1.0.0 HTTP/1.1" 200 1506 "https://acreditrepaircorp.com/" "Mozilla/5.0 (Linux; Android 5.0) AppleWebKit/537.36 (KHTML, like Gecko) Mobile Safari/537.36 (compatible; Bytespider; https://zhanzhang.toutiao.com/)"
110.249.201.106 - - [27/Apr/2025:10:36:03 -0400] "GET /wp-content/themes/TESSERACT/css/typicons.css?ver=1.0.0 HTTP/1.1" 200 2649 "https://acreditrepaircorp.com/" "Mozilla/5.0 (Linux; Android 5.0) AppleWebKit/537.36 (KHTML, like Gecko) Mobile Safari/537.36 (compatible; Bytespider; https://zhanzhang.toutiao.com/)"
110.249.201.106 - - [27/Apr/2025:10:36:03 -0400] "GET /wp-content/themes/TESSERACT/css/footer-banner.css?ver=1.0.0 HTTP/1.1" 200 1177 "https://acreditrepaircorp.com/" "Mozilla/5.0 (Linux; Android 5.0) AppleWebKit/537.36 (KHTML, like Gecko) Mobile Safari/537.36 (compatible; Bytespider; https://zhanzhang.toutiao.com/)"
110.249.201.106 - - [27/Apr/2025:10:36:03 -0400] "GET /wp-includes/js/jquery/jquery.js?ver=1.12.4 HTTP/1.1" 200 32854 "https://acreditrepaircorp.com/" "Mozilla/5.0 (Linux; Android 5.0) AppleWebKit/537.36 (KHTML, like Gecko) Mobile Safari/537.36 (compatible; Bytespider; https://zhanzhang.toutiao.com/)"
110.249.201.106 - - [27/Apr/2025:10:36:03 -0400] "GET /wp-content/plugins/revslider/public/assets/js/jquery.themepunch.tools.min.js?ver=5.4.6.3.1 HTTP/1.1" 200 37077 "https://acreditrepaircorp.com/" "Mozilla/5.0 (Linux; Android 5.0) AppleWebKit/537.36 (KHTML, like Gecko) Mobile Safari/537.36 (compatible; Bytespider; https://zhanzhang.toutiao.com/)"
110.249.201.106 - - [27/Apr/2025:10:36:03 -0400] "GET /wp-includes/js/jquery/jquery-migrate.min.js?ver=1.4.1 HTTP/1.1" 200 3823 "https://acreditrepaircorp.com/" "Mozilla/5.0 (Linux; Android 5.0) AppleWebKit/537.36 (KHTML, like Gecko) Mobile Safari/537.36 (compatible; Bytespider; https://zhanzhang.toutiao.com/)"
110.249.201.106 - - [27/Apr/2025:10:36:03 -0400] "GET /wp-content/plugins/leads//shared/assets/js/frontend/analytics/inboundAnalytics.min.js HTTP/1.1" 200 11696 "https://acreditrepaircorp.com/" "Mozilla/5.0 (Linux; Android 5.0) AppleWebKit/537.36 (KHTML, like Gecko) Mobile Safari/537.36 (compatible; Bytespider; https://zhanzhang.toutiao.com/)"
110.249.201.106 - - [27/Apr/2025:10:36:04 -0400] "GET /wp-content/plugins/elfsight-social-media-icons-cc/assets/elfsight-social-media-icons.js?ver=1.1.0 HTTP/1.1" 200 37980 "https://acreditrepaircorp.com/" "Mozilla/5.0 (Linux; Android 5.0) AppleWebKit/537.36 (KHTML, like Gecko) Mobile Safari/537.36 (compatible; Bytespider; https://zhanzhang.toutiao.com/)"
110.249.201.106 - - [27/Apr/2025:10:36:05 -0400] "GET /wp-content/plugins/beaver-builder-lite-version/js/jquery.waypoints.min.js?ver=1.9.4 HTTP/1.1" 200 2540 "https://acreditrepaircorp.com/" "Mozilla/5.0 (Linux; Android 5.0) AppleWebKit/537.36 (KHTML, like Gecko) Mobile Safari/537.36 (compatible; Bytespider; https://zhanzhang.toutiao.com/)"
110.249.201.106 - - [27/Apr/2025:10:36:05 -0400] "GET /wp-content/plugins/beaver-builder-lite-version/js/jquery.fitvids.js?ver=1.9.4 HTTP/1.1" 200 1135 "https://acreditrepaircorp.com/" "Mozilla/5.0 (Linux; Android 5.0) AppleWebKit/537.36 (KHTML, like Gecko) Mobile Safari/537.36 (compatible; Bytespider; https://zhanzhang.toutiao.com/)"
110.249.201.106 - - [27/Apr/2025:10:36:05 -0400] "GET /wp-content/uploads/bb-plugin/cache/7-layout.js?ver=d95d182268e2ff4ac0174b47167b7f24 HTTP/1.1" 200 4103 "https://acreditrepaircorp.com/" "Mozilla/5.0 (Linux; Android 5.0) AppleWebKit/537.36 (KHTML, like Gecko) Mobile Safari/537.36 (compatible; Bytespider; https://zhanzhang.toutiao.com/)"
110.249.201.106 - - [27/Apr/2025:10:36:06 -0400] "GET /wp-content/plugins/contact-form-7/includes/js/scripts.js?ver=4.7 HTTP/1.1" 200 3452 "https://acreditrepaircorp.com/" "Mozilla/5.0 (Linux; Android 5.0) AppleWebKit/537.36 (KHTML, like Gecko) Mobile Safari/537.36 (compatible; Bytespider; https://zhanzhang.toutiao.com/)"
110.249.201.106 - - [27/Apr/2025:10:36:06 -0400] "GET /wp-content/plugins/go_pricing/assets/js/go_pricing_scripts.js?ver=3.3.12 HTTP/1.1" 200 5244 "https://acreditrepaircorp.com/" "Mozilla/5.0 (Linux; Android 5.0) AppleWebKit/537.36 (KHTML, like Gecko) Mobile Safari/537.36 (compatible; Bytespider; https://zhanzhang.toutiao.com/)"
110.249.201.106 - - [27/Apr/2025:10:36:07 -0400] "GET /wp-content/themes/TESSERACT/js/helpers.js?ver=1.0.0 HTTP/1.1" 200 942 "https://acreditrepaircorp.com/" "Mozilla/5.0 (Linux; Android 5.0) AppleWebKit/537.36 (KHTML, like Gecko) Mobile Safari/537.36 (compatible; Bytespider; https://zhanzhang.toutiao.com/)"
110.249.201.106 - - [27/Apr/2025:10:36:08 -0400] "GET /wp-content/themes/TESSERACT/js/helpers-beaver.js?ver=1.0.0 HTTP/1.1" 200 534 "https://acreditrepaircorp.com/" "Mozilla/5.0 (Linux; Android 5.0) AppleWebKit/537.36 (KHTML, like Gecko) Mobile Safari/537.36 (compatible; Bytespider; https://zhanzhang.toutiao.com/)"
110.249.201.106 - - [27/Apr/2025:10:36:08 -0400] "GET /wp-content/themes/TESSERACT/js/skip-link-focus-fix.js?ver=1.0.0 HTTP/1.1" 200 258 "https://acreditrepaircorp.com/" "Mozilla/5.0 (Linux; Android 5.0) AppleWebKit/537.36 (KHTML, like Gecko) Mobile Safari/537.36 (compatible; Bytespider; https://zhanzhang.toutiao.com/)"
110.249.201.106 - - [27/Apr/2025:10:36:08 -0400] "GET /wp-includes/js/wp-embed.min.js?ver=5.0.18 HTTP/1.1" 200 638 "https://acreditrepaircorp.com/" "Mozilla/5.0 (Linux; Android 5.0) AppleWebKit/537.36 (KHTML, like Gecko) Mobile Safari/537.36 (compatible; Bytespider; https://zhanzhang.toutiao.com/)"
110.249.201.106 - - [27/Apr/2025:10:36:09 -0400] "GET /wp-content/uploads/2021/02/Acredit-logo-1.png HTTP/1.1" 206 500 "https://acreditrepaircorp.com/" "Mozilla/5.0 (Linux; Android 5.0) AppleWebKit/537.36 (KHTML, like Gecko) Mobile Safari/537.36 (compatible; Bytespider; https://zhanzhang.toutiao.com/)"
110.249.201.106 - - [27/Apr/2025:10:36:03 -0400] "GET /wp-content/themes/TESSERACT/js/helpers.js?ver=5.0.18 HTTP/1.1" 200 942 "https://acreditrepaircorp.com/" "Mozilla/5.0 (Linux; Android 5.0) AppleWebKit/537.36 (KHTML, like Gecko) Mobile Safari/537.36 (compatible; Bytespider; https://zhanzhang.toutiao.com/)"
110.249.201.106 - - [27/Apr/2025:10:36:04 -0400] "GET /wp-content/plugins/leads//shared//shortcodes/js/spin.min.js HTTP/1.1" 200 1934 "https://acreditrepaircorp.com/" "Mozilla/5.0 (Linux; Android 5.0) AppleWebKit/537.36 (KHTML, like Gecko) Mobile Safari/537.36 (compatible; Bytespider; https://zhanzhang.toutiao.com/)"
110.249.201.106 - - [27/Apr/2025:10:36:04 -0400] "GET /wp-content/plugins/beaver-builder-lite-version/js/jquery.magnificpopup.min.js?ver=1.9.4 HTTP/1.1" 200 7280 "https://acreditrepaircorp.com/" "Mozilla/5.0 (Linux; Android 5.0) AppleWebKit/537.36 (KHTML, like Gecko) Mobile Safari/537.36 (compatible; Bytespider; https://zhanzhang.toutiao.com/)"
110.249.201.106 - - [27/Apr/2025:10:36:05 -0400] "GET /wp-content/plugins/contact-form-7/includes/js/jquery.form.min.js?ver=3.51.0-2014.06.20 HTTP/1.1" 200 5539 "https://acreditrepaircorp.com/" "Mozilla/5.0 (Linux; Android 5.0) AppleWebKit/537.36 (KHTML, like Gecko) Mobile Safari/537.36 (compatible; Bytespider; https://zhanzhang.toutiao.com/)"
110.249.201.106 - - [27/Apr/2025:10:36:06 -0400] "GET /wp-content/themes/TESSERACT/js/jquery.fittext.js?ver=1.0.0 HTTP/1.1" 200 521 "https://acreditrepaircorp.com/" "Mozilla/5.0 (Linux; Android 5.0) AppleWebKit/537.36 (KHTML, like Gecko) Mobile Safari/537.36 (compatible; Bytespider; https://zhanzhang.toutiao.com/)"
110.249.201.106 - - [27/Apr/2025:10:36:07 -0400] "GET /wp-content/themes/TESSERACT/js/jquery.sidr.min.js?ver=1.0.0 HTTP/1.1" 200 1450 "https://acreditrepaircorp.com/" "Mozilla/5.0 (Linux; Android 5.0) AppleWebKit/537.36 (KHTML, like Gecko) Mobile Safari/537.36 (compatible; Bytespider; https://zhanzhang.toutiao.com/)"
110.249.201.106 - - [27/Apr/2025:10:36:07 -0400] "GET /wp-content/themes/TESSERACT/js/helpers-functions.js?ver=1.0.0 HTTP/1.1" 200 363 "https://acreditrepaircorp.com/" "Mozilla/5.0 (Linux; Android 5.0) AppleWebKit/537.36 (KHTML, like Gecko) Mobile Safari/537.36 (compatible; Bytespider; https://zhanzhang.toutiao.com/)"
110.249.201.106 - - [27/Apr/2025:10:36:08 -0400] "GET /wp-content/plugins/youtube-embed-plus/scripts/fitvids.min.js?ver=13.0 HTTP/1.1" 200 681 "https://acreditrepaircorp.com/" "Mozilla/5.0 (Linux; Android 5.0) AppleWebKit/537.36 (KHTML, like Gecko) Mobile Safari/537.36 (compatible; Bytespider; https://zhanzhang.toutiao.com/)"
52.167.144.170 - - [27/Apr/2025:11:35:20 -0400] "GET /sitemap_index.xml HTTP/1.1" 404 9059 "-" "Mozilla/5.0 AppleWebKit/537.36 (KHTML, like Gecko; compatible; bingbot/2.0; +http://www.bing.com/bingbot.htm) Chrome/116.0.1938.76 Safari/537.36"
192.64.118.117 - - [27/Apr/2025:11:35:21 -0400] "POST /wp-cron.php?doing_wp_cron=1745768121.0562679767608642578125 HTTP/1.1" 403 1242 "https://acreditrepaircorp.com/wp-cron.php?doing_wp_cron=1745768121.0562679767608642578125" "WordPress/5.0.18; https://acreditrepaircorp.com"
192.64.118.117 - - [27/Apr/2025:11:56:54 -0400] "POST /wp-cron.php?doing_wp_cron=1745769414.3831288814544677734375 HTTP/1.1" 403 1242 "https://acreditrepaircorp.com/wp-cron.php?doing_wp_cron=1745769414.3831288814544677734375" "WordPress/5.0.18; https://acreditrepaircorp.com"
40.77.167.20 - - [27/Apr/2025:11:56:53 -0400] "GET /3862obsye68ad02zsbfed86eb HTTP/1.1" 301 0 "-" "Mozilla/5.0 AppleWebKit/537.36 (KHTML, like Gecko; compatible; bingbot/2.0; +http://www.bing.com/bingbot.htm) Chrome/116.0.1938.76 Safari/537.36"
212.34.141.234 - - [27/Apr/2025:12:16:30 -0400] "GET /myth-or-guideline/ HTTP/1.0" 200 41914 "https://acreditrepaircorp.com/myth-or-guideline/" "Mozilla/5.0 (Windows NT 10.0; Win64; x64) AppleWebKit/537.36 (KHTML, like Gecko) Chrome/129.0.0.0 Safari/537.36"
192.64.118.117 - - [27/Apr/2025:12:16:30 -0400] "POST /wp-cron.php?doing_wp_cron=1745770590.5769200325012207031250 HTTP/1.1" 403 1242 "https://acreditrepaircorp.com/wp-cron.php?doing_wp_cron=1745770590.5769200325012207031250" "WordPress/5.0.18; https://acreditrepaircorp.com"
212.34.141.234 - - [27/Apr/2025:12:16:31 -0400] "POST /wp-comments-post.php HTTP/1.0" 403 1242 "https://acreditrepaircorp.com/myth-or-guideline/" "Mozilla/5.0 (Windows NT 10.0; Win64; x64) AppleWebKit/537.36 (KHTML, like Gecko) Chrome/129.0.0.0 Safari/537.36"
192.64.118.117 - - [27/Apr/2025:12:37:58 -0400] "POST /wp-cron.php?doing_wp_cron=1745771878.1552391052246093750000 HTTP/1.1" 403 1242 "https://acreditrepaircorp.com/wp-cron.php?doing_wp_cron=1745771878.1552391052246093750000" "WordPress/5.0.18; https://acreditrepaircorp.com"
40.77.167.116 - - [27/Apr/2025:12:37:57 -0400] "GET /sitemap_index.xml HTTP/1.1" 404 9056 "-" "Mozilla/5.0 AppleWebKit/537.36 (KHTML, like Gecko; compatible; bingbot/2.0; +http://www.bing.com/bingbot.htm) Chrome/116.0.1938.76 Safari/537.36"
192.64.118.117 - - [27/Apr/2025:12:48:30 -0400] "POST /wp-cron.php?doing_wp_cron=1745772510.0844919681549072265625 HTTP/1.1" 403 1242 "https://acreditrepaircorp.com/wp-cron.php?doing_wp_cron=1745772510.0844919681549072265625" "WordPress/5.0.18; https://acreditrepaircorp.com"
170.106.82.209 - - [27/Apr/2025:12:48:29 -0400] "GET / HTTP/1.1" 200 19129 "http://acreditrepaircorp.com" "Mozilla/5.0 (iPhone; CPU iPhone OS 13_2_3 like Mac OS X) AppleWebKit/605.1.15 (KHTML, like Gecko) Version/13.0.3 Mobile/15E148 Safari/604.1"
40.77.167.54 - - [27/Apr/2025:12:52:48 -0400] "GET /how-to-build-credit-in-5-simple-steps/ HTTP/1.1" 200 11966 "-" "Mozilla/5.0 AppleWebKit/537.36 (KHTML, like Gecko; compatible; bingbot/2.0; +http://www.bing.com/bingbot.htm) Chrome/116.0.1938.76 Safari/537.36"
192.64.118.117 - - [27/Apr/2025:12:52:48 -0400] "POST /wp-cron.php?doing_wp_cron=1745772768.7285869121551513671875 HTTP/1.1" 403 1242 "https://acreditrepaircorp.com/wp-cron.php?doing_wp_cron=1745772768.7285869121551513671875" "WordPress/5.0.18; https://acreditrepaircorp.com"
122.51.104.231 - - [27/Apr/2025:12:52:56 -0400] "GET / HTTP/1.1" 200 19127 "http://acreditrepaircorp.com" "Mozilla/5.0 (iPhone; CPU iPhone OS 13_2_3 like Mac OS X) AppleWebKit/605.1.15 (KHTML, like Gecko) Version/13.0.3 Mobile/15E148 Safari/604.1"
192.64.118.117 - - [27/Apr/2025:13:24:01 -0400] "POST /wp-cron.php?doing_wp_cron=1745774641.0957200527191162109375 HTTP/1.1" 403 1242 "https://acreditrepaircorp.com/wp-cron.php?doing_wp_cron=1745774641.0957200527191162109375" "WordPress/5.0.18; https://acreditrepaircorp.com"
51.222.253.14 - - [27/Apr/2025:13:24:00 -0400] "GET /client-login/ HTTP/1.1" 200 9238 "-" "Mozilla/5.0 (compatible; AhrefsBot/7.0; +http://ahrefs.com/robot/)"
192.64.118.117 - - [27/Apr/2025:14:18:34 -0400] "POST /wp-cron.php?doing_wp_cron=1745777914.9284720420837402343750 HTTP/1.1" 403 1242 "https://acreditrepaircorp.com/wp-cron.php?doing_wp_cron=1745777914.9284720420837402343750" "WordPress/5.0.18; https://acreditrepaircorp.com"
147.182.251.33 - - [27/Apr/2025:14:18:34 -0400] "GET / HTTP/1.1" 200 19132 "-" "Mozilla/5.0 (compatible)"
192.64.118.117 - - [27/Apr/2025:14:10:48 -0400] "POST /wp-cron.php?doing_wp_cron=1745777448.9802908897399902343750 HTTP/1.1" 403 1242 "https://acreditrepaircorp.com/wp-cron.php?doing_wp_cron=1745777448.9802908897399902343750" "WordPress/5.0.18; https://acreditrepaircorp.com"
114.119.158.156 - - [27/Apr/2025:14:10:48 -0400] "GET /myth-or-guideline/ HTTP/1.1" 200 12904 "https://acreditrepaircorp.com/author/neil/" "Mozilla/5.0 (Linux; Android 7.0;) AppleWebKit/537.36 (KHTML, like Gecko) Mobile Safari/537.36 (compatible; PetalBot;+https://webmaster.petalsearch.com/site/petalbot)"
192.64.118.117 - - [27/Apr/2025:14:12:25 -0400] "POST /wp-cron.php?doing_wp_cron=1745777545.8121349811553955078125 HTTP/1.1" 403 1242 "https://acreditrepaircorp.com/wp-cron.php?doing_wp_cron=1745777545.8121349811553955078125" "WordPress/5.0.18; https://acreditrepaircorp.com"
114.119.133.46 - - [27/Apr/2025:14:12:25 -0400] "GET /about/ HTTP/1.1" 200 12553 "https://acreditrepaircorp.com/price/" "Mozilla/5.0 (Linux; Android 7.0;) AppleWebKit/537.36 (KHTML, like Gecko) Mobile Safari/537.36 (compatible; PetalBot;+https://webmaster.petalsearch.com/site/petalbot)"
147.182.251.33 - - [27/Apr/2025:14:18:35 -0400] "GET /wp-content/uploads/2021/01/cropped-creditcorp-LOGO-32x32.png HTTP/1.1" 200 2340 "https://acreditrepaircorp.com/" "Mozilla/5.0 (compatible)"
192.64.118.117 - - [27/Apr/2025:15:40:36 -0400] "POST /wp-cron.php?doing_wp_cron=1745782836.8113749027252197265625 HTTP/1.1" 403 1242 "https://acreditrepaircorp.com/wp-cron.php?doing_wp_cron=1745782836.8113749027252197265625" "WordPress/5.0.18; https://acreditrepaircorp.com"
194.67.204.55 - - [27/Apr/2025:15:40:35 -0400] "GET / HTTP/1.1" 200 80531 "-" "Mozilla/5.0 (Windows NT 10.0; rv:125.0) Gecko/20100101 Firefox/125.0"
185.159.130.38 - - [27/Apr/2025:15:40:43 -0400] "GET / HTTP/1.1" 200 80532 "-" "Mozilla/5.0 (Macintosh; Intel Mac OS X 10_14_5) AppleWebKit/537.36 (KHTML, like Gecko) Chrome/132.0.0.0 YaBrowser/25.2.0.0 Safari/537.36"
114.119.157.166 - - [27/Apr/2025:15:55:01 -0400] "GET /blog/ HTTP/1.1" 200 11896 "https://acreditrepaircorp.com/price/" "Mozilla/5.0 (Linux; Android 7.0;) AppleWebKit/537.36 (KHTML, like Gecko) Mobile Safari/537.36 (compatible; PetalBot;+https://webmaster.petalsearch.com/site/petalbot)"
192.64.118.117 - - [27/Apr/2025:15:55:01 -0400] "POST /wp-cron.php?doing_wp_cron=1745783701.9701380729675292968750 HTTP/1.1" 403 1242 "https://acreditrepaircorp.com/wp-cron.php?doing_wp_cron=1745783701.9701380729675292968750" "WordPress/5.0.18; https://acreditrepaircorp.com"
192.64.118.117 - - [27/Apr/2025:16:09:58 -0400] "POST /wp-cron.php?doing_wp_cron=1745784598.1200211048126220703125 HTTP/1.1" 403 1242 "https://acreditrepaircorp.com/wp-cron.php?doing_wp_cron=1745784598.1200211048126220703125" "WordPress/5.0.18; https://acreditrepaircorp.com"
49.232.151.112 - - [27/Apr/2025:16:09:57 -0400] "GET / HTTP/1.1" 301 0 "http://www.acreditrepaircorp.com" "Mozilla/5.0 (iPhone; CPU iPhone OS 13_2_3 like Mac OS X) AppleWebKit/605.1.15 (KHTML, like Gecko) Version/13.0.3 Mobile/15E148 Safari/604.1"
49.232.151.112 - - [27/Apr/2025:16:09:58 -0400] "GET / HTTP/1.1" 200 19144 "https://www.acreditrepaircorp.com/" "Mozilla/5.0 (iPhone; CPU iPhone OS 13_2_3 like Mac OS X) AppleWebKit/605.1.15 (KHTML, like Gecko) Version/13.0.3 Mobile/15E148 Safari/604.1"
5.255.231.9 - - [27/Apr/2025:16:10:05 -0400] "GET /robots.txt HTTP/1.1" 200 498 "-" "Mozilla/5.0 (compatible; YandexBot/3.0; +http://yandex.com/bots)"
5.255.231.70 - - [27/Apr/2025:16:10:06 -0400] "GET /sitemap0.xml HTTP/1.1" 404 10367 "-" "Mozilla/5.0 (compatible; YandexBot/3.0; +http://yandex.com/bots)"
51.222.253.9 - - [27/Apr/2025:16:43:37 -0400] "GET / HTTP/1.1" 200 15714 "-" "Mozilla/5.0 (compatible; AhrefsBot/7.0; +http://ahrefs.com/robot/)"
54.36.148.16 - - [27/Apr/2025:16:43:35 -0400] "GET /robots.txt HTTP/1.1" 200 94 "-" "Mozilla/5.0 (compatible; AhrefsBot/7.0; +http://ahrefs.com/robot/)"
192.64.118.117 - - [27/Apr/2025:16:43:37 -0400] "POST /wp-cron.php?doing_wp_cron=1745786617.5091669559478759765625 HTTP/1.1" 403 1242 "https://acreditrepaircorp.com/wp-cron.php?doing_wp_cron=1745786617.5091669559478759765625" "WordPress/5.0.18; https://acreditrepaircorp.com"
43.166.240.231 - - [27/Apr/2025:17:17:40 -0400] "GET / HTTP/1.1" 301 0 "http://www.acreditrepaircorp.com" "Mozilla/5.0 (iPhone; CPU iPhone OS 13_2_3 like Mac OS X) AppleWebKit/605.1.15 (KHTML, like Gecko) Version/13.0.3 Mobile/15E148 Safari/604.1"
192.64.118.117 - - [27/Apr/2025:17:07:37 -0400] "POST /wp-cron.php?doing_wp_cron=1745788057.0101890563964843750000 HTTP/1.1" 403 1242 "https://acreditrepaircorp.com/wp-cron.php?doing_wp_cron=1745788057.0101890563964843750000" "WordPress/5.0.18; https://acreditrepaircorp.com"
195.2.70.49 - - [27/Apr/2025:17:07:36 -0400] "GET /myth-or-guideline/ HTTP/1.0" 200 41911 "https://acreditrepaircorp.com/myth-or-guideline/" "Mozilla/5.0 (Windows NT 10.0; Win64; x64) AppleWebKit/537.36 (KHTML, like Gecko) Chrome/130.0.0.0 Safari/537.36"
195.2.70.49 - - [27/Apr/2025:17:07:38 -0400] "POST /wp-comments-post.php HTTP/1.0" 403 1242 "https://acreditrepaircorp.com/myth-or-guideline/" "Mozilla/5.0 (Windows NT 10.0; Win64; x64) AppleWebKit/537.36 (KHTML, like Gecko) Chrome/130.0.0.0 Safari/537.36"
192.64.118.117 - - [27/Apr/2025:17:17:41 -0400] "POST /wp-cron.php?doing_wp_cron=1745788661.1672189235687255859375 HTTP/1.1" 403 1242 "https://acreditrepaircorp.com/wp-cron.php?doing_wp_cron=1745788661.1672189235687255859375" "WordPress/5.0.18; https://acreditrepaircorp.com"
43.166.240.231 - - [27/Apr/2025:17:17:42 -0400] "GET / HTTP/1.1" 200 19128 "https://www.acreditrepaircorp.com/" "Mozilla/5.0 (iPhone; CPU iPhone OS 13_2_3 like Mac OS X) AppleWebKit/605.1.15 (KHTML, like Gecko) Version/13.0.3 Mobile/15E148 Safari/604.1"
192.64.118.117 - - [27/Apr/2025:17:27:21 -0400] "POST /wp-cron.php?doing_wp_cron=1745789241.2632288932800292968750 HTTP/1.1" 403 1242 "https://acreditrepaircorp.com/wp-cron.php?doing_wp_cron=1745789241.2632288932800292968750" "WordPress/5.0.18; https://acreditrepaircorp.com"
66.249.73.69 - - [27/Apr/2025:17:27:20 -0400] "GET /about/ HTTP/1.1" 200 10819 "-" "Mozilla/5.0 (Linux; Android 6.0.1; Nexus 5X Build/MMB29P) AppleWebKit/537.36 (KHTML, like Gecko) Chrome/135.0.7049.95 Mobile Safari/537.36 (compatible; Googlebot/2.1; +http://www.google.com/bot.html)"
66.249.73.71 - - [27/Apr/2025:17:27:23 -0400] "GET /wp-content/plugins/elfsight-social-media-icons-cc/assets/elfsight-social-media-icons.js?ver=1.1.0 HTTP/1.1" 200 37980 "https://acreditrepaircorp.com/about/" "Mozilla/5.0 (Linux; Android 6.0.1; Nexus 5X Build/MMB29P) AppleWebKit/537.36 (KHTML, like Gecko) Chrome/134.0.6998.165 Mobile Safari/537.36 (compatible; Googlebot/2.1; +http://www.google.com/bot.html)"
66.249.73.70 - - [27/Apr/2025:17:27:23 -0400] "GET /wp-content/plugins/leads//shared//shortcodes/js/spin.min.js HTTP/1.1" 200 1934 "https://acreditrepaircorp.com/about/" "Mozilla/5.0 (Linux; Android 6.0.1; Nexus 5X Build/MMB29P) AppleWebKit/537.36 (KHTML, like Gecko) Chrome/134.0.6998.165 Mobile Safari/537.36 (compatible; Googlebot/2.1; +http://www.google.com/bot.html)"
66.249.73.71 - - [27/Apr/2025:17:27:24 -0400] "GET /wp-content/plugins/wonderplugin-gallery/engine/wonderplugingallery.js?ver=3.9C HTTP/1.1" 200 27407 "https://acreditrepaircorp.com/about/" "Mozilla/5.0 (Linux; Android 6.0.1; Nexus 5X Build/MMB29P) AppleWebKit/537.36 (KHTML, like Gecko) Chrome/134.0.6998.165 Mobile Safari/537.36 (compatible; Googlebot/2.1; +http://www.google.com/bot.html)"
66.249.73.71 - - [27/Apr/2025:17:27:24 -0400] "GET /wp-content/plugins/revslider/public/assets/js/jquery.themepunch.revolution.min.js?ver=5.4.6.3.1 HTTP/1.1" 200 17231 "https://acreditrepaircorp.com/about/" "Mozilla/5.0 (Linux; Android 6.0.1; Nexus 5X Build/MMB29P) AppleWebKit/537.36 (KHTML, like Gecko) Chrome/134.0.6998.165 Mobile Safari/537.36 (compatible; Googlebot/2.1; +http://www.google.com/bot.html)"
66.249.73.71 - - [27/Apr/2025:17:27:24 -0400] "GET /wp-includes/js/jquery/jquery.js?ver=1.12.4 HTTP/1.1" 200 32854 "https://acreditrepaircorp.com/about/" "Mozilla/5.0 (Linux; Android 6.0.1; Nexus 5X Build/MMB29P) AppleWebKit/537.36 (KHTML, like Gecko) Chrome/134.0.6998.165 Mobile Safari/537.36 (compatible; Googlebot/2.1; +http://www.google.com/bot.html)"
66.249.73.70 - - [27/Apr/2025:17:27:25 -0400] "GET /wp-content/plugins/youtube-embed-plus/styles/ytprefs.min.css?ver=13.0 HTTP/1.1" 200 1180 "https://acreditrepaircorp.com/about/" "Mozilla/5.0 (Linux; Android 6.0.1; Nexus 5X Build/MMB29P) AppleWebKit/537.36 (KHTML, like Gecko) Chrome/134.0.6998.165 Mobile Safari/537.36 (compatible; Googlebot/2.1; +http://www.google.com/bot.html)"
66.249.73.69 - - [27/Apr/2025:17:27:26 -0400] "GET /wp-content/themes/TESSERACT/js/modernizr.custom.min.js?ver=1.0.0 HTTP/1.1" 200 3260 "https://acreditrepaircorp.com/about/" "Mozilla/5.0 (Linux; Android 6.0.1; Nexus 5X Build/MMB29P) AppleWebKit/537.36 (KHTML, like Gecko) Chrome/134.0.6998.165 Mobile Safari/537.36 (compatible; Googlebot/2.1; +http://www.google.com/bot.html)"
66.249.73.70 - - [27/Apr/2025:17:27:27 -0400] "GET /wp-content/plugins/youtube-embed-plus/scripts/ytprefs.min.js?ver=13.0 HTTP/1.1" 200 2489 "https://acreditrepaircorp.com/about/" "Mozilla/5.0 (Linux; Android 6.0.1; Nexus 5X Build/MMB29P) AppleWebKit/537.36 (KHTML, like Gecko) Chrome/134.0.6998.165 Mobile Safari/537.36 (compatible; Googlebot/2.1; +http://www.google.com/bot.html)"
66.249.73.69 - - [27/Apr/2025:17:27:27 -0400] "GET /wp-content/plugins/contact-form-7/includes/css/styles.css?ver=4.7 HTTP/1.1" 200 539 "https://acreditrepaircorp.com/about/" "Mozilla/5.0 (Linux; Android 6.0.1; Nexus 5X Build/MMB29P) AppleWebKit/537.36 (KHTML, like Gecko) Chrome/134.0.6998.165 Mobile Safari/537.36 (compatible; Googlebot/2.1; +http://www.google.com/bot.html)"
66.249.73.69 - - [27/Apr/2025:17:27:23 -0400] "GET /wp-content/uploads/bb-plugin/cache/21-layout.css?ver=cc72acbe4b3af3c5ffc13ade01a87d7a HTTP/1.1" 200 3238 "https://acreditrepaircorp.com/about/" "Mozilla/5.0 (Linux; Android 6.0.1; Nexus 5X Build/MMB29P) AppleWebKit/537.36 (KHTML, like Gecko) Chrome/134.0.6998.165 Mobile Safari/537.36 (compatible; Googlebot/2.1; +http://www.google.com/bot.html)"
66.249.73.69 - - [27/Apr/2025:17:27:24 -0400] "GET /wp-content/plugins/leads//shared/assets/js/frontend/analytics/inboundAnalytics.min.js HTTP/1.1" 200 11696 "https://acreditrepaircorp.com/about/" "Mozilla/5.0 (Linux; Android 6.0.1; Nexus 5X Build/MMB29P) AppleWebKit/537.36 (KHTML, like Gecko) Chrome/134.0.6998.165 Mobile Safari/537.36 (compatible; Googlebot/2.1; +http://www.google.com/bot.html)"
66.249.73.69 - - [27/Apr/2025:17:27:25 -0400] "GET /wp-content/plugins/builder-responsive-pricing-tables/assets/css/pricing-tables.css?ver=5.0.18 HTTP/1.1" 200 2444 "https://acreditrepaircorp.com/about/" "Mozilla/5.0 (Linux; Android 6.0.1; Nexus 5X Build/MMB29P) AppleWebKit/537.36 (KHTML, like Gecko) Chrome/134.0.6998.165 Mobile Safari/537.36 (compatible; Googlebot/2.1; +http://www.google.com/bot.html)"
66.249.73.69 - - [27/Apr/2025:17:27:26 -0400] "GET /wp-content/themes/TESSERACT/style.css?ver=1.0.0 HTTP/1.1" 200 10905 "https://acreditrepaircorp.com/about/" "Mozilla/5.0 (Linux; Android 6.0.1; Nexus 5X Build/MMB29P) AppleWebKit/537.36 (KHTML, like Gecko) Chrome/134.0.6998.165 Mobile Safari/537.36 (compatible; Googlebot/2.1; +http://www.google.com/bot.html)"
66.249.73.70 - - [27/Apr/2025:17:27:27 -0400] "GET /wp-content/plugins/revslider/public/assets/js/jquery.themepunch.tools.min.js?ver=5.4.6.3.1 HTTP/1.1" 200 37077 "https://acreditrepaircorp.com/about/" "Mozilla/5.0 (Linux; Android 6.0.1; Nexus 5X Build/MMB29P) AppleWebKit/537.36 (KHTML, like Gecko) Chrome/134.0.6998.165 Mobile Safari/537.36 (compatible; Googlebot/2.1; +http://www.google.com/bot.html)"
66.249.73.69 - - [27/Apr/2025:17:27:28 -0400] "GET /wp-includes/js/jquery/jquery-migrate.min.js?ver=1.4.1 HTTP/1.1" 200 3823 "https://acreditrepaircorp.com/about/" "Mozilla/5.0 (Linux; Android 6.0.1; Nexus 5X Build/MMB29P) AppleWebKit/537.36 (KHTML, like Gecko) Chrome/134.0.6998.165 Mobile Safari/537.36 (compatible; Googlebot/2.1; +http://www.google.com/bot.html)"
66.249.73.69 - - [27/Apr/2025:17:27:29 -0400] "GET /wp-content/plugins/gtranslate/gtranslate-style24.css?ver=5.0.18 HTTP/1.1" 200 237 "https://acreditrepaircorp.com/about/" "Mozilla/5.0 (Linux; Android 6.0.1; Nexus 5X Build/MMB29P) AppleWebKit/537.36 (KHTML, like Gecko) Chrome/134.0.6998.165 Mobile Safari/537.36 (compatible; Googlebot/2.1; +http://www.google.com/bot.html)"
66.249.73.69 - - [27/Apr/2025:17:27:29 -0400] "GET /wp-content/themes/TESSERACT/css/site-banner.css?ver=1.0.0 HTTP/1.1" 200 1591 "https://acreditrepaircorp.com/about/" "Mozilla/5.0 (Linux; Android 6.0.1; Nexus 5X Build/MMB29P) AppleWebKit/537.36 (KHTML, like Gecko) Chrome/134.0.6998.165 Mobile Safari/537.36 (compatible; Googlebot/2.1; +http://www.google.com/bot.html)"
66.249.73.69 - - [27/Apr/2025:17:27:31 -0400] "GET /wp-content/themes/TESSERACT/js/helpers.js?ver=5.0.18 HTTP/1.1" 200 942 "https://acreditrepaircorp.com/about/" "Mozilla/5.0 (Linux; Android 6.0.1; Nexus 5X Build/MMB29P) AppleWebKit/537.36 (KHTML, like Gecko) Chrome/134.0.6998.165 Mobile Safari/537.36 (compatible; Googlebot/2.1; +http://www.google.com/bot.html)"
66.249.73.69 - - [27/Apr/2025:17:27:31 -0400] "GET /wp-includes/css/dist/block-library/style.min.css?ver=5.0.18 HTTP/1.1" 200 3971 "https://acreditrepaircorp.com/about/" "Mozilla/5.0 (Linux; Android 6.0.1; Nexus 5X Build/MMB29P) AppleWebKit/537.36 (KHTML, like Gecko) Chrome/134.0.6998.165 Mobile Safari/537.36 (compatible; Googlebot/2.1; +http://www.google.com/bot.html)"
66.249.73.70 - - [27/Apr/2025:17:27:28 -0400] "GET /wp-includes/css/dashicons.min.css?ver=5.0.18 HTTP/1.1" 200 28437 "https://acreditrepaircorp.com/about/" "Mozilla/5.0 (Linux; Android 6.0.1; Nexus 5X Build/MMB29P) AppleWebKit/537.36 (KHTML, like Gecko) Chrome/134.0.6998.165 Mobile Safari/537.36 (compatible; Googlebot/2.1; +http://www.google.com/bot.html)"
66.249.73.69 - - [27/Apr/2025:17:27:30 -0400] "GET /wp-content/plugins/go_pricing/assets/css/go_pricing_styles.css?ver=3.3.12 HTTP/1.1" 200 7801 "https://acreditrepaircorp.com/about/" "Mozilla/5.0 (Linux; Android 6.0.1; Nexus 5X Build/MMB29P) AppleWebKit/537.36 (KHTML, like Gecko) Chrome/134.0.6998.165 Mobile Safari/537.36 (compatible; Googlebot/2.1; +http://www.google.com/bot.html)"
66.249.73.69 - - [27/Apr/2025:17:27:31 -0400] "GET /wp-content/themes/TESSERACT/css/font-awesome.min.css?ver=4.4.0 HTTP/1.1" 200 5723 "https://acreditrepaircorp.com/about/" "Mozilla/5.0 (Linux; Android 6.0.1; Nexus 5X Build/MMB29P) AppleWebKit/537.36 (KHTML, like Gecko) Chrome/134.0.6998.165 Mobile Safari/537.36 (compatible; Googlebot/2.1; +http://www.google.com/bot.html)"
66.249.73.69 - - [27/Apr/2025:17:27:32 -0400] "GET /wp-content/plugins/revslider/public/assets/css/settings.css?ver=5.4.6.3.1 HTTP/1.1" 200 6856 "https://acreditrepaircorp.com/about/" "Mozilla/5.0 (Linux; Android 6.0.1; Nexus 5X Build/MMB29P) AppleWebKit/537.36 (KHTML, like Gecko) Chrome/134.0.6998.165 Mobile Safari/537.36 (compatible; Googlebot/2.1; +http://www.google.com/bot.html)"
66.249.73.69 - - [27/Apr/2025:17:27:32 -0400] "GET /wp-content/themes/TESSERACT/css/jquery.sidr.css?ver=1.0.0 HTTP/1.1" 200 1506 "https://acreditrepaircorp.com/about/" "Mozilla/5.0 (Linux; Android 6.0.1; Nexus 5X Build/MMB29P) AppleWebKit/537.36 (KHTML, like Gecko) Chrome/134.0.6998.165 Mobile Safari/537.36 (compatible; Googlebot/2.1; +http://www.google.com/bot.html)"
66.249.73.69 - - [27/Apr/2025:17:27:32 -0400] "GET /wp-content/plugins/leads//shared/shortcodes/css/frontend-render.css?ver=5.0.18 HTTP/1.1" 200 11015 "https://acreditrepaircorp.com/about/" "Mozilla/5.0 (Linux; Android 6.0.1; Nexus 5X Build/MMB29P) AppleWebKit/537.36 (KHTML, like Gecko) Chrome/134.0.6998.165 Mobile Safari/537.36 (compatible; Googlebot/2.1; +http://www.google.com/bot.html)"
66.249.73.69 - - [27/Apr/2025:17:27:33 -0400] "GET /wp-content/themes/TESSERACT/css/typicons.css?ver=1.0.0 HTTP/1.1" 200 2649 "https://acreditrepaircorp.com/about/" "Mozilla/5.0 (Linux; Android 6.0.1; Nexus 5X Build/MMB29P) AppleWebKit/537.36 (KHTML, like Gecko) Chrome/134.0.6998.165 Mobile Safari/537.36 (compatible; Googlebot/2.1; +http://www.google.com/bot.html)"
66.249.73.69 - - [27/Apr/2025:17:27:38 -0400] "GET /wp-content/themes/TESSERACT/js/helpers-functions.js?ver=1.0.0 HTTP/1.1" 200 363 "https://acreditrepaircorp.com/about/" "Mozilla/5.0 (Linux; Android 6.0.1; Nexus 5X Build/MMB29P) AppleWebKit/537.36 (KHTML, like Gecko) Chrome/134.0.6998.165 Mobile Safari/537.36 (compatible; Googlebot/2.1; +http://www.google.com/bot.html)"
66.249.73.69 - - [27/Apr/2025:17:27:38 -0400] "GET /wp-content/plugins/contact-form-7/includes/js/scripts.js?ver=4.7 HTTP/1.1" 200 3452 "https://acreditrepaircorp.com/about/" "Mozilla/5.0 (Linux; Android 6.0.1; Nexus 5X Build/MMB29P) AppleWebKit/537.36 (KHTML, like Gecko) Chrome/134.0.6998.165 Mobile Safari/537.36 (compatible; Googlebot/2.1; +http://www.google.com/bot.html)"
66.249.73.69 - - [27/Apr/2025:17:27:39 -0400] "GET /wp-content/themes/TESSERACT/js/helpers-beaver.js?ver=1.0.0 HTTP/1.1" 200 534 "https://acreditrepaircorp.com/about/" "Mozilla/5.0 (Linux; Android 6.0.1; Nexus 5X Build/MMB29P) AppleWebKit/537.36 (KHTML, like Gecko) Chrome/134.0.6998.165 Mobile Safari/537.36 (compatible; Googlebot/2.1; +http://www.google.com/bot.html)"
66.249.73.69 - - [27/Apr/2025:17:27:33 -0400] "GET /wp-content/themes/TESSERACT/css/footer-banner.css?ver=1.0.0 HTTP/1.1" 200 1177 "https://acreditrepaircorp.com/about/" "Mozilla/5.0 (Linux; Android 6.0.1; Nexus 5X Build/MMB29P) AppleWebKit/537.36 (KHTML, like Gecko) Chrome/134.0.6998.165 Mobile Safari/537.36 (compatible; Googlebot/2.1; +http://www.google.com/bot.html)"
66.249.73.69 - - [27/Apr/2025:17:27:34 -0400] "GET /wp-content/uploads/bb-plugin/cache/21-layout.js?ver=cc72acbe4b3af3c5ffc13ade01a87d7a HTTP/1.1" 200 3945 "https://acreditrepaircorp.com/about/" "Mozilla/5.0 (Linux; Android 6.0.1; Nexus 5X Build/MMB29P) AppleWebKit/537.36 (KHTML, like Gecko) Chrome/134.0.6998.165 Mobile Safari/537.36 (compatible; Googlebot/2.1; +http://www.google.com/bot.html)"
66.249.73.69 - - [27/Apr/2025:17:27:34 -0400] "GET /wp-content/plugins/contact-form-7/includes/js/jquery.form.min.js?ver=3.51.0-2014.06.20 HTTP/1.1" 200 5539 "https://acreditrepaircorp.com/about/" "Mozilla/5.0 (Linux; Android 6.0.1; Nexus 5X Build/MMB29P) AppleWebKit/537.36 (KHTML, like Gecko) Chrome/134.0.6998.165 Mobile Safari/537.36 (compatible; Googlebot/2.1; +http://www.google.com/bot.html)"
66.249.73.69 - - [27/Apr/2025:17:27:38 -0400] "GET /wp-content/themes/TESSERACT/js/skip-link-focus-fix.js?ver=1.0.0 HTTP/1.1" 200 258 "https://acreditrepaircorp.com/about/" "Mozilla/5.0 (Linux; Android 6.0.1; Nexus 5X Build/MMB29P) AppleWebKit/537.36 (KHTML, like Gecko) Chrome/134.0.6998.165 Mobile Safari/537.36 (compatible; Googlebot/2.1; +http://www.google.com/bot.html)"
66.249.73.69 - - [27/Apr/2025:17:27:40 -0400] "GET /wp-content/plugins/go_pricing/assets/js/go_pricing_scripts.js?ver=3.3.12 HTTP/1.1" 200 5244 "https://acreditrepaircorp.com/about/" "Mozilla/5.0 (Linux; Android 6.0.1; Nexus 5X Build/MMB29P) AppleWebKit/537.36 (KHTML, like Gecko) Chrome/134.0.6998.165 Mobile Safari/537.36 (compatible; Googlebot/2.1; +http://www.google.com/bot.html)"
66.249.73.69 - - [27/Apr/2025:17:27:41 -0400] "GET /wp-includes/js/wp-embed.min.js?ver=5.0.18 HTTP/1.1" 200 638 "https://acreditrepaircorp.com/about/" "Mozilla/5.0 (Linux; Android 6.0.1; Nexus 5X Build/MMB29P) AppleWebKit/537.36 (KHTML, like Gecko) Chrome/134.0.6998.165 Mobile Safari/537.36 (compatible; Googlebot/2.1; +http://www.google.com/bot.html)"
66.249.73.69 - - [27/Apr/2025:17:27:46 -0400] "POST /wp-admin/admin-ajax.php HTTP/1.1" 403 1242 "https://acreditrepaircorp.com/about/" "Mozilla/5.0 (Linux; Android 6.0.1; Nexus 5X Build/MMB29P) AppleWebKit/537.36 (KHTML, like Gecko) Chrome/134.0.6998.165 Mobile Safari/537.36 (compatible; Googlebot/2.1; +http://www.google.com/bot.html)"
66.249.73.69 - - [27/Apr/2025:17:27:39 -0400] "GET /wp-content/themes/TESSERACT/js/jquery.fittext.js?ver=1.0.0 HTTP/1.1" 200 521 "https://acreditrepaircorp.com/about/" "Mozilla/5.0 (Linux; Android 6.0.1; Nexus 5X Build/MMB29P) AppleWebKit/537.36 (KHTML, like Gecko) Chrome/134.0.6998.165 Mobile Safari/537.36 (compatible; Googlebot/2.1; +http://www.google.com/bot.html)"
66.249.73.69 - - [27/Apr/2025:17:27:40 -0400] "GET /wp-content/plugins/youtube-embed-plus/scripts/fitvids.min.js?ver=13.0 HTTP/1.1" 200 681 "https://acreditrepaircorp.com/about/" "Mozilla/5.0 (Linux; Android 6.0.1; Nexus 5X Build/MMB29P) AppleWebKit/537.36 (KHTML, like Gecko) Chrome/134.0.6998.165 Mobile Safari/537.36 (compatible; Googlebot/2.1; +http://www.google.com/bot.html)"
66.249.73.69 - - [27/Apr/2025:17:27:40 -0400] "GET /wp-content/themes/TESSERACT/js/jquery.sidr.min.js?ver=1.0.0 HTTP/1.1" 200 1450 "https://acreditrepaircorp.com/about/" "Mozilla/5.0 (Linux; Android 6.0.1; Nexus 5X Build/MMB29P) AppleWebKit/537.36 (KHTML, like Gecko) Chrome/134.0.6998.165 Mobile Safari/537.36 (compatible; Googlebot/2.1; +http://www.google.com/bot.html)"
66.249.73.69 - - [27/Apr/2025:17:27:41 -0400] "GET /wp-content/themes/TESSERACT/js/helpers.js?ver=1.0.0 HTTP/1.1" 200 942 "https://acreditrepaircorp.com/about/" "Mozilla/5.0 (Linux; Android 6.0.1; Nexus 5X Build/MMB29P) AppleWebKit/537.36 (KHTML, like Gecko) Chrome/134.0.6998.165 Mobile Safari/537.36 (compatible; Googlebot/2.1; +http://www.google.com/bot.html)"
66.249.73.69 - - [27/Apr/2025:17:27:46 -0400] "POST /?ga_action=googleanalytics_get_script HTTP/1.1" 200 296 "https://acreditrepaircorp.com/about/" "Mozilla/5.0 (Linux; Android 6.0.1; Nexus 5X Build/MMB29P) AppleWebKit/537.36 (KHTML, like Gecko) Chrome/134.0.6998.165 Mobile Safari/537.36 (compatible; Googlebot/2.1; +http://www.google.com/bot.html)"