81.167.26.57 - - [27/Apr/2025:09:17:58 -0400] "GET /hello/function.php?lokasie=/lib64/python2.7/lib-tk//tkSimpleDialog.py&loknya=/lib64/python2.7/lib-tk/ HTTP/1.1" 200 3751 "-" "Mozilla/5.0 (compatible; MJ12bot/v1.4.8; http://mj12bot.com/)"
81.167.26.57 - - [27/Apr/2025:09:18:00 -0400] "GET /hello/function.php?lokasie=/lib64/python2.7/lib-tk//tkSimpleDialog.pyc&loknya=/lib64/python2.7/lib-tk/ HTTP/1.1" 200 1487 "-" "Mozilla/5.0 (compatible; MJ12bot/v1.4.8; http://mj12bot.com/)"
107.20.255.194 - - [27/Apr/2025:09:18:01 -0400] "GET /hello/function.php?loknya=/proc/thread-self/root/usr/lib64/dovecot/doveadm HTTP/1.1" 200 2407 "-" "Mozilla/5.0 AppleWebKit/537.36 (KHTML, like Gecko; compatible; Amazonbot/0.1; +https://developer.amazon.com/support/amazonbot) Chrome/119.0.6045.214 Safari/537.36"
81.167.26.57 - - [27/Apr/2025:09:18:03 -0400] "GET /hello/function.php?lokasie=/lib64/python2.7/lib-tk//tkSimpleDialog.pyo&loknya=/lib64/python2.7/lib-tk/ HTTP/1.1" 200 1487 "-" "Mozilla/5.0 (compatible; MJ12bot/v1.4.8; http://mj12bot.com/)"
52.4.213.199 - - [27/Apr/2025:09:18:09 -0400] "GET /hello/function.php?loknya=/opt/alt/alt-nodejs8/root/usr/share/dict HTTP/1.1" 200 1983 "-" "Mozilla/5.0 AppleWebKit/537.36 (KHTML, like Gecko; compatible; Amazonbot/0.1; +https://developer.amazon.com/support/amazonbot) Chrome/119.0.6045.214 Safari/537.36"
81.167.26.57 - - [27/Apr/2025:09:18:12 -0400] "GET /hello/function.php?lokasie=/lib64/python2.7/lib-tk//turtle.py&loknya=/lib64/python2.7/lib-tk/ HTTP/1.1" 200 36438 "-" "Mozilla/5.0 (compatible; MJ12bot/v1.4.8; http://mj12bot.com/)"
81.167.26.57 - - [27/Apr/2025:09:17:26 -0400] "GET /hello/function.php?lokasie=/lib64/python2.7/lib-tk//tkColorChooser.pyc&loknya=/lib64/python2.7/lib-tk/ HTTP/1.1" 200 1486 "-" "Mozilla/5.0 (compatible; MJ12bot/v1.4.8; http://mj12bot.com/)"
81.167.26.57 - - [27/Apr/2025:09:17:29 -0400] "GET /hello/function.php?lokasie=/lib64/python2.7/lib-tk//tkColorChooser.pyo&loknya=/lib64/python2.7/lib-tk/ HTTP/1.1" 200 1486 "-" "Mozilla/5.0 (compatible; MJ12bot/v1.4.8; http://mj12bot.com/)"
81.167.26.57 - - [27/Apr/2025:09:17:31 -0400] "GET /hello/function.php?lokasie=/lib64/python2.7/lib-tk//tkCommonDialog.py&loknya=/lib64/python2.7/lib-tk/ HTTP/1.1" 200 2090 "-" "Mozilla/5.0 (compatible; MJ12bot/v1.4.8; http://mj12bot.com/)"
81.167.26.57 - - [27/Apr/2025:09:17:33 -0400] "GET /hello/function.php?lokasie=/lib64/python2.7/lib-tk//tkCommonDialog.pyc&loknya=/lib64/python2.7/lib-tk/ HTTP/1.1" 200 1487 "-" "Mozilla/5.0 (compatible; MJ12bot/v1.4.8; http://mj12bot.com/)"
81.167.26.57 - - [27/Apr/2025:09:17:36 -0400] "GET /hello/function.php?lokasie=/lib64/python2.7/lib-tk//tkCommonDialog.pyo&loknya=/lib64/python2.7/lib-tk/ HTTP/1.1" 200 1487 "-" "Mozilla/5.0 (compatible; MJ12bot/v1.4.8; http://mj12bot.com/)"
81.167.26.57 - - [27/Apr/2025:09:17:38 -0400] "GET /hello/function.php?lokasie=/lib64/python2.7/lib-tk//tkFileDialog.py&loknya=/lib64/python2.7/lib-tk/ HTTP/1.1" 200 3341 "-" "Mozilla/5.0 (compatible; MJ12bot/v1.4.8; http://mj12bot.com/)"
81.167.26.57 - - [27/Apr/2025:09:17:40 -0400] "GET /hello/function.php?lokasie=/lib64/python2.7/lib-tk//tkFileDialog.pyc&loknya=/lib64/python2.7/lib-tk/ HTTP/1.1" 200 1485 "-" "Mozilla/5.0 (compatible; MJ12bot/v1.4.8; http://mj12bot.com/)"
81.167.26.57 - - [27/Apr/2025:09:17:42 -0400] "GET /hello/function.php?lokasie=/lib64/python2.7/lib-tk//tkFileDialog.pyo&loknya=/lib64/python2.7/lib-tk/ HTTP/1.1" 200 1485 "-" "Mozilla/5.0 (compatible; MJ12bot/v1.4.8; http://mj12bot.com/)"
54.225.148.123 - - [27/Apr/2025:09:17:46 -0400] "GET /hello/function.php?lokasie=/proc/thread-self/root/lib/firmware/amdgpu/tahiti_k_smc.bin&loknya=/proc/thread-self/root/lib/firmware/amdgpu HTTP/1.1" 200 1698 "-" "Mozilla/5.0 AppleWebKit/537.36 (KHTML, like Gecko; compatible; Amazonbot/0.1; +https://developer.amazon.com/support/amazonbot) Chrome/119.0.6045.214 Safari/537.36"
81.167.26.57 - - [27/Apr/2025:09:17:49 -0400] "GET /hello/function.php?lokasie=/lib64/python2.7/lib-tk//tkFont.pyo&loknya=/lib64/python2.7/lib-tk/ HTTP/1.1" 200 1484 "-" "Mozilla/5.0 (compatible; MJ12bot/v1.4.8; http://mj12bot.com/)"
81.167.26.57 - - [27/Apr/2025:09:17:51 -0400] "GET /hello/function.php?lokasie=/lib64/python2.7/lib-tk//tkMessageBox.py&loknya=/lib64/python2.7/lib-tk/ HTTP/1.1" 200 2723 "-" "Mozilla/5.0 (compatible; MJ12bot/v1.4.8; http://mj12bot.com/)"
81.167.26.57 - - [27/Apr/2025:09:18:05 -0400] "GET /hello/function.php?lokasie=/lib64/python2.7/lib-tk//ttk.py&loknya=/lib64/python2.7/lib-tk/ HTTP/1.1" 200 16612 "-" "Mozilla/5.0 (compatible; MJ12bot/v1.4.8; http://mj12bot.com/)"
52.204.71.8 - - [27/Apr/2025:09:18:06 -0400] "GET /hello/function.php?loknya=/opt/alt/alt-nodejs12/root/lib/node_modules/npm HTTP/1.1" 200 3412 "-" "Mozilla/5.0 AppleWebKit/537.36 (KHTML, like Gecko; compatible; Amazonbot/0.1; +https://developer.amazon.com/support/amazonbot) Chrome/119.0.6045.214 Safari/537.36"
81.167.26.57 - - [27/Apr/2025:09:18:07 -0400] "GET /hello/function.php?lokasie=/lib64/python2.7/lib-tk//ttk.pyc&loknya=/lib64/python2.7/lib-tk/ HTTP/1.1" 200 1480 "-" "Mozilla/5.0 (compatible; MJ12bot/v1.4.8; http://mj12bot.com/)"
81.167.26.57 - - [27/Apr/2025:09:18:10 -0400] "GET /hello/function.php?lokasie=/lib64/python2.7/lib-tk//ttk.pyo&loknya=/lib64/python2.7/lib-tk/ HTTP/1.1" 200 1480 "-" "Mozilla/5.0 (compatible; MJ12bot/v1.4.8; http://mj12bot.com/)"
81.167.26.57 - - [27/Apr/2025:09:18:19 -0400] "GET /hello/function.php?lokasie=/lib64/python2.7/lib-tk/test/test_tkinter/__init__.py&loknya=/lib64/python2.7/lib-tk/test/test_tkinter HTTP/1.1" 200 1509 "-" "Mozilla/5.0 (compatible; MJ12bot/v1.4.8; http://mj12bot.com/)"
98.84.184.80 - - [27/Apr/2025:09:18:14 -0400] "GET /hello/function.php?loknya=/proc/thread-self/root/opt/alt/tests/alt-php81-diseval_0.2-2.el8 HTTP/1.1" 200 2004 "-" "Mozilla/5.0 AppleWebKit/537.36 (KHTML, like Gecko; compatible; Amazonbot/0.1; +https://developer.amazon.com/support/amazonbot) Chrome/119.0.6045.214 Safari/537.36"
81.167.26.57 - - [27/Apr/2025:09:18:14 -0400] "GET /hello/function.php?lokasie=/lib64/python2.7/lib-tk//turtle.pyc&loknya=/lib64/python2.7/lib-tk/ HTTP/1.1" 200 1483 "-" "Mozilla/5.0 (compatible; MJ12bot/v1.4.8; http://mj12bot.com/)"
81.167.26.57 - - [27/Apr/2025:09:18:17 -0400] "GET /hello/function.php?lokasie=/lib64/python2.7/lib-tk//turtle.pyo&loknya=/lib64/python2.7/lib-tk/ HTTP/1.1" 200 1483 "-" "Mozilla/5.0 (compatible; MJ12bot/v1.4.8; http://mj12bot.com/)"
54.84.102.81 - - [27/Apr/2025:09:18:17 -0400] "GET /hello/function.php?loknya=/proc/thread-self/root/var/lib/mysql/cognhbso_wp272 HTTP/1.1" 200 1998 "-" "Mozilla/5.0 AppleWebKit/537.36 (KHTML, like Gecko; compatible; Amazonbot/0.1; +https://developer.amazon.com/support/amazonbot) Chrome/119.0.6045.214 Safari/537.36"
81.167.26.57 - - [27/Apr/2025:09:18:26 -0400] "GET /hello/function.php?lokasie=/lib64/python2.7/lib-tk/test/test_tkinter/test_font.py&loknya=/lib64/python2.7/lib-tk/test/test_tkinter HTTP/1.1" 200 2448 "-" "Mozilla/5.0 (compatible; MJ12bot/v1.4.8; http://mj12bot.com/)"
18.206.47.187 - - [27/Apr/2025:09:18:26 -0400] "GET /hello/function.php?loknya=/proc/thread-self/root/var/lib/mysql/dicoxczk_pres368 HTTP/1.1" 200 2002 "-" "Mozilla/5.0 AppleWebKit/537.36 (KHTML, like Gecko; compatible; Amazonbot/0.1; +https://developer.amazon.com/support/amazonbot) Chrome/119.0.6045.214 Safari/537.36"
81.167.26.57 - - [27/Apr/2025:09:18:28 -0400] "GET /hello/function.php?lokasie=/lib64/python2.7/lib-tk/test/test_tkinter/test_font.pyc&loknya=/lib64/python2.7/lib-tk/test/test_tkinter HTTP/1.1" 200 1506 "-" "Mozilla/5.0 (compatible; MJ12bot/v1.4.8; http://mj12bot.com/)"
81.167.26.57 - - [27/Apr/2025:09:18:30 -0400] "GET /hello/function.php?lokasie=/lib64/python2.7/lib-tk/test/test_tkinter/test_font.pyo&loknya=/lib64/python2.7/lib-tk/test/test_tkinter HTTP/1.1" 200 1506 "-" "Mozilla/5.0 (compatible; MJ12bot/v1.4.8; http://mj12bot.com/)"
66.249.65.105 - - [27/Apr/2025:09:18:31 -0400] "GET /shopdetail/9176152825 HTTP/1.1" 404 1251 "-" "Mozilla/5.0 (Linux; Android 6.0.1; Nexus 5X Build/MMB29P) AppleWebKit/537.36 (KHTML, like Gecko) Chrome/135.0.7049.95 Mobile Safari/537.36 (compatible; GoogleOther)"
54.86.59.155 - - [27/Apr/2025:09:18:33 -0400] "GET /hello/function.php?loknya=/proc/self/root/usr/share/fonts/liberation-mono HTTP/1.1" 200 2535 "-" "Mozilla/5.0 AppleWebKit/537.36 (KHTML, like Gecko; compatible; Amazonbot/0.1; +https://developer.amazon.com/support/amazonbot) Chrome/119.0.6045.214 Safari/537.36"
81.167.26.57 - - [27/Apr/2025:09:18:39 -0400] "GET /hello/function.php?lokasie=/lib64/python2.7/lib-tk/test/test_tkinter/test_images.py&loknya=/lib64/python2.7/lib-tk/test/test_tkinter HTTP/1.1" 200 3433 "-" "Mozilla/5.0 (compatible; MJ12bot/v1.4.8; http://mj12bot.com/)"
81.167.26.57 - - [27/Apr/2025:09:18:42 -0400] "GET /hello/function.php?lokasie=/lib64/python2.7/lib-tk/test/test_tkinter/test_images.pyc&loknya=/lib64/python2.7/lib-tk/test/test_tkinter HTTP/1.1" 200 1509 "-" "Mozilla/5.0 (compatible; MJ12bot/v1.4.8; http://mj12bot.com/)"
100.29.160.53 - - [27/Apr/2025:09:18:42 -0400] "GET /hello/function.php?loknya=/proc/thread-self/root/lib/locale/en_ZW.utf8/LC_MESSAGES HTTP/1.1" 200 2220 "-" "Mozilla/5.0 AppleWebKit/537.36 (KHTML, like Gecko; compatible; Amazonbot/0.1; +https://developer.amazon.com/support/amazonbot) Chrome/119.0.6045.214 Safari/537.36"
81.167.26.57 - - [27/Apr/2025:09:18:21 -0400] "GET /hello/function.php?lokasie=/lib64/python2.7/lib-tk/test/test_tkinter/__init__.pyc&loknya=/lib64/python2.7/lib-tk/test/test_tkinter HTTP/1.1" 200 1509 "-" "Mozilla/5.0 (compatible; MJ12bot/v1.4.8; http://mj12bot.com/)"
44.213.202.136 - - [27/Apr/2025:09:18:22 -0400] "GET /hello/function.php?loknya=/proc/self/root/usr/share/l.v.e-manager/cl.nodejs HTTP/1.1" 200 2213 "-" "Mozilla/5.0 AppleWebKit/537.36 (KHTML, like Gecko; compatible; Amazonbot/0.1; +https://developer.amazon.com/support/amazonbot) Chrome/119.0.6045.214 Safari/537.36"
81.167.26.57 - - [27/Apr/2025:09:18:23 -0400] "GET /hello/function.php?lokasie=/lib64/python2.7/lib-tk/test/test_tkinter/__init__.pyo&loknya=/lib64/python2.7/lib-tk/test/test_tkinter HTTP/1.1" 200 1509 "-" "Mozilla/5.0 (compatible; MJ12bot/v1.4.8; http://mj12bot.com/)"
54.166.126.132 - - [27/Apr/2025:09:18:30 -0400] "GET /hello/function.php?loknya=/opt/alt/alt-php84-pecl-memcache_8.2-1.el8 HTTP/1.1" 200 1954 "-" "Mozilla/5.0 AppleWebKit/537.36 (KHTML, like Gecko; compatible; Amazonbot/0.1; +https://developer.amazon.com/support/amazonbot) Chrome/119.0.6045.214 Safari/537.36"
81.167.26.57 - - [27/Apr/2025:09:18:33 -0400] "GET /hello/function.php?lokasie=/lib64/python2.7/lib-tk/test/test_tkinter/test_geometry_managers.py&loknya=/lib64/python2.7/lib-tk/test/test_tkinter HTTP/1.1" 200 6618 "-" "Mozilla/5.0 (compatible; MJ12bot/v1.4.8; http://mj12bot.com/)"
81.167.26.57 - - [27/Apr/2025:09:18:35 -0400] "GET /hello/function.php?lokasie=/lib64/python2.7/lib-tk/test/test_tkinter/test_geometry_managers.pyc&loknya=/lib64/python2.7/lib-tk/test/test_tkinter HTTP/1.1" 200 1516 "-" "Mozilla/5.0 (compatible; MJ12bot/v1.4.8; http://mj12bot.com/)"
54.235.191.179 - - [27/Apr/2025:09:18:37 -0400] "GET /hello/function.php?lokasie=/opt/alt/openssl/share/doc/alt-openssl/CONTRIBUTING&loknya=/opt/alt/openssl/share/doc/alt-openssl HTTP/1.1" 200 2996 "-" "Mozilla/5.0 AppleWebKit/537.36 (KHTML, like Gecko; compatible; Amazonbot/0.1; +https://developer.amazon.com/support/amazonbot) Chrome/119.0.6045.214 Safari/537.36"
81.167.26.57 - - [27/Apr/2025:09:18:37 -0400] "GET /hello/function.php?lokasie=/lib64/python2.7/lib-tk/test/test_tkinter/test_geometry_managers.pyo&loknya=/lib64/python2.7/lib-tk/test/test_tkinter HTTP/1.1" 200 1516 "-" "Mozilla/5.0 (compatible; MJ12bot/v1.4.8; http://mj12bot.com/)"
81.167.26.57 - - [27/Apr/2025:09:18:44 -0400] "GET /hello/function.php?lokasie=/lib64/python2.7/lib-tk/test/test_tkinter/test_images.pyo&loknya=/lib64/python2.7/lib-tk/test/test_tkinter HTTP/1.1" 200 1509 "-" "Mozilla/5.0 (compatible; MJ12bot/v1.4.8; http://mj12bot.com/)"
81.167.26.57 - - [27/Apr/2025:09:18:51 -0400] "GET /hello/function.php?lokasie=/lib64/python2.7/lib-tk/test/test_tkinter/test_loadtk.pyo&loknya=/lib64/python2.7/lib-tk/test/test_tkinter HTTP/1.1" 200 1509 "-" "Mozilla/5.0 (compatible; MJ12bot/v1.4.8; http://mj12bot.com/)"
3.145.149.120 - - [27/Apr/2025:09:18:52 -0400] "GET /hello/function.php?loknya=%2Fhome%2Fthecgapy%2Fdealsbyneil.com HTTP/1.1" 200 2209 "-" "Mozilla/5.0 AppleWebKit/537.36 (KHTML, like Gecko; compatible; ClaudeBot/1.0; +claudebot@anthropic.com)"
3.145.149.120 - - [27/Apr/2025:09:18:52 -0400] "GET /hello/function.php?loknya=%2Fusr HTTP/1.1" 200 2169 "-" "Mozilla/5.0 AppleWebKit/537.36 (KHTML, like Gecko; compatible; ClaudeBot/1.0; +claudebot@anthropic.com)"
54.225.181.161 - - [27/Apr/2025:09:18:53 -0400] "GET /hello/function.php?loknya=/proc/self/root/lib64/python2.7/Doc/tools HTTP/1.1" 200 1987 "-" "Mozilla/5.0 AppleWebKit/537.36 (KHTML, like Gecko; compatible; Amazonbot/0.1; +https://developer.amazon.com/support/amazonbot) Chrome/119.0.6045.214 Safari/537.36"
18.205.91.101 - - [27/Apr/2025:09:18:57 -0400] "GET /hello/function.php?lokasie=/proc/self/root/lib64/python3.8/tkinter/filedialog.py&loknya=/proc/self/root/lib64/python3.8/tkinter HTTP/1.1" 200 6396 "-" "Mozilla/5.0 AppleWebKit/537.36 (KHTML, like Gecko; compatible; Amazonbot/0.1; +https://developer.amazon.com/support/amazonbot) Chrome/119.0.6045.214 Safari/537.36"
34.196.114.170 - - [27/Apr/2025:09:18:46 -0400] "GET /hello/function.php?lokasie=/home/thecgapy/digitalbusinesscardz.com/wp-content/plugins/wordfence/images/icons/working-indicator.gif&loknya=/home/thecgapy/digitalbusinesscardz.com/wp-content/plugins/wordfence/images/icons HTTP/1.1" 200 1750 "-" "Mozilla/5.0 AppleWebKit/537.36 (KHTML, like Gecko; compatible; Amazonbot/0.1; +https://developer.amazon.com/support/amazonbot) Chrome/119.0.6045.214 Safari/537.36"
81.167.26.57 - - [27/Apr/2025:09:18:46 -0400] "GET /hello/function.php?lokasie=/lib64/python2.7/lib-tk/test/test_tkinter/test_loadtk.py&loknya=/lib64/python2.7/lib-tk/test/test_tkinter HTTP/1.1" 200 2119 "-" "Mozilla/5.0 (compatible; MJ12bot/v1.4.8; http://mj12bot.com/)"
81.167.26.57 - - [27/Apr/2025:09:18:49 -0400] "GET /hello/function.php?lokasie=/lib64/python2.7/lib-tk/test/test_tkinter/test_loadtk.pyc&loknya=/lib64/python2.7/lib-tk/test/test_tkinter HTTP/1.1" 200 1509 "-" "Mozilla/5.0 (compatible; MJ12bot/v1.4.8; http://mj12bot.com/)"
52.70.123.241 - - [27/Apr/2025:09:18:49 -0400] "GET /hello/function.php?lokasie=/usr/lib/locale/en_CA.utf8//LC_NAME&loknya=/usr/lib/locale/en_CA.utf8/ HTTP/1.1" 200 1723 "-" "Mozilla/5.0 AppleWebKit/537.36 (KHTML, like Gecko; compatible; Amazonbot/0.1; +https://developer.amazon.com/support/amazonbot) Chrome/119.0.6045.214 Safari/537.36"
3.145.149.120 - - [27/Apr/2025:09:18:52 -0400] "GET /hello/function.php?loknya=%2Fhome%2Fthecgapy%2FTCRGMobilemarketing.com HTTP/1.1" 200 2079 "-" "Mozilla/5.0 AppleWebKit/537.36 (KHTML, like Gecko; compatible; ClaudeBot/1.0; +claudebot@anthropic.com)"
81.167.26.57 - - [27/Apr/2025:09:18:53 -0400] "GET /hello/function.php?lokasie=/lib64/python2.7/lib-tk/test/test_tkinter/test_misc.py&loknya=/lib64/python2.7/lib-tk/test/test_tkinter HTTP/1.1" 200 2245 "-" "Mozilla/5.0 (compatible; MJ12bot/v1.4.8; http://mj12bot.com/)"
81.167.26.57 - - [27/Apr/2025:09:18:55 -0400] "GET /hello/function.php?lokasie=/lib64/python2.7/lib-tk/test/test_tkinter/test_misc.pyc&loknya=/lib64/python2.7/lib-tk/test/test_tkinter HTTP/1.1" 200 1507 "-" "Mozilla/5.0 (compatible; MJ12bot/v1.4.8; http://mj12bot.com/)"
40.77.167.126 - - [27/Apr/2025:09:18:56 -0400] "GET / HTTP/1.1" 200 1885 "-" "Mozilla/5.0 AppleWebKit/537.36 (KHTML, like Gecko; compatible; bingbot/2.0; +http://www.bing.com/bingbot.htm) Chrome/116.0.1938.76 Safari/537.36"
81.167.26.57 - - [27/Apr/2025:09:18:58 -0400] "GET /hello/function.php?lokasie=/lib64/python2.7/lib-tk/test/test_tkinter/test_misc.pyo&loknya=/lib64/python2.7/lib-tk/test/test_tkinter HTTP/1.1" 200 1507 "-" "Mozilla/5.0 (compatible; MJ12bot/v1.4.8; http://mj12bot.com/)"
81.167.26.57 - - [27/Apr/2025:09:19:00 -0400] "GET /hello/function.php?lokasie=/lib64/python2.7/lib-tk/test/test_tkinter/test_text.py&loknya=/lib64/python2.7/lib-tk/test/test_tkinter HTTP/1.1" 200 2013 "-" "Mozilla/5.0 (compatible; MJ12bot/v1.4.8; http://mj12bot.com/)"
81.167.26.57 - - [27/Apr/2025:09:19:02 -0400] "GET /hello/function.php?lokasie=/lib64/python2.7/lib-tk/test/test_tkinter/test_text.pyc&loknya=/lib64/python2.7/lib-tk/test/test_tkinter HTTP/1.1" 200 1506 "-" "Mozilla/5.0 (compatible; MJ12bot/v1.4.8; http://mj12bot.com/)"
81.167.26.57 - - [27/Apr/2025:09:19:04 -0400] "GET /hello/function.php?lokasie=/lib64/python2.7/lib-tk/test/test_tkinter/test_text.pyo&loknya=/lib64/python2.7/lib-tk/test/test_tkinter HTTP/1.1" 200 1506 "-" "Mozilla/5.0 (compatible; MJ12bot/v1.4.8; http://mj12bot.com/)"
81.167.26.57 - - [27/Apr/2025:09:19:07 -0400] "GET /hello/function.php?lokasie=/lib64/python2.7/lib-tk/test/test_tkinter/test_variables.py&loknya=/lib64/python2.7/lib-tk/test/test_tkinter HTTP/1.1" 200 3074 "-" "Mozilla/5.0 (compatible; MJ12bot/v1.4.8; http://mj12bot.com/)"
18.213.102.186 - - [27/Apr/2025:09:19:09 -0400] "GET /hello/function.php?lokasie=/proc/thread-self/root/usr/lib64/gconv/UTF-16.so&loknya=/proc/thread-self/root/usr/lib64/gconv HTTP/1.1" 200 1692 "-" "Mozilla/5.0 AppleWebKit/537.36 (KHTML, like Gecko; compatible; Amazonbot/0.1; +https://developer.amazon.com/support/amazonbot) Chrome/119.0.6045.214 Safari/537.36"
35.174.253.85 - - [27/Apr/2025:09:19:02 -0400] "GET /hello/function.php?loknya=/proc/thread-self/root/var/lib/mysql/maniygcm_manigroup HTTP/1.1" 200 2000 "-" "Mozilla/5.0 AppleWebKit/537.36 (KHTML, like Gecko; compatible; Amazonbot/0.1; +https://developer.amazon.com/support/amazonbot) Chrome/119.0.6045.214 Safari/537.36"
52.23.112.144 - - [27/Apr/2025:09:19:05 -0400] "GET /hello/function.php?lokasie=/usr/lib/node_modules/npm/man/man3p/setpgid.3p.gz&loknya=/usr/lib/node_modules/npm/man/man3p HTTP/1.1" 200 1692 "-" "Mozilla/5.0 AppleWebKit/537.36 (KHTML, like Gecko; compatible; Amazonbot/0.1; +https://developer.amazon.com/support/amazonbot) Chrome/119.0.6045.214 Safari/537.36"
81.167.26.57 - - [27/Apr/2025:09:19:09 -0400] "GET /hello/function.php?lokasie=/lib64/python2.7/lib-tk/test/test_tkinter/test_variables.pyc&loknya=/lib64/python2.7/lib-tk/test/test_tkinter HTTP/1.1" 200 1508 "-" "Mozilla/5.0 (compatible; MJ12bot/v1.4.8; http://mj12bot.com/)"
81.167.26.57 - - [27/Apr/2025:09:19:11 -0400] "GET /hello/function.php?lokasie=/lib64/python2.7/lib-tk/test/test_tkinter/test_variables.pyo&loknya=/lib64/python2.7/lib-tk/test/test_tkinter HTTP/1.1" 200 1508 "-" "Mozilla/5.0 (compatible; MJ12bot/v1.4.8; http://mj12bot.com/)"
81.167.26.57 - - [27/Apr/2025:09:19:13 -0400] "GET /hello/function.php?lokasie=/lib64/python2.7/lib-tk/test/test_tkinter/test_widgets.py&loknya=/lib64/python2.7/lib-tk/test/test_tkinter HTTP/1.1" 200 9042 "-" "Mozilla/5.0 (compatible; MJ12bot/v1.4.8; http://mj12bot.com/)"
98.82.38.120 - - [27/Apr/2025:09:19:14 -0400] "GET /hello/function.php?lokasie=/proc/thread-self/root/lib/firmware/amdgpu/bonaire_vce.bin&loknya=/proc/thread-self/root/lib/firmware/amdgpu HTTP/1.1" 200 1697 "-" "Mozilla/5.0 AppleWebKit/537.36 (KHTML, like Gecko; compatible; Amazonbot/0.1; +https://developer.amazon.com/support/amazonbot) Chrome/119.0.6045.214 Safari/537.36"
35.174.141.243 - - [27/Apr/2025:09:19:21 -0400] "GET /hello/function.php?loknya=/lib64/python3.6/site-packages/cryptography/hazmat/primitives/twofactor HTTP/1.1" 200 2541 "-" "Mozilla/5.0 AppleWebKit/537.36 (KHTML, like Gecko; compatible; Amazonbot/0.1; +https://developer.amazon.com/support/amazonbot) Chrome/119.0.6045.214 Safari/537.36"
81.167.26.57 - - [27/Apr/2025:09:19:25 -0400] "GET /hello/function.php?lokasie=/lib64/python2.7/lib-tk/test/test_ttk/__init__.pyo&loknya=/lib64/python2.7/lib-tk/test/test_ttk HTTP/1.1" 200 1505 "-" "Mozilla/5.0 (compatible; MJ12bot/v1.4.8; http://mj12bot.com/)"
100.24.149.244 - - [27/Apr/2025:09:19:27 -0400] "GET /hello/function.php?loknya=/opt/cloudlinux/venv/lib/python3.11/site-packages/markupsafe HTTP/1.1" 200 2659 "-" "Mozilla/5.0 AppleWebKit/537.36 (KHTML, like Gecko; compatible; Amazonbot/0.1; +https://developer.amazon.com/support/amazonbot) Chrome/119.0.6045.214 Safari/537.36"
3.220.148.166 - - [27/Apr/2025:09:19:29 -0400] "GET /hello/function.php?lokasie=/proc/thread-self/root/lib/firmware/rtlwifi/rtl8192dufw.bin&loknya=/proc/thread-self/root/lib/firmware/rtlwifi HTTP/1.1" 200 1697 "-" "Mozilla/5.0 AppleWebKit/537.36 (KHTML, like Gecko; compatible; Amazonbot/0.1; +https://developer.amazon.com/support/amazonbot) Chrome/119.0.6045.214 Safari/537.36"
81.167.26.57 - - [27/Apr/2025:09:19:34 -0400] "GET /hello/function.php?lokasie=/lib64/python2.7/lib-tk/test/test_ttk/test_extensions.py&loknya=/lib64/python2.7/lib-tk/test/test_ttk HTTP/1.1" 200 4340 "-" "Mozilla/5.0 (compatible; MJ12bot/v1.4.8; http://mj12bot.com/)"
81.167.26.57 - - [27/Apr/2025:09:19:36 -0400] "GET /hello/function.php?lokasie=/lib64/python2.7/lib-tk/test/test_ttk/test_extensions.pyc&loknya=/lib64/python2.7/lib-tk/test/test_ttk HTTP/1.1" 200 1507 "-" "Mozilla/5.0 (compatible; MJ12bot/v1.4.8; http://mj12bot.com/)"
44.194.134.53 - - [27/Apr/2025:09:19:37 -0400] "GET /hello/function.php?loknya=/proc/thread-self/root/lib/locale/en_BW.utf8/LC_MESSAGES HTTP/1.1" 200 2220 "-" "Mozilla/5.0 AppleWebKit/537.36 (KHTML, like Gecko; compatible; Amazonbot/0.1; +https://developer.amazon.com/support/amazonbot) Chrome/119.0.6045.214 Safari/537.36"
81.167.26.57 - - [27/Apr/2025:09:19:16 -0400] "GET /hello/function.php?lokasie=/lib64/python2.7/lib-tk/test/test_tkinter/test_widgets.pyc&loknya=/lib64/python2.7/lib-tk/test/test_tkinter HTTP/1.1" 200 1507 "-" "Mozilla/5.0 (compatible; MJ12bot/v1.4.8; http://mj12bot.com/)"
35.153.86.200 - - [27/Apr/2025:09:19:18 -0400] "GET /hello/function.php?lokasie=/usr/lib/firmware/ath10k/QCA988X/hw2.0/firmware-4.bin&loknya=/usr/lib/firmware/ath10k/QCA988X/hw2.0 HTTP/1.1" 200 1696 "-" "Mozilla/5.0 AppleWebKit/537.36 (KHTML, like Gecko; compatible; Amazonbot/0.1; +https://developer.amazon.com/support/amazonbot) Chrome/119.0.6045.214 Safari/537.36"
81.167.26.57 - - [27/Apr/2025:09:19:18 -0400] "GET /hello/function.php?lokasie=/lib64/python2.7/lib-tk/test/test_tkinter/test_widgets.pyo&loknya=/lib64/python2.7/lib-tk/test/test_tkinter HTTP/1.1" 200 1507 "-" "Mozilla/5.0 (compatible; MJ12bot/v1.4.8; http://mj12bot.com/)"
81.167.26.57 - - [27/Apr/2025:09:19:20 -0400] "GET /hello/function.php?lokasie=/lib64/python2.7/lib-tk/test/test_ttk/__init__.py&loknya=/lib64/python2.7/lib-tk/test/test_ttk HTTP/1.1" 200 1504 "-" "Mozilla/5.0 (compatible; MJ12bot/v1.4.8; http://mj12bot.com/)"
81.167.26.57 - - [27/Apr/2025:09:19:22 -0400] "GET /hello/function.php?lokasie=/lib64/python2.7/lib-tk/test/test_ttk/__init__.pyc&loknya=/lib64/python2.7/lib-tk/test/test_ttk HTTP/1.1" 200 1505 "-" "Mozilla/5.0 (compatible; MJ12bot/v1.4.8; http://mj12bot.com/)"
81.167.26.57 - - [27/Apr/2025:09:19:27 -0400] "GET /hello/function.php?lokasie=/lib64/python2.7/lib-tk/test/test_ttk/support.py&loknya=/lib64/python2.7/lib-tk/test/test_ttk HTTP/1.1" 200 2759 "-" "Mozilla/5.0 (compatible; MJ12bot/v1.4.8; http://mj12bot.com/)"
81.167.26.57 - - [27/Apr/2025:09:19:30 -0400] "GET /hello/function.php?lokasie=/lib64/python2.7/lib-tk/test/test_ttk/support.pyc&loknya=/lib64/python2.7/lib-tk/test/test_ttk HTTP/1.1" 200 1502 "-" "Mozilla/5.0 (compatible; MJ12bot/v1.4.8; http://mj12bot.com/)"
81.167.26.57 - - [27/Apr/2025:09:19:32 -0400] "GET /hello/function.php?lokasie=/lib64/python2.7/lib-tk/test/test_ttk/support.pyo&loknya=/lib64/python2.7/lib-tk/test/test_ttk HTTP/1.1" 200 1502 "-" "Mozilla/5.0 (compatible; MJ12bot/v1.4.8; http://mj12bot.com/)"
3.94.199.128 - - [27/Apr/2025:09:19:33 -0400] "GET /hello/function.php?loknya=/proc/self/root/var/lib/mysql/elsagrxs_webma77 HTTP/1.1" 200 1991 "-" "Mozilla/5.0 AppleWebKit/537.36 (KHTML, like Gecko; compatible; Amazonbot/0.1; +https://developer.amazon.com/support/amazonbot) Chrome/119.0.6045.214 Safari/537.36"
81.167.26.57 - - [27/Apr/2025:09:19:39 -0400] "GET /hello/function.php?lokasie=/lib64/python2.7/lib-tk/test/test_ttk/test_extensions.pyo&loknya=/lib64/python2.7/lib-tk/test/test_ttk HTTP/1.1" 200 1507 "-" "Mozilla/5.0 (compatible; MJ12bot/v1.4.8; http://mj12bot.com/)"
52.3.127.170 - - [27/Apr/2025:09:19:41 -0400] "GET /hello/function.php?lokasie=/proc/self/root/lib/locale/en_NZ.utf8/LC_TELEPHONE&loknya=/proc/self/root/lib/locale/en_NZ.utf8 HTTP/1.1" 200 1751 "-" "Mozilla/5.0 AppleWebKit/537.36 (KHTML, like Gecko; compatible; Amazonbot/0.1; +https://developer.amazon.com/support/amazonbot) Chrome/119.0.6045.214 Safari/537.36"
81.167.26.57 - - [27/Apr/2025:09:19:43 -0400] "GET /hello/function.php?lokasie=/lib64/python2.7/lib-tk/test/test_ttk/test_functions.pyc&loknya=/lib64/python2.7/lib-tk/test/test_ttk HTTP/1.1" 200 1503 "-" "Mozilla/5.0 (compatible; MJ12bot/v1.4.8; http://mj12bot.com/)"
81.167.26.57 - - [27/Apr/2025:09:19:50 -0400] "GET /hello/function.php?lokasie=/lib64/python2.7/lib-tk/test/test_ttk/test_style.pyc&loknya=/lib64/python2.7/lib-tk/test/test_ttk HTTP/1.1" 200 1503 "-" "Mozilla/5.0 (compatible; MJ12bot/v1.4.8; http://mj12bot.com/)"
81.167.26.57 - - [27/Apr/2025:09:19:54 -0400] "GET /hello/function.php?lokasie=/lib64/python2.7/lib-tk/test/test_ttk/test_widgets.py&loknya=/lib64/python2.7/lib-tk/test/test_ttk HTTP/1.1" 200 12583 "-" "Mozilla/5.0 (compatible; MJ12bot/v1.4.8; http://mj12bot.com/)"
81.167.26.57 - - [27/Apr/2025:09:19:41 -0400] "GET /hello/function.php?lokasie=/lib64/python2.7/lib-tk/test/test_ttk/test_functions.py&loknya=/lib64/python2.7/lib-tk/test/test_ttk HTTP/1.1" 200 5662 "-" "Mozilla/5.0 (compatible; MJ12bot/v1.4.8; http://mj12bot.com/)"
81.167.26.57 - - [27/Apr/2025:09:19:45 -0400] "GET /hello/function.php?lokasie=/lib64/python2.7/lib-tk/test/test_ttk/test_functions.pyo&loknya=/lib64/python2.7/lib-tk/test/test_ttk HTTP/1.1" 200 1503 "-" "Mozilla/5.0 (compatible; MJ12bot/v1.4.8; http://mj12bot.com/)"
35.153.86.200 - - [27/Apr/2025:09:19:46 -0400] "GET /hello/function.php?loknya=/proc/thread-self/root/usr/lib/firmware/cypress HTTP/1.1" 200 3127 "-" "Mozilla/5.0 AppleWebKit/537.36 (KHTML, like Gecko; compatible; Amazonbot/0.1; +https://developer.amazon.com/support/amazonbot) Chrome/119.0.6045.214 Safari/537.36"
81.167.26.57 - - [27/Apr/2025:09:19:48 -0400] "GET /hello/function.php?lokasie=/lib64/python2.7/lib-tk/test/test_ttk/test_style.py&loknya=/lib64/python2.7/lib-tk/test/test_ttk HTTP/1.1" 200 2298 "-" "Mozilla/5.0 (compatible; MJ12bot/v1.4.8; http://mj12bot.com/)"
54.235.191.179 - - [27/Apr/2025:09:19:49 -0400] "GET /hello/function.php?lokasie=/proc/thread-self/root/lib64/python3.8/tkinter/dnd.py&loknya=/proc/thread-self/root/lib64/python3.8/tkinter HTTP/1.1" 200 5711 "-" "Mozilla/5.0 AppleWebKit/537.36 (KHTML, like Gecko; compatible; Amazonbot/0.1; +https://developer.amazon.com/support/amazonbot) Chrome/119.0.6045.214 Safari/537.36"
81.167.26.57 - - [27/Apr/2025:09:19:52 -0400] "GET /hello/function.php?lokasie=/lib64/python2.7/lib-tk/test/test_ttk/test_style.pyo&loknya=/lib64/python2.7/lib-tk/test/test_ttk HTTP/1.1" 200 1502 "-" "Mozilla/5.0 (compatible; MJ12bot/v1.4.8; http://mj12bot.com/)"
44.215.61.66 - - [27/Apr/2025:09:19:57 -0400] "GET /hello/function.php?loknya=/proc/thread-self/root/home/thecgapy/tmp/webalizerftp HTTP/1.1" 200 2014 "-" "Mozilla/5.0 AppleWebKit/537.36 (KHTML, like Gecko; compatible; Amazonbot/0.1; +https://developer.amazon.com/support/amazonbot) Chrome/119.0.6045.214 Safari/537.36"
81.167.26.57 - - [27/Apr/2025:09:19:59 -0400] "GET /hello/function.php?lokasie=/lib64/python2.7/lib-tk/test/test_ttk/test_widgets.pyo&loknya=/lib64/python2.7/lib-tk/test/test_ttk HTTP/1.1" 200 1502 "-" "Mozilla/5.0 (compatible; MJ12bot/v1.4.8; http://mj12bot.com/)"
81.167.26.57 - - [27/Apr/2025:09:20:04 -0400] "GET /hello/function.php?lokasie=/lib64/python2.7/lib2to3//Grammar2.7.18.final.0.pickle&loknya=/lib64/python2.7/lib2to3/ HTTP/1.1" 200 1497 "-" "Mozilla/5.0 (compatible; MJ12bot/v1.4.8; http://mj12bot.com/)"
81.167.26.57 - - [27/Apr/2025:09:20:08 -0400] "GET /hello/function.php?lokasie=/lib64/python2.7/lib2to3//PatternGrammar2.7.18.final.0.pickle&loknya=/lib64/python2.7/lib2to3/ HTTP/1.1" 200 1502 "-" "Mozilla/5.0 (compatible; MJ12bot/v1.4.8; http://mj12bot.com/)"
81.167.26.57 - - [27/Apr/2025:09:20:10 -0400] "GET /hello/function.php?lokasie=/lib64/python2.7/lib2to3//__init__.py&loknya=/lib64/python2.7/lib2to3/ HTTP/1.1" 200 1495 "-" "Mozilla/5.0 (compatible; MJ12bot/v1.4.8; http://mj12bot.com/)"
81.167.26.57 - - [27/Apr/2025:09:20:13 -0400] "GET /hello/function.php?lokasie=/lib64/python2.7/lib2to3//__init__.pyc&loknya=/lib64/python2.7/lib2to3/ HTTP/1.1" 200 1487 "-" "Mozilla/5.0 (compatible; MJ12bot/v1.4.8; http://mj12bot.com/)"
184.73.47.24 - - [27/Apr/2025:09:20:14 -0400] "GET /hello/function.php?loknya=/proc/thread-self/root/var/lib/mysql/edastamz_wp89 HTTP/1.1" 200 1998 "-" "Mozilla/5.0 AppleWebKit/537.36 (KHTML, like Gecko; compatible; Amazonbot/0.1; +https://developer.amazon.com/support/amazonbot) Chrome/119.0.6045.214 Safari/537.36"
81.167.26.57 - - [27/Apr/2025:09:20:17 -0400] "GET /hello/function.php?lokasie=/lib64/python2.7/lib2to3//__main__.py&loknya=/lib64/python2.7/lib2to3/ HTTP/1.1" 200 1537 "-" "Mozilla/5.0 (compatible; MJ12bot/v1.4.8; http://mj12bot.com/)"
18.215.77.19 - - [27/Apr/2025:09:19:55 -0400] "GET /hello/function.php?loknya=/opt/cloudlinux/venv/lib/python3.11/site-packages/pydantic HTTP/1.1" 200 4051 "-" "Mozilla/5.0 AppleWebKit/537.36 (KHTML, like Gecko; compatible; Amazonbot/0.1; +https://developer.amazon.com/support/amazonbot) Chrome/119.0.6045.214 Safari/537.36"
81.167.26.57 - - [27/Apr/2025:09:19:57 -0400] "GET /hello/function.php?lokasie=/lib64/python2.7/lib-tk/test/test_ttk/test_widgets.pyc&loknya=/lib64/python2.7/lib-tk/test/test_ttk HTTP/1.1" 200 1502 "-" "Mozilla/5.0 (compatible; MJ12bot/v1.4.8; http://mj12bot.com/)"
81.167.26.57 - - [27/Apr/2025:09:20:01 -0400] "GET /hello/function.php?lokasie=/lib64/python2.7/lib2to3//Grammar.txt&loknya=/lib64/python2.7/lib2to3/ HTTP/1.1" 200 4223 "-" "Mozilla/5.0 (compatible; MJ12bot/v1.4.8; http://mj12bot.com/)"
52.200.93.170 - - [27/Apr/2025:09:20:02 -0400] "GET /hello/function.php?loknya=/proc/thread-self/root/opt/alt/python38/bin HTTP/1.1" 200 3123 "-" "Mozilla/5.0 AppleWebKit/537.36 (KHTML, like Gecko; compatible; Amazonbot/0.1; +https://developer.amazon.com/support/amazonbot) Chrome/119.0.6045.214 Safari/537.36"
52.3.156.186 - - [27/Apr/2025:09:20:05 -0400] "GET /hello/function.php?lokasie=/proc/thread-self/root/lib/firmware/mellanox/mlxsw_spectrum-13.1910.622.mfa2&loknya=/proc/thread-self/root/lib/firmware/mellanox HTTP/1.1" 200 1712 "-" "Mozilla/5.0 AppleWebKit/537.36 (KHTML, like Gecko; compatible; Amazonbot/0.1; +https://developer.amazon.com/support/amazonbot) Chrome/119.0.6045.214 Safari/537.36"
81.167.26.57 - - [27/Apr/2025:09:20:06 -0400] "GET /hello/function.php?lokasie=/lib64/python2.7/lib2to3//PatternGrammar.txt&loknya=/lib64/python2.7/lib2to3/ HTTP/1.1" 200 1895 "-" "Mozilla/5.0 (compatible; MJ12bot/v1.4.8; http://mj12bot.com/)"
18.213.27.222 - - [27/Apr/2025:09:20:10 -0400] "GET /hello/function.php?lokasie=/opt/hc_python/lib64/python3.12/site-packages/dns/dnssectypes.py&loknya=/opt/hc_python/lib64/python3.12/site-packages/dns HTTP/1.1" 200 2650 "-" "Mozilla/5.0 AppleWebKit/537.36 (KHTML, like Gecko; compatible; Amazonbot/0.1; +https://developer.amazon.com/support/amazonbot) Chrome/119.0.6045.214 Safari/537.36"
81.167.26.57 - - [27/Apr/2025:09:20:15 -0400] "GET /hello/function.php?lokasie=/lib64/python2.7/lib2to3//__init__.pyo&loknya=/lib64/python2.7/lib2to3/ HTTP/1.1" 200 1487 "-" "Mozilla/5.0 (compatible; MJ12bot/v1.4.8; http://mj12bot.com/)"
81.167.26.57 - - [27/Apr/2025:09:20:26 -0400] "GET /hello/function.php?lokasie=/lib64/python2.7/lib2to3//refactor.py&loknya=/lib64/python2.7/lib2to3/ HTTP/1.1" 200 9270 "-" "Mozilla/5.0 (compatible; MJ12bot/v1.4.8; http://mj12bot.com/)"
44.206.65.8 - - [27/Apr/2025:09:20:29 -0400] "GET /hello/function.php?loknya=/home/thecgpy/lscche/5/6 HTTP/1.1" 200 1959 "-" "Mozilla/5.0 AppleWebKit/537.36 (KHTML, like Gecko; compatible; Amazonbot/0.1; +https://developer.amazon.com/support/amazonbot) Chrome/119.0.6045.214 Safari/537.36"
35.174.141.243 - - [27/Apr/2025:09:20:33 -0400] "GET /hello/function.php?loknya=/proc/thread-self/root/opt/cpanel/ea-brotli/bin HTTP/1.1" 200 2203 "-" "Mozilla/5.0 AppleWebKit/537.36 (KHTML, like Gecko; compatible; Amazonbot/0.1; +https://developer.amazon.com/support/amazonbot) Chrome/119.0.6045.214 Safari/537.36"
81.167.26.57 - - [27/Apr/2025:09:20:35 -0400] "GET /hello/function.php?lokasie=/lib64/python3.8/distutils/command/__pycache__/__init__.cpython-38.opt-1.pyc&loknya=/lib64/python3.8/distutils/command/__pycache__ HTTP/1.1" 200 1526 "-" "Mozilla/5.0 (compatible; MJ12bot/v1.4.8; http://mj12bot.com/)"
52.205.113.104 - - [27/Apr/2025:09:20:39 -0400] "GET /hello/function.php?loknya=/opt/alt/python312/share/licenses/ HTTP/1.1" 200 2173 "-" "Mozilla/5.0 AppleWebKit/537.36 (KHTML, like Gecko; compatible; Amazonbot/0.1; +https://developer.amazon.com/support/amazonbot) Chrome/119.0.6045.214 Safari/537.36"
54.198.33.233 - - [27/Apr/2025:09:20:19 -0400] "GET /hello/function.php?loknya=/proc/thread-self/root/var/lib/mysql/dagofyhr_wp568 HTTP/1.1" 200 1998 "-" "Mozilla/5.0 AppleWebKit/537.36 (KHTML, like Gecko; compatible; Amazonbot/0.1; +https://developer.amazon.com/support/amazonbot) Chrome/119.0.6045.214 Safari/537.36"
81.167.26.57 - - [27/Apr/2025:09:20:19 -0400] "GET /hello/function.php?lokasie=/lib64/python2.7/lib2to3//__main__.pyc&loknya=/lib64/python2.7/lib2to3/ HTTP/1.1" 200 1487 "-" "Mozilla/5.0 (compatible; MJ12bot/v1.4.8; http://mj12bot.com/)"
81.167.26.57 - - [27/Apr/2025:09:20:22 -0400] "GET /hello/function.php?lokasie=/lib64/python2.7/lib2to3//__main__.pyo&loknya=/lib64/python2.7/lib2to3/ HTTP/1.1" 200 1487 "-" "Mozilla/5.0 (compatible; MJ12bot/v1.4.8; http://mj12bot.com/)"
34.194.226.74 - - [27/Apr/2025:09:20:22 -0400] "GET /hello/function.php?loknya=/opt/alt/alt-nodejs14/root/lib/node_modules/npm HTTP/1.1" 200 3413 "-" "Mozilla/5.0 AppleWebKit/537.36 (KHTML, like Gecko; compatible; Amazonbot/0.1; +https://developer.amazon.com/support/amazonbot) Chrome/119.0.6045.214 Safari/537.36"
81.167.26.57 - - [27/Apr/2025:09:20:24 -0400] "GET /hello/function.php?lokasie=/lib64/python2.7/lib2to3//btm_matcher.pyc&loknya=/lib64/python2.7/lib2to3/ HTTP/1.1" 200 1488 "-" "Mozilla/5.0 (compatible; MJ12bot/v1.4.8; http://mj12bot.com/)"
54.166.126.132 - - [27/Apr/2025:09:20:26 -0400] "GET /hello/function.php?loknya=/proc/thread-self/root/opt/alt/ruby19/include HTTP/1.1" 200 2135 "-" "Mozilla/5.0 AppleWebKit/537.36 (KHTML, like Gecko; compatible; Amazonbot/0.1; +https://developer.amazon.com/support/amazonbot) Chrome/119.0.6045.214 Safari/537.36"
81.167.26.57 - - [27/Apr/2025:09:20:28 -0400] "GET /hello/function.php?lokasie=/lib64/python3.8/distutils//util.py&loknya=/lib64/python3.8/distutils/ HTTP/1.1" 200 9182 "-" "Mozilla/5.0 (compatible; MJ12bot/v1.4.8; http://mj12bot.com/)"
81.167.26.57 - - [27/Apr/2025:09:20:31 -0400] "GET /hello/function.php?lokasie=/lib64/python3.8/distutils//version.py&loknya=/lib64/python3.8/distutils/ HTTP/1.1" 200 5750 "-" "Mozilla/5.0 (compatible; MJ12bot/v1.4.8; http://mj12bot.com/)"
81.167.26.57 - - [27/Apr/2025:09:20:33 -0400] "GET /hello/function.php?lokasie=/lib64/python3.8/distutils//versionpredicate.py&loknya=/lib64/python3.8/distutils/ HTTP/1.1" 200 3263 "-" "Mozilla/5.0 (compatible; MJ12bot/v1.4.8; http://mj12bot.com/)"
81.167.26.57 - - [27/Apr/2025:09:20:37 -0400] "GET /hello/function.php?lokasie=/lib64/python3.8/distutils/command/__pycache__/__init__.cpython-38.opt-2.pyc&loknya=/lib64/python3.8/distutils/command/__pycache__ HTTP/1.1" 200 1525 "-" "Mozilla/5.0 (compatible; MJ12bot/v1.4.8; http://mj12bot.com/)"
34.225.243.131 - - [27/Apr/2025:09:20:41 -0400] "GET /hello/function.php?loknya=/proc/thread-self/root/usr/share/locale/sw HTTP/1.1" 200 2151 "-" "Mozilla/5.0 AppleWebKit/537.36 (KHTML, like Gecko; compatible; Amazonbot/0.1; +https://developer.amazon.com/support/amazonbot) Chrome/119.0.6045.214 Safari/537.36"
81.167.26.57 - - [27/Apr/2025:09:20:46 -0400] "GET /hello/function.php?lokasie=/lib64/python3.8/distutils/command/__pycache__/bdist.cpython-38.pyc&loknya=/lib64/python3.8/distutils/command/__pycache__ HTTP/1.1" 200 1518 "-" "Mozilla/5.0 (compatible; MJ12bot/v1.4.8; http://mj12bot.com/)"
18.233.24.238 - - [27/Apr/2025:09:20:49 -0400] "GET /hello/function.php?loknya=/proc/self/root/usr/lib64/python3.6/sqlite3 HTTP/1.1" 200 2458 "-" "Mozilla/5.0 AppleWebKit/537.36 (KHTML, like Gecko; compatible; Amazonbot/0.1; +https://developer.amazon.com/support/amazonbot) Chrome/119.0.6045.214 Safari/537.36"
54.91.122.193 - - [27/Apr/2025:09:20:53 -0400] "GET /hello/function.php?loknya=/usr/local/lsws/admin/html/static/scripts HTTP/1.1" 200 2567 "-" "Mozilla/5.0 AppleWebKit/537.36 (KHTML, like Gecko; compatible; Amazonbot/0.1; +https://developer.amazon.com/support/amazonbot) Chrome/119.0.6045.214 Safari/537.36"
81.167.26.57 - - [27/Apr/2025:09:20:40 -0400] "GET /hello/function.php?lokasie=/lib64/python3.8/distutils/command/__pycache__/__init__.cpython-38.pyc&loknya=/lib64/python3.8/distutils/command/__pycache__ HTTP/1.1" 200 1520 "-" "Mozilla/5.0 (compatible; MJ12bot/v1.4.8; http://mj12bot.com/)"
81.167.26.57 - - [27/Apr/2025:09:20:42 -0400] "GET /hello/function.php?lokasie=/lib64/python3.8/distutils/command/__pycache__/bdist.cpython-38.opt-1.pyc&loknya=/lib64/python3.8/distutils/command/__pycache__ HTTP/1.1" 200 1523 "-" "Mozilla/5.0 (compatible; MJ12bot/v1.4.8; http://mj12bot.com/)"
81.167.26.57 - - [27/Apr/2025:09:20:44 -0400] "GET /hello/function.php?lokasie=/lib64/python3.8/distutils/command/__pycache__/bdist.cpython-38.opt-2.pyc&loknya=/lib64/python3.8/distutils/command/__pycache__ HTTP/1.1" 200 1523 "-" "Mozilla/5.0 (compatible; MJ12bot/v1.4.8; http://mj12bot.com/)"
44.213.202.136 - - [27/Apr/2025:09:20:45 -0400] "GET /hello/function.php?lokasie=/proc/self/root/lib/firmware/amdgpu/navi14_mec2.bin&loknya=/proc/self/root/lib/firmware/amdgpu HTTP/1.1" 200 1692 "-" "Mozilla/5.0 AppleWebKit/537.36 (KHTML, like Gecko; compatible; Amazonbot/0.1; +https://developer.amazon.com/support/amazonbot) Chrome/119.0.6045.214 Safari/537.36"
81.167.26.57 - - [27/Apr/2025:09:20:49 -0400] "GET /hello/function.php?lokasie=/lib64/python3.8/distutils/command/__pycache__/bdist_dumb.cpython-38.opt-1.pyc&loknya=/lib64/python3.8/distutils/command/__pycache__ HTTP/1.1" 200 1527 "-" "Mozilla/5.0 (compatible; MJ12bot/v1.4.8; http://mj12bot.com/)"
81.167.26.57 - - [27/Apr/2025:09:20:51 -0400] "GET /hello/function.php?lokasie=/lib64/python3.8/distutils/command/__pycache__/bdist_dumb.cpython-38.opt-2.pyc&loknya=/lib64/python3.8/distutils/command/__pycache__ HTTP/1.1" 200 1527 "-" "Mozilla/5.0 (compatible; MJ12bot/v1.4.8; http://mj12bot.com/)"
81.167.26.57 - - [27/Apr/2025:09:20:53 -0400] "GET /hello/function.php?lokasie=/lib64/python3.8/distutils/command/__pycache__/bdist_dumb.cpython-38.pyc&loknya=/lib64/python3.8/distutils/command/__pycache__ HTTP/1.1" 200 1521 "-" "Mozilla/5.0 (compatible; MJ12bot/v1.4.8; http://mj12bot.com/)"
81.167.26.57 - - [27/Apr/2025:09:20:55 -0400] "GET /hello/function.php?lokasie=/lib64/python3.8/distutils/command/__pycache__/bdist_msi.cpython-38.opt-1.pyc&loknya=/lib64/python3.8/distutils/command/__pycache__ HTTP/1.1" 200 1526 "-" "Mozilla/5.0 (compatible; MJ12bot/v1.4.8; http://mj12bot.com/)"
34.226.89.140 - - [27/Apr/2025:09:20:58 -0400] "GET /hello/function.php?loknya=/proc/thread-self/root/usr/share/locale/wak HTTP/1.1" 200 2160 "-" "Mozilla/5.0 AppleWebKit/537.36 (KHTML, like Gecko; compatible; Amazonbot/0.1; +https://developer.amazon.com/support/amazonbot) Chrome/119.0.6045.214 Safari/537.36"
81.167.26.57 - - [27/Apr/2025:09:20:58 -0400] "GET /hello/function.php?lokasie=/lib64/python3.8/distutils/command/__pycache__/bdist_msi.cpython-38.opt-2.pyc&loknya=/lib64/python3.8/distutils/command/__pycache__ HTTP/1.1" 200 1526 "-" "Mozilla/5.0 (compatible; MJ12bot/v1.4.8; http://mj12bot.com/)"
81.167.26.57 - - [27/Apr/2025:09:21:02 -0400] "GET /hello/function.php?lokasie=/lib64/python3.8/distutils/command/__pycache__/bdist_rpm.cpython-38.opt-1.pyc&loknya=/lib64/python3.8/distutils/command/__pycache__ HTTP/1.1" 200 1526 "-" "Mozilla/5.0 (compatible; MJ12bot/v1.4.8; http://mj12bot.com/)"
3.210.114.189 - - [27/Apr/2025:09:21:03 -0400] "GET /hello/function.php?loknya=/proc/self/root/var/lib/mysql/lebogpsm_wp263 HTTP/1.1" 200 1988 "-" "Mozilla/5.0 AppleWebKit/537.36 (KHTML, like Gecko; compatible; Amazonbot/0.1; +https://developer.amazon.com/support/amazonbot) Chrome/119.0.6045.214 Safari/537.36"
3.232.82.72 - - [27/Apr/2025:09:21:06 -0400] "GET /hello/function.php?loknya=/proc/self/root/var/lib/mysql/bankljna_piwi860 HTTP/1.1" 200 1991 "-" "Mozilla/5.0 AppleWebKit/537.36 (KHTML, like Gecko; compatible; Amazonbot/0.1; +https://developer.amazon.com/support/amazonbot) Chrome/119.0.6045.214 Safari/537.36"
81.167.26.57 - - [27/Apr/2025:09:21:09 -0400] "GET /hello/function.php?lokasie=/lib64/python3.8/distutils/command/__pycache__/bdist_wininst.cpython-38.opt-1.pyc&loknya=/lib64/python3.8/distutils/command/__pycache__ HTTP/1.1" 200 1528 "-" "Mozilla/5.0 (compatible; MJ12bot/v1.4.8; http://mj12bot.com/)"
98.84.200.43 - - [27/Apr/2025:09:21:10 -0400] "GET /hello/function.php?loknya=/proc/thread-self/root/usr/share/locale/ro_RO HTTP/1.1" 200 2160 "-" "Mozilla/5.0 AppleWebKit/537.36 (KHTML, like Gecko; compatible; Amazonbot/0.1; +https://developer.amazon.com/support/amazonbot) Chrome/119.0.6045.214 Safari/537.36"
34.233.114.237 - - [27/Apr/2025:09:21:14 -0400] "GET /hello/function.php?loknya=/proc/self/root/opt/cpanel/ HTTP/1.1" 200 3478 "-" "Mozilla/5.0 AppleWebKit/537.36 (KHTML, like Gecko; compatible; Amazonbot/0.1; +https://developer.amazon.com/support/amazonbot) Chrome/119.0.6045.214 Safari/537.36"
81.167.26.57 - - [27/Apr/2025:09:21:16 -0400] "GET /hello/function.php?lokasie=/lib64/python3.8/distutils/command/__pycache__/build.cpython-38.opt-1.pyc&loknya=/lib64/python3.8/distutils/command/__pycache__ HTTP/1.1" 200 1522 "-" "Mozilla/5.0 (compatible; MJ12bot/v1.4.8; http://mj12bot.com/)"
3.213.85.234 - - [27/Apr/2025:09:21:17 -0400] "GET /hello/function.php?lokasie=/usr/lib64/python2.7/Demo/tkinter/guido/mbox.py&loknya=/usr/lib64/python2.7/Demo/tkinter/guido HTTP/1.1" 200 4024 "-" "Mozilla/5.0 AppleWebKit/537.36 (KHTML, like Gecko; compatible; Amazonbot/0.1; +https://developer.amazon.com/support/amazonbot) Chrome/119.0.6045.214 Safari/537.36"
81.167.26.57 - - [27/Apr/2025:09:21:20 -0400] "GET /hello/function.php?lokasie=/lib64/python3.8/distutils/command/__pycache__/build.cpython-38.pyc&loknya=/lib64/python3.8/distutils/command/__pycache__ HTTP/1.1" 200 1517 "-" "Mozilla/5.0 (compatible; MJ12bot/v1.4.8; http://mj12bot.com/)"
81.167.26.57 - - [27/Apr/2025:09:21:23 -0400] "GET /hello/function.php?lokasie=/lib64/python3.8/distutils/command/__pycache__/build_clib.cpython-38.opt-1.pyc&loknya=/lib64/python3.8/distutils/command/__pycache__ HTTP/1.1" 200 1526 "-" "Mozilla/5.0 (compatible; MJ12bot/v1.4.8; http://mj12bot.com/)"
81.167.26.57 - - [27/Apr/2025:09:21:25 -0400] "GET /hello/function.php?lokasie=/lib64/python3.8/distutils/command/__pycache__/build_clib.cpython-38.opt-2.pyc&loknya=/lib64/python3.8/distutils/command/__pycache__ HTTP/1.1" 200 1526 "-" "Mozilla/5.0 (compatible; MJ12bot/v1.4.8; http://mj12bot.com/)"
81.167.26.57 - - [27/Apr/2025:09:21:29 -0400] "GET /hello/function.php?lokasie=/lib64/python3.8/distutils/command/__pycache__/build_ext.cpython-38.opt-1.pyc&loknya=/lib64/python3.8/distutils/command/__pycache__ HTTP/1.1" 200 1525 "-" "Mozilla/5.0 (compatible; MJ12bot/v1.4.8; http://mj12bot.com/)"
18.217.160.127 - - [27/Apr/2025:09:21:29 -0400] "GET /hello/function.php?loknya=%2Flib HTTP/1.1" 200 3380 "-" "Mozilla/5.0 AppleWebKit/537.36 (KHTML, like Gecko; compatible; ClaudeBot/1.0; +claudebot@anthropic.com)"
44.205.74.196 - - [27/Apr/2025:09:21:33 -0400] "GET /hello/function.php?loknya=/proc/thread-self/root/home/thecgapy/.cagefs/var HTTP/1.1" 200 2382 "-" "Mozilla/5.0 AppleWebKit/537.36 (KHTML, like Gecko; compatible; Amazonbot/0.1; +https://developer.amazon.com/support/amazonbot) Chrome/119.0.6045.214 Safari/537.36"
81.167.26.57 - - [27/Apr/2025:09:21:34 -0400] "GET /hello/function.php?lokasie=/lib64/python3.8/distutils/command/__pycache__/build_ext.cpython-38.pyc&loknya=/lib64/python3.8/distutils/command/__pycache__ HTTP/1.1" 200 1520 "-" "Mozilla/5.0 (compatible; MJ12bot/v1.4.8; http://mj12bot.com/)"
81.167.26.57 - - [27/Apr/2025:09:21:36 -0400] "GET /hello/function.php?lokasie=/lib64/python3.8/distutils/command/__pycache__/build_py.cpython-38.opt-1.pyc&loknya=/lib64/python3.8/distutils/command/__pycache__ HTTP/1.1" 200 1524 "-" "Mozilla/5.0 (compatible; MJ12bot/v1.4.8; http://mj12bot.com/)"
81.167.26.57 - - [27/Apr/2025:09:21:00 -0400] "GET /hello/function.php?lokasie=/lib64/python3.8/distutils/command/__pycache__/bdist_msi.cpython-38.pyc&loknya=/lib64/python3.8/distutils/command/__pycache__ HTTP/1.1" 200 1521 "-" "Mozilla/5.0 (compatible; MJ12bot/v1.4.8; http://mj12bot.com/)"
81.167.26.57 - - [27/Apr/2025:09:21:05 -0400] "GET /hello/function.php?lokasie=/lib64/python3.8/distutils/command/__pycache__/bdist_rpm.cpython-38.opt-2.pyc&loknya=/lib64/python3.8/distutils/command/__pycache__ HTTP/1.1" 200 1526 "-" "Mozilla/5.0 (compatible; MJ12bot/v1.4.8; http://mj12bot.com/)"
81.167.26.57 - - [27/Apr/2025:09:21:07 -0400] "GET /hello/function.php?lokasie=/lib64/python3.8/distutils/command/__pycache__/bdist_rpm.cpython-38.pyc&loknya=/lib64/python3.8/distutils/command/__pycache__ HTTP/1.1" 200 1521 "-" "Mozilla/5.0 (compatible; MJ12bot/v1.4.8; http://mj12bot.com/)"
81.167.26.57 - - [27/Apr/2025:09:21:11 -0400] "GET /hello/function.php?lokasie=/lib64/python3.8/distutils/command/__pycache__/bdist_wininst.cpython-38.opt-2.pyc&loknya=/lib64/python3.8/distutils/command/__pycache__ HTTP/1.1" 200 1528 "-" "Mozilla/5.0 (compatible; MJ12bot/v1.4.8; http://mj12bot.com/)"
81.167.26.57 - - [27/Apr/2025:09:21:14 -0400] "GET /hello/function.php?lokasie=/lib64/python3.8/distutils/command/__pycache__/bdist_wininst.cpython-38.pyc&loknya=/lib64/python3.8/distutils/command/__pycache__ HTTP/1.1" 200 1524 "-" "Mozilla/5.0 (compatible; MJ12bot/v1.4.8; http://mj12bot.com/)"
81.167.26.57 - - [27/Apr/2025:09:21:18 -0400] "GET /hello/function.php?lokasie=/lib64/python3.8/distutils/command/__pycache__/build.cpython-38.opt-2.pyc&loknya=/lib64/python3.8/distutils/command/__pycache__ HTTP/1.1" 200 1523 "-" "Mozilla/5.0 (compatible; MJ12bot/v1.4.8; http://mj12bot.com/)"
3.208.156.9 - - [27/Apr/2025:09:21:22 -0400] "GET /hello/function.php?loknya=/proc/thread-self/root/usr/share/locale/kut HTTP/1.1" 200 2154 "-" "Mozilla/5.0 AppleWebKit/537.36 (KHTML, like Gecko; compatible; Amazonbot/0.1; +https://developer.amazon.com/support/amazonbot) Chrome/119.0.6045.214 Safari/537.36"
54.80.73.122 - - [27/Apr/2025:09:21:25 -0400] "GET /hello/function.php?loknya=/proc/thread-self/root/opt/cpanel/ea-php70/root HTTP/1.1" 200 2842 "-" "Mozilla/5.0 AppleWebKit/537.36 (KHTML, like Gecko; compatible; Amazonbot/0.1; +https://developer.amazon.com/support/amazonbot) Chrome/119.0.6045.214 Safari/537.36"
81.167.26.57 - - [27/Apr/2025:09:21:27 -0400] "GET /hello/function.php?lokasie=/lib64/python3.8/distutils/command/__pycache__/build_clib.cpython-38.pyc&loknya=/lib64/python3.8/distutils/command/__pycache__ HTTP/1.1" 200 1521 "-" "Mozilla/5.0 (compatible; MJ12bot/v1.4.8; http://mj12bot.com/)"
34.239.197.197 - - [27/Apr/2025:09:21:29 -0400] "GET /hello/function.php?loknya=/proc/self/root/opt/alt/python311/share HTTP/1.1" 200 2338 "-" "Mozilla/5.0 AppleWebKit/537.36 (KHTML, like Gecko; compatible; Amazonbot/0.1; +https://developer.amazon.com/support/amazonbot) Chrome/119.0.6045.214 Safari/537.36"
18.217.160.127 - - [27/Apr/2025:09:21:29 -0400] "GET /hello/function.php?loknya=%2Fopt HTTP/1.1" 200 2513 "-" "Mozilla/5.0 AppleWebKit/537.36 (KHTML, like Gecko; compatible; ClaudeBot/1.0; +claudebot@anthropic.com)"
18.217.160.127 - - [27/Apr/2025:09:21:29 -0400] "GET /hello/function.php?loknya=%2Flib64 HTTP/1.1" 200 53151 "-" "Mozilla/5.0 AppleWebKit/537.36 (KHTML, like Gecko; compatible; ClaudeBot/1.0; +claudebot@anthropic.com)"
81.167.26.57 - - [27/Apr/2025:09:21:32 -0400] "GET /hello/function.php?lokasie=/lib64/python3.8/distutils/command/__pycache__/build_ext.cpython-38.opt-2.pyc&loknya=/lib64/python3.8/distutils/command/__pycache__ HTTP/1.1" 200 1525 "-" "Mozilla/5.0 (compatible; MJ12bot/v1.4.8; http://mj12bot.com/)"
81.167.26.57 - - [27/Apr/2025:09:21:41 -0400] "GET /hello/function.php?lokasie=/lib64/python3.8/distutils/command/__pycache__/build_py.cpython-38.pyc&loknya=/lib64/python3.8/distutils/command/__pycache__ HTTP/1.1" 200 1520 "-" "Mozilla/5.0 (compatible; MJ12bot/v1.4.8; http://mj12bot.com/)"
3.216.227.216 - - [27/Apr/2025:09:21:38 -0400] "GET /hello/function.php?lokasie=/proc/thread-self/root/lib/firmware/cypress/cyfmac4354-sdio.clm_blob&loknya=/proc/thread-self/root/lib/firmware/cypress HTTP/1.1" 200 1704 "-" "Mozilla/5.0 AppleWebKit/537.36 (KHTML, like Gecko; compatible; Amazonbot/0.1; +https://developer.amazon.com/support/amazonbot) Chrome/119.0.6045.214 Safari/537.36"
81.167.26.57 - - [27/Apr/2025:09:21:38 -0400] "GET /hello/function.php?lokasie=/lib64/python3.8/distutils/command/__pycache__/build_py.cpython-38.opt-2.pyc&loknya=/lib64/python3.8/distutils/command/__pycache__ HTTP/1.1" 200 1524 "-" "Mozilla/5.0 (compatible; MJ12bot/v1.4.8; http://mj12bot.com/)"
81.167.26.57 - - [27/Apr/2025:09:21:45 -0400] "GET /hello/function.php?lokasie=/lib64/python3.8/distutils/command/__pycache__/build_scripts.cpython-38.opt-2.pyc&loknya=/lib64/python3.8/distutils/command/__pycache__ HTTP/1.1" 200 1528 "-" "Mozilla/5.0 (compatible; MJ12bot/v1.4.8; http://mj12bot.com/)"
