66.249.73.193 - - [30/Apr/2025:09:44:23 -0400] "GET /shopdetail/1387852 HTTP/1.1" 200 20101 "-" "Mozilla/5.0 (Linux; Android 6.0.1; Nexus 5X Build/MMB29P) AppleWebKit/537.36 (KHTML, like Gecko) Chrome/135.0.7049.114 Mobile Safari/537.36 (compatible; Googlebot/2.1; +http://www.google.com/bot.html)"
66.249.73.193 - - [30/Apr/2025:09:44:25 -0400] "GET /index.phpsshopdetail/42183552 HTTP/1.1" 200 20500 "-" "Mozilla/5.0 (Linux; Android 6.0.1; Nexus 5X Build/MMB29P) AppleWebKit/537.36 (KHTML, like Gecko) Chrome/135.0.7049.95 Mobile Safari/537.36 (compatible; Googlebot/2.1; +http://www.google.com/bot.html)"
66.249.73.193 - - [30/Apr/2025:09:44:28 -0400] "GET /shopdetail/131100852 HTTP/1.1" 200 19116 "-" "Mozilla/5.0 (Linux; Android 6.0.1; Nexus 5X Build/MMB29P) AppleWebKit/537.36 (KHTML, like Gecko) Chrome/135.0.7049.95 Mobile Safari/537.36 (compatible; GoogleOther)"
66.249.73.193 - - [30/Apr/2025:09:44:47 -0400] "GET /shopdetail/94795452 HTTP/1.1" 200 20072 "-" "Mozilla/5.0 (Linux; Android 6.0.1; Nexus 5X Build/MMB29P) AppleWebKit/537.36 (KHTML, like Gecko) Chrome/135.0.7049.95 Mobile Safari/537.36 (compatible; GoogleOther)"
66.249.73.193 - - [30/Apr/2025:09:44:49 -0400] "POST /get-message-notify HTTP/1.1" 200 20461 "http://www.digitalbusinesscardz.acreditrepaircorp.com/shopdetail/33306452" "Mozilla/5.0 (Linux; Android 6.0.1; Nexus 5X Build/MMB29P) AppleWebKit/537.36 (KHTML, like Gecko) Chrome/134.0.6998.165 Mobile Safari/537.36 (compatible; Googlebot/2.1; +http://www.google.com/bot.html)"
66.249.73.193 - - [30/Apr/2025:09:44:58 -0400] "GET /shopdetail/55618152 HTTP/1.1" 200 18908 "-" "Mozilla/5.0 (Linux; Android 6.0.1; Nexus 5X Build/MMB29P) AppleWebKit/537.36 (KHTML, like Gecko) Chrome/135.0.7049.95 Mobile Safari/537.36 (compatible; GoogleOther)"
66.249.73.193 - - [30/Apr/2025:09:44:58 -0400] "GET /shopdetail/1297152 HTTP/1.1" 200 19232 "-" "Mozilla/5.0 (Linux; Android 6.0.1; Nexus 5X Build/MMB29P) AppleWebKit/537.36 (KHTML, like Gecko) Chrome/135.0.7049.114 Mobile Safari/537.36 (compatible; Googlebot/2.1; +http://www.google.com/bot.html)"
66.249.73.193 - - [30/Apr/2025:09:45:17 -0400] "POST /get-message-notify HTTP/1.1" 200 20461 "http://www.digitalbusinesscardz.acreditrepaircorp.com/index.phpsshopdetail/63620352" "Mozilla/5.0 (Linux; Android 6.0.1; Nexus 5X Build/MMB29P) AppleWebKit/537.36 (KHTML, like Gecko) Chrome/134.0.6998.165 Mobile Safari/537.36 (compatible; Googlebot/2.1; +http://www.google.com/bot.html)"
66.249.73.193 - - [30/Apr/2025:09:45:30 -0400] "GET /index.phpsshopdetail/69635052 HTTP/1.1" 200 19555 "-" "Mozilla/5.0 (Linux; Android 6.0.1; Nexus 5X Build/MMB29P) AppleWebKit/537.36 (KHTML, like Gecko) Chrome/135.0.7049.95 Mobile Safari/537.36 (compatible; GoogleOther)"
66.249.73.193 - - [30/Apr/2025:09:46:01 -0400] "GET /shopdetail/15737852 HTTP/1.1" 200 18638 "-" "Mozilla/5.0 (Linux; Android 6.0.1; Nexus 5X Build/MMB29P) AppleWebKit/537.36 (KHTML, like Gecko) Chrome/135.0.7049.114 Mobile Safari/537.36 (compatible; Googlebot/2.1; +http://www.google.com/bot.html)"
66.249.73.193 - - [30/Apr/2025:09:46:22 -0400] "GET /shopdetail/16277652 HTTP/1.1" 200 19189 "-" "Mozilla/5.0 (Linux; Android 6.0.1; Nexus 5X Build/MMB29P) AppleWebKit/537.36 (KHTML, like Gecko) Chrome/135.0.7049.114 Mobile Safari/537.36 (compatible; Googlebot/2.1; +http://www.google.com/bot.html)"
66.249.73.194 - - [30/Apr/2025:09:46:23 -0400] "POST /get-message-notify HTTP/1.1" 200 20463 "http://www.digitalbusinesscardz.acreditrepaircorp.com/shopdetail/131100852" "Mozilla/5.0 (Linux; Android 6.0.1; Nexus 5X Build/MMB29P) AppleWebKit/537.36 (KHTML, like Gecko) Chrome/134.0.6998.165 Mobile Safari/537.36 (compatible; Googlebot/2.1; +http://www.google.com/bot.html)"
66.249.73.193 - - [30/Apr/2025:09:46:32 -0400] "GET /shopdetail/72477852 HTTP/1.1" 200 18532 "-" "Mozilla/5.0 (Linux; Android 6.0.1; Nexus 5X Build/MMB29P) AppleWebKit/537.36 (KHTML, like Gecko) Chrome/135.0.7049.114 Mobile Safari/537.36 (compatible; Googlebot/2.1; +http://www.google.com/bot.html)"
66.249.73.193 - - [30/Apr/2025:09:46:38 -0400] "GET /index.phpsshopdetail/75652752 HTTP/1.1" 200 20068 "-" "Mozilla/5.0 (Linux; Android 6.0.1; Nexus 5X Build/MMB29P) AppleWebKit/537.36 (KHTML, like Gecko) Chrome/135.0.7049.95 Mobile Safari/537.36 (compatible; GoogleOther)"
66.249.73.193 - - [30/Apr/2025:09:47:39 -0400] "GET /index.phpsshopdetail/153679852 HTTP/1.1" 200 19218 "-" "Mozilla/5.0 (Linux; Android 6.0.1; Nexus 5X Build/MMB29P) AppleWebKit/537.36 (KHTML, like Gecko) Chrome/135.0.7049.95 Mobile Safari/537.36 (compatible; GoogleOther)"
66.249.73.193 - - [30/Apr/2025:09:47:49 -0400] "POST /get-message-notify HTTP/1.1" 200 20463 "http://www.digitalbusinesscardz.acreditrepaircorp.com/shopdetail/55618152" "Mozilla/5.0 (Linux; Android 6.0.1; Nexus 5X Build/MMB29P) AppleWebKit/537.36 (KHTML, like Gecko) Chrome/134.0.6998.165 Mobile Safari/537.36 (compatible; Googlebot/2.1; +http://www.google.com/bot.html)"
66.249.73.193 - - [30/Apr/2025:09:48:06 -0400] "GET /index.phpsshopdetail/149105852 HTTP/1.1" 200 19524 "-" "Mozilla/5.0 (Linux; Android 6.0.1; Nexus 5X Build/MMB29P) AppleWebKit/537.36 (KHTML, like Gecko) Chrome/135.0.7049.114 Mobile Safari/537.36 (compatible; Googlebot/2.1; +http://www.google.com/bot.html)"
66.249.73.193 - - [30/Apr/2025:09:48:12 -0400] "GET /index.phpsshopdetail/40525352 HTTP/1.1" 200 19872 "-" "Mozilla/5.0 (Linux; Android 6.0.1; Nexus 5X Build/MMB29P) AppleWebKit/537.36 (KHTML, like Gecko) Chrome/135.0.7049.95 Mobile Safari/537.36 (compatible; Googlebot/2.1; +http://www.google.com/bot.html)"
66.249.73.193 - - [30/Apr/2025:09:48:22 -0400] "GET /index.phpsshopdetail/80136352 HTTP/1.1" 200 20333 "-" "Mozilla/5.0 (Linux; Android 6.0.1; Nexus 5X Build/MMB29P) AppleWebKit/537.36 (KHTML, like Gecko) Chrome/135.0.7049.95 Mobile Safari/537.36 (compatible; GoogleOther)"
66.249.73.193 - - [30/Apr/2025:09:44:33 -0400] "GET /index.phpsshopdetail/163809652 HTTP/1.1" 200 19059 "-" "Mozilla/5.0 (Linux; Android 6.0.1; Nexus 5X Build/MMB29P) AppleWebKit/537.36 (KHTML, like Gecko) Chrome/135.0.7049.95 Mobile Safari/537.36 (compatible; Googlebot/2.1; +http://www.google.com/bot.html)"
66.249.73.193 - - [30/Apr/2025:09:45:09 -0400] "GET /index.phpsshopdetail/63620352 HTTP/1.1" 200 21081 "-" "Mozilla/5.0 (Linux; Android 6.0.1; Nexus 5X Build/MMB29P) AppleWebKit/537.36 (KHTML, like Gecko) Chrome/135.0.7049.95 Mobile Safari/537.36 (compatible; GoogleOther)"
66.249.73.193 - - [30/Apr/2025:09:45:10 -0400] "GET /shopdetail/92911552 HTTP/1.1" 200 20235 "-" "Mozilla/5.0 (Linux; Android 6.0.1; Nexus 5X Build/MMB29P) AppleWebKit/537.36 (KHTML, like Gecko) Chrome/135.0.7049.114 Mobile Safari/537.36 (compatible; Googlebot/2.1; +http://www.google.com/bot.html)"
66.249.73.193 - - [30/Apr/2025:09:45:13 -0400] "POST /get-message-notify HTTP/1.1" 200 20461 "http://www.digitalbusinesscardz.acreditrepaircorp.com/shopdetail/94795452" "Mozilla/5.0 (Linux; Android 6.0.1; Nexus 5X Build/MMB29P) AppleWebKit/537.36 (KHTML, like Gecko) Chrome/134.0.6998.165 Mobile Safari/537.36 (compatible; Googlebot/2.1; +http://www.google.com/bot.html)"
66.249.73.193 - - [30/Apr/2025:09:45:35 -0400] "POST /get-message-notify HTTP/1.1" 200 20461 "http://www.digitalbusinesscardz.acreditrepaircorp.com/index.phpsshopdetail/69635052" "Mozilla/5.0 (Linux; Android 6.0.1; Nexus 5X Build/MMB29P) AppleWebKit/537.36 (KHTML, like Gecko) Chrome/134.0.6998.165 Mobile Safari/537.36 (compatible; Googlebot/2.1; +http://www.google.com/bot.html)"
66.249.73.193 - - [30/Apr/2025:09:46:55 -0400] "GET /index.phpsshopdetail/116139852 HTTP/1.1" 200 18908 "-" "Mozilla/5.0 (Linux; Android 6.0.1; Nexus 5X Build/MMB29P) AppleWebKit/537.36 (KHTML, like Gecko) Chrome/135.0.7049.95 Mobile Safari/537.36 (compatible; Googlebot/2.1; +http://www.google.com/bot.html)"
66.249.73.193 - - [30/Apr/2025:09:46:57 -0400] "GET /index.phpsshopdetail/62906052 HTTP/1.1" 200 21510 "-" "Mozilla/5.0 (Linux; Android 6.0.1; Nexus 5X Build/MMB29P) AppleWebKit/537.36 (KHTML, like Gecko) Chrome/135.0.7049.95 Mobile Safari/537.36 (compatible; Googlebot/2.1; +http://www.google.com/bot.html)"
66.249.73.193 - - [30/Apr/2025:09:47:24 -0400] "GET /shopdetail/37083452 HTTP/1.1" 200 19870 "-" "Mozilla/5.0 (Linux; Android 6.0.1; Nexus 5X Build/MMB29P) AppleWebKit/537.36 (KHTML, like Gecko) Chrome/135.0.7049.114 Mobile Safari/537.36 (compatible; Googlebot/2.1; +http://www.google.com/bot.html)"
66.249.73.193 - - [30/Apr/2025:09:47:28 -0400] "GET /shopdetail/110521052 HTTP/1.1" 200 19775 "-" "Mozilla/5.0 (Linux; Android 6.0.1; Nexus 5X Build/MMB29P) AppleWebKit/537.36 (KHTML, like Gecko) Chrome/135.0.7049.95 Mobile Safari/537.36 (compatible; Googlebot/2.1; +http://www.google.com/bot.html)"
66.249.73.193 - - [30/Apr/2025:09:47:30 -0400] "GET /pcmypage?callback=product%2Fdetail%2F12402725 HTTP/1.1" 200 18532 "-" "Mozilla/5.0 (Linux; Android 6.0.1; Nexus 5X Build/MMB29P) AppleWebKit/537.36 (KHTML, like Gecko) Chrome/135.0.7049.95 Mobile Safari/537.36 (compatible; Googlebot/2.1; +http://www.google.com/bot.html)"
66.249.73.193 - - [30/Apr/2025:09:47:54 -0400] "POST /get-message-notify HTTP/1.1" 200 20461 "http://www.digitalbusinesscardz.acreditrepaircorp.com/index.phpsshopdetail/153679852" "Mozilla/5.0 (Linux; Android 6.0.1; Nexus 5X Build/MMB29P) AppleWebKit/537.36 (KHTML, like Gecko) Chrome/134.0.6998.165 Mobile Safari/537.36 (compatible; Googlebot/2.1; +http://www.google.com/bot.html)"
66.249.73.193 - - [30/Apr/2025:09:48:27 -0400] "POST /get-message-notify HTTP/1.1" 200 20461 "http://www.digitalbusinesscardz.acreditrepaircorp.com/index.phpsshopdetail/80136352" "Mozilla/5.0 (Linux; Android 6.0.1; Nexus 5X Build/MMB29P) AppleWebKit/537.36 (KHTML, like Gecko) Chrome/134.0.6998.165 Mobile Safari/537.36 (compatible; Googlebot/2.1; +http://www.google.com/bot.html)"
66.249.73.195 - - [30/Apr/2025:09:49:06 -0400] "GET /index.phpsshopdetail/54653852 HTTP/1.1" 200 20238 "-" "Mozilla/5.0 (Linux; Android 6.0.1; Nexus 5X Build/MMB29P) AppleWebKit/537.36 (KHTML, like Gecko) Chrome/135.0.7049.95 Mobile Safari/537.36 (compatible; Googlebot/2.1; +http://www.google.com/bot.html)"
66.249.73.194 - - [30/Apr/2025:09:49:11 -0400] "GET /index.phpsshopdetail/119707852 HTTP/1.1" 200 20351 "-" "Mozilla/5.0 (Linux; Android 6.0.1; Nexus 5X Build/MMB29P) AppleWebKit/537.36 (KHTML, like Gecko) Chrome/135.0.7049.95 Mobile Safari/537.36 (compatible; GoogleOther)"
66.249.73.193 - - [30/Apr/2025:09:49:16 -0400] "POST /get-message-notify HTTP/1.1" 200 20461 "http://www.digitalbusinesscardz.acreditrepaircorp.com/index.phpsshopdetail/119707852" "Mozilla/5.0 (Linux; Android 6.0.1; Nexus 5X Build/MMB29P) AppleWebKit/537.36 (KHTML, like Gecko) Chrome/134.0.6998.165 Mobile Safari/537.36 (compatible; Googlebot/2.1; +http://www.google.com/bot.html)"
66.249.73.193 - - [30/Apr/2025:09:49:26 -0400] "GET /pcmypage?callback=product%2Fdetail%2F49383627 HTTP/1.1" 200 19435 "-" "Mozilla/5.0 (Linux; Android 6.0.1; Nexus 5X Build/MMB29P) AppleWebKit/537.36 (KHTML, like Gecko) Chrome/135.0.7049.95 Mobile Safari/537.36 (compatible; Googlebot/2.1; +http://www.google.com/bot.html)"
66.249.73.194 - - [30/Apr/2025:09:50:24 -0400] "GET /shopdetail/115536152 HTTP/1.1" 200 20080 "-" "Mozilla/5.0 (Linux; Android 6.0.1; Nexus 5X Build/MMB29P) AppleWebKit/537.36 (KHTML, like Gecko) Chrome/135.0.7049.95 Mobile Safari/537.36 (compatible; Googlebot/2.1; +http://www.google.com/bot.html)"
66.249.73.194 - - [30/Apr/2025:09:50:24 -0400] "GET /index.phpsshopdetail/29046352 HTTP/1.1" 200 18870 "-" "Mozilla/5.0 (Linux; Android 6.0.1; Nexus 5X Build/MMB29P) AppleWebKit/537.36 (KHTML, like Gecko) Chrome/135.0.7049.95 Mobile Safari/537.36 (compatible; Googlebot/2.1; +http://www.google.com/bot.html)"
66.249.73.193 - - [30/Apr/2025:09:51:21 -0400] "GET /index.phpsshopdetail/40001952 HTTP/1.1" 200 19110 "-" "Mozilla/5.0 (Linux; Android 6.0.1; Nexus 5X Build/MMB29P) AppleWebKit/537.36 (KHTML, like Gecko) Chrome/135.0.7049.95 Mobile Safari/537.36 (compatible; Googlebot/2.1; +http://www.google.com/bot.html)"
66.249.73.193 - - [30/Apr/2025:09:51:27 -0400] "GET /pcmypage?callback=/product%2Fdetail%2F48754889 HTTP/1.1" 200 19605 "-" "Mozilla/5.0 (Linux; Android 6.0.1; Nexus 5X Build/MMB29P) AppleWebKit/537.36 (KHTML, like Gecko) Chrome/135.0.7049.114 Mobile Safari/537.36 (compatible; Googlebot/2.1; +http://www.google.com/bot.html)"
66.249.73.193 - - [30/Apr/2025:09:51:30 -0400] "GET /shopdetail/83432952 HTTP/1.1" 200 20786 "-" "Mozilla/5.0 (Linux; Android 6.0.1; Nexus 5X Build/MMB29P) AppleWebKit/537.36 (KHTML, like Gecko) Chrome/135.0.7049.95 Mobile Safari/537.36 (compatible; GoogleOther)"
66.249.73.193 - - [30/Apr/2025:09:52:25 -0400] "GET /index.phpsshopdetail/6486252 HTTP/1.1" 200 19850 "-" "Mozilla/5.0 (Linux; Android 6.0.1; Nexus 5X Build/MMB29P) AppleWebKit/537.36 (KHTML, like Gecko) Chrome/135.0.7049.95 Mobile Safari/537.36 (compatible; GoogleOther)"
66.249.73.193 - - [30/Apr/2025:09:52:37 -0400] "GET /index.phpsshopdetail/4987452 HTTP/1.1" 200 18763 "-" "Mozilla/5.0 (Linux; Android 6.0.1; Nexus 5X Build/MMB29P) AppleWebKit/537.36 (KHTML, like Gecko) Chrome/135.0.7049.95 Mobile Safari/537.36 (compatible; Googlebot/2.1; +http://www.google.com/bot.html)"
66.249.73.195 - - [30/Apr/2025:09:53:41 -0400] "GET /index.phpsshopdetail/76102652 HTTP/1.1" 200 19229 "-" "Mozilla/5.0 (Linux; Android 6.0.1; Nexus 5X Build/MMB29P) AppleWebKit/537.36 (KHTML, like Gecko) Chrome/135.0.7049.95 Mobile Safari/537.36 (compatible; Googlebot/2.1; +http://www.google.com/bot.html)"
66.249.73.193 - - [30/Apr/2025:09:53:44 -0400] "GET /pcmypage?callback=product%2Fdetail%2F95095607 HTTP/1.1" 200 19966 "-" "Mozilla/5.0 (Linux; Android 6.0.1; Nexus 5X Build/MMB29P) AppleWebKit/537.36 (KHTML, like Gecko) Chrome/135.0.7049.95 Mobile Safari/537.36 (compatible; Googlebot/2.1; +http://www.google.com/bot.html)"
66.249.73.193 - - [30/Apr/2025:09:49:21 -0400] "GET /index.phpsshopdetail/89410152 HTTP/1.1" 200 19407 "-" "Mozilla/5.0 (Linux; Android 6.0.1; Nexus 5X Build/MMB29P) AppleWebKit/537.36 (KHTML, like Gecko) Chrome/135.0.7049.114 Mobile Safari/537.36 (compatible; Googlebot/2.1; +http://www.google.com/bot.html)"
66.249.73.193 - - [30/Apr/2025:09:49:30 -0400] "GET /shopdetail/79225152 HTTP/1.1" 200 19755 "-" "Mozilla/5.0 (Linux; Android 6.0.1; Nexus 5X Build/MMB29P) AppleWebKit/537.36 (KHTML, like Gecko) Chrome/135.0.7049.114 Mobile Safari/537.36 (compatible; Googlebot/2.1; +http://www.google.com/bot.html)"
66.249.73.194 - - [30/Apr/2025:09:51:03 -0400] "GET /shopdetail/157476152 HTTP/1.1" 200 19791 "-" "Mozilla/5.0 (Linux; Android 6.0.1; Nexus 5X Build/MMB29P) AppleWebKit/537.36 (KHTML, like Gecko) Chrome/135.0.7049.114 Mobile Safari/537.36 (compatible; Googlebot/2.1; +http://www.google.com/bot.html)"
66.249.73.193 - - [30/Apr/2025:09:51:21 -0400] "GET /pcmypage?callback=/product%2Fdetail%2F11972174 HTTP/1.1" 200 20168 "-" "Mozilla/5.0 (Linux; Android 6.0.1; Nexus 5X Build/MMB29P) AppleWebKit/537.36 (KHTML, like Gecko) Chrome/135.0.7049.95 Mobile Safari/537.36 (compatible; Googlebot/2.1; +http://www.google.com/bot.html)"
66.249.73.193 - - [30/Apr/2025:09:51:41 -0400] "POST /get-message-notify HTTP/1.1" 200 0 "http://www.digitalbusinesscardz.acreditrepaircorp.com/pcmypage?callback=/product%2Fdetail%2F11972174" "Mozilla/5.0 (Linux; Android 6.0.1; Nexus 5X Build/MMB29P) AppleWebKit/537.36 (KHTML, like Gecko) Chrome/134.0.6998.165 Mobile Safari/537.36 (compatible; Googlebot/2.1; +http://www.google.com/bot.html)"
66.249.73.193 - - [30/Apr/2025:09:51:50 -0400] "GET /pcmypage?callback=product/review/49383627 HTTP/1.1" 200 19052 "-" "Mozilla/5.0 (Linux; Android 6.0.1; Nexus 5X Build/MMB29P) AppleWebKit/537.36 (KHTML, like Gecko) Chrome/135.0.7049.95 Mobile Safari/537.36 (compatible; Googlebot/2.1; +http://www.google.com/bot.html)"
66.249.73.194 - - [30/Apr/2025:09:54:15 -0400] "POST /get-message-notify HTTP/1.1" 200 0 "http://www.digitalbusinesscardz.acreditrepaircorp.com/pcmypage?callback=product%2Fdetail%2F95095607" "Mozilla/5.0 (Linux; Android 6.0.1; Nexus 5X Build/MMB29P) AppleWebKit/537.36 (KHTML, like Gecko) Chrome/134.0.6998.165 Mobile Safari/537.36 (compatible; Googlebot/2.1; +http://www.google.com/bot.html)"
66.249.73.193 - - [30/Apr/2025:09:55:10 -0400] "GET /pcmypage?callback=/product%2Fdetail%2F49383627 HTTP/1.1" 200 19858 "-" "Mozilla/5.0 (Linux; Android 6.0.1; Nexus 5X Build/MMB29P) AppleWebKit/537.36 (KHTML, like Gecko) Chrome/135.0.7049.95 Mobile Safari/537.36 (compatible; Googlebot/2.1; +http://www.google.com/bot.html)"
66.249.73.193 - - [30/Apr/2025:09:55:20 -0400] "GET /index.phpsshopdetail/59881652 HTTP/1.1" 200 19220 "-" "Mozilla/5.0 (Linux; Android 6.0.1; Nexus 5X Build/MMB29P) AppleWebKit/537.36 (KHTML, like Gecko) Chrome/135.0.7049.95 Mobile Safari/537.36 (compatible; Googlebot/2.1; +http://www.google.com/bot.html)"
66.249.73.194 - - [30/Apr/2025:09:55:24 -0400] "POST /get-message-notify HTTP/1.1" 200 20461 "http://www.digitalbusinesscardz.acreditrepaircorp.com/pcmypage?callback=/product%2Fdetail%2F49383627" "Mozilla/5.0 (Linux; Android 6.0.1; Nexus 5X Build/MMB29P) AppleWebKit/537.36 (KHTML, like Gecko) Chrome/134.0.6998.165 Mobile Safari/537.36 (compatible; Googlebot/2.1; +http://www.google.com/bot.html)"
66.249.73.193 - - [30/Apr/2025:09:55:28 -0400] "GET /index.phpsshopdetail/112927952 HTTP/1.1" 200 20031 "-" "Mozilla/5.0 (Linux; Android 6.0.1; Nexus 5X Build/MMB29P) AppleWebKit/537.36 (KHTML, like Gecko) Chrome/135.0.7049.95 Mobile Safari/537.36 (compatible; Googlebot/2.1; +http://www.google.com/bot.html)"
66.249.73.194 - - [30/Apr/2025:09:56:27 -0400] "GET /index.php/pcmypage?callback=product%2Fdetail%2F88036336 HTTP/1.1" 200 19415 "-" "Mozilla/5.0 (Linux; Android 6.0.1; Nexus 5X Build/MMB29P) AppleWebKit/537.36 (KHTML, like Gecko) Chrome/135.0.7049.95 Mobile Safari/537.36 (compatible; GoogleOther)"
66.249.73.195 - - [30/Apr/2025:09:57:06 -0400] "GET /index.php/pcmypage?callback=product%2Fdetail%2F88036336 HTTP/1.1" 200 19414 "-" "Mozilla/5.0 (Linux; Android 6.0.1; Nexus 5X Build/MMB29P) AppleWebKit/537.36 (KHTML, like Gecko) Chrome/135.0.7049.95 Mobile Safari/537.36 (compatible; Googlebot/2.1; +http://www.google.com/bot.html)"
66.249.73.194 - - [30/Apr/2025:09:57:13 -0400] "POST /get-message-notify HTTP/1.1" 200 20461 "http://www.digitalbusinesscardz.acreditrepaircorp.com/index.php/pcmypage?callback=product%2Fdetail%2F88036336" "Mozilla/5.0 (Linux; Android 6.0.1; Nexus 5X Build/MMB29P) AppleWebKit/537.36 (KHTML, like Gecko) Chrome/134.0.6998.165 Mobile Safari/537.36 (compatible; Googlebot/2.1; +http://www.google.com/bot.html)"
66.249.73.194 - - [30/Apr/2025:09:57:14 -0400] "GET /index.phpsshopdetail/152967252 HTTP/1.1" 200 19217 "-" "Mozilla/5.0 (Linux; Android 6.0.1; Nexus 5X Build/MMB29P) AppleWebKit/537.36 (KHTML, like Gecko) Chrome/135.0.7049.95 Mobile Safari/537.36 (compatible; GoogleOther)"
66.249.73.193 - - [30/Apr/2025:09:57:22 -0400] "POST /get-message-notify HTTP/1.1" 200 20461 "http://www.digitalbusinesscardz.acreditrepaircorp.com/index.phpsshopdetail/152967252" "Mozilla/5.0 (Linux; Android 6.0.1; Nexus 5X Build/MMB29P) AppleWebKit/537.36 (KHTML, like Gecko) Chrome/134.0.6998.165 Mobile Safari/537.36 (compatible; Googlebot/2.1; +http://www.google.com/bot.html)"
66.249.73.193 - - [30/Apr/2025:09:57:33 -0400] "GET /index.phpsshopdetail/128253652 HTTP/1.1" 200 18907 "-" "Mozilla/5.0 (Linux; Android 6.0.1; Nexus 5X Build/MMB29P) AppleWebKit/537.36 (KHTML, like Gecko) Chrome/135.0.7049.95 Mobile Safari/537.36 (compatible; Googlebot/2.1; +http://www.google.com/bot.html)"
66.249.73.195 - - [30/Apr/2025:09:58:22 -0400] "GET /index.phpsshopdetail/90576152 HTTP/1.1" 200 18504 "-" "Mozilla/5.0 (Linux; Android 6.0.1; Nexus 5X Build/MMB29P) AppleWebKit/537.36 (KHTML, like Gecko) Chrome/135.0.7049.95 Mobile Safari/537.36 (compatible; Googlebot/2.1; +http://www.google.com/bot.html)"
66.249.73.194 - - [30/Apr/2025:09:58:24 -0400] "GET /index.phpsshopdetail/40242852 HTTP/1.1" 200 19881 "-" "Mozilla/5.0 (Linux; Android 6.0.1; Nexus 5X Build/MMB29P) AppleWebKit/537.36 (KHTML, like Gecko) Chrome/135.0.7049.95 Mobile Safari/537.36 (compatible; Googlebot/2.1; +http://www.google.com/bot.html)"
66.249.73.193 - - [30/Apr/2025:09:58:32 -0400] "POST /get-message-notify HTTP/1.1" 200 20461 "http://www.digitalbusinesscardz.acreditrepaircorp.com/index.phpsshopdetail/32592952" "Mozilla/5.0 (Linux; Android 6.0.1; Nexus 5X Build/MMB29P) AppleWebKit/537.36 (KHTML, like Gecko) Chrome/134.0.6998.165 Mobile Safari/537.36 (compatible; Googlebot/2.1; +http://www.google.com/bot.html)"
66.249.73.193 - - [30/Apr/2025:09:58:48 -0400] "GET /index.phpsshopdetail/98874152 HTTP/1.1" 200 21044 "-" "Mozilla/5.0 (Linux; Android 6.0.1; Nexus 5X Build/MMB29P) AppleWebKit/537.36 (KHTML, like Gecko) Chrome/135.0.7049.114 Mobile Safari/537.36 (compatible; Googlebot/2.1; +http://www.google.com/bot.html)"
66.249.73.193 - - [30/Apr/2025:09:58:51 -0400] "GET /index.phpsshopdetail/102869652 HTTP/1.1" 200 19465 "-" "Mozilla/5.0 (Linux; Android 6.0.1; Nexus 5X Build/MMB29P) AppleWebKit/537.36 (KHTML, like Gecko) Chrome/135.0.7049.114 Mobile Safari/537.36 (compatible; Googlebot/2.1; +http://www.google.com/bot.html)"
66.249.73.193 - - [30/Apr/2025:09:59:34 -0400] "GET /safe_search/config?return_url=%2Fproduct%2Fdetail%2F01579686 HTTP/1.1" 200 20899 "-" "Mozilla/5.0 (Linux; Android 6.0.1; Nexus 5X Build/MMB29P) AppleWebKit/537.36 (KHTML, like Gecko) Chrome/135.0.7049.95 Mobile Safari/537.36 (compatible; Googlebot/2.1; +http://www.google.com/bot.html)"
66.249.73.194 - - [30/Apr/2025:09:59:34 -0400] "GET /index.phpsshopdetail/46333852 HTTP/1.1" 200 19355 "-" "Mozilla/5.0 (Linux; Android 6.0.1; Nexus 5X Build/MMB29P) AppleWebKit/537.36 (KHTML, like Gecko) Chrome/135.0.7049.95 Mobile Safari/537.36 (compatible; GoogleOther)"
66.249.73.195 - - [30/Apr/2025:09:55:11 -0400] "GET /shopdetail/97643552 HTTP/1.1" 200 19430 "-" "Mozilla/5.0 (Linux; Android 6.0.1; Nexus 5X Build/MMB29P) AppleWebKit/537.36 (KHTML, like Gecko) Chrome/135.0.7049.95 Mobile Safari/537.36 (compatible; GoogleOther)"
66.249.73.193 - - [30/Apr/2025:09:55:36 -0400] "POST /get-message-notify HTTP/1.1" 200 20461 "http://www.digitalbusinesscardz.acreditrepaircorp.com/index.phpsshopdetail/112927952" "Mozilla/5.0 (Linux; Android 6.0.1; Nexus 5X Build/MMB29P) AppleWebKit/537.36 (KHTML, like Gecko) Chrome/134.0.6998.165 Mobile Safari/537.36 (compatible; Googlebot/2.1; +http://www.google.com/bot.html)"
66.249.73.193 - - [30/Apr/2025:09:56:38 -0400] "POST /get-message-notify HTTP/1.1" 200 20461 "http://www.digitalbusinesscardz.acreditrepaircorp.com/index.php/pcmypage?callback=product%2Fdetail%2F88036336" "Mozilla/5.0 (Linux; Android 6.0.1; Nexus 5X Build/MMB29P) AppleWebKit/537.36 (KHTML, like Gecko) Chrome/134.0.6998.165 Mobile Safari/537.36 (compatible; Googlebot/2.1; +http://www.google.com/bot.html)"
66.249.73.193 - - [30/Apr/2025:09:57:36 -0400] "GET /index.phpsshopdetail/87595052 HTTP/1.1" 200 19618 "-" "Mozilla/5.0 (Linux; Android 6.0.1; Nexus 5X Build/MMB29P) AppleWebKit/537.36 (KHTML, like Gecko) Chrome/135.0.7049.95 Mobile Safari/537.36 (compatible; Googlebot/2.1; +http://www.google.com/bot.html)"
66.249.73.193 - - [30/Apr/2025:09:57:44 -0400] "GET /index.php/pcmypage/shopdetail/92573652/shopdetail/70095952/cd.html HTTP/1.1" 200 19440 "-" "Mozilla/5.0 (Linux; Android 6.0.1; Nexus 5X Build/MMB29P) AppleWebKit/537.36 (KHTML, like Gecko) Chrome/135.0.7049.95 Mobile Safari/537.36 (compatible; GoogleOther)"
66.249.73.193 - - [30/Apr/2025:09:57:52 -0400] "POST /get-message-notify HTTP/1.1" 200 20461 "http://www.digitalbusinesscardz.acreditrepaircorp.com/index.php/pcmypage/shopdetail/92573652/shopdetail/70095952/cd.html" "Mozilla/5.0 (Linux; Android 6.0.1; Nexus 5X Build/MMB29P) AppleWebKit/537.36 (KHTML, like Gecko) Chrome/134.0.6998.165 Mobile Safari/537.36 (compatible; Googlebot/2.1; +http://www.google.com/bot.html)"
66.249.73.194 - - [30/Apr/2025:09:58:26 -0400] "GET /index.phpsshopdetail/32592952 HTTP/1.1" 200 20086 "-" "Mozilla/5.0 (Linux; Android 6.0.1; Nexus 5X Build/MMB29P) AppleWebKit/537.36 (KHTML, like Gecko) Chrome/135.0.7049.95 Mobile Safari/537.36 (compatible; Googlebot/2.1; +http://www.google.com/bot.html)"
66.249.73.193 - - [30/Apr/2025:09:58:46 -0400] "GET /index.phpsshopdetail/84778952 HTTP/1.1" 200 19868 "-" "Mozilla/5.0 (Linux; Android 6.0.1; Nexus 5X Build/MMB29P) AppleWebKit/537.36 (KHTML, like Gecko) Chrome/135.0.7049.114 Mobile Safari/537.36 (compatible; Googlebot/2.1; +http://www.google.com/bot.html)"
66.249.73.195 - - [30/Apr/2025:09:59:28 -0400] "GET /shopdetail/36093152 HTTP/1.1" 200 20712 "-" "Mozilla/5.0 (Linux; Android 6.0.1; Nexus 5X Build/MMB29P) AppleWebKit/537.36 (KHTML, like Gecko) Chrome/135.0.7049.114 Mobile Safari/537.36 (compatible; Googlebot/2.1; +http://www.google.com/bot.html)"
66.249.73.194 - - [30/Apr/2025:09:59:37 -0400] "POST /get-message-notify HTTP/1.1" 200 20461 "http://www.digitalbusinesscardz.acreditrepaircorp.com/index.phpsshopdetail/46333852" "Mozilla/5.0 (Linux; Android 6.0.1; Nexus 5X Build/MMB29P) AppleWebKit/537.36 (KHTML, like Gecko) Chrome/134.0.6998.165 Mobile Safari/537.36 (compatible; Googlebot/2.1; +http://www.google.com/bot.html)"
66.249.73.193 - - [30/Apr/2025:09:59:46 -0400] "GET /index.phpsshopdetail/124883352 HTTP/1.1" 200 18714 "-" "Mozilla/5.0 (Linux; Android 6.0.1; Nexus 5X Build/MMB29P) AppleWebKit/537.36 (KHTML, like Gecko) Chrome/135.0.7049.95 Mobile Safari/537.36 (compatible; GoogleOther)"
66.249.73.193 - - [30/Apr/2025:10:00:00 -0400] "GET /pcmypage?callback=/product%2Fdetail%2F17288596 HTTP/1.1" 200 19101 "-" "Mozilla/5.0 (Linux; Android 6.0.1; Nexus 5X Build/MMB29P) AppleWebKit/537.36 (KHTML, like Gecko) Chrome/135.0.7049.114 Mobile Safari/537.36 (compatible; Googlebot/2.1; +http://www.google.com/bot.html)"
66.249.73.193 - - [30/Apr/2025:10:00:10 -0400] "GET /safe_search/config?return_url=%2Fproduct%2Fdetail%2F37240885 HTTP/1.1" 200 19423 "-" "Mozilla/5.0 (Linux; Android 6.0.1; Nexus 5X Build/MMB29P) AppleWebKit/537.36 (KHTML, like Gecko) Chrome/135.0.7049.114 Mobile Safari/537.36 (compatible; Googlebot/2.1; +http://www.google.com/bot.html)"
66.249.73.193 - - [30/Apr/2025:10:00:17 -0400] "GET /index.phpsshopdetail/165078352 HTTP/1.1" 200 19060 "-" "Mozilla/5.0 (Linux; Android 6.0.1; Nexus 5X Build/MMB29P) AppleWebKit/537.36 (KHTML, like Gecko) Chrome/135.0.7049.95 Mobile Safari/537.36 (compatible; GoogleOther)"
66.249.73.193 - - [30/Apr/2025:10:00:32 -0400] "GET /shopdetail/51116252 HTTP/1.1" 200 19424 "-" "Mozilla/5.0 (Linux; Android 6.0.1; Nexus 5X Build/MMB29P) AppleWebKit/537.36 (KHTML, like Gecko) Chrome/135.0.7049.114 Mobile Safari/537.36 (compatible; Googlebot/2.1; +http://www.google.com/bot.html)"
66.249.73.194 - - [30/Apr/2025:09:59:34 -0400] "GET /pcmypage?callback=product%2Fdetail%2F94008537 HTTP/1.1" 200 20018 "-" "Mozilla/5.0 (Linux; Android 6.0.1; Nexus 5X Build/MMB29P) AppleWebKit/537.36 (KHTML, like Gecko) Chrome/135.0.7049.95 Mobile Safari/537.36 (compatible; Googlebot/2.1; +http://www.google.com/bot.html)"
66.249.73.194 - - [30/Apr/2025:09:59:37 -0400] "GET /index.phpsshopdetail/22051352 HTTP/1.1" 200 19407 "-" "Mozilla/5.0 (Linux; Android 6.0.1; Nexus 5X Build/MMB29P) AppleWebKit/537.36 (KHTML, like Gecko) Chrome/135.0.7049.95 Mobile Safari/537.36 (compatible; Googlebot/2.1; +http://www.google.com/bot.html)"
66.249.73.194 - - [30/Apr/2025:09:59:37 -0400] "POST /get-message-notify HTTP/1.1" 200 20461 "http://www.digitalbusinesscardz.acreditrepaircorp.com/safe_search/config?return_url=%2Fproduct%2Fdetail%2F01579686" "Mozilla/5.0 (Linux; Android 6.0.1; Nexus 5X Build/MMB29P) AppleWebKit/537.36 (KHTML, like Gecko) Chrome/134.0.6998.165 Mobile Safari/537.36 (compatible; Googlebot/2.1; +http://www.google.com/bot.html)"
66.249.73.193 - - [30/Apr/2025:10:00:02 -0400] "POST /get-message-notify HTTP/1.1" 200 20461 "http://www.digitalbusinesscardz.acreditrepaircorp.com/index.phpsshopdetail/124883352" "Mozilla/5.0 (Linux; Android 6.0.1; Nexus 5X Build/MMB29P) AppleWebKit/537.36 (KHTML, like Gecko) Chrome/134.0.6998.165 Mobile Safari/537.36 (compatible; Googlebot/2.1; +http://www.google.com/bot.html)"
66.249.73.194 - - [30/Apr/2025:10:00:05 -0400] "GET /index.phpsshopdetail/70249552 HTTP/1.1" 200 19550 "-" "Mozilla/5.0 (Linux; Android 6.0.1; Nexus 5X Build/MMB29P) AppleWebKit/537.36 (KHTML, like Gecko) Chrome/135.0.7049.95 Mobile Safari/537.36 (compatible; GoogleOther)"
66.249.73.193 - - [30/Apr/2025:10:00:14 -0400] "POST /get-message-notify HTTP/1.1" 200 20461 "http://www.digitalbusinesscardz.acreditrepaircorp.com/index.phpsshopdetail/70249552" "Mozilla/5.0 (Linux; Android 6.0.1; Nexus 5X Build/MMB29P) AppleWebKit/537.36 (KHTML, like Gecko) Chrome/134.0.6998.165 Mobile Safari/537.36 (compatible; Googlebot/2.1; +http://www.google.com/bot.html)"
66.249.73.193 - - [30/Apr/2025:10:00:30 -0400] "GET /index.phpsshopdetail/100734052 HTTP/1.1" 200 18975 "-" "Mozilla/5.0 (Linux; Android 6.0.1; Nexus 5X Build/MMB29P) AppleWebKit/537.36 (KHTML, like Gecko) Chrome/135.0.7049.95 Mobile Safari/537.36 (compatible; Googlebot/2.1; +http://www.google.com/bot.html)"
66.249.73.193 - - [30/Apr/2025:10:00:30 -0400] "POST /get-message-notify HTTP/1.1" 200 20461 "http://www.digitalbusinesscardz.acreditrepaircorp.com/index.phpsshopdetail/165078352" "Mozilla/5.0 (Linux; Android 6.0.1; Nexus 5X Build/MMB29P) AppleWebKit/537.36 (KHTML, like Gecko) Chrome/134.0.6998.165 Mobile Safari/537.36 (compatible; Googlebot/2.1; +http://www.google.com/bot.html)"
66.249.73.194 - - [30/Apr/2025:10:01:06 -0400] "GET /shopdetail/79110852 HTTP/1.1" 200 19481 "-" "Mozilla/5.0 (Linux; Android 6.0.1; Nexus 5X Build/MMB29P) AppleWebKit/537.36 (KHTML, like Gecko) Chrome/135.0.7049.114 Mobile Safari/537.36 (compatible; Googlebot/2.1; +http://www.google.com/bot.html)"
66.249.73.193 - - [30/Apr/2025:10:01:24 -0400] "GET /index.phpsshopdetail/11480252 HTTP/1.1" 200 19001 "-" "Mozilla/5.0 (Linux; Android 6.0.1; Nexus 5X Build/MMB29P) AppleWebKit/537.36 (KHTML, like Gecko) Chrome/135.0.7049.95 Mobile Safari/537.36 (compatible; Googlebot/2.1; +http://www.google.com/bot.html)"
66.249.73.193 - - [30/Apr/2025:10:01:57 -0400] "POST /get-message-notify HTTP/1.1" 200 20461 "http://www.digitalbusinesscardz.acreditrepaircorp.com/index.phpsshopdetail/33183152" "Mozilla/5.0 (Linux; Android 6.0.1; Nexus 5X Build/MMB29P) AppleWebKit/537.36 (KHTML, like Gecko) Chrome/134.0.6998.165 Mobile Safari/537.36 (compatible; Googlebot/2.1; +http://www.google.com/bot.html)"
66.249.73.193 - - [30/Apr/2025:10:01:58 -0400] "GET /shopdetail/116175952 HTTP/1.1" 200 19361 "-" "Mozilla/5.0 (Linux; Android 6.0.1; Nexus 5X Build/MMB29P) AppleWebKit/537.36 (KHTML, like Gecko) Chrome/135.0.7049.114 Mobile Safari/537.36 (compatible; Googlebot/2.1; +http://www.google.com/bot.html)"
66.249.73.193 - - [30/Apr/2025:10:01:06 -0400] "GET /index.phpsshopdetail/94656952 HTTP/1.1" 200 19197 "-" "Mozilla/5.0 (Linux; Android 6.0.1; Nexus 5X Build/MMB29P) AppleWebKit/537.36 (KHTML, like Gecko) Chrome/135.0.7049.95 Mobile Safari/537.36 (compatible; GoogleOther)"
66.249.73.194 - - [30/Apr/2025:10:01:10 -0400] "POST /get-message-notify HTTP/1.1" 200 20461 "http://www.digitalbusinesscardz.acreditrepaircorp.com/index.phpsshopdetail/94656952" "Mozilla/5.0 (Linux; Android 6.0.1; Nexus 5X Build/MMB29P) AppleWebKit/537.36 (KHTML, like Gecko) Chrome/134.0.6998.165 Mobile Safari/537.36 (compatible; Googlebot/2.1; +http://www.google.com/bot.html)"
66.249.73.193 - - [30/Apr/2025:10:01:18 -0400] "GET /index.phpsshopdetail/73856752 HTTP/1.1" 200 19266 "-" "Mozilla/5.0 (Linux; Android 6.0.1; Nexus 5X Build/MMB29P) AppleWebKit/537.36 (KHTML, like Gecko) Chrome/135.0.7049.95 Mobile Safari/537.36 (compatible; GoogleOther)"
66.249.73.194 - - [30/Apr/2025:10:01:22 -0400] "POST /get-message-notify HTTP/1.1" 200 20461 "http://www.digitalbusinesscardz.acreditrepaircorp.com/index.phpsshopdetail/73856752" "Mozilla/5.0 (Linux; Android 6.0.1; Nexus 5X Build/MMB29P) AppleWebKit/537.36 (KHTML, like Gecko) Chrome/134.0.6998.165 Mobile Safari/537.36 (compatible; Googlebot/2.1; +http://www.google.com/bot.html)"
66.249.73.193 - - [30/Apr/2025:10:01:23 -0400] "GET /index.phpsshopdetail/93292152 HTTP/1.1" 200 19225 "-" "Mozilla/5.0 (Linux; Android 6.0.1; Nexus 5X Build/MMB29P) AppleWebKit/537.36 (KHTML, like Gecko) Chrome/135.0.7049.95 Mobile Safari/537.36 (compatible; Googlebot/2.1; +http://www.google.com/bot.html)"
66.249.73.193 - - [30/Apr/2025:10:01:32 -0400] "GET /shopdetail/18228452 HTTP/1.1" 200 18972 "-" "Mozilla/5.0 (Linux; Android 6.0.1; Nexus 5X Build/MMB29P) AppleWebKit/537.36 (KHTML, like Gecko) Chrome/135.0.7049.95 Mobile Safari/537.36 (compatible; GoogleOther)"
66.249.73.193 - - [30/Apr/2025:10:01:38 -0400] "POST /get-message-notify HTTP/1.1" 200 20461 "http://www.digitalbusinesscardz.acreditrepaircorp.com/shopdetail/18228452" "Mozilla/5.0 (Linux; Android 6.0.1; Nexus 5X Build/MMB29P) AppleWebKit/537.36 (KHTML, like Gecko) Chrome/134.0.6998.165 Mobile Safari/537.36 (compatible; Googlebot/2.1; +http://www.google.com/bot.html)"
66.249.73.193 - - [30/Apr/2025:10:01:51 -0400] "GET /index.phpsshopdetail/33183152 HTTP/1.1" 200 20245 "-" "Mozilla/5.0 (Linux; Android 6.0.1; Nexus 5X Build/MMB29P) AppleWebKit/537.36 (KHTML, like Gecko) Chrome/135.0.7049.95 Mobile Safari/537.36 (compatible; GoogleOther)"
66.249.73.193 - - [30/Apr/2025:10:02:18 -0400] "GET /index.phpsshopdetail/111699352 HTTP/1.1" 200 18830 "-" "Mozilla/5.0 (Linux; Android 6.0.1; Nexus 5X Build/MMB29P) AppleWebKit/537.36 (KHTML, like Gecko) Chrome/135.0.7049.114 Mobile Safari/537.36 (compatible; Googlebot/2.1; +http://www.google.com/bot.html)"
66.249.73.193 - - [30/Apr/2025:10:02:21 -0400] "GET /index.php/affiliate/pcmypage/pcmypage?callback=/product%2Fdetail%2F09393169 HTTP/1.1" 200 19129 "-" "Mozilla/5.0 (Linux; Android 6.0.1; Nexus 5X Build/MMB29P) AppleWebKit/537.36 (KHTML, like Gecko) Chrome/135.0.7049.114 Mobile Safari/537.36 (compatible; Googlebot/2.1; +http://www.google.com/bot.html)"
66.249.73.193 - - [30/Apr/2025:10:02:42 -0400] "POST /get-message-notify HTTP/1.1" 200 20461 "http://www.digitalbusinesscardz.acreditrepaircorp.com/index.phpsshopdetail/81615052" "Mozilla/5.0 (Linux; Android 6.0.1; Nexus 5X Build/MMB29P) AppleWebKit/537.36 (KHTML, like Gecko) Chrome/134.0.6998.165 Mobile Safari/537.36 (compatible; Googlebot/2.1; +http://www.google.com/bot.html)"
66.249.73.193 - - [30/Apr/2025:10:03:18 -0400] "GET /index.phpsshopdetail/142625952 HTTP/1.1" 200 18921 "-" "Mozilla/5.0 (Linux; Android 6.0.1; Nexus 5X Build/MMB29P) AppleWebKit/537.36 (KHTML, like Gecko) Chrome/135.0.7049.95 Mobile Safari/537.36 (compatible; GoogleOther)"
66.249.73.194 - - [30/Apr/2025:10:03:22 -0400] "POST /get-message-notify HTTP/1.1" 200 20461 "http://www.digitalbusinesscardz.acreditrepaircorp.com/index.phpsshopdetail/46227852" "Mozilla/5.0 (Linux; Android 6.0.1; Nexus 5X Build/MMB29P) AppleWebKit/537.36 (KHTML, like Gecko) Chrome/134.0.6998.165 Mobile Safari/537.36 (compatible; Googlebot/2.1; +http://www.google.com/bot.html)"
66.249.73.194 - - [30/Apr/2025:10:04:00 -0400] "GET /index.phpsshopdetail/82627552 HTTP/1.1" 200 19239 "-" "Mozilla/5.0 (Linux; Android 6.0.1; Nexus 5X Build/MMB29P) AppleWebKit/537.36 (KHTML, like Gecko) Chrome/135.0.7049.95 Mobile Safari/537.36 (compatible; GoogleOther)"
66.249.73.194 - - [30/Apr/2025:10:04:05 -0400] "GET /shopdetail/63415852 HTTP/1.1" 200 20310 "-" "Mozilla/5.0 (Linux; Android 6.0.1; Nexus 5X Build/MMB29P) AppleWebKit/537.36 (KHTML, like Gecko) Chrome/135.0.7049.114 Mobile Safari/537.36 (compatible; Googlebot/2.1; +http://www.google.com/bot.html)"
66.249.73.193 - - [30/Apr/2025:10:04:21 -0400] "GET /shopdetail/136440052 HTTP/1.1" 200 20388 "-" "Mozilla/5.0 (Linux; Android 6.0.1; Nexus 5X Build/MMB29P) AppleWebKit/537.36 (KHTML, like Gecko) Chrome/135.0.7049.114 Mobile Safari/537.36 (compatible; Googlebot/2.1; +http://www.google.com/bot.html)"
66.249.73.193 - - [30/Apr/2025:10:05:41 -0400] "GET /index.phpsshopdetail/118145252 HTTP/1.1" 200 19273 "-" "Mozilla/5.0 (Linux; Android 6.0.1; Nexus 5X Build/MMB29P) AppleWebKit/537.36 (KHTML, like Gecko) Chrome/135.0.7049.95 Mobile Safari/537.36 (compatible; GoogleOther)"
66.249.73.195 - - [30/Apr/2025:10:02:01 -0400] "GET /index.phpsshopdetail/17795052 HTTP/1.1" 200 20022 "-" "Mozilla/5.0 (Linux; Android 6.0.1; Nexus 5X Build/MMB29P) AppleWebKit/537.36 (KHTML, like Gecko) Chrome/135.0.7049.114 Mobile Safari/537.36 (compatible; Googlebot/2.1; +http://www.google.com/bot.html)"
66.249.73.194 - - [30/Apr/2025:10:02:09 -0400] "GET /index.phpsshopdetail/113772352 HTTP/1.1" 200 19262 "-" "Mozilla/5.0 (Linux; Android 6.0.1; Nexus 5X Build/MMB29P) AppleWebKit/537.36 (KHTML, like Gecko) Chrome/135.0.7049.95 Mobile Safari/537.36 (compatible; Googlebot/2.1; +http://www.google.com/bot.html)"
66.249.73.193 - - [30/Apr/2025:10:02:40 -0400] "GET /index.phpsshopdetail/81615052 HTTP/1.1" 200 22115 "-" "Mozilla/5.0 (Linux; Android 6.0.1; Nexus 5X Build/MMB29P) AppleWebKit/537.36 (KHTML, like Gecko) Chrome/135.0.7049.95 Mobile Safari/537.36 (compatible; GoogleOther)"
66.249.73.193 - - [30/Apr/2025:10:02:51 -0400] "GET /index.php/pcmypage?callback=product/review/64414843 HTTP/1.1" 200 19089 "-" "Mozilla/5.0 (Linux; Android 6.0.1; Nexus 5X Build/MMB29P) AppleWebKit/537.36 (KHTML, like Gecko) Chrome/135.0.7049.95 Mobile Safari/537.36 (compatible; Googlebot/2.1; +http://www.google.com/bot.html)"
66.249.73.193 - - [30/Apr/2025:10:03:09 -0400] "GET /pcmypage?callback=product/review/55411071 HTTP/1.1" 200 19199 "-" "Mozilla/5.0 (Linux; Android 6.0.1; Nexus 5X Build/MMB29P) AppleWebKit/537.36 (KHTML, like Gecko) Chrome/135.0.7049.114 Mobile Safari/537.36 (compatible; Googlebot/2.1; +http://www.google.com/bot.html)"
66.249.73.194 - - [30/Apr/2025:10:03:20 -0400] "GET /index.phpsshopdetail/46227852 HTTP/1.1" 200 22234 "-" "Mozilla/5.0 (Linux; Android 6.0.1; Nexus 5X Build/MMB29P) AppleWebKit/537.36 (KHTML, like Gecko) Chrome/135.0.7049.95 Mobile Safari/537.36 (compatible; GoogleOther)"
66.249.73.193 - - [30/Apr/2025:10:04:00 -0400] "GET /index.phpsshopdetail/146638752 HTTP/1.1" 200 20052 "-" "Mozilla/5.0 (Linux; Android 6.0.1; Nexus 5X Build/MMB29P) AppleWebKit/537.36 (KHTML, like Gecko) Chrome/135.0.7049.114 Mobile Safari/537.36 (compatible; Googlebot/2.1; +http://www.google.com/bot.html)"
66.249.73.193 - - [30/Apr/2025:10:04:02 -0400] "POST /get-message-notify HTTP/1.1" 200 20461 "http://www.digitalbusinesscardz.acreditrepaircorp.com/index.phpsshopdetail/82627552" "Mozilla/5.0 (Linux; Android 6.0.1; Nexus 5X Build/MMB29P) AppleWebKit/537.36 (KHTML, like Gecko) Chrome/134.0.6998.165 Mobile Safari/537.36 (compatible; Googlebot/2.1; +http://www.google.com/bot.html)"
66.249.73.193 - - [30/Apr/2025:10:06:45 -0400] "GET /index.phpsshopdetail/70693152 HTTP/1.1" 200 20978 "-" "Mozilla/5.0 (Linux; Android 6.0.1; Nexus 5X Build/MMB29P) AppleWebKit/537.36 (KHTML, like Gecko) Chrome/135.0.7049.95 Mobile Safari/537.36 (compatible; GoogleOther)"
66.249.73.195 - - [30/Apr/2025:10:07:14 -0400] "GET /index.phpsshopdetail/136063352 HTTP/1.1" 200 19935 "-" "Mozilla/5.0 (Linux; Android 6.0.1; Nexus 5X Build/MMB29P) AppleWebKit/537.36 (KHTML, like Gecko) Chrome/135.0.7049.95 Mobile Safari/537.36 (compatible; GoogleOther)"
66.249.73.193 - - [30/Apr/2025:10:07:15 -0400] "GET /shopdetail/45241052 HTTP/1.1" 200 20221 "-" "Mozilla/5.0 (Linux; Android 6.0.1; Nexus 5X Build/MMB29P) AppleWebKit/537.36 (KHTML, like Gecko) Chrome/135.0.7049.114 Mobile Safari/537.36 (compatible; Googlebot/2.1; +http://www.google.com/bot.html)"
66.249.73.193 - - [30/Apr/2025:10:07:29 -0400] "GET /index.phpsshopdetail/52197652 HTTP/1.1" 200 19648 "-" "Mozilla/5.0 (Linux; Android 6.0.1; Nexus 5X Build/MMB29P) AppleWebKit/537.36 (KHTML, like Gecko) Chrome/135.0.7049.95 Mobile Safari/537.36 (compatible; Googlebot/2.1; +http://www.google.com/bot.html)"
66.249.73.193 - - [30/Apr/2025:10:08:17 -0400] "GET /shopdetail/119171052 HTTP/1.1" 200 19716 "-" "Mozilla/5.0 (Linux; Android 6.0.1; Nexus 5X Build/MMB29P) AppleWebKit/537.36 (KHTML, like Gecko) Chrome/135.0.7049.114 Mobile Safari/537.36 (compatible; Googlebot/2.1; +http://www.google.com/bot.html)"
66.249.73.193 - - [30/Apr/2025:10:08:23 -0400] "GET /shopdetail/22244652 HTTP/1.1" 200 19019 "-" "Mozilla/5.0 (Linux; Android 6.0.1; Nexus 5X Build/MMB29P) AppleWebKit/537.36 (KHTML, like Gecko) Chrome/135.0.7049.114 Mobile Safari/537.36 (compatible; Googlebot/2.1; +http://www.google.com/bot.html)"
66.249.73.193 - - [30/Apr/2025:10:08:47 -0400] "GET /shopdetail/109472152 HTTP/1.1" 200 18900 "-" "Mozilla/5.0 (Linux; Android 6.0.1; Nexus 5X Build/MMB29P) AppleWebKit/537.36 (KHTML, like Gecko) Chrome/135.0.7049.114 Mobile Safari/537.36 (compatible; Googlebot/2.1; +http://www.google.com/bot.html)"
66.249.73.194 - - [30/Apr/2025:10:09:14 -0400] "GET /shopdetail/74492852 HTTP/1.1" 200 20158 "-" "Mozilla/5.0 (Linux; Android 6.0.1; Nexus 5X Build/MMB29P) AppleWebKit/537.36 (KHTML, like Gecko) Chrome/135.0.7049.95 Mobile Safari/537.36 (compatible; Googlebot/2.1; +http://www.google.com/bot.html)"
66.249.73.193 - - [30/Apr/2025:10:09:59 -0400] "GET /shopdetail/71749652 HTTP/1.1" 200 19391 "-" "Mozilla/5.0 (Linux; Android 6.0.1; Nexus 5X Build/MMB29P) AppleWebKit/537.36 (KHTML, like Gecko) Chrome/135.0.7049.114 Mobile Safari/537.36 (compatible; Googlebot/2.1; +http://www.google.com/bot.html)"
66.249.73.193 - - [30/Apr/2025:10:10:21 -0400] "GET /index.phpsshopdetail/81696152 HTTP/1.1" 200 19646 "-" "Mozilla/5.0 (Linux; Android 6.0.1; Nexus 5X Build/MMB29P) AppleWebKit/537.36 (KHTML, like Gecko) Chrome/135.0.7049.95 Mobile Safari/537.36 (compatible; GoogleOther)"
66.249.73.193 - - [30/Apr/2025:10:10:23 -0400] "GET /index.phpsshopdetail/115752952 HTTP/1.1" 200 19157 "-" "Mozilla/5.0 (Linux; Android 6.0.1; Nexus 5X Build/MMB29P) AppleWebKit/537.36 (KHTML, like Gecko) Chrome/135.0.7049.95 Mobile Safari/537.36 (compatible; Googlebot/2.1; +http://www.google.com/bot.html)"
66.249.73.193 - - [30/Apr/2025:10:10:26 -0400] "GET /pcmypage?callback=product/review/23726016 HTTP/1.1" 200 19423 "-" "Mozilla/5.0 (Linux; Android 6.0.1; Nexus 5X Build/MMB29P) AppleWebKit/537.36 (KHTML, like Gecko) Chrome/135.0.7049.114 Mobile Safari/537.36 (compatible; Googlebot/2.1; +http://www.google.com/bot.html)"
66.249.73.193 - - [30/Apr/2025:10:10:37 -0400] "GET /index.phpsshopdetail/161159852 HTTP/1.1" 200 19101 "-" "Mozilla/5.0 (Linux; Android 6.0.1; Nexus 5X Build/MMB29P) AppleWebKit/537.36 (KHTML, like Gecko) Chrome/135.0.7049.95 Mobile Safari/537.36 (compatible; Googlebot/2.1; +http://www.google.com/bot.html)"
66.249.73.194 - - [30/Apr/2025:10:05:48 -0400] "POST /get-message-notify HTTP/1.1" 200 20461 "http://www.digitalbusinesscardz.acreditrepaircorp.com/index.phpsshopdetail/118145252" "Mozilla/5.0 (Linux; Android 6.0.1; Nexus 5X Build/MMB29P) AppleWebKit/537.36 (KHTML, like Gecko) Chrome/134.0.6998.165 Mobile Safari/537.36 (compatible; Googlebot/2.1; +http://www.google.com/bot.html)"
66.249.73.194 - - [30/Apr/2025:10:07:18 -0400] "GET /index.phpsshopdetail/20043152 HTTP/1.1" 200 20081 "-" "Mozilla/5.0 (Linux; Android 6.0.1; Nexus 5X Build/MMB29P) AppleWebKit/537.36 (KHTML, like Gecko) Chrome/135.0.7049.95 Mobile Safari/537.36 (compatible; GoogleOther)"
66.249.73.193 - - [30/Apr/2025:10:07:48 -0400] "POST /get-message-notify HTTP/1.1" 200 20461 "http://www.digitalbusinesscardz.acreditrepaircorp.com/index.phpsshopdetail/20043152" "Mozilla/5.0 (Linux; Android 6.0.1; Nexus 5X Build/MMB29P) AppleWebKit/537.36 (KHTML, like Gecko) Chrome/134.0.6998.165 Mobile Safari/537.36 (compatible; Googlebot/2.1; +http://www.google.com/bot.html)"
66.249.73.194 - - [30/Apr/2025:10:08:05 -0400] "GET /index.phpsshopdetail/70355852 HTTP/1.1" 200 20081 "-" "Mozilla/5.0 (Linux; Android 6.0.1; Nexus 5X Build/MMB29P) AppleWebKit/537.36 (KHTML, like Gecko) Chrome/135.0.7049.95 Mobile Safari/537.36 (compatible; GoogleOther)"
66.249.73.193 - - [30/Apr/2025:10:08:06 -0400] "GET /index.phpsshopdetail/140499952 HTTP/1.1" 200 18992 "-" "Mozilla/5.0 (Linux; Android 6.0.1; Nexus 5X Build/MMB29P) AppleWebKit/537.36 (KHTML, like Gecko) Chrome/135.0.7049.95 Mobile Safari/537.36 (compatible; GoogleOther)"
66.249.73.195 - - [30/Apr/2025:10:08:08 -0400] "POST /get-message-notify HTTP/1.1" 200 20461 "http://www.digitalbusinesscardz.acreditrepaircorp.com/index.phpsshopdetail/140499952" "Mozilla/5.0 (Linux; Android 6.0.1; Nexus 5X Build/MMB29P) AppleWebKit/537.36 (KHTML, like Gecko) Chrome/134.0.6998.165 Mobile Safari/537.36 (compatible; Googlebot/2.1; +http://www.google.com/bot.html)"
66.249.73.194 - - [30/Apr/2025:10:08:11 -0400] "POST /get-message-notify HTTP/1.1" 200 20461 "http://www.digitalbusinesscardz.acreditrepaircorp.com/index.phpsshopdetail/70355852" "Mozilla/5.0 (Linux; Android 6.0.1; Nexus 5X Build/MMB29P) AppleWebKit/537.36 (KHTML, like Gecko) Chrome/134.0.6998.165 Mobile Safari/537.36 (compatible; Googlebot/2.1; +http://www.google.com/bot.html)"
66.249.73.195 - - [30/Apr/2025:10:09:17 -0400] "POST /get-message-notify HTTP/1.1" 200 20461 "http://www.digitalbusinesscardz.acreditrepaircorp.com/shopdetail/74492852" "Mozilla/5.0 (Linux; Android 6.0.1; Nexus 5X Build/MMB29P) AppleWebKit/537.36 (KHTML, like Gecko) Chrome/134.0.6998.165 Mobile Safari/537.36 (compatible; Googlebot/2.1; +http://www.google.com/bot.html)"
66.249.73.193 - - [30/Apr/2025:10:09:28 -0400] "GET /index.phpsshopdetail/39498652 HTTP/1.1" 200 19408 "-" "Mozilla/5.0 (Linux; Android 6.0.1; Nexus 5X Build/MMB29P) AppleWebKit/537.36 (KHTML, like Gecko) Chrome/135.0.7049.95 Mobile Safari/537.36 (compatible; Googlebot/2.1; +http://www.google.com/bot.html)"
66.249.73.193 - - [30/Apr/2025:10:10:13 -0400] "GET /index.phpsshopdetail/132169952 HTTP/1.1" 200 18738 "-" "Mozilla/5.0 (Linux; Android 6.0.1; Nexus 5X Build/MMB29P) AppleWebKit/537.36 (KHTML, like Gecko) Chrome/135.0.7049.95 Mobile Safari/537.36 (compatible; GoogleOther)"
66.249.73.193 - - [30/Apr/2025:10:10:21 -0400] "POST /get-message-notify HTTP/1.1" 200 20461 "http://www.digitalbusinesscardz.acreditrepaircorp.com/index.phpsshopdetail/132169952" "Mozilla/5.0 (Linux; Android 6.0.1; Nexus 5X Build/MMB29P) AppleWebKit/537.36 (KHTML, like Gecko) Chrome/134.0.6998.165 Mobile Safari/537.36 (compatible; Googlebot/2.1; +http://www.google.com/bot.html)"
66.249.73.193 - - [30/Apr/2025:10:10:25 -0400] "POST /get-message-notify HTTP/1.1" 200 20461 "http://www.digitalbusinesscardz.acreditrepaircorp.com/index.phpsshopdetail/81696152" "Mozilla/5.0 (Linux; Android 6.0.1; Nexus 5X Build/MMB29P) AppleWebKit/537.36 (KHTML, like Gecko) Chrome/134.0.6998.165 Mobile Safari/537.36 (compatible; Googlebot/2.1; +http://www.google.com/bot.html)"
66.249.73.193 - - [30/Apr/2025:10:10:43 -0400] "POST /get-message-notify HTTP/1.1" 200 20461 "http://www.digitalbusinesscardz.acreditrepaircorp.com/index.phpsshopdetail/122777852" "Mozilla/5.0 (Linux; Android 6.0.1; Nexus 5X Build/MMB29P) AppleWebKit/537.36 (KHTML, like Gecko) Chrome/134.0.6998.165 Mobile Safari/537.36 (compatible; Googlebot/2.1; +http://www.google.com/bot.html)"
66.249.73.193 - - [30/Apr/2025:10:11:34 -0400] "POST /get-message-notify HTTP/1.1" 200 20461 "http://www.digitalbusinesscardz.acreditrepaircorp.com/index.php/pcmypage?callback=product/review/21155936" "Mozilla/5.0 (Linux; Android 6.0.1; Nexus 5X Build/MMB29P) AppleWebKit/537.36 (KHTML, like Gecko) Chrome/134.0.6998.165 Mobile Safari/537.36 (compatible; Googlebot/2.1; +http://www.google.com/bot.html)"
66.249.73.195 - - [30/Apr/2025:10:12:00 -0400] "GET /shopdetail/146323252 HTTP/1.1" 200 19154 "-" "Mozilla/5.0 (Linux; Android 6.0.1; Nexus 5X Build/MMB29P) AppleWebKit/537.36 (KHTML, like Gecko) Chrome/135.0.7049.114 Mobile Safari/537.36 (compatible; Googlebot/2.1; +http://www.google.com/bot.html)"
66.249.73.194 - - [30/Apr/2025:10:12:37 -0400] "GET /index.phpsshopdetail/35140752 HTTP/1.1" 200 19053 "-" "Mozilla/5.0 (Linux; Android 6.0.1; Nexus 5X Build/MMB29P) AppleWebKit/537.36 (KHTML, like Gecko) Chrome/135.0.7049.95 Mobile Safari/537.36 (compatible; Googlebot/2.1; +http://www.google.com/bot.html)"
66.249.73.193 - - [30/Apr/2025:10:12:56 -0400] "GET /index.phpsshopdetail/128309652 HTTP/1.1" 200 19269 "-" "Mozilla/5.0 (Linux; Android 6.0.1; Nexus 5X Build/MMB29P) AppleWebKit/537.36 (KHTML, like Gecko) Chrome/135.0.7049.95 Mobile Safari/537.36 (compatible; GoogleOther)"
66.249.73.193 - - [30/Apr/2025:10:12:58 -0400] "POST /get-message-notify HTTP/1.1" 200 20461 "http://www.digitalbusinesscardz.acreditrepaircorp.com/index.phpsshopdetail/128309652" "Mozilla/5.0 (Linux; Android 6.0.1; Nexus 5X Build/MMB29P) AppleWebKit/537.36 (KHTML, like Gecko) Chrome/134.0.6998.165 Mobile Safari/537.36 (compatible; Googlebot/2.1; +http://www.google.com/bot.html)"
66.249.73.194 - - [30/Apr/2025:10:13:07 -0400] "POST /get-message-notify HTTP/1.1" 200 20461 "http://www.digitalbusinesscardz.acreditrepaircorp.com/index.phpsshopdetail/157999252" "Mozilla/5.0 (Linux; Android 6.0.1; Nexus 5X Build/MMB29P) AppleWebKit/537.36 (KHTML, like Gecko) Chrome/134.0.6998.165 Mobile Safari/537.36 (compatible; Googlebot/2.1; +http://www.google.com/bot.html)"
66.249.73.193 - - [30/Apr/2025:10:13:29 -0400] "GET /index.phpsshopdetail/7475952 HTTP/1.1" 200 19144 "-" "Mozilla/5.0 (Linux; Android 6.0.1; Nexus 5X Build/MMB29P) AppleWebKit/537.36 (KHTML, like Gecko) Chrome/135.0.7049.95 Mobile Safari/537.36 (compatible; GoogleOther)"
66.249.73.193 - - [30/Apr/2025:10:13:31 -0400] "GET /index.phpsshopdetail/94289152 HTTP/1.1" 200 19520 "-" "Mozilla/5.0 (Linux; Android 6.0.1; Nexus 5X Build/MMB29P) AppleWebKit/537.36 (KHTML, like Gecko) Chrome/135.0.7049.95 Mobile Safari/537.36 (compatible; Googlebot/2.1; +http://www.google.com/bot.html)"
66.249.73.194 - - [30/Apr/2025:10:13:32 -0400] "POST /get-message-notify HTTP/1.1" 200 20461 "http://www.digitalbusinesscardz.acreditrepaircorp.com/index.phpsshopdetail/7475952" "Mozilla/5.0 (Linux; Android 6.0.1; Nexus 5X Build/MMB29P) AppleWebKit/537.36 (KHTML, like Gecko) Chrome/134.0.6998.165 Mobile Safari/537.36 (compatible; Googlebot/2.1; +http://www.google.com/bot.html)"
