Server IP : 192.64.118.117 / Your IP : 3.142.124.64 Web Server : LiteSpeed System : Linux premium56.web-hosting.com 4.18.0-513.24.1.lve.1.el8.x86_64 #1 SMP Thu May 9 15:10:09 UTC 2024 x86_64 User : thecgapy ( 1160) PHP Version : 7.4.33 Disable Function : NONE MySQL : OFF | cURL : ON | WGET : ON | Perl : ON | Python : ON | Sudo : OFF | Pkexec : OFF Directory : /proc/self/root/home/thecgapy/./access-logs/ |
Upload File : |
192.64.118.117 - - [03/May/2025:09:01:53 -0400] "POST /wp-cron.php?doing_wp_cron=1746277313.3812959194183349609375 HTTP/1.1" 403 1242 "https://acreditrepaircorp.com/wp-cron.php?doing_wp_cron=1746277313.3812959194183349609375" "WordPress/5.0.18; https://acreditrepaircorp.com"
43.130.14.245 - - [03/May/2025:09:01:52 -0400] "GET / HTTP/1.1" 301 0 "http://www.acreditrepaircorp.com" "Mozilla/5.0 (iPhone; CPU iPhone OS 13_2_3 like Mac OS X) AppleWebKit/605.1.15 (KHTML, like Gecko) Version/13.0.3 Mobile/15E148 Safari/604.1"
43.130.14.245 - - [03/May/2025:09:01:54 -0400] "GET / HTTP/1.1" 200 19125 "https://www.acreditrepaircorp.com/" "Mozilla/5.0 (iPhone; CPU iPhone OS 13_2_3 like Mac OS X) AppleWebKit/605.1.15 (KHTML, like Gecko) Version/13.0.3 Mobile/15E148 Safari/604.1"
192.64.118.117 - - [03/May/2025:09:29:16 -0400] "POST /wp-cron.php?doing_wp_cron=1746278956.6232569217681884765625 HTTP/1.1" 403 1242 "https://acreditrepaircorp.com/wp-cron.php?doing_wp_cron=1746278956.6232569217681884765625" "WordPress/5.0.18; https://acreditrepaircorp.com"
77.238.237.38 - - [03/May/2025:09:31:18 -0400] "POST /wp-comments-post.php HTTP/1.0" 403 1242 "https://acreditrepaircorp.com/myth-or-guideline/" "Mozilla/5.0 (Windows NT 10.0; Win64; x64) AppleWebKit/537.36 (KHTML, like Gecko) Chrome/129.0.0.0 Safari/537.36"
157.55.39.51 - - [03/May/2025:09:29:11 -0400] "GET /11766eogw88c7dzgff600d HTTP/1.1" 404 9060 "-" "Mozilla/5.0 AppleWebKit/537.36 (KHTML, like Gecko; compatible; bingbot/2.0; +http://www.bing.com/bingbot.htm) Chrome/116.0.1938.76 Safari/537.36"
192.64.118.117 - - [03/May/2025:09:31:17 -0400] "POST /wp-cron.php?doing_wp_cron=1746279077.1277649402618408203125 HTTP/1.1" 403 1242 "https://acreditrepaircorp.com/wp-cron.php?doing_wp_cron=1746279077.1277649402618408203125" "WordPress/5.0.18; https://acreditrepaircorp.com"
77.238.237.38 - - [03/May/2025:09:31:15 -0400] "GET /myth-or-guideline/ HTTP/1.0" 200 41913 "https://acreditrepaircorp.com/myth-or-guideline/" "Mozilla/5.0 (Windows NT 10.0; Win64; x64) AppleWebKit/537.36 (KHTML, like Gecko) Chrome/129.0.0.0 Safari/537.36"
192.64.118.117 - - [03/May/2025:09:41:24 -0400] "POST /wp-cron.php?doing_wp_cron=1746279684.1429030895233154296875 HTTP/1.1" 403 1242 "https://acreditrepaircorp.com/wp-cron.php?doing_wp_cron=1746279684.1429030895233154296875" "WordPress/5.0.18; https://acreditrepaircorp.com"
118.195.153.213 - - [03/May/2025:09:41:22 -0400] "GET / HTTP/1.1" 200 19120 "http://acreditrepaircorp.com" "Mozilla/5.0 (iPhone; CPU iPhone OS 13_2_3 like Mac OS X) AppleWebKit/605.1.15 (KHTML, like Gecko) Version/13.0.3 Mobile/15E148 Safari/604.1"
88.210.52.122 - - [03/May/2025:10:01:11 -0400] "POST /wp-comments-post.php HTTP/1.0" 403 1242 "https://acreditrepaircorp.com/myth-or-guideline/" "Mozilla/5.0 (Windows NT 10.0; Win64; x64) AppleWebKit/537.36 (KHTML, like Gecko) Chrome/130.0.0.0 Safari/537.36 CCleaner/130.0.0.0"
170.82.246.244 - - [03/May/2025:10:01:47 -0400] "GET /wp-login.php HTTP/1.1" 200 4075 "-" "Mozilla/5.0 (Windows NT 10.0; Win64; x64) AppleWebKit/537.36 (KHTML, like Gecko) Chrome/87.0.4280.141 Safari/537.36"
47.88.106.217 - - [03/May/2025:10:01:53 -0400] "POST /wp-login.php HTTP/1.1" 200 4361 "https://acreditrepaircorp.com/wp-login.php" "Mozilla/5.0 (Windows NT 6.1; Win64; x64) AppleWebKit/537.36 (KHTML, like Gecko) Chrome/69.0.3497.100 Safari/537.36"
138.117.217.106 - - [03/May/2025:10:02:03 -0400] "POST /wp-login.php HTTP/1.1" 200 4361 "https://acreditrepaircorp.com/wp-login.php" "Mozilla/5.0 (Windows NT 10.0; Win64; x64; rv:62.0) Gecko/20100101 Firefox/62.0"
192.64.118.117 - - [03/May/2025:10:02:13 -0400] "POST /wp-cron.php?doing_wp_cron=1746280933.6361639499664306640625 HTTP/1.1" 403 1242 "https://acreditrepaircorp.com/wp-cron.php?doing_wp_cron=1746280933.6361639499664306640625" "WordPress/5.0.18; http://acreditrepaircorp.com"
123.30.185.47 - - [03/May/2025:10:02:12 -0400] "GET /wp-login.php HTTP/1.1" 200 4075 "-" "Mozilla/5.0 (Linux; Android 10; SM-A205U) AppleWebKit/537.36 (KHTML, like Gecko) Chrome/91.0.4472.114 Mobile Safari/537.36"
123.30.185.47 - - [03/May/2025:10:02:14 -0400] "POST /wp-login.php HTTP/1.1" 200 4361 "https://acreditrepaircorp.com/wp-login.php" "Mozilla/5.0 (Linux; Android 10; SM-A205U) AppleWebKit/537.36 (KHTML, like Gecko) Chrome/91.0.4472.114 Mobile Safari/537.36"
77.111.127.76 - - [03/May/2025:10:02:16 -0400] "GET /wp-login.php HTTP/1.1" 200 4075 "-" "Mozilla/5.0 (Windows NT 10.0; Win64; x64) AppleWebKit/537.36 (KHTML, like Gecko) Chrome/64.0.3282.186 Safari/537.36"
77.111.127.76 - - [03/May/2025:10:02:18 -0400] "POST /wp-login.php HTTP/1.1" 200 4361 "https://acreditrepaircorp.com/wp-login.php" "Mozilla/5.0 (Windows NT 10.0; Win64; x64) AppleWebKit/537.36 (KHTML, like Gecko) Chrome/64.0.3282.186 Safari/537.36"
192.64.118.117 - - [03/May/2025:10:01:09 -0400] "POST /wp-cron.php?doing_wp_cron=1746280869.2408149242401123046875 HTTP/1.1" 403 1242 "https://acreditrepaircorp.com/wp-cron.php?doing_wp_cron=1746280869.2408149242401123046875" "WordPress/5.0.18; https://acreditrepaircorp.com"
88.210.52.122 - - [03/May/2025:10:01:07 -0400] "GET /myth-or-guideline/ HTTP/1.0" 200 41913 "https://acreditrepaircorp.com/myth-or-guideline/" "Mozilla/5.0 (Windows NT 10.0; Win64; x64) AppleWebKit/537.36 (KHTML, like Gecko) Chrome/130.0.0.0 Safari/537.36 CCleaner/130.0.0.0"
170.82.246.244 - - [03/May/2025:10:01:49 -0400] "POST /wp-login.php HTTP/1.1" 200 4361 "https://acreditrepaircorp.com/wp-login.php" "Mozilla/5.0 (Windows NT 10.0; Win64; x64) AppleWebKit/537.36 (KHTML, like Gecko) Chrome/87.0.4280.141 Safari/537.36"
47.88.106.217 - - [03/May/2025:10:01:50 -0400] "GET /wp-login.php HTTP/1.1" 200 4075 "-" "Mozilla/5.0 (Windows NT 6.1; Win64; x64) AppleWebKit/537.36 (KHTML, like Gecko) Chrome/69.0.3497.100 Safari/537.36"
138.117.217.106 - - [03/May/2025:10:02:01 -0400] "GET /wp-login.php HTTP/1.1" 200 4075 "-" "Mozilla/5.0 (Windows NT 10.0; Win64; x64; rv:62.0) Gecko/20100101 Firefox/62.0"
34.76.72.254 - - [03/May/2025:10:17:14 -0400] "GET / HTTP/1.1" 200 19123 "-" "python-requests/2.32.3"
192.64.118.117 - - [03/May/2025:10:17:15 -0400] "POST /wp-cron.php?doing_wp_cron=1746281835.0547549724578857421875 HTTP/1.1" 403 1242 "https://acreditrepaircorp.com/wp-cron.php?doing_wp_cron=1746281835.0547549724578857421875" "WordPress/5.0.18; https://acreditrepaircorp.com"
192.64.118.117 - - [03/May/2025:10:31:30 -0400] "POST /wp-cron.php?doing_wp_cron=1746282690.6726789474487304687500 HTTP/1.1" 403 1242 "https://acreditrepaircorp.com/wp-cron.php?doing_wp_cron=1746282690.6726789474487304687500" "WordPress/5.0.18; https://acreditrepaircorp.com"
110.249.201.49 - - [03/May/2025:10:37:05 -0400] "GET / HTTP/1.1" 200 15695 "-" "Mozilla/5.0 (Linux; Android 5.0) AppleWebKit/537.36 (KHTML, like Gecko) Mobile Safari/537.36 (compatible; Bytespider; https://zhanzhang.toutiao.com/)"
110.249.201.44 - - [03/May/2025:10:37:24 -0400] "GET /wp-includes/css/dist/block-library/style.min.css?ver=5.0.18 HTTP/1.1" 200 3971 "https://acreditrepaircorp.com/" "Mozilla/5.0 (Linux; Android 5.0) AppleWebKit/537.36 (KHTML, like Gecko) Mobile Safari/537.36 (compatible; Bytespider; https://zhanzhang.toutiao.com/)"
110.249.201.44 - - [03/May/2025:10:37:24 -0400] "GET /wp-content/plugins/go_pricing/assets/css/go_pricing_styles.css?ver=3.3.12 HTTP/1.1" 200 7801 "https://acreditrepaircorp.com/" "Mozilla/5.0 (Linux; Android 5.0) AppleWebKit/537.36 (KHTML, like Gecko) Mobile Safari/537.36 (compatible; Bytespider; https://zhanzhang.toutiao.com/)"
110.249.201.44 - - [03/May/2025:10:37:24 -0400] "GET /wp-content/themes/TESSERACT/css/typicons.css?ver=1.0.0 HTTP/1.1" 200 2649 "https://acreditrepaircorp.com/" "Mozilla/5.0 (Linux; Android 5.0) AppleWebKit/537.36 (KHTML, like Gecko) Mobile Safari/537.36 (compatible; Bytespider; https://zhanzhang.toutiao.com/)"
110.249.201.44 - - [03/May/2025:10:37:24 -0400] "GET /wp-content/themes/TESSERACT/style.css?ver=1.0.0 HTTP/1.1" 200 10905 "https://acreditrepaircorp.com/" "Mozilla/5.0 (Linux; Android 5.0) AppleWebKit/537.36 (KHTML, like Gecko) Mobile Safari/537.36 (compatible; Bytespider; https://zhanzhang.toutiao.com/)"
110.249.201.44 - - [03/May/2025:10:37:24 -0400] "GET /wp-content/themes/TESSERACT/css/footer-banner.css?ver=1.0.0 HTTP/1.1" 200 1177 "https://acreditrepaircorp.com/" "Mozilla/5.0 (Linux; Android 5.0) AppleWebKit/537.36 (KHTML, like Gecko) Mobile Safari/537.36 (compatible; Bytespider; https://zhanzhang.toutiao.com/)"
110.249.201.44 - - [03/May/2025:10:37:24 -0400] "GET /wp-content/themes/TESSERACT/css/site-banner.css?ver=1.0.0 HTTP/1.1" 200 1591 "https://acreditrepaircorp.com/" "Mozilla/5.0 (Linux; Android 5.0) AppleWebKit/537.36 (KHTML, like Gecko) Mobile Safari/537.36 (compatible; Bytespider; https://zhanzhang.toutiao.com/)"
110.249.201.44 - - [03/May/2025:10:37:24 -0400] "GET /wp-content/themes/TESSERACT/css/font-awesome.min.css?ver=4.4.0 HTTP/1.1" 200 5723 "https://acreditrepaircorp.com/" "Mozilla/5.0 (Linux; Android 5.0) AppleWebKit/537.36 (KHTML, like Gecko) Mobile Safari/537.36 (compatible; Bytespider; https://zhanzhang.toutiao.com/)"
110.249.201.44 - - [03/May/2025:10:37:24 -0400] "GET /wp-content/plugins/gtranslate/gtranslate-style24.css?ver=5.0.18 HTTP/1.1" 200 237 "https://acreditrepaircorp.com/" "Mozilla/5.0 (Linux; Android 5.0) AppleWebKit/537.36 (KHTML, like Gecko) Mobile Safari/537.36 (compatible; Bytespider; https://zhanzhang.toutiao.com/)"
110.249.201.44 - - [03/May/2025:10:37:24 -0400] "GET /wp-includes/js/jquery/jquery.js?ver=1.12.4 HTTP/1.1" 200 32854 "https://acreditrepaircorp.com/" "Mozilla/5.0 (Linux; Android 5.0) AppleWebKit/537.36 (KHTML, like Gecko) Mobile Safari/537.36 (compatible; Bytespider; https://zhanzhang.toutiao.com/)"
110.249.201.44 - - [03/May/2025:10:37:24 -0400] "GET /wp-content/plugins/leads//shared/assets/js/frontend/analytics/inboundAnalytics.min.js HTTP/1.1" 200 11696 "https://acreditrepaircorp.com/" "Mozilla/5.0 (Linux; Android 5.0) AppleWebKit/537.36 (KHTML, like Gecko) Mobile Safari/537.36 (compatible; Bytespider; https://zhanzhang.toutiao.com/)"
110.249.201.44 - - [03/May/2025:10:37:24 -0400] "GET /wp-content/plugins/revslider/public/assets/js/jquery.themepunch.tools.min.js?ver=5.4.6.3.1 HTTP/1.1" 200 37077 "https://acreditrepaircorp.com/" "Mozilla/5.0 (Linux; Android 5.0) AppleWebKit/537.36 (KHTML, like Gecko) Mobile Safari/537.36 (compatible; Bytespider; https://zhanzhang.toutiao.com/)"
172.245.241.123 - - [03/May/2025:10:31:30 -0400] "GET / HTTP/1.1" 200 19124 "http://acreditrepaircorp.com/" "Mozilla/5.0"
192.64.118.117 - - [03/May/2025:10:37:07 -0400] "POST /wp-cron.php?doing_wp_cron=1746283027.5241479873657226562500 HTTP/1.1" 403 1242 "https://acreditrepaircorp.com/wp-cron.php?doing_wp_cron=1746283027.5241479873657226562500" "WordPress/5.0.18; https://acreditrepaircorp.com"
110.249.201.44 - - [03/May/2025:10:37:24 -0400] "GET /wp-content/plugins/revslider/public/assets/css/settings.css?ver=5.4.6.3.1 HTTP/1.1" 200 6856 "https://acreditrepaircorp.com/" "Mozilla/5.0 (Linux; Android 5.0) AppleWebKit/537.36 (KHTML, like Gecko) Mobile Safari/537.36 (compatible; Bytespider; https://zhanzhang.toutiao.com/)"
110.249.201.44 - - [03/May/2025:10:37:24 -0400] "GET /wp-content/uploads/bb-plugin/cache/7-layout.css?ver=d95d182268e2ff4ac0174b47167b7f24 HTTP/1.1" 200 3948 "https://acreditrepaircorp.com/" "Mozilla/5.0 (Linux; Android 5.0) AppleWebKit/537.36 (KHTML, like Gecko) Mobile Safari/537.36 (compatible; Bytespider; https://zhanzhang.toutiao.com/)"
110.249.201.44 - - [03/May/2025:10:37:24 -0400] "GET /wp-content/plugins/contact-form-7/includes/css/styles.css?ver=4.7 HTTP/1.1" 200 539 "https://acreditrepaircorp.com/" "Mozilla/5.0 (Linux; Android 5.0) AppleWebKit/537.36 (KHTML, like Gecko) Mobile Safari/537.36 (compatible; Bytespider; https://zhanzhang.toutiao.com/)"
110.249.201.44 - - [03/May/2025:10:37:24 -0400] "GET /wp-content/plugins/youtube-embed-plus/scripts/ytprefs.min.js?ver=13.0 HTTP/1.1" 200 2489 "https://acreditrepaircorp.com/" "Mozilla/5.0 (Linux; Android 5.0) AppleWebKit/537.36 (KHTML, like Gecko) Mobile Safari/537.36 (compatible; Bytespider; https://zhanzhang.toutiao.com/)"
110.249.201.44 - - [03/May/2025:10:37:24 -0400] "GET /wp-content/plugins/youtube-embed-plus/styles/ytprefs.min.css?ver=13.0 HTTP/1.1" 200 1180 "https://acreditrepaircorp.com/" "Mozilla/5.0 (Linux; Android 5.0) AppleWebKit/537.36 (KHTML, like Gecko) Mobile Safari/537.36 (compatible; Bytespider; https://zhanzhang.toutiao.com/)"
110.249.201.44 - - [03/May/2025:10:37:24 -0400] "GET /wp-includes/css/dashicons.min.css?ver=5.0.18 HTTP/1.1" 200 28437 "https://acreditrepaircorp.com/" "Mozilla/5.0 (Linux; Android 5.0) AppleWebKit/537.36 (KHTML, like Gecko) Mobile Safari/537.36 (compatible; Bytespider; https://zhanzhang.toutiao.com/)"
110.249.201.44 - - [03/May/2025:10:37:24 -0400] "GET /wp-content/plugins/leads//shared/shortcodes/css/frontend-render.css?ver=5.0.18 HTTP/1.1" 200 11015 "https://acreditrepaircorp.com/" "Mozilla/5.0 (Linux; Android 5.0) AppleWebKit/537.36 (KHTML, like Gecko) Mobile Safari/537.36 (compatible; Bytespider; https://zhanzhang.toutiao.com/)"
110.249.201.44 - - [03/May/2025:10:37:24 -0400] "GET /wp-content/plugins/beaver-builder-lite-version/css/jquery.magnificpopup.css?ver=1.9.4 HTTP/1.1" 200 1749 "https://acreditrepaircorp.com/" "Mozilla/5.0 (Linux; Android 5.0) AppleWebKit/537.36 (KHTML, like Gecko) Mobile Safari/537.36 (compatible; Bytespider; https://zhanzhang.toutiao.com/)"
110.249.201.44 - - [03/May/2025:10:37:24 -0400] "GET /wp-content/themes/TESSERACT/css/jquery.sidr.css?ver=1.0.0 HTTP/1.1" 200 1506 "https://acreditrepaircorp.com/" "Mozilla/5.0 (Linux; Android 5.0) AppleWebKit/537.36 (KHTML, like Gecko) Mobile Safari/537.36 (compatible; Bytespider; https://zhanzhang.toutiao.com/)"
110.249.201.44 - - [03/May/2025:10:37:24 -0400] "GET /wp-content/plugins/wonderplugin-gallery/engine/wonderplugingallery.js?ver=3.9C HTTP/1.1" 200 27407 "https://acreditrepaircorp.com/" "Mozilla/5.0 (Linux; Android 5.0) AppleWebKit/537.36 (KHTML, like Gecko) Mobile Safari/537.36 (compatible; Bytespider; https://zhanzhang.toutiao.com/)"
110.249.201.44 - - [03/May/2025:10:37:24 -0400] "GET /wp-content/plugins/builder-responsive-pricing-tables/assets/css/pricing-tables.css?ver=5.0.18 HTTP/1.1" 200 2444 "https://acreditrepaircorp.com/" "Mozilla/5.0 (Linux; Android 5.0) AppleWebKit/537.36 (KHTML, like Gecko) Mobile Safari/537.36 (compatible; Bytespider; https://zhanzhang.toutiao.com/)"
110.249.201.44 - - [03/May/2025:10:37:24 -0400] "GET /wp-includes/js/jquery/jquery-migrate.min.js?ver=1.4.1 HTTP/1.1" 200 3823 "https://acreditrepaircorp.com/" "Mozilla/5.0 (Linux; Android 5.0) AppleWebKit/537.36 (KHTML, like Gecko) Mobile Safari/537.36 (compatible; Bytespider; https://zhanzhang.toutiao.com/)"
110.249.201.44 - - [03/May/2025:10:37:24 -0400] "GET /wp-content/themes/TESSERACT/js/helpers.js?ver=5.0.18 HTTP/1.1" 200 942 "https://acreditrepaircorp.com/" "Mozilla/5.0 (Linux; Android 5.0) AppleWebKit/537.36 (KHTML, like Gecko) Mobile Safari/537.36 (compatible; Bytespider; https://zhanzhang.toutiao.com/)"
110.249.201.44 - - [03/May/2025:10:37:24 -0400] "GET /wp-content/themes/TESSERACT/js/modernizr.custom.min.js?ver=1.0.0 HTTP/1.1" 200 3260 "https://acreditrepaircorp.com/" "Mozilla/5.0 (Linux; Android 5.0) AppleWebKit/537.36 (KHTML, like Gecko) Mobile Safari/537.36 (compatible; Bytespider; https://zhanzhang.toutiao.com/)"
110.249.201.44 - - [03/May/2025:10:37:25 -0400] "GET /wp-content/plugins/elfsight-social-media-icons-cc/assets/elfsight-social-media-icons.js?ver=1.1.0 HTTP/1.1" 200 37980 "https://acreditrepaircorp.com/" "Mozilla/5.0 (Linux; Android 5.0) AppleWebKit/537.36 (KHTML, like Gecko) Mobile Safari/537.36 (compatible; Bytespider; https://zhanzhang.toutiao.com/)"
110.249.201.44 - - [03/May/2025:10:37:26 -0400] "GET /wp-content/themes/TESSERACT/js/jquery.sidr.min.js?ver=1.0.0 HTTP/1.1" 200 1450 "https://acreditrepaircorp.com/" "Mozilla/5.0 (Linux; Android 5.0) AppleWebKit/537.36 (KHTML, like Gecko) Mobile Safari/537.36 (compatible; Bytespider; https://zhanzhang.toutiao.com/)"
110.249.201.44 - - [03/May/2025:10:37:26 -0400] "GET /wp-content/plugins/beaver-builder-lite-version/js/jquery.fitvids.js?ver=1.9.4 HTTP/1.1" 200 1135 "https://acreditrepaircorp.com/" "Mozilla/5.0 (Linux; Android 5.0) AppleWebKit/537.36 (KHTML, like Gecko) Mobile Safari/537.36 (compatible; Bytespider; https://zhanzhang.toutiao.com/)"
110.249.201.44 - - [03/May/2025:10:37:26 -0400] "GET /wp-content/plugins/leads//shared//shortcodes/js/spin.min.js HTTP/1.1" 200 1934 "https://acreditrepaircorp.com/" "Mozilla/5.0 (Linux; Android 5.0) AppleWebKit/537.36 (KHTML, like Gecko) Mobile Safari/537.36 (compatible; Bytespider; https://zhanzhang.toutiao.com/)"
110.249.201.44 - - [03/May/2025:10:37:26 -0400] "GET /wp-content/plugins/contact-form-7/includes/js/scripts.js?ver=4.7 HTTP/1.1" 200 3452 "https://acreditrepaircorp.com/" "Mozilla/5.0 (Linux; Android 5.0) AppleWebKit/537.36 (KHTML, like Gecko) Mobile Safari/537.36 (compatible; Bytespider; https://zhanzhang.toutiao.com/)"
110.249.201.44 - - [03/May/2025:10:37:26 -0400] "GET /wp-content/plugins/go_pricing/assets/js/go_pricing_scripts.js?ver=3.3.12 HTTP/1.1" 200 5244 "https://acreditrepaircorp.com/" "Mozilla/5.0 (Linux; Android 5.0) AppleWebKit/537.36 (KHTML, like Gecko) Mobile Safari/537.36 (compatible; Bytespider; https://zhanzhang.toutiao.com/)"
110.249.201.44 - - [03/May/2025:10:37:26 -0400] "GET /wp-content/uploads/2019/01/good-credit-vs-bad-3-1-768x922.jpg HTTP/1.1" 206 500 "https://acreditrepaircorp.com/" "Mozilla/5.0 (Linux; Android 5.0) AppleWebKit/537.36 (KHTML, like Gecko) Mobile Safari/537.36 (compatible; Bytespider; https://zhanzhang.toutiao.com/)"
110.249.201.44 - - [03/May/2025:10:37:27 -0400] "GET /wp-content/themes/TESSERACT/js/helpers.js?ver=1.0.0 HTTP/1.1" 200 942 "https://acreditrepaircorp.com/" "Mozilla/5.0 (Linux; Android 5.0) AppleWebKit/537.36 (KHTML, like Gecko) Mobile Safari/537.36 (compatible; Bytespider; https://zhanzhang.toutiao.com/)"
110.249.201.44 - - [03/May/2025:10:37:27 -0400] "GET /wp-content/themes/TESSERACT/js/helpers-beaver.js?ver=1.0.0 HTTP/1.1" 200 534 "https://acreditrepaircorp.com/" "Mozilla/5.0 (Linux; Android 5.0) AppleWebKit/537.36 (KHTML, like Gecko) Mobile Safari/537.36 (compatible; Bytespider; https://zhanzhang.toutiao.com/)"
110.249.201.44 - - [03/May/2025:10:37:24 -0400] "GET /wp-content/plugins/revslider/public/assets/js/jquery.themepunch.revolution.min.js?ver=5.4.6.3.1 HTTP/1.1" 200 17231 "https://acreditrepaircorp.com/" "Mozilla/5.0 (Linux; Android 5.0) AppleWebKit/537.36 (KHTML, like Gecko) Mobile Safari/537.36 (compatible; Bytespider; https://zhanzhang.toutiao.com/)"
110.249.201.44 - - [03/May/2025:10:37:26 -0400] "GET /wp-content/plugins/beaver-builder-lite-version/js/jquery.waypoints.min.js?ver=1.9.4 HTTP/1.1" 200 2540 "https://acreditrepaircorp.com/" "Mozilla/5.0 (Linux; Android 5.0) AppleWebKit/537.36 (KHTML, like Gecko) Mobile Safari/537.36 (compatible; Bytespider; https://zhanzhang.toutiao.com/)"
110.249.201.44 - - [03/May/2025:10:37:26 -0400] "GET /wp-content/plugins/beaver-builder-lite-version/js/jquery.magnificpopup.min.js?ver=1.9.4 HTTP/1.1" 200 7280 "https://acreditrepaircorp.com/" "Mozilla/5.0 (Linux; Android 5.0) AppleWebKit/537.36 (KHTML, like Gecko) Mobile Safari/537.36 (compatible; Bytespider; https://zhanzhang.toutiao.com/)"
110.249.201.44 - - [03/May/2025:10:37:26 -0400] "GET /wp-content/themes/TESSERACT/js/jquery.fittext.js?ver=1.0.0 HTTP/1.1" 200 521 "https://acreditrepaircorp.com/" "Mozilla/5.0 (Linux; Android 5.0) AppleWebKit/537.36 (KHTML, like Gecko) Mobile Safari/537.36 (compatible; Bytespider; https://zhanzhang.toutiao.com/)"
110.249.201.44 - - [03/May/2025:10:37:26 -0400] "GET /wp-content/uploads/2021/02/Acredit-logo-1.png HTTP/1.1" 206 500 "https://acreditrepaircorp.com/" "Mozilla/5.0 (Linux; Android 5.0) AppleWebKit/537.36 (KHTML, like Gecko) Mobile Safari/537.36 (compatible; Bytespider; https://zhanzhang.toutiao.com/)"
110.249.201.44 - - [03/May/2025:10:37:26 -0400] "GET /wp-content/uploads/bb-plugin/cache/7-layout.js?ver=d95d182268e2ff4ac0174b47167b7f24 HTTP/1.1" 200 4103 "https://acreditrepaircorp.com/" "Mozilla/5.0 (Linux; Android 5.0) AppleWebKit/537.36 (KHTML, like Gecko) Mobile Safari/537.36 (compatible; Bytespider; https://zhanzhang.toutiao.com/)"
110.249.201.44 - - [03/May/2025:10:37:26 -0400] "GET /wp-content/plugins/contact-form-7/includes/js/jquery.form.min.js?ver=3.51.0-2014.06.20 HTTP/1.1" 200 5539 "https://acreditrepaircorp.com/" "Mozilla/5.0 (Linux; Android 5.0) AppleWebKit/537.36 (KHTML, like Gecko) Mobile Safari/537.36 (compatible; Bytespider; https://zhanzhang.toutiao.com/)"
110.249.201.44 - - [03/May/2025:10:37:27 -0400] "GET /wp-content/plugins/youtube-embed-plus/scripts/fitvids.min.js?ver=13.0 HTTP/1.1" 200 681 "https://acreditrepaircorp.com/" "Mozilla/5.0 (Linux; Android 5.0) AppleWebKit/537.36 (KHTML, like Gecko) Mobile Safari/537.36 (compatible; Bytespider; https://zhanzhang.toutiao.com/)"
110.249.201.44 - - [03/May/2025:10:37:27 -0400] "GET /wp-includes/js/wp-embed.min.js?ver=5.0.18 HTTP/1.1" 200 638 "https://acreditrepaircorp.com/" "Mozilla/5.0 (Linux; Android 5.0) AppleWebKit/537.36 (KHTML, like Gecko) Mobile Safari/537.36 (compatible; Bytespider; https://zhanzhang.toutiao.com/)"
110.249.201.44 - - [03/May/2025:10:37:27 -0400] "GET /wp-content/uploads/2019/01/3.jpg HTTP/1.1" 206 500 "https://acreditrepaircorp.com/" "Mozilla/5.0 (Linux; Android 5.0) AppleWebKit/537.36 (KHTML, like Gecko) Mobile Safari/537.36 (compatible; Bytespider; https://zhanzhang.toutiao.com/)"
110.249.201.44 - - [03/May/2025:10:37:27 -0400] "GET /wp-content/plugins/revslider/public/assets/js/extensions/revolution.extension.navigation.min.js?version=5.4.6.3 HTTP/1.1" 200 6678 "https://acreditrepaircorp.com/" "Mozilla/5.0 (Linux; Android 5.0) AppleWebKit/537.36 (KHTML, like Gecko) Mobile Safari/537.36 (compatible; Bytespider; https://zhanzhang.toutiao.com/)"
110.249.201.44 - - [03/May/2025:10:37:27 -0400] "POST /wp-admin/admin-ajax.php HTTP/1.1" 403 1242 "https://acreditrepaircorp.com/" "Mozilla/5.0 (Linux; Android 5.0) AppleWebKit/537.36 (KHTML, like Gecko) Mobile Safari/537.36 (compatible; Bytespider; https://zhanzhang.toutiao.com/)"
110.249.201.44 - - [03/May/2025:10:37:27 -0400] "POST /?ga_action=googleanalytics_get_script HTTP/1.1" 200 296 "https://acreditrepaircorp.com/" "Mozilla/5.0 (Linux; Android 5.0) AppleWebKit/537.36 (KHTML, like Gecko) Mobile Safari/537.36 (compatible; Bytespider; https://zhanzhang.toutiao.com/)"
110.249.202.167 - - [03/May/2025:10:41:04 -0400] "GET /robots.txt HTTP/1.1" 200 118 "-" "Mozilla/5.0 (Linux; Android 5.0) AppleWebKit/537.36 (KHTML, like Gecko) Mobile Safari/537.36 (compatible; Bytespider; https://zhanzhang.toutiao.com/)"
110.249.201.44 - - [03/May/2025:10:37:27 -0400] "GET /wp-content/uploads/2019/01/4.jpg HTTP/1.1" 206 500 "https://acreditrepaircorp.com/" "Mozilla/5.0 (Linux; Android 5.0) AppleWebKit/537.36 (KHTML, like Gecko) Mobile Safari/537.36 (compatible; Bytespider; https://zhanzhang.toutiao.com/)"
110.249.201.44 - - [03/May/2025:10:37:27 -0400] "GET /wp-content/themes/TESSERACT/js/skip-link-focus-fix.js?ver=1.0.0 HTTP/1.1" 200 258 "https://acreditrepaircorp.com/" "Mozilla/5.0 (Linux; Android 5.0) AppleWebKit/537.36 (KHTML, like Gecko) Mobile Safari/537.36 (compatible; Bytespider; https://zhanzhang.toutiao.com/)"
110.249.201.44 - - [03/May/2025:10:37:27 -0400] "GET /wp-content/themes/TESSERACT/js/helpers-functions.js?ver=1.0.0 HTTP/1.1" 200 363 "https://acreditrepaircorp.com/" "Mozilla/5.0 (Linux; Android 5.0) AppleWebKit/537.36 (KHTML, like Gecko) Mobile Safari/537.36 (compatible; Bytespider; https://zhanzhang.toutiao.com/)"
110.249.201.44 - - [03/May/2025:10:37:27 -0400] "GET /wp-content/uploads/2019/01/2.jpg HTTP/1.1" 206 500 "https://acreditrepaircorp.com/" "Mozilla/5.0 (Linux; Android 5.0) AppleWebKit/537.36 (KHTML, like Gecko) Mobile Safari/537.36 (compatible; Bytespider; https://zhanzhang.toutiao.com/)"
110.249.201.44 - - [03/May/2025:10:37:27 -0400] "GET /wp-content/plugins/revslider/public/assets/js/extensions/revolution.extension.layeranimation.min.js?version=5.4.6.3 HTTP/1.1" 200 13832 "https://acreditrepaircorp.com/" "Mozilla/5.0 (Linux; Android 5.0) AppleWebKit/537.36 (KHTML, like Gecko) Mobile Safari/537.36 (compatible; Bytespider; https://zhanzhang.toutiao.com/)"
110.249.201.44 - - [03/May/2025:10:37:27 -0400] "GET /wp-content/uploads/2019/01/1.jpg HTTP/1.1" 206 500 "https://acreditrepaircorp.com/" "Mozilla/5.0 (Linux; Android 5.0) AppleWebKit/537.36 (KHTML, like Gecko) Mobile Safari/537.36 (compatible; Bytespider; https://zhanzhang.toutiao.com/)"
110.249.201.44 - - [03/May/2025:10:37:27 -0400] "GET /wp-content/plugins/revslider/public/assets/js/extensions/revolution.extension.actions.min.js?version=5.4.6.3 HTTP/1.1" 200 2400 "https://acreditrepaircorp.com/" "Mozilla/5.0 (Linux; Android 5.0) AppleWebKit/537.36 (KHTML, like Gecko) Mobile Safari/537.36 (compatible; Bytespider; https://zhanzhang.toutiao.com/)"
110.249.201.44 - - [03/May/2025:10:37:27 -0400] "GET /wp-content/plugins/revslider/public/assets/js/extensions/revolution.extension.slideanims.min.js?version=5.4.6.3 HTTP/1.1" 200 6656 "https://acreditrepaircorp.com/" "Mozilla/5.0 (Linux; Android 5.0) AppleWebKit/537.36 (KHTML, like Gecko) Mobile Safari/537.36 (compatible; Bytespider; https://zhanzhang.toutiao.com/)"
110.249.201.44 - - [03/May/2025:10:37:28 -0400] "GET /wp-content/plugins/revslider/public/assets/assets/loader.gif HTTP/1.1" 206 500 "https://acreditrepaircorp.com/wp-content/plugins/revslider/public/assets/css/settings.css?ver=5.4.6.3.1" "Mozilla/5.0 (Linux; Android 5.0) AppleWebKit/537.36 (KHTML, like Gecko) Mobile Safari/537.36 (compatible; Bytespider; https://zhanzhang.toutiao.com/)"
43.166.247.82 - - [03/May/2025:12:01:04 -0400] "GET / HTTP/1.1" 200 19125 "http://acreditrepaircorp.com" "Mozilla/5.0 (iPhone; CPU iPhone OS 13_2_3 like Mac OS X) AppleWebKit/605.1.15 (KHTML, like Gecko) Version/13.0.3 Mobile/15E148 Safari/604.1"
192.64.118.117 - - [03/May/2025:12:01:06 -0400] "POST /wp-cron.php?doing_wp_cron=1746288066.8308269977569580078125 HTTP/1.1" 403 1242 "https://acreditrepaircorp.com/wp-cron.php?doing_wp_cron=1746288066.8308269977569580078125" "WordPress/5.0.18; https://acreditrepaircorp.com"
107.175.254.13 - - [03/May/2025:12:09:20 -0400] "POST /wp-login.php HTTP/1.1" 200 4361 "https://acreditrepaircorp.com/wp-login.php" "Mozilla/5.0 (Windows NT 6.1; rv:17.0) Gecko/20100101 Firefox/20.6.14"
103.153.101.111 - - [03/May/2025:12:09:35 -0400] "GET /wp-login.php HTTP/1.1" 200 4075 "-" "Mozilla/5.0 (Windows NT 10.0; Win64; x64; rv:57.0) Gecko/20100101 Firefox/57.0"
51.68.11.199 - - [03/May/2025:12:09:39 -0400] "POST /wp-login.php HTTP/1.1" 200 4361 "https://acreditrepaircorp.com/wp-login.php" "Mozilla/5.0 (Windows NT 10.0; WOW64; rv:54.0) Gecko/20100101 Firefox/54.0"
212.105.78.61 - - [03/May/2025:12:09:51 -0400] "GET /wp-login.php HTTP/1.1" 200 4075 "-" "Mozilla/5.0 (Windows NT 10.0; Win64; x64; rv:65.0) Gecko/20100101 Firefox/65.0"
199.188.200.121 - - [03/May/2025:12:10:03 -0400] "POST /wp-login.php HTTP/1.1" 200 4361 "https://acreditrepaircorp.com/wp-login.php" "Mozilla/5.0 (Windows NT 10.0; WOW64; rv:54.0) Gecko/20100101 Firefox/54.0"
141.8.192.164 - - [03/May/2025:12:10:23 -0400] "GET /wp-login.php HTTP/1.1" 200 4075 "-" "Mozilla/5.0 (Linux; Android 6.0.1; RedMi Note 5 Build/RB3N5C; wv) AppleWebKit/537.36 (KHTML, like Gecko) Version/4.0 Chrome/68.0.3440.91 Mobile Safari/537.36"
141.8.192.164 - - [03/May/2025:12:10:26 -0400] "POST /wp-login.php HTTP/1.1" 200 4361 "https://acreditrepaircorp.com/wp-login.php" "Mozilla/5.0 (Linux; Android 6.0.1; RedMi Note 5 Build/RB3N5C; wv) AppleWebKit/537.36 (KHTML, like Gecko) Version/4.0 Chrome/68.0.3440.91 Mobile Safari/537.36"
164.132.172.225 - - [03/May/2025:12:18:14 -0400] "GET /env HTTP/1.1" 404 10370 "-" "Mozilla/5.0 (Macintosh; Intel Mac OS X 10.15; rv:109.0) Gecko/20100101 Firefox/116.0"
192.64.118.117 - - [03/May/2025:12:09:20 -0400] "POST /wp-cron.php?doing_wp_cron=1746288559.9317491054534912109375 HTTP/1.1" 403 1242 "https://acreditrepaircorp.com/wp-cron.php?doing_wp_cron=1746288559.9317491054534912109375" "WordPress/5.0.18; http://acreditrepaircorp.com"
107.175.254.13 - - [03/May/2025:12:09:18 -0400] "GET /wp-login.php HTTP/1.1" 200 4075 "-" "Mozilla/5.0 (Windows NT 6.1; rv:17.0) Gecko/20100101 Firefox/20.6.14"
103.153.101.111 - - [03/May/2025:12:09:37 -0400] "POST /wp-login.php HTTP/1.1" 200 4361 "https://acreditrepaircorp.com/wp-login.php" "Mozilla/5.0 (Windows NT 10.0; Win64; x64; rv:57.0) Gecko/20100101 Firefox/57.0"
51.68.11.199 - - [03/May/2025:12:09:37 -0400] "GET /wp-login.php HTTP/1.1" 200 4075 "-" "Mozilla/5.0 (Windows NT 10.0; WOW64; rv:54.0) Gecko/20100101 Firefox/54.0"
212.105.78.61 - - [03/May/2025:12:09:57 -0400] "POST /wp-login.php HTTP/1.1" 200 4361 "https://acreditrepaircorp.com/wp-login.php" "Mozilla/5.0 (Windows NT 10.0; Win64; x64; rv:65.0) Gecko/20100101 Firefox/65.0"
199.188.200.121 - - [03/May/2025:12:10:01 -0400] "GET /wp-login.php HTTP/1.1" 200 4075 "-" "Mozilla/5.0 (Windows NT 10.0; WOW64; rv:54.0) Gecko/20100101 Firefox/54.0"
192.64.118.117 - - [03/May/2025:12:10:25 -0400] "POST /wp-cron.php?doing_wp_cron=1746288625.2292590141296386718750 HTTP/1.1" 403 1242 "https://acreditrepaircorp.com/wp-cron.php?doing_wp_cron=1746288625.2292590141296386718750" "WordPress/5.0.18; http://acreditrepaircorp.com"
192.64.118.117 - - [03/May/2025:12:18:15 -0400] "POST /wp-cron.php?doing_wp_cron=1746289095.3727729320526123046875 HTTP/1.1" 403 1242 "https://acreditrepaircorp.com/wp-cron.php?doing_wp_cron=1746289095.3727729320526123046875" "WordPress/5.0.18; https://acreditrepaircorp.com"
196.251.80.168 - - [03/May/2025:12:34:26 -0400] "GET /wp-content/themes/seotheme/db.php?u HTTP/1.1" 200 0 "www.google.com" "Mozlila/5.0 (Linux; Android 7.0; SM-G892A Bulid/NRD90M; wv) AppleWebKit/537.36 (KHTML, like Gecko) Version/4.0 Chrome/60.0.3112.107 Moblie Safari/537.36"
192.64.118.117 - - [03/May/2025:12:34:27 -0400] "POST /wp-cron.php?doing_wp_cron=1746290067.6212990283966064453125 HTTP/1.1" 403 1242 "https://acreditrepaircorp.com/wp-cron.php?doing_wp_cron=1746290067.6212990283966064453125" "WordPress/5.0.18; https://acreditrepaircorp.com"
196.251.80.168 - - [03/May/2025:12:34:28 -0400] "GET /wp-content/plugins/apikey/apikey.php?test=hello HTTP/1.1" 200 0 "-" "Mozlila/5.0 (Linux; Android 7.0; SM-G892A Bulid/NRD90M; wv) AppleWebKit/537.36 (KHTML, like Gecko) Version/4.0 Chrome/60.0.3112.107 Moblie Safari/537.36"
196.251.80.168 - - [03/May/2025:12:34:28 -0400] "GET /bczschyp.php?Fox=d3wL7 HTTP/1.1" 404 35422 "www.google.com" "Mozilla/5.0 (Linux; Android 7.0; SM-G892A Bulid/NRD90M; wv) AppleWebKit/537.36 (KHTML, like Gecko) Version/4.0 Chrome/60.0.3112.107 Moblie Safari/537.36"
196.251.80.168 - - [03/May/2025:12:34:28 -0400] "GET /plugins/content/apismtp/apismtp.php?test=hello HTTP/1.1" 404 35425 "-" "Mozlila/5.0 (Linux; Android 7.0; SM-G892A Bulid/NRD90M; wv) AppleWebKit/537.36 (KHTML, like Gecko) Version/4.0 Chrome/60.0.3112.107 Moblie Safari/537.36"
196.251.80.168 - - [03/May/2025:12:34:30 -0400] "GET /wp-content/plugins/apikey/apikey.php.suspected?test=hello HTTP/1.1" 200 0 "-" "Mozlila/5.0 (Linux; Android 7.0; SM-G892A Bulid/NRD90M; wv) AppleWebKit/537.36 (KHTML, like Gecko) Version/4.0 Chrome/60.0.3112.107 Moblie Safari/537.36"
196.251.80.168 - - [03/May/2025:12:34:26 -0400] "GET /wp-content/themes/seotheme/db.php?u HTTP/1.1" 200 0 "www.google.com" "Mozlila/5.0 (Linux; Android 7.0; SM-G892A Bulid/NRD90M; wv) AppleWebKit/537.36 (KHTML, like Gecko) Version/4.0 Chrome/60.0.3112.107 Moblie Safari/537.36"
192.64.118.117 - - [03/May/2025:12:34:27 -0400] "POST /wp-cron.php?doing_wp_cron=1746290067.5413539409637451171875 HTTP/1.1" 403 1242 "https://acreditrepaircorp.com/wp-cron.php?doing_wp_cron=1746290067.5413539409637451171875" "WordPress/5.0.18; https://acreditrepaircorp.com"
196.251.80.168 - - [03/May/2025:12:34:26 -0400] "POST /wp-plain.php HTTP/1.1" 404 35350 "www.google.com" "Mozilla/5.0 (Linux; Android 7.0; SM-G892A Bulid/NRD90M; wv) AppleWebKit/537.36 (KHTML, like Gecko) Version/4.0 Chrome/60.0.3112.107 Moblie Safari/537.36"
196.251.80.168 - - [03/May/2025:12:34:26 -0400] "GET / HTTP/1.1" 200 80532 "-" "Mozlila/5.0 (Linux; Android 7.0; SM-G892A Bulid/NRD90M; wv) AppleWebKit/537.36 (KHTML, like Gecko) Version/4.0 Chrome/60.0.3112.107 Moblie Safari/537.36"
196.251.80.168 - - [03/May/2025:12:34:30 -0400] "GET /plugins/content/apismtp/apismtp.php.suspected?test=hello HTTP/1.1" 404 35425 "-" "Mozlila/5.0 (Linux; Android 7.0; SM-G892A Bulid/NRD90M; wv) AppleWebKit/537.36 (KHTML, like Gecko) Version/4.0 Chrome/60.0.3112.107 Moblie Safari/537.36"
185.247.137.153 - - [03/May/2025:12:57:08 -0400] "GET / HTTP/1.1" 301 0 "http://www.acreditrepaircorp.com" "Mozilla/5.0 (compatible; InternetMeasurement/1.0; +https://internet-measurement.com/)"
185.247.137.128 - - [03/May/2025:12:57:11 -0400] "GET /favicon.ico HTTP/1.1" 404 1251 "-" "Mozilla/5.0 (compatible; InternetMeasurement/1.0; +https://internet-measurement.com/)"
185.247.137.244 - - [03/May/2025:12:57:11 -0400] "GET /wp-content/uploads/2021/01/cropped-creditcorp-LOGO-192x192.png HTTP/1.1" 200 35722 "-" "Mozilla/5.0 (compatible; InternetMeasurement/1.0; +https://internet-measurement.com/)"
162.243.114.171 - - [03/May/2025:12:57:12 -0400] "GET /favicon.ico HTTP/1.1" 404 1251 "-" "Mozilla/5.0 (compatible; InternetMeasurement/1.0; +https://internet-measurement.com/)"
64.227.110.161 - - [03/May/2025:12:57:12 -0400] "GET /favicon.ico HTTP/1.1" 404 1251 "-" "Mozilla/5.0 (compatible; InternetMeasurement/1.0; +https://internet-measurement.com/)"
192.64.118.117 - - [03/May/2025:12:57:08 -0400] "POST /wp-cron.php?doing_wp_cron=1746291428.8467760086059570312500 HTTP/1.1" 403 1242 "https://acreditrepaircorp.com/wp-cron.php?doing_wp_cron=1746291428.8467760086059570312500" "WordPress/5.0.18; https://acreditrepaircorp.com"
185.247.137.153 - - [03/May/2025:12:57:09 -0400] "GET / HTTP/1.1" 200 19126 "https://www.acreditrepaircorp.com/" "Mozilla/5.0 (compatible; InternetMeasurement/1.0; +https://internet-measurement.com/)"
185.247.137.184 - - [03/May/2025:12:57:11 -0400] "GET /favicon.ico HTTP/1.1" 404 1251 "-" "Mozilla/5.0 (compatible; InternetMeasurement/1.0; +https://internet-measurement.com/)"
87.236.176.233 - - [03/May/2025:12:57:11 -0400] "GET /wp-content/uploads/2021/01/cropped-creditcorp-LOGO-32x32.png HTTP/1.1" 200 2340 "-" "Mozilla/5.0 (compatible; InternetMeasurement/1.0; +https://internet-measurement.com/)"
185.247.137.3 - - [03/May/2025:12:57:11 -0400] "GET /wp-content/uploads/2021/01/cropped-creditcorp-LOGO-270x270.png HTTP/1.1" 200 58077 "-" "Mozilla/5.0 (compatible; InternetMeasurement/1.0; +https://internet-measurement.com/)"
121.4.97.180 - - [03/May/2025:13:05:23 -0400] "GET / HTTP/1.1" 200 19122 "https://www.acreditrepaircorp.com/" "Mozilla/5.0 (iPhone; CPU iPhone OS 13_2_3 like Mac OS X) AppleWebKit/605.1.15 (KHTML, like Gecko) Version/13.0.3 Mobile/15E148 Safari/604.1"
192.64.118.117 - - [03/May/2025:13:05:22 -0400] "POST /wp-cron.php?doing_wp_cron=1746291922.1462759971618652343750 HTTP/1.1" 403 1242 "https://acreditrepaircorp.com/wp-cron.php?doing_wp_cron=1746291922.1462759971618652343750" "WordPress/5.0.18; https://acreditrepaircorp.com"
121.4.97.180 - - [03/May/2025:13:05:21 -0400] "GET / HTTP/1.1" 301 0 "http://www.acreditrepaircorp.com" "Mozilla/5.0 (iPhone; CPU iPhone OS 13_2_3 like Mac OS X) AppleWebKit/605.1.15 (KHTML, like Gecko) Version/13.0.3 Mobile/15E148 Safari/604.1"
109.248.49.239 - - [03/May/2025:13:11:49 -0400] "GET /blog/ HTTP/1.0" 200 41559 "https://acreditrepaircorp.com/blog/" "Mozilla/5.0 (Windows NT 10.0; Win64; x64) AppleWebKit/537.36 (KHTML, like Gecko) Chrome/131.0.0.0 Safari/537.36"
109.248.49.239 - - [03/May/2025:13:11:51 -0400] "GET /myth-or-guideline/ HTTP/1.0" 200 41914 "https://acreditrepaircorp.com/myth-or-guideline/" "Mozilla/5.0 (Windows NT 10.0; Win64; x64) AppleWebKit/537.36 (KHTML, like Gecko) Chrome/131.0.0.0 Safari/537.36"
192.64.118.117 - - [03/May/2025:13:11:47 -0400] "POST /wp-cron.php?doing_wp_cron=1746292307.6244320869445800781250 HTTP/1.1" 403 1242 "https://acreditrepaircorp.com/wp-cron.php?doing_wp_cron=1746292307.6244320869445800781250" "WordPress/5.0.18; https://acreditrepaircorp.com"
109.248.49.239 - - [03/May/2025:13:11:46 -0400] "GET / HTTP/1.0" 200 80532 "https://acreditrepaircorp.com/" "Mozilla/5.0 (Windows NT 10.0; Win64; x64) AppleWebKit/537.36 (KHTML, like Gecko) Chrome/131.0.0.0 Safari/537.36"
109.248.49.239 - - [03/May/2025:13:11:52 -0400] "POST /wp-comments-post.php HTTP/1.0" 403 1242 "https://acreditrepaircorp.com/myth-or-guideline/" "Mozilla/5.0 (Windows NT 10.0; Win64; x64) AppleWebKit/537.36 (KHTML, like Gecko) Chrome/131.0.0.0 Safari/537.36"
104.210.140.143 - - [03/May/2025:13:34:40 -0400] "GET /robots.txt HTTP/1.1" 200 94 "-" "Mozilla/5.0 (Macintosh; Intel Mac OS X 10_15_7) AppleWebKit/537.36 (KHTML, like Gecko) Chrome/131.0.0.0 Safari/537.36; compatible; OAI-SearchBot/1.0; +https://openai.com/searchbot"
185.4.176.103 - - [03/May/2025:13:50:22 -0400] "GET /robots.txt HTTP/1.1" 200 94 "-" "Mozilla/5.0 (compatible; MJ12bot/v2.0.0; http://mj12bot.com/)"
185.4.176.103 - - [03/May/2025:13:50:23 -0400] "GET / HTTP/1.1" 200 15685 "-" "Mozilla/5.0 (compatible; MJ12bot/v2.0.0; http://mj12bot.com/)"
192.64.118.117 - - [03/May/2025:14:33:57 -0400] "POST /wp-cron.php?doing_wp_cron=1746297237.3418788909912109375000 HTTP/1.1" 403 1242 "https://acreditrepaircorp.com/wp-cron.php?doing_wp_cron=1746297237.3418788909912109375000" "WordPress/5.0.18; http://acreditrepaircorp.com"
148.72.144.38 - - [03/May/2025:14:33:55 -0400] "GET /wp-login.php HTTP/1.1" 200 4075 "-" "Mozilla/5.0 (Windows NT 6.3; Win64; x64) AppleWebKit/537.36 (KHTML, like Gecko) Chrome/60.0.3112.113 Safari/537.36"
152.70.56.116 - - [03/May/2025:14:34:03 -0400] "GET /wp-login.php HTTP/1.1" 200 4075 "-" "Mozilla/5.0 (Windows NT 6.3; Win64; x64) AppleWebKit/537.36 (KHTML, like Gecko) Chrome/60.0.3112.113 Safari/537.36"
152.70.56.116 - - [03/May/2025:14:34:05 -0400] "POST /wp-login.php HTTP/1.1" 200 4361 "https://acreditrepaircorp.com/wp-login.php" "Mozilla/5.0 (Windows NT 6.3; Win64; x64) AppleWebKit/537.36 (KHTML, like Gecko) Chrome/60.0.3112.113 Safari/537.36"
148.72.144.38 - - [03/May/2025:14:33:57 -0400] "POST /wp-login.php HTTP/1.1" 200 4361 "https://acreditrepaircorp.com/wp-login.php" "Mozilla/5.0 (Windows NT 6.3; Win64; x64) AppleWebKit/537.36 (KHTML, like Gecko) Chrome/60.0.3112.113 Safari/537.36"
91.134.248.235 - - [03/May/2025:14:34:08 -0400] "GET /wp-login.php HTTP/1.1" 200 4075 "-" "Mozilla/5.0 (Macintosh; Intel Mac OS X 10_10; rv:33.0) Gecko/20100101 Firefox/33.0"
91.134.248.235 - - [03/May/2025:14:34:13 -0400] "POST /wp-login.php HTTP/1.1" 200 4361 "https://acreditrepaircorp.com/wp-login.php" "Mozilla/5.0 (Macintosh; Intel Mac OS X 10_10; rv:33.0) Gecko/20100101 Firefox/33.0"
157.55.39.62 - - [03/May/2025:14:49:01 -0400] "GET /22873vfqdac9efa9f HTTP/1.1" 404 9060 "-" "Mozilla/5.0 AppleWebKit/537.36 (KHTML, like Gecko; compatible; bingbot/2.0; +http://www.bing.com/bingbot.htm) Chrome/116.0.1938.76 Safari/537.36"
192.64.118.117 - - [03/May/2025:14:49:03 -0400] "POST /wp-cron.php?doing_wp_cron=1746298143.4228279590606689453125 HTTP/1.1" 403 1242 "https://acreditrepaircorp.com/wp-cron.php?doing_wp_cron=1746298143.4228279590606689453125" "WordPress/5.0.18; https://acreditrepaircorp.com"
192.64.118.117 - - [03/May/2025:15:11:15 -0400] "POST /wp-cron.php?doing_wp_cron=1746299475.0223491191864013671875 HTTP/1.1" 403 1242 "https://acreditrepaircorp.com/wp-cron.php?doing_wp_cron=1746299475.0223491191864013671875" "WordPress/5.0.18; https://acreditrepaircorp.com"
143.198.143.214 - - [03/May/2025:15:11:13 -0400] "GET / HTTP/1.1" 200 19122 "-" "Mozilla/5.0 (X11; Linux x86_64; rv:136.0) Gecko/20100101 Firefox/136.0"
143.198.143.214 - - [03/May/2025:15:11:16 -0400] "GET /wp-content/uploads/2021/01/cropped-creditcorp-LOGO-32x32.png HTTP/1.1" 200 2340 "https://acreditrepaircorp.com/" "Mozilla/5.0 (X11; Linux x86_64; rv:136.0) Gecko/20100101 Firefox/136.0"
157.55.39.63 - - [03/May/2025:15:11:34 -0400] "GET /5496jmks57vj83b HTTP/1.1" 404 9058 "-" "Mozilla/5.0 AppleWebKit/537.36 (KHTML, like Gecko; compatible; bingbot/2.0; +http://www.bing.com/bingbot.htm) Chrome/116.0.1938.76 Safari/537.36"
192.64.118.117 - - [03/May/2025:15:12:38 -0400] "POST /wp-cron.php?doing_wp_cron=1746299558.3282690048217773437500 HTTP/1.1" 403 1242 "https://acreditrepaircorp.com/wp-cron.php?doing_wp_cron=1746299558.3282690048217773437500" "WordPress/5.0.18; https://acreditrepaircorp.com"
51.222.253.20 - - [03/May/2025:15:12:36 -0400] "GET /client-login/ HTTP/1.1" 200 9236 "-" "Mozilla/5.0 (compatible; AhrefsBot/7.0; +http://ahrefs.com/robot/)"
51.222.253.3 - - [03/May/2025:15:12:40 -0400] "GET /client-login/ HTTP/1.1" 200 9212 "-" "Mozilla/5.0 (compatible; AhrefsBot/7.0; +http://ahrefs.com/robot/)"
40.77.167.219 - - [03/May/2025:15:40:31 -0400] "GET /robots.txt HTTP/1.1" 200 94 "-" "Mozilla/5.0 AppleWebKit/537.36 (KHTML, like Gecko; compatible; bingbot/2.0; +http://www.bing.com/bingbot.htm) Chrome/116.0.1938.76 Safari/537.36"
40.77.167.219 - - [03/May/2025:15:40:31 -0400] "GET /robots.txt HTTP/1.1" 200 94 "-" "Mozilla/5.0 AppleWebKit/537.36 (KHTML, like Gecko; compatible; bingbot/2.0; +http://www.bing.com/bingbot.htm) Chrome/116.0.1938.76 Safari/537.36"
192.64.118.117 - - [03/May/2025:15:40:38 -0400] "POST /wp-cron.php?doing_wp_cron=1746301238.2214109897613525390625 HTTP/1.1" 403 1242 "https://acreditrepaircorp.com/wp-cron.php?doing_wp_cron=1746301238.2214109897613525390625" "WordPress/5.0.18; https://acreditrepaircorp.com"
207.46.13.150 - - [03/May/2025:15:40:36 -0400] "GET /29201kxyw6fb3aoxdc45c HTTP/1.1" 301 0 "-" "Mozilla/5.0 AppleWebKit/537.36 (KHTML, like Gecko; compatible; bingbot/2.0; +http://www.bing.com/bingbot.htm) Chrome/116.0.1938.76 Safari/537.36"
192.64.118.117 - - [03/May/2025:16:07:44 -0400] "POST /wp-cron.php?doing_wp_cron=1746302864.3430769443511962890625 HTTP/1.1" 403 1242 "https://acreditrepaircorp.com/wp-cron.php?doing_wp_cron=1746302864.3430769443511962890625" "WordPress/5.0.18; https://acreditrepaircorp.com"
157.55.39.201 - - [03/May/2025:16:07:42 -0400] "GET /12539nwxz97ebbea8sz016f85e1 HTTP/1.1" 404 9054 "-" "Mozilla/5.0 AppleWebKit/537.36 (KHTML, like Gecko; compatible; bingbot/2.0; +http://www.bing.com/bingbot.htm) Chrome/116.0.1938.76 Safari/537.36"
157.55.39.201 - - [03/May/2025:16:07:50 -0400] "GET /29193edwld3c2ff8gd025fc03 HTTP/1.1" 404 9056 "-" "Mozilla/5.0 AppleWebKit/537.36 (KHTML, like Gecko; compatible; bingbot/2.0; +http://www.bing.com/bingbot.htm) Chrome/116.0.1938.76 Safari/537.36"
192.64.118.117 - - [03/May/2025:16:11:54 -0400] "POST /wp-cron.php?doing_wp_cron=1746303114.4299840927124023437500 HTTP/1.1" 403 1242 "https://acreditrepaircorp.com/wp-cron.php?doing_wp_cron=1746303114.4299840927124023437500" "WordPress/5.0.18; https://acreditrepaircorp.com"
170.106.192.3 - - [03/May/2025:16:11:52 -0400] "GET / HTTP/1.1" 301 0 "http://www.acreditrepaircorp.com" "Mozilla/5.0 (iPhone; CPU iPhone OS 13_2_3 like Mac OS X) AppleWebKit/605.1.15 (KHTML, like Gecko) Version/13.0.3 Mobile/15E148 Safari/604.1"
170.106.192.3 - - [03/May/2025:16:11:55 -0400] "GET / HTTP/1.1" 200 19141 "https://www.acreditrepaircorp.com/" "Mozilla/5.0 (iPhone; CPU iPhone OS 13_2_3 like Mac OS X) AppleWebKit/605.1.15 (KHTML, like Gecko) Version/13.0.3 Mobile/15E148 Safari/604.1"
45.197.1.13 - - [03/May/2025:17:36:07 -0400] "GET /testimonials/ HTTP/1.1" 200 15810 "-" "Mozilla/5.0 (Windows NT 10.0; Win64; x64) AppleWebKit/537.36 (KHTML, like Gecko) Chrome/100.0.8588.986 Safari/537.36"
192.64.118.117 - - [03/May/2025:17:37:40 -0400] "POST /wp-cron.php?doing_wp_cron=1746308260.4210600852966308593750 HTTP/1.1" 403 1242 "https://acreditrepaircorp.com/wp-cron.php?doing_wp_cron=1746308260.4210600852966308593750" "WordPress/5.0.18; https://acreditrepaircorp.com"
192.64.118.117 - - [03/May/2025:17:36:09 -0400] "POST /wp-cron.php?doing_wp_cron=1746308169.1292591094970703125000 HTTP/1.1" 403 1242 "https://acreditrepaircorp.com/wp-cron.php?doing_wp_cron=1746308169.1292591094970703125000" "WordPress/5.0.18; https://acreditrepaircorp.com"
207.46.13.64 - - [03/May/2025:17:37:38 -0400] "GET /12817wvqf0b7kv381 HTTP/1.1" 404 9056 "-" "Mozilla/5.0 AppleWebKit/537.36 (KHTML, like Gecko; compatible; bingbot/2.0; +http://www.bing.com/bingbot.htm) Chrome/116.0.1938.76 Safari/537.36"
43.165.65.180 - - [03/May/2025:19:16:44 -0400] "GET / HTTP/1.1" 200 19123 "http://acreditrepaircorp.com" "Mozilla/5.0 (iPhone; CPU iPhone OS 13_2_3 like Mac OS X) AppleWebKit/605.1.15 (KHTML, like Gecko) Version/13.0.3 Mobile/15E148 Safari/604.1"
192.64.118.117 - - [03/May/2025:19:16:47 -0400] "POST /wp-cron.php?doing_wp_cron=1746314207.7313899993896484375000 HTTP/1.1" 403 1242 "https://acreditrepaircorp.com/wp-cron.php?doing_wp_cron=1746314207.7313899993896484375000" "WordPress/5.0.18; https://acreditrepaircorp.com"
192.64.118.117 - - [03/May/2025:19:26:36 -0400] "POST /wp-cron.php?doing_wp_cron=1746314796.6345930099487304687500 HTTP/1.1" 403 1242 "https://acreditrepaircorp.com/wp-cron.php?doing_wp_cron=1746314796.6345930099487304687500" "WordPress/5.0.18; https://acreditrepaircorp.com"
157.55.39.13 - - [03/May/2025:19:26:34 -0400] "GET /3873gaame141cabka5105dc6 HTTP/1.1" 301 0 "-" "Mozilla/5.0 AppleWebKit/537.36 (KHTML, like Gecko; compatible; bingbot/2.0; +http://www.bing.com/bingbot.htm) Chrome/116.0.1938.76 Safari/537.36"
51.222.253.20 - - [03/May/2025:19:32:12 -0400] "GET /how-to-build-credit-in-5-simple-steps/ HTTP/1.1" 200 11972 "-" "Mozilla/5.0 (compatible; AhrefsBot/7.0; +http://ahrefs.com/robot/)"
192.64.118.117 - - [03/May/2025:19:32:10 -0400] "POST /wp-cron.php?doing_wp_cron=1746315130.7310190200805664062500 HTTP/1.1" 403 1242 "https://acreditrepaircorp.com/wp-cron.php?doing_wp_cron=1746315130.7310190200805664062500" "WordPress/5.0.18; https://acreditrepaircorp.com"
51.222.253.9 - - [03/May/2025:19:32:06 -0400] "GET /how-to-build-credit-in-5-simple-steps/ HTTP/1.1" 200 11966 "-" "Mozilla/5.0 (compatible; AhrefsBot/7.0; +http://ahrefs.com/robot/)"
192.64.118.117 - - [03/May/2025:20:24:41 -0400] "POST /wp-cron.php?doing_wp_cron=1746318281.0655050277709960937500 HTTP/1.1" 403 1242 "https://acreditrepaircorp.com/wp-cron.php?doing_wp_cron=1746318281.0655050277709960937500" "WordPress/5.0.18; https://acreditrepaircorp.com"
207.46.13.127 - - [03/May/2025:20:24:40 -0400] "GET /15576jkol1enja20 HTTP/1.1" 404 9060 "-" "Mozilla/5.0 AppleWebKit/537.36 (KHTML, like Gecko; compatible; bingbot/2.0; +http://www.bing.com/bingbot.htm) Chrome/116.0.1938.76 Safari/537.36"
192.64.118.117 - - [03/May/2025:21:56:57 -0400] "POST /wp-cron.php?doing_wp_cron=1746323817.5243389606475830078125 HTTP/1.1" 403 1242 "https://acreditrepaircorp.com/wp-cron.php?doing_wp_cron=1746323817.5243389606475830078125" "WordPress/5.0.18; https://acreditrepaircorp.com"
157.55.39.13 - - [03/May/2025:21:56:54 -0400] "GET /24858iglo1c79dnlb5a56f HTTP/1.1" 404 9043 "-" "Mozilla/5.0 AppleWebKit/537.36 (KHTML, like Gecko; compatible; bingbot/2.0; +http://www.bing.com/bingbot.htm) Chrome/116.0.1938.76 Safari/537.36"
192.64.118.117 - - [03/May/2025:22:26:55 -0400] "POST /wp-cron.php?doing_wp_cron=1746325615.2413411140441894531250 HTTP/1.1" 403 1242 "https://acreditrepaircorp.com/wp-cron.php?doing_wp_cron=1746325615.2413411140441894531250" "WordPress/5.0.18; https://acreditrepaircorp.com"
14.215.163.132 - - [03/May/2025:22:26:52 -0400] "GET / HTTP/1.1" 200 19124 "http://acreditrepaircorp.com" "Mozilla/5.0 (iPhone; CPU iPhone OS 13_2_3 like Mac OS X) AppleWebKit/605.1.15 (KHTML, like Gecko) Version/13.0.3 Mobile/15E148 Safari/604.1"
192.64.118.117 - - [03/May/2025:23:24:20 -0400] "POST /wp-cron.php?doing_wp_cron=1746329060.5420300960540771484375 HTTP/1.1" 403 1242 "https://acreditrepaircorp.com/wp-cron.php?doing_wp_cron=1746329060.5420300960540771484375" "WordPress/5.0.18; https://acreditrepaircorp.com"
49.51.243.95 - - [03/May/2025:23:24:19 -0400] "GET / HTTP/1.1" 301 0 "http://www.acreditrepaircorp.com" "Mozilla/5.0 (iPhone; CPU iPhone OS 13_2_3 like Mac OS X) AppleWebKit/605.1.15 (KHTML, like Gecko) Version/13.0.3 Mobile/15E148 Safari/604.1"
49.51.243.95 - - [03/May/2025:23:24:21 -0400] "GET / HTTP/1.1" 200 19122 "https://www.acreditrepaircorp.com/" "Mozilla/5.0 (iPhone; CPU iPhone OS 13_2_3 like Mac OS X) AppleWebKit/605.1.15 (KHTML, like Gecko) Version/13.0.3 Mobile/15E148 Safari/604.1"
52.168.148.175 - - [03/May/2025:23:38:49 -0400] "GET /autoload_classmap.php HTTP/1.1" 404 35421 "-" "-"
52.168.148.175 - - [03/May/2025:23:38:52 -0400] "GET /flower.php HTTP/1.1" 404 35421 "-" "-"
52.168.148.175 - - [03/May/2025:23:38:54 -0400] "GET /file.php HTTP/1.1" 404 35421 "-" "-"
52.168.148.175 - - [03/May/2025:23:38:55 -0400] "GET /meta.php HTTP/1.1" 404 35421 "-" "-"
52.168.148.175 - - [03/May/2025:23:38:58 -0400] "GET /about.php HTTP/1.1" 404 35421 "-" "-"
52.168.148.175 - - [03/May/2025:23:39:04 -0400] "GET /wp-2019.php HTTP/1.1" 404 35421 "-" "-"
52.168.148.175 - - [03/May/2025:23:39:05 -0400] "GET /chosen.php HTTP/1.1" 404 35421 "-" "-"
52.168.148.175 - - [03/May/2025:23:39:07 -0400] "GET /cron.php HTTP/1.1" 404 35421 "-" "-"
52.168.148.175 - - [03/May/2025:23:39:11 -0400] "GET /xleet.php HTTP/1.1" 404 35421 "-" "-"
52.168.148.175 - - [03/May/2025:23:39:12 -0400] "GET /spip.php HTTP/1.1" 404 35421 "-" "-"
52.168.148.175 - - [03/May/2025:23:39:15 -0400] "GET /disagreed.php HTTP/1.1" 404 35421 "-" "-"
