66.249.73.194 - - [03/May/2025:16:44:36 -0400] "GET /index.php/product/edit/33206828/shopdetail/155543752 HTTP/1.1" 200 18934 "-" "Mozilla/5.0 (Linux; Android 6.0.1; Nexus 5X Build/MMB29P) AppleWebKit/537.36 (KHTML, like Gecko) Chrome/135.0.7049.95 Mobile Safari/537.36 (compatible; Googlebot/2.1; +http://www.google.com/bot.html)"
66.249.73.194 - - [03/May/2025:16:47:15 -0400] "GET /index.php/pcmypage/shopdetail/26331852/game.html/shopdetail/10309152/hobby.html HTTP/1.1" 200 19373 "-" "Mozilla/5.0 (Linux; Android 6.0.1; Nexus 5X Build/MMB29P) AppleWebKit/537.36 (KHTML, like Gecko) Chrome/135.0.7049.95 Mobile Safari/537.36 (compatible; Googlebot/2.1; +http://www.google.com/bot.html)"
66.249.73.194 - - [03/May/2025:16:47:36 -0400] "GET /shopdetail/68820552 HTTP/1.1" 200 19770 "-" "Mozilla/5.0 (Linux; Android 6.0.1; Nexus 5X Build/MMB29P) AppleWebKit/537.36 (KHTML, like Gecko) Chrome/135.0.7049.95 Mobile Safari/537.36 (compatible; Googlebot/2.1; +http://www.google.com/bot.html)"
66.249.73.195 - - [03/May/2025:16:48:18 -0400] "GET /shopdetail/155611552 HTTP/1.1" 200 19539 "-" "Mozilla/5.0 (Linux; Android 6.0.1; Nexus 5X Build/MMB29P) AppleWebKit/537.36 (KHTML, like Gecko) Chrome/135.0.7049.95 Mobile Safari/537.36 (compatible; Googlebot/2.1; +http://www.google.com/bot.html)"
66.249.73.193 - - [03/May/2025:16:50:19 -0400] "GET /index.php/pcmypage/shopdetail/123618552/shopdetail/72295252 HTTP/1.1" 200 19343 "-" "Mozilla/5.0 (Linux; Android 6.0.1; Nexus 5X Build/MMB29P) AppleWebKit/537.36 (KHTML, like Gecko) Chrome/135.0.7049.95 Mobile Safari/537.36 (compatible; Googlebot/2.1; +http://www.google.com/bot.html)"
66.249.73.193 - - [03/May/2025:16:56:07 -0400] "GET /index.php/pcmypage/shopdetail/114583652/kaden.html/shopdetail/115572052/shopdetail/20384552/zhHant/product/surugaya/62049942/shopdetail/119240152 HTTP/1.1" 200 19776 "-" "Mozilla/5.0 (Linux; Android 6.0.1; Nexus 5X Build/MMB29P) AppleWebKit/537.36 (KHTML, like Gecko) Chrome/135.0.7049.95 Mobile Safari/537.36 (compatible; GoogleOther)"
66.249.73.195 - - [03/May/2025:17:03:12 -0400] "GET /index.phpsshopdetail/24380352 HTTP/1.1" 200 19108 "-" "Mozilla/5.0 (Linux; Android 6.0.1; Nexus 5X Build/MMB29P) AppleWebKit/537.36 (KHTML, like Gecko) Chrome/135.0.7049.95 Mobile Safari/537.36 (compatible; Googlebot/2.1; +http://www.google.com/bot.html)"
66.249.73.193 - - [03/May/2025:17:07:12 -0400] "GET /shopdetail/67142452 HTTP/1.1" 200 19329 "-" "Mozilla/5.0 (compatible; Googlebot/2.1; +http://www.google.com/bot.html)"
66.249.73.193 - - [03/May/2025:16:59:30 -0400] "POST /get-message-notify HTTP/1.1" 200 20461 "http://www.digitalbusinesscardz.acreditrepaircorp.com/index.php/pcmypage/shopdetail/114583652/kaden.html/shopdetail/115572052/shopdetail/20384552/zhHant/product/surugaya/62049942/shopdetail/119240152" "Mozilla/5.0 (Linux; Android 6.0.1; Nexus 5X Build/MMB29P) AppleWebKit/537.36 (KHTML, like Gecko) Chrome/134.0.6998.165 Mobile Safari/537.36 (compatible; Googlebot/2.1; +http://www.google.com/bot.html)"
66.249.73.194 - - [03/May/2025:17:06:50 -0400] "GET /shopdetail/82005352 HTTP/1.1" 200 20517 "-" "Mozilla/5.0 (Linux; Android 6.0.1; Nexus 5X Build/MMB29P) AppleWebKit/537.36 (KHTML, like Gecko) Chrome/135.0.7049.95 Mobile Safari/537.36 (compatible; Googlebot/2.1; +http://www.google.com/bot.html)"
66.249.73.193 - - [03/May/2025:17:07:53 -0400] "GET /index.phpsshopdetail/47565352 HTTP/1.1" 200 19172 "-" "Mozilla/5.0 (Linux; Android 6.0.1; Nexus 5X Build/MMB29P) AppleWebKit/537.36 (KHTML, like Gecko) Chrome/135.0.7049.95 Mobile Safari/537.36 (compatible; Googlebot/2.1; +http://www.google.com/bot.html)"
66.249.73.193 - - [03/May/2025:17:10:57 -0400] "GET /shopdetail/141948452 HTTP/1.1" 200 19120 "-" "Mozilla/5.0 (Linux; Android 6.0.1; Nexus 5X Build/MMB29P) AppleWebKit/537.36 (KHTML, like Gecko) Chrome/135.0.7049.95 Mobile Safari/537.36 (compatible; Googlebot/2.1; +http://www.google.com/bot.html)"
66.249.73.193 - - [03/May/2025:17:14:49 -0400] "GET /pcmypage?callback=/product%2Fdetail%2F87340946 HTTP/1.1" 200 19986 "-" "Mozilla/5.0 (Linux; Android 6.0.1; Nexus 5X Build/MMB29P) AppleWebKit/537.36 (KHTML, like Gecko) Chrome/135.0.7049.95 Mobile Safari/537.36 (compatible; Googlebot/2.1; +http://www.google.com/bot.html)"
66.249.73.193 - - [03/May/2025:17:15:20 -0400] "GET /pcmypage?callback=product%2Fdetail%2F17119735 HTTP/1.1" 200 19038 "-" "Mozilla/5.0 (Linux; Android 6.0.1; Nexus 5X Build/MMB29P) AppleWebKit/537.36 (KHTML, like Gecko) Chrome/135.0.7049.95 Mobile Safari/537.36 (compatible; Googlebot/2.1; +http://www.google.com/bot.html)"
66.249.73.193 - - [03/May/2025:17:16:14 -0400] "GET /pcmypage?callback=product/review/81734823 HTTP/1.1" 200 20011 "-" "Mozilla/5.0 (Linux; Android 6.0.1; Nexus 5X Build/MMB29P) AppleWebKit/537.36 (KHTML, like Gecko) Chrome/135.0.7049.95 Mobile Safari/537.36 (compatible; Googlebot/2.1; +http://www.google.com/bot.html)"
66.249.73.194 - - [03/May/2025:17:17:15 -0400] "GET /pcmypage?callback=product%2Fdetail%2F98509342 HTTP/1.1" 200 18734 "-" "Mozilla/5.0 (Linux; Android 6.0.1; Nexus 5X Build/MMB29P) AppleWebKit/537.36 (KHTML, like Gecko) Chrome/135.0.7049.95 Mobile Safari/537.36 (compatible; Googlebot/2.1; +http://www.google.com/bot.html)"
66.249.73.193 - - [03/May/2025:17:14:18 -0400] "GET /pcmypage?callback=product%2Fdetail%2F02390006 HTTP/1.1" 200 19342 "-" "Mozilla/5.0 (Linux; Android 6.0.1; Nexus 5X Build/MMB29P) AppleWebKit/537.36 (KHTML, like Gecko) Chrome/135.0.7049.95 Mobile Safari/537.36 (compatible; Googlebot/2.1; +http://www.google.com/bot.html)"
66.249.73.195 - - [03/May/2025:17:18:27 -0400] "GET /shopdetail/114551552 HTTP/1.1" 200 18898 "-" "Mozilla/5.0 (Linux; Android 6.0.1; Nexus 5X Build/MMB29P) AppleWebKit/537.36 (KHTML, like Gecko) Chrome/135.0.7049.95 Mobile Safari/537.36 (compatible; Googlebot/2.1; +http://www.google.com/bot.html)"
66.249.73.194 - - [03/May/2025:17:18:27 -0400] "GET /shopdetail/86230152 HTTP/1.1" 200 19391 "-" "Mozilla/5.0 (compatible; Googlebot/2.1; +http://www.google.com/bot.html)"
66.249.73.193 - - [03/May/2025:17:29:18 -0400] "GET /shopdetail/23208152 HTTP/1.1" 200 19294 "-" "Mozilla/5.0 (compatible; Googlebot/2.1; +http://www.google.com/bot.html)"
66.249.73.194 - - [03/May/2025:17:30:13 -0400] "GET /pcmypage?callback=product/review/35027988 HTTP/1.1" 200 21116 "-" "Mozilla/5.0 (Linux; Android 6.0.1; Nexus 5X Build/MMB29P) AppleWebKit/537.36 (KHTML, like Gecko) Chrome/135.0.7049.95 Mobile Safari/537.36 (compatible; Googlebot/2.1; +http://www.google.com/bot.html)"
66.249.73.193 - - [03/May/2025:17:19:46 -0400] "GET /pcmypage?callback=product%2Fdetail%2F18043588 HTTP/1.1" 200 19218 "-" "Mozilla/5.0 (Linux; Android 6.0.1; Nexus 5X Build/MMB29P) AppleWebKit/537.36 (KHTML, like Gecko) Chrome/135.0.7049.95 Mobile Safari/537.36 (compatible; Googlebot/2.1; +http://www.google.com/bot.html)"
66.249.73.194 - - [03/May/2025:17:19:51 -0400] "POST /get-message-notify HTTP/1.1" 200 20461 "http://www.digitalbusinesscardz.acreditrepaircorp.com/pcmypage?callback=product%2Fdetail%2F18043588" "Mozilla/5.0 (Linux; Android 6.0.1; Nexus 5X Build/MMB29P) AppleWebKit/537.36 (KHTML, like Gecko) Chrome/134.0.6998.165 Mobile Safari/537.36 (compatible; Googlebot/2.1; +http://www.google.com/bot.html)"
66.249.73.194 - - [03/May/2025:17:27:31 -0400] "GET /shopdetail/153615352 HTTP/1.1" 200 19201 "-" "Mozilla/5.0 (Linux; Android 6.0.1; Nexus 5X Build/MMB29P) AppleWebKit/537.36 (KHTML, like Gecko) Chrome/135.0.7049.95 Mobile Safari/537.36 (compatible; Googlebot/2.1; +http://www.google.com/bot.html)"
66.249.73.193 - - [03/May/2025:17:29:15 -0400] "GET /shopdetail/77398452 HTTP/1.1" 200 19723 "-" "Mozilla/5.0 (Linux; Android 6.0.1; Nexus 5X Build/MMB29P) AppleWebKit/537.36 (KHTML, like Gecko) Chrome/135.0.7049.95 Mobile Safari/537.36 (compatible; GoogleOther)"
66.249.73.194 - - [03/May/2025:17:30:34 -0400] "GET /shopdetail/19088152 HTTP/1.1" 200 20293 "-" "Mozilla/5.0 (Linux; Android 6.0.1; Nexus 5X Build/MMB29P) AppleWebKit/537.36 (KHTML, like Gecko) Chrome/135.0.7049.95 Mobile Safari/537.36 (compatible; GoogleOther)"
66.249.73.195 - - [03/May/2025:17:31:18 -0400] "GET /pcmypage?callback=product%2Fdetail%2F14634105 HTTP/1.1" 200 18758 "-" "Mozilla/5.0 (Linux; Android 6.0.1; Nexus 5X Build/MMB29P) AppleWebKit/537.36 (KHTML, like Gecko) Chrome/135.0.7049.95 Mobile Safari/537.36 (compatible; Googlebot/2.1; +http://www.google.com/bot.html)"
66.249.73.195 - - [03/May/2025:17:34:39 -0400] "POST /get-message-notify HTTP/1.1" 200 20461 "http://www.digitalbusinesscardz.acreditrepaircorp.com/index.php/pcmypage/shopdetail/87174152/shopdetail/165617152" "Mozilla/5.0 (Linux; Android 6.0.1; Nexus 5X Build/MMB29P) AppleWebKit/537.36 (KHTML, like Gecko) Chrome/134.0.6998.165 Mobile Safari/537.36 (compatible; Googlebot/2.1; +http://www.google.com/bot.html)"
66.249.73.193 - - [03/May/2025:17:34:45 -0400] "POST /get-message-notify HTTP/1.1" 200 20461 "http://www.digitalbusinesscardz.acreditrepaircorp.com/index.php/zhHant/product/surugaya/31382947/shopdetail/123327052/shopdetail/147890552" "Mozilla/5.0 (Linux; Android 6.0.1; Nexus 5X Build/MMB29P) AppleWebKit/537.36 (KHTML, like Gecko) Chrome/134.0.6998.165 Mobile Safari/537.36 (compatible; Googlebot/2.1; +http://www.google.com/bot.html)"
66.249.73.194 - - [03/May/2025:17:36:39 -0400] "GET /shopdetail/10276352 HTTP/1.1" 200 19319 "-" "Mozilla/5.0 (Linux; Android 6.0.1; Nexus 5X Build/MMB29P) AppleWebKit/537.36 (KHTML, like Gecko) Chrome/135.0.7049.95 Mobile Safari/537.36 (compatible; Googlebot/2.1; +http://www.google.com/bot.html)"
66.249.73.194 - - [03/May/2025:17:46:20 -0400] "GET /pcmypage?callback=product/review/96167495 HTTP/1.1" 200 19500 "-" "Mozilla/5.0 (Linux; Android 6.0.1; Nexus 5X Build/MMB29P) AppleWebKit/537.36 (KHTML, like Gecko) Chrome/135.0.7049.95 Mobile Safari/537.36 (compatible; Googlebot/2.1; +http://www.google.com/bot.html)"
66.249.73.195 - - [03/May/2025:17:47:27 -0400] "GET /shopdetail/43929152 HTTP/1.1" 200 19700 "-" "Mozilla/5.0 (Linux; Android 6.0.1; Nexus 5X Build/MMB29P) AppleWebKit/537.36 (KHTML, like Gecko) Chrome/135.0.7049.95 Mobile Safari/537.36 (compatible; GoogleOther)"
66.249.73.195 - - [03/May/2025:17:48:51 -0400] "GET /shopdetail/148499052 HTTP/1.1" 200 18917 "-" "Mozilla/5.0 (Linux; Android 6.0.1; Nexus 5X Build/MMB29P) AppleWebKit/537.36 (KHTML, like Gecko) Chrome/135.0.7049.95 Mobile Safari/537.36 (compatible; GoogleOther)"
66.249.73.194 - - [03/May/2025:17:49:18 -0400] "POST /get-message-notify HTTP/1.1" 200 20461 "http://www.digitalbusinesscardz.acreditrepaircorp.com/shopdetail/148499052" "Mozilla/5.0 (Linux; Android 6.0.1; Nexus 5X Build/MMB29P) AppleWebKit/537.36 (KHTML, like Gecko) Chrome/134.0.6998.165 Mobile Safari/537.36 (compatible; Googlebot/2.1; +http://www.google.com/bot.html)"
66.249.73.193 - - [03/May/2025:17:49:27 -0400] "GET /shopdetail/42162252 HTTP/1.1" 200 19507 "-" "Mozilla/5.0 (Linux; Android 6.0.1; Nexus 5X Build/MMB29P) AppleWebKit/537.36 (KHTML, like Gecko) Chrome/135.0.7049.95 Mobile Safari/537.36 (compatible; GoogleOther)"
66.249.73.193 - - [03/May/2025:17:49:30 -0400] "GET /shopdetail/33954252 HTTP/1.1" 200 19041 "-" "Mozilla/5.0 (Linux; Android 6.0.1; Nexus 5X Build/MMB29P) AppleWebKit/537.36 (KHTML, like Gecko) Chrome/135.0.7049.95 Mobile Safari/537.36 (compatible; GoogleOther)"
66.249.73.193 - - [03/May/2025:17:34:54 -0400] "POST /get-message-notify HTTP/1.1" 200 20461 "http://www.digitalbusinesscardz.acreditrepaircorp.com/shopdetail/19088152" "Mozilla/5.0 (Linux; Android 6.0.1; Nexus 5X Build/MMB29P) AppleWebKit/537.36 (KHTML, like Gecko) Chrome/134.0.6998.165 Mobile Safari/537.36 (compatible; Googlebot/2.1; +http://www.google.com/bot.html)"
66.249.73.195 - - [03/May/2025:17:38:18 -0400] "GET /shopdetail/87283052 HTTP/1.1" 200 19389 "-" "Mozilla/5.0 (Linux; Android 6.0.1; Nexus 5X Build/MMB29P) AppleWebKit/537.36 (KHTML, like Gecko) Chrome/135.0.7049.95 Mobile Safari/537.36 (compatible; Googlebot/2.1; +http://www.google.com/bot.html)"
66.249.73.194 - - [03/May/2025:17:38:27 -0400] "GET /product/edit/63729910 HTTP/1.1" 200 19858 "-" "Mozilla/5.0 (compatible; Googlebot/2.1; +http://www.google.com/bot.html)"
66.249.73.195 - - [03/May/2025:17:42:59 -0400] "POST /get-message-notify HTTP/1.1" 200 20461 "http://www.digitalbusinesscardz.acreditrepaircorp.com/safe_search/config?return_url=%2Fproduct%2Fdetail%2F21839330" "Mozilla/5.0 (Linux; Android 6.0.1; Nexus 5X Build/MMB29P) AppleWebKit/537.36 (KHTML, like Gecko) Chrome/134.0.6998.165 Mobile Safari/537.36 (compatible; Googlebot/2.1; +http://www.google.com/bot.html)"
66.249.73.194 - - [03/May/2025:17:43:33 -0400] "GET /pcmypage?callback=product/review/65736064 HTTP/1.1" 200 20402 "-" "Mozilla/5.0 (compatible; Googlebot/2.1; +http://www.google.com/bot.html)"
66.249.73.195 - - [03/May/2025:17:44:23 -0400] "POST /get-message-notify HTTP/1.1" 200 20461 "http://www.digitalbusinesscardz.acreditrepaircorp.com/index.php/product/edit/20840515/shopdetail/157901652/shopdetail/40547752" "Mozilla/5.0 (Linux; Android 6.0.1; Nexus 5X Build/MMB29P) AppleWebKit/537.36 (KHTML, like Gecko) Chrome/134.0.6998.165 Mobile Safari/537.36 (compatible; Googlebot/2.1; +http://www.google.com/bot.html)"
66.249.73.194 - - [03/May/2025:17:46:39 -0400] "POST /get-message-notify HTTP/1.1" 200 20461 "http://www.digitalbusinesscardz.acreditrepaircorp.com/pcmypage?callback=product/review/96167495" "Mozilla/5.0 (Linux; Android 6.0.1; Nexus 5X Build/MMB29P) AppleWebKit/537.36 (KHTML, like Gecko) Chrome/134.0.6998.165 Mobile Safari/537.36 (compatible; Googlebot/2.1; +http://www.google.com/bot.html)"
66.249.73.193 - - [03/May/2025:17:52:17 -0400] "POST /get-message-notify HTTP/1.1" 200 20461 "http://www.digitalbusinesscardz.acreditrepaircorp.com/shopdetail/33954252" "Mozilla/5.0 (Linux; Android 6.0.1; Nexus 5X Build/MMB29P) AppleWebKit/537.36 (KHTML, like Gecko) Chrome/134.0.6998.165 Mobile Safari/537.36 (compatible; Googlebot/2.1; +http://www.google.com/bot.html)"
66.249.73.193 - - [03/May/2025:17:54:05 -0400] "POST /get-message-notify HTTP/1.1" 200 20461 "http://www.digitalbusinesscardz.acreditrepaircorp.com/index.php/zhHant/product/surugaya/31382947/shopdetail/123327052/shopdetail/99871052" "Mozilla/5.0 (Linux; Android 6.0.1; Nexus 5X Build/MMB29P) AppleWebKit/537.36 (KHTML, like Gecko) Chrome/134.0.6998.165 Mobile Safari/537.36 (compatible; Googlebot/2.1; +http://www.google.com/bot.html)"
66.249.73.194 - - [03/May/2025:17:57:32 -0400] "GET /shopdetail/29824652 HTTP/1.1" 200 20830 "-" "Mozilla/5.0 (Linux; Android 6.0.1; Nexus 5X Build/MMB29P) AppleWebKit/537.36 (KHTML, like Gecko) Chrome/135.0.7049.95 Mobile Safari/537.36 (compatible; GoogleOther)"
66.249.73.195 - - [03/May/2025:17:51:41 -0400] "POST /get-message-notify HTTP/1.1" 200 20463 "http://www.digitalbusinesscardz.acreditrepaircorp.com/shopdetail/42162252" "Mozilla/5.0 (Linux; Android 6.0.1; Nexus 5X Build/MMB29P) AppleWebKit/537.36 (KHTML, like Gecko) Chrome/134.0.6998.165 Mobile Safari/537.36 (compatible; Googlebot/2.1; +http://www.google.com/bot.html)"
66.249.73.194 - - [03/May/2025:17:53:14 -0400] "GET /shopdetail/80680952 HTTP/1.1" 200 19368 "-" "Mozilla/5.0 (Linux; Android 6.0.1; Nexus 5X Build/MMB29P) AppleWebKit/537.36 (KHTML, like Gecko) Chrome/135.0.7049.95 Mobile Safari/537.36 (compatible; GoogleOther)"
66.249.73.194 - - [03/May/2025:17:54:49 -0400] "GET /index.php/pcmypage?callback=product%2Fdetail%2F91346186 HTTP/1.1" 200 18874 "-" "Mozilla/5.0 (compatible; Googlebot/2.1; +http://www.google.com/bot.html)"
66.249.73.193 - - [03/May/2025:17:55:14 -0400] "GET /pcmypage?callback=product%2Fdetail%2F89129664 HTTP/1.1" 200 19679 "-" "Mozilla/5.0 (Linux; Android 6.0.1; Nexus 5X Build/MMB29P) AppleWebKit/537.36 (KHTML, like Gecko) Chrome/135.0.7049.95 Mobile Safari/537.36 (compatible; Googlebot/2.1; +http://www.google.com/bot.html)"
66.249.73.194 - - [03/May/2025:17:56:08 -0400] "GET /shopdetail/84075452 HTTP/1.1" 200 18762 "-" "Mozilla/5.0 (compatible; Googlebot/2.1; +http://www.google.com/bot.html)"
66.249.73.193 - - [03/May/2025:17:56:14 -0400] "GET /safe_search/config?return_url=%2Fproduct%2Fdetail%2F78916915 HTTP/1.1" 200 19483 "-" "Mozilla/5.0 (Linux; Android 6.0.1; Nexus 5X Build/MMB29P) AppleWebKit/537.36 (KHTML, like Gecko) Chrome/135.0.7049.95 Mobile Safari/537.36 (compatible; Googlebot/2.1; +http://www.google.com/bot.html)"
66.249.73.194 - - [03/May/2025:18:02:18 -0400] "POST /get-message-notify HTTP/1.1" 200 20461 "http://www.digitalbusinesscardz.acreditrepaircorp.com/index.php/pcmypage/shopdetail/114583652/kaden.html/shopdetail/115572052/shopdetail/20384552/affiliate/feature/utsunomiya/index.html" "Mozilla/5.0 (Linux; Android 6.0.1; Nexus 5X Build/MMB29P) AppleWebKit/537.36 (KHTML, like Gecko) Chrome/134.0.6998.165 Mobile Safari/537.36 (compatible; Googlebot/2.1; +http://www.google.com/bot.html)"
66.249.73.193 - - [03/May/2025:17:58:15 -0400] "GET /pcmypage?callback=/product%2Fdetail%2F01955815 HTTP/1.1" 200 20534 "-" "Mozilla/5.0 (Linux; Android 6.0.1; Nexus 5X Build/MMB29P) AppleWebKit/537.36 (KHTML, like Gecko) Chrome/135.0.7049.95 Mobile Safari/537.36 (compatible; Googlebot/2.1; +http://www.google.com/bot.html)"
66.249.73.195 - - [03/May/2025:17:59:43 -0400] "GET /index.php/pcmypage/shopdetail/114583652/kaden.html/shopdetail/115572052/shopdetail/20384552/affiliate/feature/utsunomiya/index.html HTTP/1.1" 200 19898 "-" "Mozilla/5.0 (Linux; Android 6.0.1; Nexus 5X Build/MMB29P) AppleWebKit/537.36 (KHTML, like Gecko) Chrome/135.0.7049.95 Mobile Safari/537.36 (compatible; GoogleOther)"
66.249.73.195 - - [03/May/2025:18:07:55 -0400] "GET /index.phpsshopdetail/108808852 HTTP/1.1" 200 18831 "-" "Mozilla/5.0 (Linux; Android 6.0.1; Nexus 5X Build/MMB29P) AppleWebKit/537.36 (KHTML, like Gecko) Chrome/135.0.7049.95 Mobile Safari/537.36 (compatible; Googlebot/2.1; +http://www.google.com/bot.html)"
66.249.73.193 - - [03/May/2025:18:12:04 -0400] "GET /shopdetail/27425552 HTTP/1.1" 200 18715 "-" "Mozilla/5.0 (Linux; Android 6.0.1; Nexus 5X Build/MMB29P) AppleWebKit/537.36 (KHTML, like Gecko) Chrome/135.0.7049.95 Mobile Safari/537.36 (compatible; Googlebot/2.1; +http://www.google.com/bot.html)"
66.249.73.193 - - [03/May/2025:18:18:17 -0400] "GET /zhHant/product/surugaya/99351024?campaign_uid=f64d716db5e979ed2f947dbaf4296895b951ae7f HTTP/1.1" 200 19115 "-" "Mozilla/5.0 (compatible; Googlebot/2.1; +http://www.google.com/bot.html)"
66.249.73.194 - - [03/May/2025:18:18:38 -0400] "GET /shopdetail/118255952 HTTP/1.1" 200 18618 "-" "Mozilla/5.0 (Linux; Android 6.0.1; Nexus 5X Build/MMB29P) AppleWebKit/537.36 (KHTML, like Gecko) Chrome/135.0.7049.95 Mobile Safari/537.36 (compatible; GoogleOther)"
66.249.73.195 - - [03/May/2025:18:20:24 -0400] "POST /get-message-notify HTTP/1.1" 200 20461 "http://www.digitalbusinesscardz.acreditrepaircorp.com/index.php/zhHant/product/surugaya/31382947/shopdetail/123327052/feature/utsunomiya/index.html" "Mozilla/5.0 (Linux; Android 6.0.1; Nexus 5X Build/MMB29P) AppleWebKit/537.36 (KHTML, like Gecko) Chrome/134.0.6998.165 Mobile Safari/537.36 (compatible; Googlebot/2.1; +http://www.google.com/bot.html)"
66.249.73.193 - - [03/May/2025:18:22:26 -0400] "GET /index.phpsshopdetail/30496152 HTTP/1.1" 200 20021 "-" "Mozilla/5.0 (Linux; Android 6.0.1; Nexus 5X Build/MMB29P) AppleWebKit/537.36 (KHTML, like Gecko) Chrome/135.0.7049.95 Mobile Safari/537.36 (compatible; Googlebot/2.1; +http://www.google.com/bot.html)"
66.249.73.193 - - [03/May/2025:18:22:47 -0400] "POST /get-message-notify HTTP/1.1" 200 20461 "http://www.digitalbusinesscardz.acreditrepaircorp.com/shopdetail/139552652" "Mozilla/5.0 (Linux; Android 6.0.1; Nexus 5X Build/MMB29P) AppleWebKit/537.36 (KHTML, like Gecko) Chrome/134.0.6998.165 Mobile Safari/537.36 (compatible; Googlebot/2.1; +http://www.google.com/bot.html)"
66.249.73.193 - - [03/May/2025:18:22:55 -0400] "GET /shopdetail/466352 HTTP/1.1" 200 19333 "-" "Mozilla/5.0 (Linux; Android 6.0.1; Nexus 5X Build/MMB29P) AppleWebKit/537.36 (KHTML, like Gecko) Chrome/135.0.7049.95 Mobile Safari/537.36 (compatible; Googlebot/2.1; +http://www.google.com/bot.html)"
66.249.73.193 - - [03/May/2025:18:23:51 -0400] "GET /index.php/pcmypage/shopdetail/87174152/shopdetail/123653852 HTTP/1.1" 200 19130 "-" "Mozilla/5.0 (compatible; Googlebot/2.1; +http://www.google.com/bot.html)"
66.249.73.195 - - [03/May/2025:18:23:53 -0400] "GET /shopdetail/32005052 HTTP/1.1" 200 19133 "-" "Mozilla/5.0 (Linux; Android 6.0.1; Nexus 5X Build/MMB29P) AppleWebKit/537.36 (KHTML, like Gecko) Chrome/135.0.7049.95 Mobile Safari/537.36 (compatible; Googlebot/2.1; +http://www.google.com/bot.html)"
66.249.73.193 - - [03/May/2025:18:24:08 -0400] "POST /get-message-notify HTTP/1.1" 200 20460 "http://www.digitalbusinesscardz.acreditrepaircorp.com/index.php/zhHant/product/surugaya/31382947/shopdetail/21630052/shopdetail/54971852" "Mozilla/5.0 (Linux; Android 6.0.1; Nexus 5X Build/MMB29P) AppleWebKit/537.36 (KHTML, like Gecko) Chrome/134.0.6998.165 Mobile Safari/537.36 (compatible; Googlebot/2.1; +http://www.google.com/bot.html)"
66.249.73.194 - - [03/May/2025:18:24:28 -0400] "POST /get-message-notify HTTP/1.1" 200 20460 "http://www.digitalbusinesscardz.acreditrepaircorp.com/shopdetail/32005052" "Mozilla/5.0 (Linux; Android 6.0.1; Nexus 5X Build/MMB29P) AppleWebKit/537.36 (KHTML, like Gecko) Chrome/134.0.6998.165 Mobile Safari/537.36 (compatible; Googlebot/2.1; +http://www.google.com/bot.html)"
66.249.73.193 - - [03/May/2025:18:24:38 -0400] "GET /pcmypage?callback=product/review/32165164 HTTP/1.1" 200 19200 "-" "Mozilla/5.0 (Linux; Android 6.0.1; Nexus 5X Build/MMB29P) AppleWebKit/537.36 (KHTML, like Gecko) Chrome/135.0.7049.95 Mobile Safari/537.36 (compatible; GoogleOther)"
66.249.73.193 - - [03/May/2025:18:24:42 -0400] "POST /get-message-notify HTTP/1.1" 200 20462 "http://www.digitalbusinesscardz.acreditrepaircorp.com/pcmypage?callback=product/review/32165164" "Mozilla/5.0 (Linux; Android 6.0.1; Nexus 5X Build/MMB29P) AppleWebKit/537.36 (KHTML, like Gecko) Chrome/134.0.6998.165 Mobile Safari/537.36 (compatible; Googlebot/2.1; +http://www.google.com/bot.html)"
66.249.73.193 - - [03/May/2025:18:24:49 -0400] "GET /shopdetail/153290752 HTTP/1.1" 200 19862 "-" "Mozilla/5.0 (Linux; Android 6.0.1; Nexus 5X Build/MMB29P) AppleWebKit/537.36 (KHTML, like Gecko) Chrome/135.0.7049.95 Mobile Safari/537.36 (compatible; Googlebot/2.1; +http://www.google.com/bot.html)"
66.249.73.193 - - [03/May/2025:18:24:52 -0400] "POST /get-message-notify HTTP/1.1" 200 20460 "http://www.digitalbusinesscardz.acreditrepaircorp.com/shopdetail/153290752" "Mozilla/5.0 (Linux; Android 6.0.1; Nexus 5X Build/MMB29P) AppleWebKit/537.36 (KHTML, like Gecko) Chrome/134.0.6998.165 Mobile Safari/537.36 (compatible; Googlebot/2.1; +http://www.google.com/bot.html)"
66.249.73.193 - - [03/May/2025:18:10:03 -0400] "GET /shopdetail/15486452 HTTP/1.1" 200 19544 "-" "Mozilla/5.0 (compatible; Googlebot/2.1; +http://www.google.com/bot.html)"
66.249.73.195 - - [03/May/2025:18:17:15 -0400] "GET /safe_search/config?return_url=%2Fproduct%2Fdetail%2F53075240 HTTP/1.1" 200 19519 "-" "Mozilla/5.0 (Linux; Android 6.0.1; Nexus 5X Build/MMB29P) AppleWebKit/537.36 (KHTML, like Gecko) Chrome/135.0.7049.95 Mobile Safari/537.36 (compatible; Googlebot/2.1; +http://www.google.com/bot.html)"
66.249.73.193 - - [03/May/2025:18:18:50 -0400] "POST /get-message-notify HTTP/1.1" 200 20461 "http://www.digitalbusinesscardz.acreditrepaircorp.com/shopdetail/118255952" "Mozilla/5.0 (Linux; Android 6.0.1; Nexus 5X Build/MMB29P) AppleWebKit/537.36 (KHTML, like Gecko) Chrome/134.0.6998.165 Mobile Safari/537.36 (compatible; Googlebot/2.1; +http://www.google.com/bot.html)"
66.249.73.194 - - [03/May/2025:18:19:31 -0400] "GET /shopdetail/98801152 HTTP/1.1" 200 19331 "-" "Mozilla/5.0 (Linux; Android 6.0.1; Nexus 5X Build/MMB29P) AppleWebKit/537.36 (KHTML, like Gecko) Chrome/135.0.7049.95 Mobile Safari/537.36 (compatible; GoogleOther)"
66.249.73.194 - - [03/May/2025:18:19:35 -0400] "POST /get-message-notify HTTP/1.1" 200 20461 "http://www.digitalbusinesscardz.acreditrepaircorp.com/shopdetail/98801152" "Mozilla/5.0 (Linux; Android 6.0.1; Nexus 5X Build/MMB29P) AppleWebKit/537.36 (KHTML, like Gecko) Chrome/134.0.6998.165 Mobile Safari/537.36 (compatible; Googlebot/2.1; +http://www.google.com/bot.html)"
66.249.73.193 - - [03/May/2025:18:21:49 -0400] "GET /shopdetail/81529352 HTTP/1.1" 200 20080 "-" "Mozilla/5.0 (Linux; Android 6.0.1; Nexus 5X Build/MMB29P) AppleWebKit/537.36 (KHTML, like Gecko) Chrome/135.0.7049.95 Mobile Safari/537.36 (compatible; Googlebot/2.1; +http://www.google.com/bot.html)"
66.249.73.193 - - [03/May/2025:18:22:42 -0400] "GET /shopdetail/139552652 HTTP/1.1" 200 19432 "-" "Mozilla/5.0 (Linux; Android 6.0.1; Nexus 5X Build/MMB29P) AppleWebKit/537.36 (KHTML, like Gecko) Chrome/135.0.7049.95 Mobile Safari/537.36 (compatible; GoogleOther)"
66.249.73.195 - - [03/May/2025:18:25:08 -0400] "GET /shopdetail/39054852 HTTP/1.1" 200 21069 "-" "Mozilla/5.0 (Linux; Android 6.0.1; Nexus 5X Build/MMB29P) AppleWebKit/537.36 (KHTML, like Gecko) Chrome/135.0.7049.95 Mobile Safari/537.36 (compatible; Googlebot/2.1; +http://www.google.com/bot.html)"
66.249.73.195 - - [03/May/2025:18:26:21 -0400] "GET /shopdetail/115910752 HTTP/1.1" 200 18797 "-" "Mozilla/5.0 (Linux; Android 6.0.1; Nexus 5X Build/MMB29P) AppleWebKit/537.36 (KHTML, like Gecko) Chrome/135.0.7049.95 Mobile Safari/537.36 (compatible; Googlebot/2.1; +http://www.google.com/bot.html)"
66.249.73.193 - - [03/May/2025:18:29:19 -0400] "GET /shopdetail/51739552 HTTP/1.1" 200 20182 "-" "Mozilla/5.0 (Linux; Android 6.0.1; Nexus 5X Build/MMB29P) AppleWebKit/537.36 (KHTML, like Gecko) Chrome/135.0.7049.95 Mobile Safari/537.36 (compatible; Googlebot/2.1; +http://www.google.com/bot.html)"
66.249.73.193 - - [03/May/2025:18:32:30 -0400] "POST /get-message-notify HTTP/1.1" 200 20461 "http://www.digitalbusinesscardz.acreditrepaircorp.com/shopdetail/37793052" "Mozilla/5.0 (Linux; Android 6.0.1; Nexus 5X Build/MMB29P) AppleWebKit/537.36 (KHTML, like Gecko) Chrome/134.0.6998.165 Mobile Safari/537.36 (compatible; Googlebot/2.1; +http://www.google.com/bot.html)"
66.249.73.195 - - [03/May/2025:18:33:07 -0400] "GET /shopdetail/60028152 HTTP/1.1" 200 18730 "-" "Mozilla/5.0 (Linux; Android 6.0.1; Nexus 5X Build/MMB29P) AppleWebKit/537.36 (KHTML, like Gecko) Chrome/135.0.7049.95 Mobile Safari/537.36 (compatible; Googlebot/2.1; +http://www.google.com/bot.html)"
66.249.73.193 - - [03/May/2025:18:34:05 -0400] "GET /index.php/pcmypage/shopdetail/82427452/shopdetail/51748352 HTTP/1.1" 200 20739 "-" "Mozilla/5.0 (Linux; Android 6.0.1; Nexus 5X Build/MMB29P) AppleWebKit/537.36 (KHTML, like Gecko) Chrome/135.0.7049.95 Mobile Safari/537.36 (compatible; Googlebot/2.1; +http://www.google.com/bot.html)"
66.249.73.194 - - [03/May/2025:18:34:24 -0400] "GET /index.php/safe_search/config/shopdetail/37974452/shopdetail/143250152/pcmypage/ HTTP/1.1" 200 19264 "-" "Mozilla/5.0 (Linux; Android 6.0.1; Nexus 5X Build/MMB29P) AppleWebKit/537.36 (KHTML, like Gecko) Chrome/135.0.7049.95 Mobile Safari/537.36 (compatible; Googlebot/2.1; +http://www.google.com/bot.html)"
66.249.73.193 - - [03/May/2025:18:34:38 -0400] "GET /index.php/product/edit/20840515/oreka/plamodel_menu.html/shopdetail/19263552 HTTP/1.1" 200 19062 "-" "Mozilla/5.0 (Linux; Android 6.0.1; Nexus 5X Build/MMB29P) AppleWebKit/537.36 (KHTML, like Gecko) Chrome/135.0.7049.95 Mobile Safari/537.36 (compatible; Googlebot/2.1; +http://www.google.com/bot.html)"
66.249.73.193 - - [03/May/2025:18:34:59 -0400] "GET /shopdetail/129184052 HTTP/1.1" 200 19691 "-" "Mozilla/5.0 (Linux; Android 6.0.1; Nexus 5X Build/MMB29P) AppleWebKit/537.36 (KHTML, like Gecko) Chrome/135.0.7049.95 Mobile Safari/537.36 (compatible; Googlebot/2.1; +http://www.google.com/bot.html)"
66.249.73.193 - - [03/May/2025:18:35:25 -0400] "GET /index.php/pcmypage/zhHant/product/surugaya/12348211/oreka/plamodel_menu.html HTTP/1.1" 200 19228 "-" "Mozilla/5.0 (Linux; Android 6.0.1; Nexus 5X Build/MMB29P) AppleWebKit/537.36 (KHTML, like Gecko) Chrome/135.0.7049.95 Mobile Safari/537.36 (compatible; Googlebot/2.1; +http://www.google.com/bot.html)"
66.249.73.195 - - [03/May/2025:18:36:52 -0400] "POST /get-message-notify HTTP/1.1" 200 20460 "http://www.digitalbusinesscardz.acreditrepaircorp.com/shopdetail/36271552" "Mozilla/5.0 (Linux; Android 6.0.1; Nexus 5X Build/MMB29P) AppleWebKit/537.36 (KHTML, like Gecko) Chrome/134.0.6998.165 Mobile Safari/537.36 (compatible; Googlebot/2.1; +http://www.google.com/bot.html)"
66.249.73.193 - - [03/May/2025:18:37:30 -0400] "GET /shopdetail/6194252 HTTP/1.1" 200 19198 "-" "Mozilla/5.0 (Linux; Android 6.0.1; Nexus 5X Build/MMB29P) AppleWebKit/537.36 (KHTML, like Gecko) Chrome/135.0.7049.95 Mobile Safari/537.36 (compatible; GoogleOther)"
66.249.73.193 - - [03/May/2025:18:25:45 -0400] "GET /shopdetail/120798552 HTTP/1.1" 200 18890 "-" "Mozilla/5.0 (Linux; Android 6.0.1; Nexus 5X Build/MMB29P) AppleWebKit/537.36 (KHTML, like Gecko) Chrome/135.0.7049.95 Mobile Safari/537.36 (compatible; Googlebot/2.1; +http://www.google.com/bot.html)"
66.249.73.195 - - [03/May/2025:18:27:20 -0400] "POST /get-message-notify HTTP/1.1" 200 20492 "http://www.digitalbusinesscardz.acreditrepaircorp.com/pcmypage?callback=product/review/32165164" "Mozilla/5.0 (Linux; Android 6.0.1; Nexus 5X Build/MMB29P) AppleWebKit/537.36 (KHTML, like Gecko) Chrome/134.0.6998.165 Mobile Safari/537.36 (compatible; Googlebot/2.1; +http://www.google.com/bot.html)"
66.249.73.195 - - [03/May/2025:18:28:44 -0400] "GET /shopdetail/154224152 HTTP/1.1" 200 19433 "-" "Mozilla/5.0 (Linux; Android 6.0.1; Nexus 5X Build/MMB29P) AppleWebKit/537.36 (KHTML, like Gecko) Chrome/135.0.7049.95 Mobile Safari/537.36 (compatible; Googlebot/2.1; +http://www.google.com/bot.html)"
66.249.73.195 - - [03/May/2025:18:29:22 -0400] "POST /get-message-notify HTTP/1.1" 200 20461 "http://www.digitalbusinesscardz.acreditrepaircorp.com/shopdetail/51739552" "Mozilla/5.0 (Linux; Android 6.0.1; Nexus 5X Build/MMB29P) AppleWebKit/537.36 (KHTML, like Gecko) Chrome/134.0.6998.165 Mobile Safari/537.36 (compatible; Googlebot/2.1; +http://www.google.com/bot.html)"
66.249.73.194 - - [03/May/2025:18:31:41 -0400] "GET /shopdetail/37793052 HTTP/1.1" 200 18921 "-" "Mozilla/5.0 (Linux; Android 6.0.1; Nexus 5X Build/MMB29P) AppleWebKit/537.36 (KHTML, like Gecko) Chrome/135.0.7049.95 Mobile Safari/537.36 (compatible; GoogleOther)"
66.249.73.193 - - [03/May/2025:18:32:02 -0400] "GET /shopdetail/149245852 HTTP/1.1" 200 20080 "-" "Mozilla/5.0 (Linux; Android 6.0.1; Nexus 5X Build/MMB29P) AppleWebKit/537.36 (KHTML, like Gecko) Chrome/135.0.7049.95 Mobile Safari/537.36 (compatible; GoogleOther)"
66.249.73.194 - - [03/May/2025:18:32:06 -0400] "POST /get-message-notify HTTP/1.1" 200 20461 "http://www.digitalbusinesscardz.acreditrepaircorp.com/shopdetail/149245852" "Mozilla/5.0 (Linux; Android 6.0.1; Nexus 5X Build/MMB29P) AppleWebKit/537.36 (KHTML, like Gecko) Chrome/134.0.6998.165 Mobile Safari/537.36 (compatible; Googlebot/2.1; +http://www.google.com/bot.html)"
66.249.73.193 - - [03/May/2025:18:32:13 -0400] "POST /get-message-notify HTTP/1.1" 200 20463 "http://www.digitalbusinesscardz.acreditrepaircorp.com/index.php/safe_search/config/shopdetail/70972752/shopdetail/32564952" "Mozilla/5.0 (Linux; Android 6.0.1; Nexus 5X Build/MMB29P) AppleWebKit/537.36 (KHTML, like Gecko) Chrome/134.0.6998.165 Mobile Safari/537.36 (compatible; Googlebot/2.1; +http://www.google.com/bot.html)"
66.249.73.193 - - [03/May/2025:18:33:06 -0400] "POST /get-message-notify HTTP/1.1" 200 20461 "http://www.digitalbusinesscardz.acreditrepaircorp.com/index.php/pcmypage/shopdetail/144176752/product/edit/16214744" "Mozilla/5.0 (Linux; Android 6.0.1; Nexus 5X Build/MMB29P) AppleWebKit/537.36 (KHTML, like Gecko) Chrome/134.0.6998.165 Mobile Safari/537.36 (compatible; Googlebot/2.1; +http://www.google.com/bot.html)"
66.249.73.193 - - [03/May/2025:18:35:41 -0400] "GET /shopdetail/36271552 HTTP/1.1" 200 20331 "-" "Mozilla/5.0 (Linux; Android 6.0.1; Nexus 5X Build/MMB29P) AppleWebKit/537.36 (KHTML, like Gecko) Chrome/135.0.7049.95 Mobile Safari/537.36 (compatible; GoogleOther)"
66.249.73.195 - - [03/May/2025:18:37:19 -0400] "GET /index.php/safe_search/config/shopdetail/137451152/shopdetail/63656852/events/ HTTP/1.1" 200 20525 "-" "Mozilla/5.0 (Linux; Android 6.0.1; Nexus 5X Build/MMB29P) AppleWebKit/537.36 (KHTML, like Gecko) Chrome/135.0.7049.95 Mobile Safari/537.36 (compatible; Googlebot/2.1; +http://www.google.com/bot.html)"
66.249.73.193 - - [03/May/2025:18:38:44 -0400] "GET /shopdetail/86226452 HTTP/1.1" 200 19671 "-" "Mozilla/5.0 (Linux; Android 6.0.1; Nexus 5X Build/MMB29P) AppleWebKit/537.36 (KHTML, like Gecko) Chrome/135.0.7049.95 Mobile Safari/537.36 (compatible; Googlebot/2.1; +http://www.google.com/bot.html)"
66.249.73.193 - - [03/May/2025:18:37:38 -0400] "GET /shopdetail/101620152 HTTP/1.1" 200 19126 "-" "Mozilla/5.0 (Linux; Android 6.0.1; Nexus 5X Build/MMB29P) AppleWebKit/537.36 (KHTML, like Gecko) Chrome/135.0.7049.95 Mobile Safari/537.36 (compatible; Googlebot/2.1; +http://www.google.com/bot.html)"
66.249.73.193 - - [03/May/2025:18:37:42 -0400] "GET /index.php/product/edit/58254075/toiawase/shopdetail/31771852/pcmypage HTTP/1.1" 200 19238 "-" "Mozilla/5.0 (Linux; Android 6.0.1; Nexus 5X Build/MMB29P) AppleWebKit/537.36 (KHTML, like Gecko) Chrome/135.0.7049.95 Mobile Safari/537.36 (compatible; Googlebot/2.1; +http://www.google.com/bot.html)"
66.249.73.193 - - [03/May/2025:18:37:50 -0400] "GET /shopdetail/119803052 HTTP/1.1" 200 19474 "-" "Mozilla/5.0 (Linux; Android 6.0.1; Nexus 5X Build/MMB29P) AppleWebKit/537.36 (KHTML, like Gecko) Chrome/135.0.7049.95 Mobile Safari/537.36 (compatible; Googlebot/2.1; +http://www.google.com/bot.html)"
66.249.73.194 - - [03/May/2025:18:38:11 -0400] "GET /shopdetail/51289852 HTTP/1.1" 200 19777 "-" "Mozilla/5.0 (Linux; Android 6.0.1; Nexus 5X Build/MMB29P) AppleWebKit/537.36 (KHTML, like Gecko) Chrome/135.0.7049.95 Mobile Safari/537.36 (compatible; Googlebot/2.1; +http://www.google.com/bot.html)"
66.249.73.194 - - [03/May/2025:18:38:22 -0400] "GET /index.php/pcmypage/shopdetail/111845752/pcsp.html/shopdetail/60072052/pcmypage?callback=product%2Fdetail%2F87328883 HTTP/1.1" 200 18922 "-" "Mozilla/5.0 (Linux; Android 6.0.1; Nexus 5X Build/MMB29P) AppleWebKit/537.36 (KHTML, like Gecko) Chrome/135.0.7049.95 Mobile Safari/537.36 (compatible; Googlebot/2.1; +http://www.google.com/bot.html)"
66.249.73.193 - - [03/May/2025:18:39:33 -0400] "POST /get-message-notify HTTP/1.1" 200 20461 "http://www.digitalbusinesscardz.acreditrepaircorp.com/shopdetail/21510252" "Mozilla/5.0 AppleWebKit/537.36 (KHTML, like Gecko; compatible; Googlebot/2.1; +http://www.google.com/bot.html) Chrome/134.0.6998.165 Safari/537.36"
66.249.73.195 - - [03/May/2025:18:39:32 -0400] "GET /shopdetail/21510252 HTTP/1.1" 200 19204 "-" "Mozilla/5.0 (Linux; Android 6.0.1; Nexus 5X Build/MMB29P) AppleWebKit/537.36 (KHTML, like Gecko) Chrome/135.0.7049.95 Mobile Safari/537.36 (compatible; Googlebot/2.1; +http://www.google.com/bot.html)"
66.249.73.195 - - [03/May/2025:18:52:42 -0400] "GET /shopdetail/32281252 HTTP/1.1" 200 19937 "-" "Mozilla/5.0 (Linux; Android 6.0.1; Nexus 5X Build/MMB29P) AppleWebKit/537.36 (KHTML, like Gecko) Chrome/135.0.7049.95 Mobile Safari/537.36 (compatible; GoogleOther)"
66.249.73.195 - - [03/May/2025:18:45:32 -0400] "GET /index.php/safe_search/config/shopdetail/85047952 HTTP/1.1" 200 19341 "-" "Mozilla/5.0 (Linux; Android 6.0.1; Nexus 5X Build/MMB29P) AppleWebKit/537.36 (KHTML, like Gecko) Chrome/135.0.7049.95 Mobile Safari/537.36 (compatible; Googlebot/2.1; +http://www.google.com/bot.html)"
66.249.73.194 - - [03/May/2025:18:50:29 -0400] "GET /pcmypage?callback=product%2Fdetail%2F62359727 HTTP/1.1" 200 19494 "-" "Mozilla/5.0 (Linux; Android 6.0.1; Nexus 5X Build/MMB29P) AppleWebKit/537.36 (KHTML, like Gecko) Chrome/135.0.7049.95 Mobile Safari/537.36 (compatible; Googlebot/2.1; +http://www.google.com/bot.html)"
66.249.73.195 - - [03/May/2025:18:50:30 -0400] "GET /pcmypage?callback=product%2Fdetail%2F62359727 HTTP/1.1" 200 19494 "-" "Mozilla/5.0 (Linux; Android 6.0.1; Nexus 5X Build/MMB29P) AppleWebKit/537.36 (KHTML, like Gecko) Chrome/135.0.7049.95 Mobile Safari/537.36 (compatible; Googlebot/2.1; +http://www.google.com/bot.html)"
66.249.73.193 - - [03/May/2025:18:51:27 -0400] "POST /get-message-notify HTTP/1.1" 200 20461 "http://www.digitalbusinesscardz.acreditrepaircorp.com/index.php/pcmypage/shopdetail/108062152" "Mozilla/5.0 (Linux; Android 6.0.1; Nexus 5X Build/MMB29P) AppleWebKit/537.36 (KHTML, like Gecko) Chrome/134.0.6998.165 Mobile Safari/537.36 (compatible; Googlebot/2.1; +http://www.google.com/bot.html)"
66.249.73.193 - - [03/May/2025:18:51:44 -0400] "GET /shopdetail/67302252 HTTP/1.1" 200 19395 "-" "Mozilla/5.0 (Linux; Android 6.0.1; Nexus 5X Build/MMB29P) AppleWebKit/537.36 (KHTML, like Gecko) Chrome/135.0.7049.95 Mobile Safari/537.36 (compatible; GoogleOther)"
66.249.73.193 - - [03/May/2025:18:51:54 -0400] "POST /get-message-notify HTTP/1.1" 200 20461 "http://www.digitalbusinesscardz.acreditrepaircorp.com/shopdetail/67302252" "Mozilla/5.0 (Linux; Android 6.0.1; Nexus 5X Build/MMB29P) AppleWebKit/537.36 (KHTML, like Gecko) Chrome/134.0.6998.165 Mobile Safari/537.36 (compatible; Googlebot/2.1; +http://www.google.com/bot.html)"
66.249.73.193 - - [03/May/2025:18:52:44 -0400] "POST /get-message-notify HTTP/1.1" 200 20461 "http://www.digitalbusinesscardz.acreditrepaircorp.com/shopdetail/32281252" "Mozilla/5.0 (Linux; Android 6.0.1; Nexus 5X Build/MMB29P) AppleWebKit/537.36 (KHTML, like Gecko) Chrome/134.0.6998.165 Mobile Safari/537.36 (compatible; Googlebot/2.1; +http://www.google.com/bot.html)"
66.249.73.194 - - [03/May/2025:18:54:07 -0400] "GET /shopdetail/53045552 HTTP/1.1" 200 20197 "-" "Mozilla/5.0 (Linux; Android 6.0.1; Nexus 5X Build/MMB29P) AppleWebKit/537.36 (KHTML, like Gecko) Chrome/135.0.7049.95 Mobile Safari/537.36 (compatible; GoogleOther)"
66.249.73.193 - - [03/May/2025:18:59:18 -0400] "GET /index.php/pcmypage/shopdetail/115542652/shopdetail/121294252 HTTP/1.1" 200 19424 "-" "Mozilla/5.0 (Linux; Android 6.0.1; Nexus 5X Build/MMB29P) AppleWebKit/537.36 (KHTML, like Gecko) Chrome/135.0.7049.95 Mobile Safari/537.36 (compatible; Googlebot/2.1; +http://www.google.com/bot.html)"
66.249.73.194 - - [03/May/2025:18:59:20 -0400] "POST /get-message-notify HTTP/1.1" 200 20463 "http://www.digitalbusinesscardz.acreditrepaircorp.com/index.php/product/edit/13246575/shopdetail/4133252" "Mozilla/5.0 (Linux; Android 6.0.1; Nexus 5X Build/MMB29P) AppleWebKit/537.36 (KHTML, like Gecko) Chrome/134.0.6998.165 Mobile Safari/537.36 (compatible; Googlebot/2.1; +http://www.google.com/bot.html)"
66.249.73.193 - - [03/May/2025:18:59:23 -0400] "POST /get-message-notify HTTP/1.1" 200 20461 "http://www.digitalbusinesscardz.acreditrepaircorp.com/index.php/pcmypage/shopdetail/115542652/shopdetail/121294252" "Mozilla/5.0 (Linux; Android 6.0.1; Nexus 5X Build/MMB29P) AppleWebKit/537.36 (KHTML, like Gecko) Chrome/134.0.6998.165 Mobile Safari/537.36 (compatible; Googlebot/2.1; +http://www.google.com/bot.html)"
66.249.73.195 - - [03/May/2025:19:00:18 -0400] "GET /index.php/pcmypage/shopdetail/89612552/vintagegame.html/recruit/toreka/toreka_single.html HTTP/1.1" 200 19196 "-" "Mozilla/5.0 (Linux; Android 6.0.1; Nexus 5X Build/MMB29P) AppleWebKit/537.36 (KHTML, like Gecko) Chrome/135.0.7049.95 Mobile Safari/537.36 (compatible; Googlebot/2.1; +http://www.google.com/bot.html)"
66.249.73.194 - - [03/May/2025:19:00:21 -0400] "POST /get-message-notify HTTP/1.1" 200 20461 "http://www.digitalbusinesscardz.acreditrepaircorp.com/index.php/pcmypage/shopdetail/89612552/vintagegame.html/recruit/toreka/toreka_single.html" "Mozilla/5.0 (Linux; Android 6.0.1; Nexus 5X Build/MMB29P) AppleWebKit/537.36 (KHTML, like Gecko) Chrome/134.0.6998.165 Mobile Safari/537.36 (compatible; Googlebot/2.1; +http://www.google.com/bot.html)"
66.249.73.193 - - [03/May/2025:19:03:12 -0400] "POST /get-message-notify HTTP/1.1" 200 20461 "http://www.digitalbusinesscardz.acreditrepaircorp.com/shopdetail/157885652" "Mozilla/5.0 (Linux; Android 6.0.1; Nexus 5X Build/MMB29P) AppleWebKit/537.36 (KHTML, like Gecko) Chrome/134.0.6998.165 Mobile Safari/537.36 (compatible; Googlebot/2.1; +http://www.google.com/bot.html)"
66.249.73.194 - - [03/May/2025:19:04:02 -0400] "GET /shopdetail/112112252 HTTP/1.1" 200 19640 "-" "Mozilla/5.0 (Linux; Android 6.0.1; Nexus 5X Build/MMB29P) AppleWebKit/537.36 (KHTML, like Gecko) Chrome/135.0.7049.95 Mobile Safari/537.36 (compatible; GoogleOther)"
66.249.73.193 - - [03/May/2025:18:59:32 -0400] "GET /index.php/pcmypage/shopdetail/17086852/feature/osu_main/index.html/pcsp.html HTTP/1.1" 200 19820 "-" "Mozilla/5.0 (Linux; Android 6.0.1; Nexus 5X Build/MMB29P) AppleWebKit/537.36 (KHTML, like Gecko) Chrome/135.0.7049.95 Mobile Safari/537.36 (compatible; Googlebot/2.1; +http://www.google.com/bot.html)"
66.249.73.193 - - [03/May/2025:19:00:47 -0400] "GET /shopdetail/87262652 HTTP/1.1" 200 18841 "-" "Mozilla/5.0 (Linux; Android 6.0.1; Nexus 5X Build/MMB29P) AppleWebKit/537.36 (KHTML, like Gecko) Chrome/135.0.7049.95 Mobile Safari/537.36 (compatible; Googlebot/2.1; +http://www.google.com/bot.html)"
66.249.73.195 - - [03/May/2025:19:03:10 -0400] "GET /shopdetail/157885652 HTTP/1.1" 200 18957 "-" "Mozilla/5.0 (Linux; Android 6.0.1; Nexus 5X Build/MMB29P) AppleWebKit/537.36 (KHTML, like Gecko) Chrome/135.0.7049.95 Mobile Safari/537.36 (compatible; GoogleOther)"
66.249.73.193 - - [03/May/2025:19:03:15 -0400] "POST /get-message-notify HTTP/1.1" 200 20461 "http://www.digitalbusinesscardz.acreditrepaircorp.com/shopdetail/10463552" "Mozilla/5.0 (Linux; Android 6.0.1; Nexus 5X Build/MMB29P) AppleWebKit/537.36 (KHTML, like Gecko) Chrome/134.0.6998.165 Mobile Safari/537.36 (compatible; Googlebot/2.1; +http://www.google.com/bot.html)"
66.249.73.193 - - [03/May/2025:19:08:22 -0400] "GET /index.php/product/edit/01030774 HTTP/1.1" 200 19234 "-" "Mozilla/5.0 (compatible; Googlebot/2.1; +http://www.google.com/bot.html)"
66.249.73.195 - - [03/May/2025:19:15:58 -0400] "GET /shopdetail/9394052 HTTP/1.1" 200 18752 "-" "Mozilla/5.0 (Linux; Android 6.0.1; Nexus 5X Build/MMB29P) AppleWebKit/537.36 (KHTML, like Gecko) Chrome/135.0.7049.95 Mobile Safari/537.36 (compatible; Googlebot/2.1; +http://www.google.com/bot.html)"
66.249.73.195 - - [03/May/2025:19:16:10 -0400] "GET /index.phpsshopdetail/41584752 HTTP/1.1" 200 19811 "-" "Mozilla/5.0 (compatible; Googlebot/2.1; +http://www.google.com/bot.html)"
66.249.73.193 - - [03/May/2025:19:16:44 -0400] "GET /shopdetail/20886952 HTTP/1.1" 200 20195 "-" "Mozilla/5.0 (Linux; Android 6.0.1; Nexus 5X Build/MMB29P) AppleWebKit/537.36 (KHTML, like Gecko) Chrome/135.0.7049.95 Mobile Safari/537.36 (compatible; Googlebot/2.1; +http://www.google.com/bot.html)"
66.249.73.194 - - [03/May/2025:19:20:22 -0400] "GET /shopdetail/63682652 HTTP/1.1" 200 21188 "-" "Mozilla/5.0 (Linux; Android 6.0.1; Nexus 5X Build/MMB29P) AppleWebKit/537.36 (KHTML, like Gecko) Chrome/135.0.7049.95 Mobile Safari/537.36 (compatible; GoogleOther)"
66.249.73.193 - - [03/May/2025:19:26:53 -0400] "GET /index.php/safe_search/config/shopdetail/132089052/shopdetail/147656252 HTTP/1.1" 200 19747 "-" "Mozilla/5.0 (Linux; Android 6.0.1; Nexus 5X Build/MMB29P) AppleWebKit/537.36 (KHTML, like Gecko) Chrome/135.0.7049.95 Mobile Safari/537.36 (compatible; Googlebot/2.1; +http://www.google.com/bot.html)"
66.249.73.194 - - [03/May/2025:19:29:02 -0400] "POST /get-message-notify HTTP/1.1" 200 20461 "http://www.digitalbusinesscardz.acreditrepaircorp.com/shopdetail/39587152" "Mozilla/5.0 (Linux; Android 6.0.1; Nexus 5X Build/MMB29P) AppleWebKit/537.36 (KHTML, like Gecko) Chrome/134.0.6998.165 Mobile Safari/537.36 (compatible; Googlebot/2.1; +http://www.google.com/bot.html)"
66.249.73.193 - - [03/May/2025:19:32:07 -0400] "GET /index.php/safe_search/config/shopdetail/63854152/cargo/detail/shopdetail/143340052 HTTP/1.1" 200 19570 "-" "Mozilla/5.0 (Linux; Android 6.0.1; Nexus 5X Build/MMB29P) AppleWebKit/537.36 (KHTML, like Gecko) Chrome/135.0.7049.95 Mobile Safari/537.36 (compatible; Googlebot/2.1; +http://www.google.com/bot.html)"
66.249.73.194 - - [03/May/2025:19:33:44 -0400] "POST /get-message-notify HTTP/1.1" 200 20461 "http://www.digitalbusinesscardz.acreditrepaircorp.com/index.php/pcmypage/shopdetail/17505752/feature/sale2411-5/index.html/shopdetail/129424652" "Mozilla/5.0 (Linux; Android 6.0.1; Nexus 5X Build/MMB29P) AppleWebKit/537.36 (KHTML, like Gecko) Chrome/134.0.6998.165 Mobile Safari/537.36 (compatible; Googlebot/2.1; +http://www.google.com/bot.html)"
66.249.73.195 - - [03/May/2025:19:18:24 -0400] "GET /shopdetail/60427652 HTTP/1.1" 200 19536 "-" "Mozilla/5.0 (compatible; Googlebot/2.1; +http://www.google.com/bot.html)"
66.249.73.195 - - [03/May/2025:19:20:25 -0400] "POST /get-message-notify HTTP/1.1" 200 20461 "http://www.digitalbusinesscardz.acreditrepaircorp.com/shopdetail/63682652" "Mozilla/5.0 (Linux; Android 6.0.1; Nexus 5X Build/MMB29P) AppleWebKit/537.36 (KHTML, like Gecko) Chrome/134.0.6998.165 Mobile Safari/537.36 (compatible; Googlebot/2.1; +http://www.google.com/bot.html)"
66.249.73.195 - - [03/May/2025:19:23:52 -0400] "GET /shopdetail/149570952 HTTP/1.1" 200 20200 "-" "Mozilla/5.0 (Linux; Android 6.0.1; Nexus 5X Build/MMB29P) AppleWebKit/537.36 (KHTML, like Gecko) Chrome/135.0.7049.95 Mobile Safari/537.36 (compatible; Googlebot/2.1; +http://www.google.com/bot.html)"
66.249.73.194 - - [03/May/2025:19:28:13 -0400] "GET /index.php/pcmypage/shopdetail/109413152/vintagegame.html/toreka/toreka_menu.html HTTP/1.1" 200 19885 "-" "Mozilla/5.0 (Linux; Android 6.0.1; Nexus 5X Build/MMB29P) AppleWebKit/537.36 (KHTML, like Gecko) Chrome/135.0.7049.95 Mobile Safari/537.36 (compatible; Googlebot/2.1; +http://www.google.com/bot.html)"
66.249.73.194 - - [03/May/2025:19:28:54 -0400] "GET /shopdetail/39587152 HTTP/1.1" 200 19174 "-" "Mozilla/5.0 (Linux; Android 6.0.1; Nexus 5X Build/MMB29P) AppleWebKit/537.36 (KHTML, like Gecko) Chrome/135.0.7049.95 Mobile Safari/537.36 (compatible; Googlebot/2.1; +http://www.google.com/bot.html)"
66.249.73.193 - - [03/May/2025:19:29:33 -0400] "GET /index.php/safe_search/config/shopdetail/132089052/shopdetail/133393752 HTTP/1.1" 200 20521 "-" "Mozilla/5.0 (Linux; Android 6.0.1; Nexus 5X Build/MMB29P) AppleWebKit/537.36 (KHTML, like Gecko) Chrome/135.0.7049.95 Mobile Safari/537.36 (compatible; Googlebot/2.1; +http://www.google.com/bot.html)"
66.249.73.193 - - [03/May/2025:19:35:07 -0400] "GET /shopdetail/3314352 HTTP/1.1" 200 19329 "-" "Mozilla/5.0 (compatible; Googlebot/2.1; +http://www.google.com/bot.html)"
66.249.73.193 - - [03/May/2025:19:37:04 -0400] "POST /get-message-notify HTTP/1.1" 200 20461 "http://www.digitalbusinesscardz.acreditrepaircorp.com/index.php/safe_search/config/shopdetail/100065652/shopdetail/79988952" "Mozilla/5.0 (Linux; Android 6.0.1; Nexus 5X Build/MMB29P) AppleWebKit/537.36 (KHTML, like Gecko) Chrome/134.0.6998.165 Mobile Safari/537.36 (compatible; Googlebot/2.1; +http://www.google.com/bot.html)"
66.249.73.195 - - [03/May/2025:19:43:02 -0400] "POST /get-message-notify HTTP/1.1" 200 20461 "http://www.digitalbusinesscardz.acreditrepaircorp.com/index.php/pcmypage/shopdetail/17086852/feature/osu_main/index.html/man/kaitori/kantan.html" "Mozilla/5.0 (Linux; Android 6.0.1; Nexus 5X Build/MMB29P) AppleWebKit/537.36 (KHTML, like Gecko) Chrome/134.0.6998.165 Mobile Safari/537.36 (compatible; Googlebot/2.1; +http://www.google.com/bot.html)"
66.249.73.193 - - [03/May/2025:19:45:52 -0400] "POST /get-message-notify HTTP/1.1" 200 20461 "http://www.digitalbusinesscardz.acreditrepaircorp.com/shopdetail/39587152" "Mozilla/5.0 (Linux; Android 6.0.1; Nexus 5X Build/MMB29P) AppleWebKit/537.36 (KHTML, like Gecko) Chrome/134.0.6998.165 Mobile Safari/537.36 (compatible; Googlebot/2.1; +http://www.google.com/bot.html)"
66.249.73.195 - - [03/May/2025:19:49:05 -0400] "POST /get-message-notify HTTP/1.1" 200 20461 "http://www.digitalbusinesscardz.acreditrepaircorp.com/index.php/pcmypage/shopdetail/114583652/books.html/recruit/feature/utsunomiya/index.html" "Mozilla/5.0 (Linux; Android 6.0.1; Nexus 5X Build/MMB29P) AppleWebKit/537.36 (KHTML, like Gecko) Chrome/134.0.6998.165 Mobile Safari/537.36 (compatible; Googlebot/2.1; +http://www.google.com/bot.html)"
66.249.73.194 - - [03/May/2025:19:49:36 -0400] "POST /get-message-notify HTTP/1.1" 200 20461 "http://www.digitalbusinesscardz.acreditrepaircorp.com/shopdetail/46951152" "Mozilla/5.0 (Linux; Android 6.0.1; Nexus 5X Build/MMB29P) AppleWebKit/537.36 (KHTML, like Gecko) Chrome/134.0.6998.165 Mobile Safari/537.36 (compatible; Googlebot/2.1; +http://www.google.com/bot.html)"
66.249.73.193 - - [03/May/2025:19:49:58 -0400] "POST /get-message-notify HTTP/1.1" 200 20461 "http://www.digitalbusinesscardz.acreditrepaircorp.com/shopdetail/9927552" "Mozilla/5.0 (Linux; Android 6.0.1; Nexus 5X Build/MMB29P) AppleWebKit/537.36 (KHTML, like Gecko) Chrome/134.0.6998.165 Mobile Safari/537.36 (compatible; Googlebot/2.1; +http://www.google.com/bot.html)"
66.249.73.194 - - [03/May/2025:19:35:32 -0400] "GET /index.php/safe_search/config/shopdetail/7100752 HTTP/1.1" 200 18953 "-" "Mozilla/5.0 (compatible; Googlebot/2.1; +http://www.google.com/bot.html)"
66.249.73.194 - - [03/May/2025:19:38:07 -0400] "GET /index.phpsshopdetail/88659552 HTTP/1.1" 200 19733 "-" "Mozilla/5.0 (Linux; Android 6.0.1; Nexus 5X Build/MMB29P) AppleWebKit/537.36 (KHTML, like Gecko) Chrome/135.0.7049.95 Mobile Safari/537.36 (compatible; Googlebot/2.1; +http://www.google.com/bot.html)"
66.249.73.193 - - [03/May/2025:19:45:19 -0400] "GET /shopdetail/39587152 HTTP/1.1" 200 19174 "-" "Mozilla/5.0 (Linux; Android 6.0.1; Nexus 5X Build/MMB29P) AppleWebKit/537.36 (KHTML, like Gecko) Chrome/135.0.7049.95 Mobile Safari/537.36 (compatible; GoogleOther)"
