Server IP : 192.64.118.117 / Your IP : 3.142.124.64 Web Server : LiteSpeed System : Linux premium56.web-hosting.com 4.18.0-513.24.1.lve.1.el8.x86_64 #1 SMP Thu May 9 15:10:09 UTC 2024 x86_64 User : thecgapy ( 1160) PHP Version : 7.4.33 Disable Function : NONE MySQL : OFF | cURL : ON | WGET : ON | Perl : ON | Python : ON | Sudo : OFF | Pkexec : OFF Directory : /proc/self/root/home/thecgapy/./access-logs/ |
Upload File : |
66.249.73.96 - - [03/May/2025:08:57:52 -0400] "POST /get-message-notify HTTP/1.1" 404 1251 "https://mcprintanddesign.com/index.php/pcsp.html/shopdetail/1329777/product_archives/shopdetail/141181877" "Mozilla/5.0 (Linux; Android 6.0.1; Nexus 5X Build/MMB29P) AppleWebKit/537.36 (KHTML, like Gecko) Chrome/134.0.6998.165 Mobile Safari/537.36 (compatible; Googlebot/2.1; +http://www.google.com/bot.html)"
66.249.73.96 - - [03/May/2025:08:30:17 -0400] "POST /get-message-notify HTTP/1.1" 404 1251 "https://mcprintanddesign.com/index.php/pcsp.html/affiliate/shopdetail/2564377/shopdetail/317977" "Mozilla/5.0 (Linux; Android 6.0.1; Nexus 5X Build/MMB29P) AppleWebKit/537.36 (KHTML, like Gecko) Chrome/134.0.6998.165 Mobile Safari/537.36 (compatible; Googlebot/2.1; +http://www.google.com/bot.html)"
66.249.73.97 - - [03/May/2025:08:48:38 -0400] "POST /get-message-notify HTTP/1.1" 404 1251 "https://mcprintanddesign.com/index.php/pcsp.html/shopdetail/135385077/pcmypage/feature/index.html" "Mozilla/5.0 (Linux; Android 6.0.1; Nexus 5X Build/MMB29P) AppleWebKit/537.36 (KHTML, like Gecko) Chrome/134.0.6998.165 Mobile Safari/537.36 (compatible; Googlebot/2.1; +http://www.google.com/bot.html)"
49.51.38.193 - - [03/May/2025:08:55:45 -0400] "GET / HTTP/1.1" 500 0 "http://mcprintanddesign.com" "Mozilla/5.0 (iPhone; CPU iPhone OS 13_2_3 like Mac OS X) AppleWebKit/605.1.15 (KHTML, like Gecko) Version/13.0.3 Mobile/15E148 Safari/604.1"
66.249.73.96 - - [03/May/2025:09:34:31 -0400] "POST /get-message-notify HTTP/1.1" 404 1251 "https://mcprintanddesign.com/index.php/pcsp.html/shopdetail/13028677/events//shopdetail/150836877" "Mozilla/5.0 (Linux; Android 6.0.1; Nexus 5X Build/MMB29P) AppleWebKit/537.36 (KHTML, like Gecko) Chrome/134.0.6998.165 Mobile Safari/537.36 (compatible; Googlebot/2.1; +http://www.google.com/bot.html)"
66.249.73.97 - - [03/May/2025:09:36:31 -0400] "POST /get-message-notify HTTP/1.1" 404 1251 "https://mcprintanddesign.com/index.php/pcsp.html/shopdetail/87502177/dozin.html" "Mozilla/5.0 (Linux; Android 6.0.1; Nexus 5X Build/MMB29P) AppleWebKit/537.36 (KHTML, like Gecko) Chrome/134.0.6998.165 Mobile Safari/537.36 (compatible; Googlebot/2.1; +http://www.google.com/bot.html)"
66.249.73.103 - - [03/May/2025:09:37:09 -0400] "POST /get-message-notify HTTP/1.1" 404 1251 "https://mcprintanddesign.com/index.php/pcsp.html/shopdetail/135385077/pcmypage/shopdetail/69967077" "Mozilla/5.0 (Linux; Android 6.0.1; Nexus 5X Build/MMB29P) AppleWebKit/537.36 (KHTML, like Gecko) Chrome/134.0.6998.165 Mobile Safari/537.36 (compatible; Googlebot/2.1; +http://www.google.com/bot.html)"
66.249.73.96 - - [03/May/2025:09:40:18 -0400] "POST /get-message-notify HTTP/1.1" 404 1251 "https://mcprintanddesign.com/index.php/pcsp.html/shopdetail/1329777/affiliate/shopdetail/38719577" "Mozilla/5.0 (Linux; Android 6.0.1; Nexus 5X Build/MMB29P) AppleWebKit/537.36 (KHTML, like Gecko) Chrome/134.0.6998.165 Mobile Safari/537.36 (compatible; Googlebot/2.1; +http://www.google.com/bot.html)"
43.135.130.202 - - [03/May/2025:10:00:56 -0400] "GET / HTTP/1.1" 500 0 "http://www.mcprintanddesign.com" "Mozilla/5.0 (iPhone; CPU iPhone OS 13_2_3 like Mac OS X) AppleWebKit/605.1.15 (KHTML, like Gecko) Version/13.0.3 Mobile/15E148 Safari/604.1"
66.249.73.103 - - [03/May/2025:10:07:24 -0400] "POST /get-message-notify HTTP/1.1" 404 1251 "https://mcprintanddesign.com/index.php/pcsp.html/shopdetail/135385077/pcmypage/kaden.html" "Mozilla/5.0 (Linux; Android 6.0.1; Nexus 5X Build/MMB29P) AppleWebKit/537.36 (KHTML, like Gecko) Chrome/134.0.6998.165 Mobile Safari/537.36 (compatible; Googlebot/2.1; +http://www.google.com/bot.html)"
66.249.73.103 - - [03/May/2025:10:11:49 -0400] "POST /get-message-notify HTTP/1.1" 404 1251 "https://mcprintanddesign.com/index.php/pcsp.html/shopdetail/1329777/affiliate/shopdetail/111835577" "Mozilla/5.0 (Linux; Android 6.0.1; Nexus 5X Build/MMB29P) AppleWebKit/537.36 (KHTML, like Gecko) Chrome/134.0.6998.165 Mobile Safari/537.36 (compatible; Googlebot/2.1; +http://www.google.com/bot.html)"
66.249.73.103 - - [03/May/2025:10:12:06 -0400] "POST /get-message-notify HTTP/1.1" 404 1251 "https://mcprintanddesign.com/index.php/pcsp.html/shopdetail/121302077/shopdetail/143638977/pcmypage?callback=/product%2Fdetail%2F51853985" "Mozilla/5.0 (Linux; Android 6.0.1; Nexus 5X Build/MMB29P) AppleWebKit/537.36 (KHTML, like Gecko) Chrome/134.0.6998.165 Mobile Safari/537.36 (compatible; Googlebot/2.1; +http://www.google.com/bot.html)"
66.249.73.103 - - [03/May/2025:10:22:20 -0400] "POST /get-message-notify HTTP/1.1" 404 1251 "https://mcprintanddesign.com/index.php/pcsp.html/pcmypage/shopdetail/53388377/shopdetail/61780177" "Mozilla/5.0 (Linux; Android 6.0.1; Nexus 5X Build/MMB29P) AppleWebKit/537.36 (KHTML, like Gecko) Chrome/134.0.6998.165 Mobile Safari/537.36 (compatible; Googlebot/2.1; +http://www.google.com/bot.html)"
66.249.73.103 - - [03/May/2025:10:29:07 -0400] "POST /get-message-notify HTTP/1.1" 404 1251 "https://mcprintanddesign.com/index.php/pcsp.html/shopdetail/35527577/pcmypage/shopdetail/24556777" "Mozilla/5.0 (Linux; Android 6.0.1; Nexus 5X Build/MMB29P) AppleWebKit/537.36 (KHTML, like Gecko) Chrome/134.0.6998.165 Mobile Safari/537.36 (compatible; Googlebot/2.1; +http://www.google.com/bot.html)"
66.249.73.96 - - [03/May/2025:10:28:00 -0400] "POST /get-message-notify HTTP/1.1" 404 1251 "https://mcprintanddesign.com/index.php/pcsp.html/shopdetail/35527577/pcmypage/shopdetail/45694777" "Mozilla/5.0 (Linux; Android 6.0.1; Nexus 5X Build/MMB29P) AppleWebKit/537.36 (KHTML, like Gecko) Chrome/134.0.6998.165 Mobile Safari/537.36 (compatible; Googlebot/2.1; +http://www.google.com/bot.html)"
66.249.73.96 - - [03/May/2025:10:51:24 -0400] "POST /get-message-notify HTTP/1.1" 404 1251 "https://mcprintanddesign.com/index.php/pcsp.html/shopdetail/121302077/shopdetail/90700477/pcmypage?callback=/product%2Fdetail%2F23662970" "Mozilla/5.0 (Linux; Android 6.0.1; Nexus 5X Build/MMB29P) AppleWebKit/537.36 (KHTML, like Gecko) Chrome/134.0.6998.165 Mobile Safari/537.36 (compatible; Googlebot/2.1; +http://www.google.com/bot.html)"
66.249.73.96 - - [03/May/2025:10:52:06 -0400] "POST /get-message-notify HTTP/1.1" 404 1251 "https://mcprintanddesign.com/index.php/pcsp.html/shopdetail/31325577/dozin.html" "Mozilla/5.0 (Linux; Android 6.0.1; Nexus 5X Build/MMB29P) AppleWebKit/537.36 (KHTML, like Gecko) Chrome/134.0.6998.165 Mobile Safari/537.36 (compatible; Googlebot/2.1; +http://www.google.com/bot.html)"
66.249.73.97 - - [03/May/2025:11:09:39 -0400] "POST /get-message-notify HTTP/1.1" 404 1251 "https://mcprintanddesign.com/index.php/pcsp.html/shopdetail/42225677/books.html" "Mozilla/5.0 (Linux; Android 6.0.1; Nexus 5X Build/MMB29P) AppleWebKit/537.36 (KHTML, like Gecko) Chrome/134.0.6998.165 Mobile Safari/537.36 (compatible; Googlebot/2.1; +http://www.google.com/bot.html)"
66.249.73.97 - - [03/May/2025:11:09:39 -0400] "POST /get-message-notify HTTP/1.1" 404 1251 "https://mcprintanddesign.com/index.php/pcsp.html/shopdetail/121302077/pcmypage/shopdetail/71431477" "Mozilla/5.0 (Linux; Android 6.0.1; Nexus 5X Build/MMB29P) AppleWebKit/537.36 (KHTML, like Gecko) Chrome/134.0.6998.165 Mobile Safari/537.36 (compatible; Googlebot/2.1; +http://www.google.com/bot.html)"
66.249.73.103 - - [03/May/2025:11:16:10 -0400] "POST /get-message-notify HTTP/1.1" 404 1251 "https://mcprintanddesign.com/index.php/pcsp.html/pcmypage/shopdetail/53388377/shopdetail/95334677" "Mozilla/5.0 (Linux; Android 6.0.1; Nexus 5X Build/MMB29P) AppleWebKit/537.36 (KHTML, like Gecko) Chrome/134.0.6998.165 Mobile Safari/537.36 (compatible; Googlebot/2.1; +http://www.google.com/bot.html)"
66.249.73.103 - - [03/May/2025:11:14:18 -0400] "POST /get-message-notify HTTP/1.1" 404 1251 "https://mcprintanddesign.com/index.php/pcsp.html/shopdetail/21974677/pcmypage/shopdetail/31209277" "Mozilla/5.0 (Linux; Android 6.0.1; Nexus 5X Build/MMB29P) AppleWebKit/537.36 (KHTML, like Gecko) Chrome/134.0.6998.165 Mobile Safari/537.36 (compatible; Googlebot/2.1; +http://www.google.com/bot.html)"
66.249.73.96 - - [03/May/2025:11:27:50 -0400] "POST /get-message-notify HTTP/1.1" 404 1251 "https://mcprintanddesign.com/index.php/pcsp.html/shopdetail/21974677/pcmypage/shopdetail/24613677" "Mozilla/5.0 (Linux; Android 6.0.1; Nexus 5X Build/MMB29P) AppleWebKit/537.36 (KHTML, like Gecko) Chrome/134.0.6998.165 Mobile Safari/537.36 (compatible; Googlebot/2.1; +http://www.google.com/bot.html)"
66.249.73.97 - - [03/May/2025:11:30:08 -0400] "POST /get-message-notify HTTP/1.1" 404 1251 "https://mcprintanddesign.com/index.php/pcsp.html/shopdetail/121302077/shopdetail/143638977/events/" "Mozilla/5.0 (Linux; Android 6.0.1; Nexus 5X Build/MMB29P) AppleWebKit/537.36 (KHTML, like Gecko) Chrome/134.0.6998.165 Mobile Safari/537.36 (compatible; Googlebot/2.1; +http://www.google.com/bot.html)"
66.249.73.103 - - [03/May/2025:11:18:32 -0400] "POST /get-message-notify HTTP/1.1" 404 1251 "https://mcprintanddesign.com/index.php/pcsp.html/affiliate/boyslove.html" "Mozilla/5.0 (Linux; Android 6.0.1; Nexus 5X Build/MMB29P) AppleWebKit/537.36 (KHTML, like Gecko) Chrome/134.0.6998.165 Mobile Safari/537.36 (compatible; Googlebot/2.1; +http://www.google.com/bot.html)"
66.249.73.103 - - [03/May/2025:11:20:57 -0400] "POST /get-message-notify HTTP/1.1" 404 1251 "https://mcprintanddesign.com/index.php/pcsp.html/shopdetail/1329777/product_archives/shopdetail/151252677" "Mozilla/5.0 (Linux; Android 6.0.1; Nexus 5X Build/MMB29P) AppleWebKit/537.36 (KHTML, like Gecko) Chrome/134.0.6998.165 Mobile Safari/537.36 (compatible; Googlebot/2.1; +http://www.google.com/bot.html)"
82.156.68.74 - - [03/May/2025:11:27:43 -0400] "GET / HTTP/1.1" 500 0 "http://mcprintanddesign.com" "Mozilla/5.0 (iPhone; CPU iPhone OS 13_2_3 like Mac OS X) AppleWebKit/605.1.15 (KHTML, like Gecko) Version/13.0.3 Mobile/15E148 Safari/604.1"
66.249.73.103 - - [03/May/2025:11:30:25 -0400] "POST /get-message-notify HTTP/1.1" 404 1251 "https://mcprintanddesign.com/index.php/pcsp.html/affiliate/shopdetail/2564377/shopdetail/108753277" "Mozilla/5.0 (Linux; Android 6.0.1; Nexus 5X Build/MMB29P) AppleWebKit/537.36 (KHTML, like Gecko) Chrome/134.0.6998.165 Mobile Safari/537.36 (compatible; Googlebot/2.1; +http://www.google.com/bot.html)"
66.249.73.96 - - [03/May/2025:11:42:04 -0400] "POST /get-message-notify HTTP/1.1" 404 1251 "https://mcprintanddesign.com/index.php/pcsp.html/shopdetail/13028677/events//shopdetail/61600677" "Mozilla/5.0 (Linux; Android 6.0.1; Nexus 5X Build/MMB29P) AppleWebKit/537.36 (KHTML, like Gecko) Chrome/134.0.6998.165 Mobile Safari/537.36 (compatible; Googlebot/2.1; +http://www.google.com/bot.html)"
66.249.73.97 - - [03/May/2025:11:48:02 -0400] "POST /get-message-notify HTTP/1.1" 404 1251 "https://mcprintanddesign.com/index.php/pcsp.html/shopdetail/87502177/kaden.html" "Mozilla/5.0 (Linux; Android 6.0.1; Nexus 5X Build/MMB29P) AppleWebKit/537.36 (KHTML, like Gecko) Chrome/134.0.6998.165 Mobile Safari/537.36 (compatible; Googlebot/2.1; +http://www.google.com/bot.html)"
66.249.73.103 - - [03/May/2025:11:49:47 -0400] "POST /get-message-notify HTTP/1.1" 404 1251 "https://mcprintanddesign.com/index.php/toreka/toreka_menu.html" "Mozilla/5.0 (Linux; Android 6.0.1; Nexus 5X Build/MMB29P) AppleWebKit/537.36 (KHTML, like Gecko) Chrome/134.0.6998.165 Mobile Safari/537.36 (compatible; Googlebot/2.1; +http://www.google.com/bot.html)"
66.249.73.103 - - [03/May/2025:11:35:34 -0400] "POST /get-message-notify HTTP/1.1" 404 1251 "https://mcprintanddesign.com/index.php/pcsp.html/affiliate/shopdetail/36569277/affiliate" "Mozilla/5.0 (Linux; Android 6.0.1; Nexus 5X Build/MMB29P) AppleWebKit/537.36 (KHTML, like Gecko) Chrome/134.0.6998.165 Mobile Safari/537.36 (compatible; Googlebot/2.1; +http://www.google.com/bot.html)"
66.249.73.103 - - [03/May/2025:11:41:40 -0400] "POST /get-message-notify HTTP/1.1" 404 1251 "https://mcprintanddesign.com/index.php/pcsp.html/shopdetail/1329777/affiliate/shopdetail/15054177" "Mozilla/5.0 (Linux; Android 6.0.1; Nexus 5X Build/MMB29P) AppleWebKit/537.36 (KHTML, like Gecko) Chrome/134.0.6998.165 Mobile Safari/537.36 (compatible; Googlebot/2.1; +http://www.google.com/bot.html)"
66.249.73.97 - - [03/May/2025:11:54:39 -0400] "POST /get-message-notify HTTP/1.1" 404 1251 "https://mcprintanddesign.com/index.php/pcsp.html/shopdetail/11640177/pcmypage" "Mozilla/5.0 (Linux; Android 6.0.1; Nexus 5X Build/MMB29P) AppleWebKit/537.36 (KHTML, like Gecko) Chrome/134.0.6998.165 Mobile Safari/537.36 (compatible; Googlebot/2.1; +http://www.google.com/bot.html)"
66.249.73.96 - - [03/May/2025:11:56:21 -0400] "POST /get-message-notify HTTP/1.1" 404 1251 "https://mcprintanddesign.com/index.php/pcsp.html/shopdetail/121302077/product_archives/recruit/toiawase" "Mozilla/5.0 (Linux; Android 6.0.1; Nexus 5X Build/MMB29P) AppleWebKit/537.36 (KHTML, like Gecko) Chrome/134.0.6998.165 Mobile Safari/537.36 (compatible; Googlebot/2.1; +http://www.google.com/bot.html)"
17.241.75.5 - - [03/May/2025:12:33:58 -0400] "GET /favicon.ico HTTP/1.1" 404 1251 "-" "Mozilla/5.0 (Macintosh; Intel Mac OS X 10_15_7) AppleWebKit/605.1.15 (KHTML, like Gecko) Version/17.4 Safari/605.1.15 (Applebot/0.1; +http://www.apple.com/go/applebot)"
66.249.73.97 - - [03/May/2025:12:27:06 -0400] "POST /get-message-notify HTTP/1.1" 404 1251 "https://mcprintanddesign.com/index.php/pcsp.html/shopdetail/135385077/pcmypage/shopdetail/151517877" "Mozilla/5.0 (Linux; Android 6.0.1; Nexus 5X Build/MMB29P) AppleWebKit/537.36 (KHTML, like Gecko) Chrome/134.0.6998.165 Mobile Safari/537.36 (compatible; Googlebot/2.1; +http://www.google.com/bot.html)"
17.241.75.5 - - [03/May/2025:12:33:57 -0400] "GET /robots.txt HTTP/1.1" 404 1251 "-" "Mozilla/5.0 (Macintosh; Intel Mac OS X 10_15_7) AppleWebKit/605.1.15 (KHTML, like Gecko) Version/17.4 Safari/605.1.15 (Applebot/0.1; +http://www.apple.com/go/applebot)"
66.249.73.103 - - [03/May/2025:12:38:02 -0400] "POST /get-message-notify HTTP/1.1" 404 1251 "https://mcprintanddesign.com/index.php/pcsp.html/shopdetail/21974677/pcmypage/vintagegame.html" "Mozilla/5.0 (Linux; Android 6.0.1; Nexus 5X Build/MMB29P) AppleWebKit/537.36 (KHTML, like Gecko) Chrome/134.0.6998.165 Mobile Safari/537.36 (compatible; Googlebot/2.1; +http://www.google.com/bot.html)"
66.249.73.103 - - [03/May/2025:12:44:46 -0400] "POST /get-message-notify HTTP/1.1" 404 1251 "https://mcprintanddesign.com/index.php/pcsp.html/shopdetail/1329777/vintagegame.html" "Mozilla/5.0 (Linux; Android 6.0.1; Nexus 5X Build/MMB29P) AppleWebKit/537.36 (KHTML, like Gecko) Chrome/135.0.7049.114 Mobile Safari/537.36 (compatible; Googlebot/2.1; +http://www.google.com/bot.html)"
66.249.73.103 - - [03/May/2025:13:55:31 -0400] "GET /index.php/pcsp.html/shopdetail/132157877/dozin.html HTTP/1.1" 200 20455 "-" "Mozilla/5.0 (Linux; Android 6.0.1; Nexus 5X Build/MMB29P) AppleWebKit/537.36 (KHTML, like Gecko) Chrome/135.0.7049.95 Mobile Safari/537.36 (compatible; Googlebot/2.1; +http://www.google.com/bot.html)"
205.210.31.136 - - [03/May/2025:13:54:47 -0400] "GET / HTTP/1.1" 500 0 "http://192.64.118.117:80/" "-"
66.249.73.103 - - [03/May/2025:14:40:11 -0400] "GET /index.phpshopdetail/46990177 HTTP/1.1" 404 1251 "-" "Mozilla/5.0 (Linux; Android 6.0.1; Nexus 5X Build/MMB29P) AppleWebKit/537.36 (KHTML, like Gecko) Chrome/135.0.7049.95 Mobile Safari/537.36 (compatible; Googlebot/2.1; +http://www.google.com/bot.html)"
66.249.73.103 - - [03/May/2025:14:40:22 -0400] "GET /index.phpshopdetail/64252677 HTTP/1.1" 404 1251 "-" "Mozilla/5.0 (Linux; Android 6.0.1; Nexus 5X Build/MMB29P) AppleWebKit/537.36 (KHTML, like Gecko) Chrome/135.0.7049.95 Mobile Safari/537.36 (compatible; Googlebot/2.1; +http://www.google.com/bot.html)"
66.249.73.97 - - [03/May/2025:14:40:01 -0400] "GET /index.phpshopdetail/64338577 HTTP/1.1" 404 1251 "-" "Mozilla/5.0 (Linux; Android 6.0.1; Nexus 5X Build/MMB29P) AppleWebKit/537.36 (KHTML, like Gecko) Chrome/135.0.7049.95 Mobile Safari/537.36 (compatible; Googlebot/2.1; +http://www.google.com/bot.html)"
175.6.217.4 - - [03/May/2025:14:40:39 -0400] "GET / HTTP/1.1" 500 0 "http://www.mcprintanddesign.com" "Mozilla/5.0 (iPhone; CPU iPhone OS 13_2_3 like Mac OS X) AppleWebKit/605.1.15 (KHTML, like Gecko) Version/13.0.3 Mobile/15E148 Safari/604.1"
66.249.73.96 - - [03/May/2025:14:48:42 -0400] "POST /get-message-notify HTTP/1.1" 404 1251 "https://mcprintanddesign.com/index.php/cd.html" "Mozilla/5.0 (Linux; Android 6.0.1; Nexus 5X Build/MMB29P) AppleWebKit/537.36 (KHTML, like Gecko) Chrome/134.0.6998.165 Mobile Safari/537.36 (compatible; Googlebot/2.1; +http://www.google.com/bot.html)"
66.249.73.96 - - [03/May/2025:14:49:13 -0400] "POST /get-message-notify HTTP/1.1" 404 1251 "https://mcprintanddesign.com/index.php/pcsp.html/shopdetail/121302077/pcmypage/shopdetail/122447577" "Mozilla/5.0 (Linux; Android 6.0.1; Nexus 5X Build/MMB29P) AppleWebKit/537.36 (KHTML, like Gecko) Chrome/134.0.6998.165 Mobile Safari/537.36 (compatible; Googlebot/2.1; +http://www.google.com/bot.html)"
66.249.73.96 - - [03/May/2025:14:49:40 -0400] "POST /get-message-notify HTTP/1.1" 404 1251 "https://mcprintanddesign.com/index.php/pcsp.html/affiliate/shopdetail/2564377/cargo/detail" "Mozilla/5.0 (Linux; Android 6.0.1; Nexus 5X Build/MMB29P) AppleWebKit/537.36 (KHTML, like Gecko) Chrome/134.0.6998.165 Mobile Safari/537.36 (compatible; Googlebot/2.1; +http://www.google.com/bot.html)"
66.249.73.103 - - [03/May/2025:15:03:55 -0400] "POST /get-message-notify HTTP/1.1" 404 1251 "https://mcprintanddesign.com/index.php/pcsp.html/pcmypage/shopdetail/53388377/shopdetail/20467977" "Mozilla/5.0 (Linux; Android 6.0.1; Nexus 5X Build/MMB29P) AppleWebKit/537.36 (KHTML, like Gecko) Chrome/134.0.6998.165 Mobile Safari/537.36 (compatible; Googlebot/2.1; +http://www.google.com/bot.html)"
66.249.73.103 - - [03/May/2025:15:17:55 -0400] "POST /get-message-notify HTTP/1.1" 404 1251 "https://mcprintanddesign.com/index.php/pcsp.html/shopdetail/35527577/pcmypage/shopdetail/58295277" "Mozilla/5.0 (Linux; Android 6.0.1; Nexus 5X Build/MMB29P) AppleWebKit/537.36 (KHTML, like Gecko) Chrome/134.0.6998.165 Mobile Safari/537.36 (compatible; Googlebot/2.1; +http://www.google.com/bot.html)"
66.249.73.96 - - [03/May/2025:15:17:57 -0400] "GET /index.php/pcsp.html/product_archives/shopdetail/51102377/shopdetail/60196077/vintagegame.html HTTP/1.1" 200 18648 "-" "Mozilla/5.0 (Linux; Android 6.0.1; Nexus 5X Build/MMB29P) AppleWebKit/537.36 (KHTML, like Gecko) Chrome/135.0.7049.95 Mobile Safari/537.36 (compatible; Googlebot/2.1; +http://www.google.com/bot.html)"
66.249.73.103 - - [03/May/2025:15:18:00 -0400] "GET /index.php/pcsp.html/shopdetail/35527577/pcmypage/shopdetail/45509277/pcmypage?callback=product/review/91124444 HTTP/1.1" 200 18964 "-" "Mozilla/5.0 (Linux; Android 6.0.1; Nexus 5X Build/MMB29P) AppleWebKit/537.36 (KHTML, like Gecko) Chrome/135.0.7049.95 Mobile Safari/537.36 (compatible; Googlebot/2.1; +http://www.google.com/bot.html)"
66.249.73.96 - - [03/May/2025:15:19:40 -0400] "GET /index.php/pcsp.html/shopdetail/35527577/pcmypage/shopdetail/45509277/pcmypage/ HTTP/1.1" 200 20733 "-" "Mozilla/5.0 (Linux; Android 6.0.1; Nexus 5X Build/MMB29P) AppleWebKit/537.36 (KHTML, like Gecko) Chrome/135.0.7049.95 Mobile Safari/537.36 (compatible; Googlebot/2.1; +http://www.google.com/bot.html)"
66.249.73.103 - - [03/May/2025:15:25:29 -0400] "POST /get-message-notify HTTP/1.1" 404 1251 "https://mcprintanddesign.com/index.php/pcsp.html/shopdetail/35527577/pcmypage/shopdetail/127358977" "Mozilla/5.0 (Linux; Android 6.0.1; Nexus 5X Build/MMB29P) AppleWebKit/537.36 (KHTML, like Gecko) Chrome/134.0.6998.165 Mobile Safari/537.36 (compatible; Googlebot/2.1; +http://www.google.com/bot.html)"
66.249.73.97 - - [03/May/2025:15:46:55 -0400] "GET /index.php/pcsp.html/shopdetail/35527577/pcmypage/shopdetail/45509277/kaden.html HTTP/1.1" 200 19110 "-" "Mozilla/5.0 (Linux; Android 6.0.1; Nexus 5X Build/MMB29P) AppleWebKit/537.36 (KHTML, like Gecko) Chrome/135.0.7049.95 Mobile Safari/537.36 (compatible; Googlebot/2.1; +http://www.google.com/bot.html)"
43.130.139.177 - - [03/May/2025:15:52:25 -0400] "GET / HTTP/1.1" 500 0 "http://mcprintanddesign.com" "Mozilla/5.0 (iPhone; CPU iPhone OS 13_2_3 like Mac OS X) AppleWebKit/605.1.15 (KHTML, like Gecko) Version/13.0.3 Mobile/15E148 Safari/604.1"
66.249.73.103 - - [03/May/2025:16:27:58 -0400] "GET /index.php/pcsp.html/shopdetail/35527577/pcmypage/shopdetail/45509277/affiliate HTTP/1.1" 200 18701 "-" "Mozilla/5.0 (Linux; Android 6.0.1; Nexus 5X Build/MMB29P) AppleWebKit/537.36 (KHTML, like Gecko) Chrome/135.0.7049.95 Mobile Safari/537.36 (compatible; Googlebot/2.1; +http://www.google.com/bot.html)"
66.249.73.96 - - [03/May/2025:16:29:55 -0400] "GET /index.php/pcsp.html/pcmypage/shopdetail/53388377/kaden.html HTTP/1.1" 200 19509 "-" "Mozilla/5.0 (Linux; Android 6.0.1; Nexus 5X Build/MMB29P) AppleWebKit/537.36 (KHTML, like Gecko) Chrome/135.0.7049.95 Mobile Safari/537.36 (compatible; Googlebot/2.1; +http://www.google.com/bot.html)"
66.249.73.96 - - [03/May/2025:16:31:29 -0400] "GET /shopdetail/87320177 HTTP/1.1" 404 1251 "-" "Mozilla/5.0 (Linux; Android 6.0.1; Nexus 5X Build/MMB29P) AppleWebKit/537.36 (KHTML, like Gecko) Chrome/135.0.7049.95 Mobile Safari/537.36 (compatible; Googlebot/2.1; +http://www.google.com/bot.html)"
66.249.73.103 - - [03/May/2025:16:37:15 -0400] "GET /index.php/pcsp.html/shopdetail/131450077/toiawase HTTP/1.1" 200 18566 "-" "Mozilla/5.0 (Linux; Android 6.0.1; Nexus 5X Build/MMB29P) AppleWebKit/537.36 (KHTML, like Gecko) Chrome/135.0.7049.95 Mobile Safari/537.36 (compatible; Googlebot/2.1; +http://www.google.com/bot.html)"
66.249.73.96 - - [03/May/2025:16:40:12 -0400] "GET /robots.txt HTTP/1.1" 404 1251 "-" "Mozilla/5.0 (compatible; Googlebot/2.1; +http://www.google.com/bot.html)"
66.249.73.96 - - [03/May/2025:16:27:51 -0400] "GET /index.php/pcsp.html/shopdetail/35527577/affiliate/shopdetail/138293377 HTTP/1.1" 200 19933 "-" "Mozilla/5.0 (Linux; Android 6.0.1; Nexus 5X Build/MMB29P) AppleWebKit/537.36 (KHTML, like Gecko) Chrome/135.0.7049.95 Mobile Safari/537.36 (compatible; Googlebot/2.1; +http://www.google.com/bot.html)"
66.249.73.97 - - [03/May/2025:16:27:54 -0400] "GET /index.php/pcsp.html/shopdetail/121302077/pcmypage/shopdetail/145565377 HTTP/1.1" 200 18651 "-" "Mozilla/5.0 (Linux; Android 6.0.1; Nexus 5X Build/MMB29P) AppleWebKit/537.36 (KHTML, like Gecko) Chrome/135.0.7049.95 Mobile Safari/537.36 (compatible; Googlebot/2.1; +http://www.google.com/bot.html)"
66.249.73.103 - - [03/May/2025:16:29:47 -0400] "GET /index.php/pcsp.html/shopdetail/50005677/boyslove.html HTTP/1.1" 200 19752 "-" "Mozilla/5.0 (Linux; Android 6.0.1; Nexus 5X Build/MMB29P) AppleWebKit/537.36 (KHTML, like Gecko) Chrome/135.0.7049.95 Mobile Safari/537.36 (compatible; Googlebot/2.1; +http://www.google.com/bot.html)"
66.249.73.103 - - [03/May/2025:16:30:00 -0400] "GET /index.php/pcsp.html/shopdetail/135385077/pcmypage/shopdetail/121983477 HTTP/1.1" 200 19507 "-" "Mozilla/5.0 (Linux; Android 6.0.1; Nexus 5X Build/MMB29P) AppleWebKit/537.36 (KHTML, like Gecko) Chrome/135.0.7049.95 Mobile Safari/537.36 (compatible; Googlebot/2.1; +http://www.google.com/bot.html)"
66.249.73.103 - - [03/May/2025:16:34:30 -0400] "GET /index.php/pcsp.html/shopdetail/1329777/product_archives/shopdetail/88519377 HTTP/1.1" 200 19302 "-" "Mozilla/5.0 (Linux; Android 6.0.1; Nexus 5X Build/MMB29P) AppleWebKit/537.36 (KHTML, like Gecko) Chrome/135.0.7049.95 Mobile Safari/537.36 (compatible; Googlebot/2.1; +http://www.google.com/bot.html)"
66.249.73.97 - - [03/May/2025:16:35:17 -0400] "GET /index.php/books.html HTTP/1.1" 200 19097 "-" "Mozilla/5.0 (Linux; Android 6.0.1; Nexus 5X Build/MMB29P) AppleWebKit/537.36 (KHTML, like Gecko) Chrome/135.0.7049.95 Mobile Safari/537.36 (compatible; Googlebot/2.1; +http://www.google.com/bot.html)"
66.249.73.96 - - [03/May/2025:16:35:45 -0400] "GET /index.php/pcsp.html/shopdetail/50005677/man/kaitori/kantan.html HTTP/1.1" 200 20307 "-" "Mozilla/5.0 (Linux; Android 6.0.1; Nexus 5X Build/MMB29P) AppleWebKit/537.36 (KHTML, like Gecko) Chrome/135.0.7049.95 Mobile Safari/537.36 (compatible; Googlebot/2.1; +http://www.google.com/bot.html)"
66.249.73.97 - - [03/May/2025:16:42:11 -0400] "GET /index.phpshopdetail/141037177 HTTP/1.1" 404 1251 "-" "Mozilla/5.0 (Linux; Android 6.0.1; Nexus 5X Build/MMB29P) AppleWebKit/537.36 (KHTML, like Gecko) Chrome/135.0.7049.95 Mobile Safari/537.36 (compatible; Googlebot/2.1; +http://www.google.com/bot.html)"
66.249.73.103 - - [03/May/2025:16:42:11 -0400] "GET /robots.txt HTTP/1.1" 404 1251 "-" "Mozilla/5.0 (compatible; Googlebot/2.1; +http://www.google.com/bot.html)"
66.249.73.96 - - [03/May/2025:16:42:42 -0400] "POST /get-message-notify HTTP/1.1" 404 1251 "https://mcprintanddesign.com/index.php/pcsp.html/pcmypage//shopdetail/94348477" "Mozilla/5.0 (Linux; Android 6.0.1; Nexus 5X Build/MMB29P) AppleWebKit/537.36 (KHTML, like Gecko) Chrome/134.0.6998.165 Mobile Safari/537.36 (compatible; Googlebot/2.1; +http://www.google.com/bot.html)"
66.249.73.103 - - [03/May/2025:16:49:34 -0400] "GET /robots.txt HTTP/1.1" 404 1251 "-" "Mozilla/5.0 (compatible; Googlebot/2.1; +http://www.google.com/bot.html)"
66.249.73.97 - - [03/May/2025:16:51:06 -0400] "GET /robots.txt HTTP/1.1" 404 1251 "-" "Mozilla/5.0 (compatible; Googlebot/2.1; +http://www.google.com/bot.html)"
43.130.150.80 - - [03/May/2025:17:14:05 -0400] "GET / HTTP/1.1" 500 0 "http://www.mcprintanddesign.com" "Mozilla/5.0 (iPhone; CPU iPhone OS 13_2_3 like Mac OS X) AppleWebKit/605.1.15 (KHTML, like Gecko) Version/13.0.3 Mobile/15E148 Safari/604.1"
66.249.65.99 - - [03/May/2025:17:10:32 -0400] "GET /robots.txt HTTP/1.1" 404 1251 "-" "Mozilla/5.0 (compatible; Googlebot/2.1; +http://www.google.com/bot.html)"
66.249.73.103 - - [03/May/2025:17:22:53 -0400] "POST /get-message-notify HTTP/1.1" 404 1251 "https://mcprintanddesign.com/index.php/pcsp.html/affiliate/shopdetail/99578277/shopdetail/99047777" "Mozilla/5.0 (Linux; Android 6.0.1; Nexus 5X Build/MMB29P) AppleWebKit/537.36 (KHTML, like Gecko) Chrome/134.0.6998.165 Mobile Safari/537.36 (compatible; Googlebot/2.1; +http://www.google.com/bot.html)"
66.249.73.96 - - [03/May/2025:17:35:23 -0400] "POST /get-message-notify HTTP/1.1" 404 1251 "https://mcprintanddesign.com/index.php/pcsp.html/shopdetail/31325577/toiawase" "Mozilla/5.0 (Linux; Android 6.0.1; Nexus 5X Build/MMB29P) AppleWebKit/537.36 (KHTML, like Gecko) Chrome/134.0.6998.165 Mobile Safari/537.36 (compatible; Googlebot/2.1; +http://www.google.com/bot.html)"
66.249.73.103 - - [03/May/2025:17:47:47 -0400] "POST /get-message-notify HTTP/1.1" 404 1251 "https://mcprintanddesign.com/index.php/pcsp.html/shopdetail/35527577/pcmypage/dozin.html" "Mozilla/5.0 (Linux; Android 6.0.1; Nexus 5X Build/MMB29P) AppleWebKit/537.36 (KHTML, like Gecko) Chrome/134.0.6998.165 Mobile Safari/537.36 (compatible; Googlebot/2.1; +http://www.google.com/bot.html)"
66.249.73.97 - - [03/May/2025:17:41:41 -0400] "POST /get-message-notify HTTP/1.1" 404 1251 "https://mcprintanddesign.com/index.php/pcsp.html/shopdetail/121302077/affiliate/shopdetail/108842477/books.html" "Mozilla/5.0 (Linux; Android 6.0.1; Nexus 5X Build/MMB29P) AppleWebKit/537.36 (KHTML, like Gecko) Chrome/134.0.6998.165 Mobile Safari/537.36 (compatible; Googlebot/2.1; +http://www.google.com/bot.html)"
66.249.73.103 - - [03/May/2025:17:45:11 -0400] "POST /get-message-notify HTTP/1.1" 404 1251 "https://mcprintanddesign.com/index.php/pcsp.html/shopdetail/35527577/affiliate/pcmypage/" "Mozilla/5.0 (Linux; Android 6.0.1; Nexus 5X Build/MMB29P) AppleWebKit/537.36 (KHTML, like Gecko) Chrome/134.0.6998.165 Mobile Safari/537.36 (compatible; Googlebot/2.1; +http://www.google.com/bot.html)"
222.79.103.59 - - [03/May/2025:17:48:23 -0400] "GET / HTTP/1.1" 500 0 "http://mcprintanddesign.com" "Mozilla/5.0 (iPhone; CPU iPhone OS 13_2_3 like Mac OS X) AppleWebKit/605.1.15 (KHTML, like Gecko) Version/13.0.3 Mobile/15E148 Safari/604.1"
66.249.73.103 - - [03/May/2025:17:51:39 -0400] "POST /get-message-notify HTTP/1.1" 404 1251 "https://mcprintanddesign.com/index.php/pcsp.html/shopdetail/135385077/pcmypage/shopdetail/64006177" "Mozilla/5.0 (Linux; Android 6.0.1; Nexus 5X Build/MMB29P) AppleWebKit/537.36 (KHTML, like Gecko) Chrome/134.0.6998.165 Mobile Safari/537.36 (compatible; Googlebot/2.1; +http://www.google.com/bot.html)"
66.249.73.103 - - [03/May/2025:17:56:56 -0400] "POST /get-message-notify HTTP/1.1" 404 1251 "https://mcprintanddesign.com/index.php/pcsp.html/shopdetail/121302077/affiliate/shopdetail/108842477/pcmypage" "Mozilla/5.0 (Linux; Android 6.0.1; Nexus 5X Build/MMB29P) AppleWebKit/537.36 (KHTML, like Gecko) Chrome/134.0.6998.165 Mobile Safari/537.36 (compatible; Googlebot/2.1; +http://www.google.com/bot.html)"
66.249.73.96 - - [03/May/2025:17:57:45 -0400] "POST /get-message-notify HTTP/1.1" 404 1251 "https://mcprintanddesign.com/index.php/pcsp.html/product_archives/shopdetail/51102377/shopdetail/134032477" "Mozilla/5.0 (Linux; Android 6.0.1; Nexus 5X Build/MMB29P) AppleWebKit/537.36 (KHTML, like Gecko) Chrome/134.0.6998.165 Mobile Safari/537.36 (compatible; Googlebot/2.1; +http://www.google.com/bot.html)"
66.249.73.103 - - [03/May/2025:18:03:30 -0400] "POST /get-message-notify HTTP/1.1" 404 1251 "https://mcprintanddesign.com/index.php/pcsp.html/affiliate/shopdetail/99578277/shopdetail/128092977" "Mozilla/5.0 (Linux; Android 6.0.1; Nexus 5X Build/MMB29P) AppleWebKit/537.36 (KHTML, like Gecko) Chrome/134.0.6998.165 Mobile Safari/537.36 (compatible; Googlebot/2.1; +http://www.google.com/bot.html)"
66.249.73.96 - - [03/May/2025:17:59:55 -0400] "POST /get-message-notify HTTP/1.1" 404 1251 "https://mcprintanddesign.com/index.php/pcsp.html/shopdetail/121302077/shopdetail/25188577/pcmypage?callback=product%2Fdetail%2F94158673" "Mozilla/5.0 (Linux; Android 6.0.1; Nexus 5X Build/MMB29P) AppleWebKit/537.36 (KHTML, like Gecko) Chrome/134.0.6998.165 Mobile Safari/537.36 (compatible; Googlebot/2.1; +http://www.google.com/bot.html)"
66.249.73.97 - - [03/May/2025:18:25:40 -0400] "POST /get-message-notify HTTP/1.1" 404 1251 "https://mcprintanddesign.com/index.php/pcsp.html/shopdetail/35527577/product_archives/man/customer_guide" "Mozilla/5.0 (Linux; Android 6.0.1; Nexus 5X Build/MMB29P) AppleWebKit/537.36 (KHTML, like Gecko) Chrome/134.0.6998.165 Mobile Safari/537.36 (compatible; Googlebot/2.1; +http://www.google.com/bot.html)"
66.249.73.96 - - [03/May/2025:18:29:17 -0400] "POST /get-message-notify HTTP/1.1" 404 1251 "https://mcprintanddesign.com/index.php/pcsp.html/pcmypage//shopdetail/107576277" "Mozilla/5.0 (Linux; Android 6.0.1; Nexus 5X Build/MMB29P) AppleWebKit/537.36 (KHTML, like Gecko) Chrome/134.0.6998.165 Mobile Safari/537.36 (compatible; Googlebot/2.1; +http://www.google.com/bot.html)"
66.249.73.97 - - [03/May/2025:18:33:05 -0400] "POST /get-message-notify HTTP/1.1" 404 1251 "https://mcprintanddesign.com/index.php/pcsp.html/shopdetail/69278977/pcmypage/shopdetail/29427877" "Mozilla/5.0 (Linux; Android 6.0.1; Nexus 5X Build/MMB29P) AppleWebKit/537.36 (KHTML, like Gecko) Chrome/134.0.6998.165 Mobile Safari/537.36 (compatible; Googlebot/2.1; +http://www.google.com/bot.html)"
66.249.73.103 - - [03/May/2025:18:33:46 -0400] "GET /shopdetail/160532077 HTTP/1.1" 404 1251 "-" "Mozilla/5.0 (Linux; Android 6.0.1; Nexus 5X Build/MMB29P) AppleWebKit/537.36 (KHTML, like Gecko) Chrome/135.0.7049.95 Mobile Safari/537.36 (compatible; Googlebot/2.1; +http://www.google.com/bot.html)"
66.249.73.103 - - [03/May/2025:18:37:14 -0400] "POST /get-message-notify HTTP/1.1" 404 1251 "https://mcprintanddesign.com/index.php/pcsp.html/shopdetail/121302077/product_archives/text/terms" "Mozilla/5.0 (Linux; Android 6.0.1; Nexus 5X Build/MMB29P) AppleWebKit/537.36 (KHTML, like Gecko) Chrome/134.0.6998.165 Mobile Safari/537.36 (compatible; Googlebot/2.1; +http://www.google.com/bot.html)"
198.235.24.132 - - [03/May/2025:18:58:50 -0400] "GET / HTTP/1.1" 500 0 "-" "-"
66.249.73.103 - - [03/May/2025:19:10:21 -0400] "POST /get-message-notify HTTP/1.1" 404 1251 "https://mcprintanddesign.com/index.php/pcsp.html/shopdetail/121302077/product_archives/man/kaitori/ansin.html" "Mozilla/5.0 (Linux; Android 6.0.1; Nexus 5X Build/MMB29P) AppleWebKit/537.36 (KHTML, like Gecko) Chrome/134.0.6998.165 Mobile Safari/537.36 (compatible; Googlebot/2.1; +http://www.google.com/bot.html)"
66.249.73.96 - - [03/May/2025:19:16:13 -0400] "POST /get-message-notify HTTP/1.1" 404 1251 "https://mcprintanddesign.com/index.php/pcsp.html/shopdetail/35527577/product_archives/shopdetail/140289777" "Mozilla/5.0 (Linux; Android 6.0.1; Nexus 5X Build/MMB29P) AppleWebKit/537.36 (KHTML, like Gecko) Chrome/134.0.6998.165 Mobile Safari/537.36 (compatible; Googlebot/2.1; +http://www.google.com/bot.html)"
66.249.73.103 - - [03/May/2025:19:17:18 -0400] "POST /get-message-notify HTTP/1.1" 404 1251 "https://mcprintanddesign.com/index.php/pcsp.html/affiliate/shopdetail/15928977/pcmypage" "Mozilla/5.0 (Linux; Android 6.0.1; Nexus 5X Build/MMB29P) AppleWebKit/537.36 (KHTML, like Gecko) Chrome/134.0.6998.165 Mobile Safari/537.36 (compatible; Googlebot/2.1; +http://www.google.com/bot.html)"
66.249.73.97 - - [03/May/2025:19:18:49 -0400] "POST /get-message-notify HTTP/1.1" 404 1251 "https://mcprintanddesign.com/index.php/pcsp.html/shopdetail/135385077/pcmypage/shopdetail/67566677" "Mozilla/5.0 (Linux; Android 6.0.1; Nexus 5X Build/MMB29P) AppleWebKit/537.36 (KHTML, like Gecko) Chrome/134.0.6998.165 Mobile Safari/537.36 (compatible; Googlebot/2.1; +http://www.google.com/bot.html)"
66.249.73.97 - - [03/May/2025:19:28:15 -0400] "POST /get-message-notify HTTP/1.1" 404 1251 "https://mcprintanddesign.com/index.php/pcsp.html/pcmypage/shopdetail/53388377/shopdetail/83729977" "Mozilla/5.0 (Linux; Android 6.0.1; Nexus 5X Build/MMB29P) AppleWebKit/537.36 (KHTML, like Gecko) Chrome/134.0.6998.165 Mobile Safari/537.36 (compatible; Googlebot/2.1; +http://www.google.com/bot.html)"
66.249.73.96 - - [03/May/2025:19:44:50 -0400] "GET /index.php/pcsp.html/shopdetail/21974677/pcmypage/shopdetail/50338077 HTTP/1.1" 200 20078 "-" "Mozilla/5.0 (Linux; Android 6.0.1; Nexus 5X Build/MMB29P) AppleWebKit/537.36 (KHTML, like Gecko) Chrome/135.0.7049.95 Mobile Safari/537.36 (compatible; Googlebot/2.1; +http://www.google.com/bot.html)"
66.249.73.96 - - [03/May/2025:19:46:11 -0400] "POST /get-message-notify HTTP/1.1" 404 1251 "https://mcprintanddesign.com/index.php/pcsp.html/affiliate/feature/index.html" "Mozilla/5.0 (Linux; Android 6.0.1; Nexus 5X Build/MMB29P) AppleWebKit/537.36 (KHTML, like Gecko) Chrome/134.0.6998.165 Mobile Safari/537.36 (compatible; Googlebot/2.1; +http://www.google.com/bot.html)"
66.249.73.97 - - [03/May/2025:19:49:17 -0400] "POST /get-message-notify HTTP/1.1" 404 1251 "https://mcprintanddesign.com/index.php/feature/sale2411-5/index.html" "Mozilla/5.0 (Linux; Android 6.0.1; Nexus 5X Build/MMB29P) AppleWebKit/537.36 (KHTML, like Gecko) Chrome/134.0.6998.165 Mobile Safari/537.36 (compatible; Googlebot/2.1; +http://www.google.com/bot.html)"
66.249.73.96 - - [03/May/2025:19:40:09 -0400] "POST /get-message-notify HTTP/1.1" 404 1251 "https://mcprintanddesign.com/index.php/pcsp.html/shopdetail/121302077/product_archives/shopdetail/125266077/cd.html" "Mozilla/5.0 (Linux; Android 6.0.1; Nexus 5X Build/MMB29P) AppleWebKit/537.36 (KHTML, like Gecko) Chrome/134.0.6998.165 Mobile Safari/537.36 (compatible; Googlebot/2.1; +http://www.google.com/bot.html)"
66.249.73.103 - - [03/May/2025:19:46:50 -0400] "GET /index.php/pcsp.html/shopdetail/21974677/pcmypage/shopdetail/35351777 HTTP/1.1" 200 19145 "-" "Mozilla/5.0 (Linux; Android 6.0.1; Nexus 5X Build/MMB29P) AppleWebKit/537.36 (KHTML, like Gecko) Chrome/135.0.7049.95 Mobile Safari/537.36 (compatible; Googlebot/2.1; +http://www.google.com/bot.html)"
66.249.73.97 - - [03/May/2025:19:54:42 -0400] "POST /get-message-notify HTTP/1.1" 404 1251 "https://mcprintanddesign.com/index.php/pcsp.html/shopdetail/135385077/pcmypage/shopdetail/44749577" "Mozilla/5.0 (Linux; Android 6.0.1; Nexus 5X Build/MMB29P) AppleWebKit/537.36 (KHTML, like Gecko) Chrome/134.0.6998.165 Mobile Safari/537.36 (compatible; Googlebot/2.1; +http://www.google.com/bot.html)"
66.249.73.96 - - [03/May/2025:19:56:37 -0400] "POST /get-message-notify HTTP/1.1" 404 1251 "https://mcprintanddesign.com/index.php/pcsp.html/product_archives/shopdetail/139731277/shopdetail/30562677" "Mozilla/5.0 (Linux; Android 6.0.1; Nexus 5X Build/MMB29P) AppleWebKit/537.36 (KHTML, like Gecko) Chrome/134.0.6998.165 Mobile Safari/537.36 (compatible; Googlebot/2.1; +http://www.google.com/bot.html)"
66.249.73.103 - - [03/May/2025:20:06:47 -0400] "POST /get-message-notify HTTP/1.1" 404 1251 "https://mcprintanddesign.com/index.php/pcsp.html/shopdetail/35527577/affiliate/text/terms/game.html" "Mozilla/5.0 (Linux; Android 6.0.1; Nexus 5X Build/MMB29P) AppleWebKit/537.36 (KHTML, like Gecko) Chrome/134.0.6998.165 Mobile Safari/537.36 (compatible; Googlebot/2.1; +http://www.google.com/bot.html)"
66.249.73.97 - - [03/May/2025:20:08:08 -0400] "POST /get-message-notify HTTP/1.1" 404 1251 "https://mcprintanddesign.com/index.php/pcsp.html/affiliate/shopdetail/15928977/shopdetail/25726377" "Mozilla/5.0 (Linux; Android 6.0.1; Nexus 5X Build/MMB29P) AppleWebKit/537.36 (KHTML, like Gecko) Chrome/134.0.6998.165 Mobile Safari/537.36 (compatible; Googlebot/2.1; +http://www.google.com/bot.html)"
66.249.73.103 - - [03/May/2025:20:19:01 -0400] "POST /get-message-notify HTTP/1.1" 404 1251 "https://mcprintanddesign.com/index.php/pcsp.html/affiliate/affiliate" "Mozilla/5.0 (Linux; Android 6.0.1; Nexus 5X Build/MMB29P) AppleWebKit/537.36 (KHTML, like Gecko) Chrome/134.0.6998.165 Mobile Safari/537.36 (compatible; Googlebot/2.1; +http://www.google.com/bot.html)"
167.94.138.188 - - [03/May/2025:20:23:47 -0400] "GET / HTTP/1.1" 500 0 "-" "Mozilla/5.0 (compatible; CensysInspect/1.1; +https://about.censys.io/)"
66.249.73.103 - - [03/May/2025:20:23:11 -0400] "POST /get-message-notify HTTP/1.1" 404 1251 "https://mcprintanddesign.com/index.php/pcsp.html/shopdetail/35527577/product_archives/shopdetail/144893977" "Mozilla/5.0 (Linux; Android 6.0.1; Nexus 5X Build/MMB29P) AppleWebKit/537.36 (KHTML, like Gecko) Chrome/134.0.6998.165 Mobile Safari/537.36 (compatible; Googlebot/2.1; +http://www.google.com/bot.html)"
167.94.138.188 - - [03/May/2025:20:24:53 -0400] "GET /favicon.ico HTTP/1.1" 404 1251 "-" "Mozilla/5.0 (compatible; CensysInspect/1.1; +https://about.censys.io/)"
66.249.73.96 - - [03/May/2025:20:33:21 -0400] "POST /get-message-notify HTTP/1.1" 404 1251 "https://mcprintanddesign.com/index.php/pcsp.html/shopdetail/35527577/affiliate/product_archives" "Mozilla/5.0 (Linux; Android 6.0.1; Nexus 5X Build/MMB29P) AppleWebKit/537.36 (KHTML, like Gecko) Chrome/134.0.6998.165 Mobile Safari/537.36 (compatible; Googlebot/2.1; +http://www.google.com/bot.html)"
66.249.73.103 - - [03/May/2025:20:33:24 -0400] "POST /get-message-notify HTTP/1.1" 404 1251 "https://mcprintanddesign.com/index.php/pcsp.html/shopdetail/1329777/recruit" "Mozilla/5.0 (Linux; Android 6.0.1; Nexus 5X Build/MMB29P) AppleWebKit/537.36 (KHTML, like Gecko) Chrome/134.0.6998.165 Mobile Safari/537.36 (compatible; Googlebot/2.1; +http://www.google.com/bot.html)"
66.249.73.96 - - [03/May/2025:20:33:33 -0400] "POST /get-message-notify HTTP/1.1" 404 1251 "https://mcprintanddesign.com/index.php/pcsp.html/shopdetail/35527577/product_archives/shopdetail/149030177" "Mozilla/5.0 (Linux; Android 6.0.1; Nexus 5X Build/MMB29P) AppleWebKit/537.36 (KHTML, like Gecko) Chrome/134.0.6998.165 Mobile Safari/537.36 (compatible; Googlebot/2.1; +http://www.google.com/bot.html)"
66.249.73.96 - - [03/May/2025:20:38:41 -0400] "POST /get-message-notify HTTP/1.1" 404 1251 "https://mcprintanddesign.com/index.php/pcsp.html/shopdetail/30545577" "Mozilla/5.0 (Linux; Android 6.0.1; Nexus 5X Build/MMB29P) AppleWebKit/537.36 (KHTML, like Gecko) Chrome/134.0.6998.165 Mobile Safari/537.36 (compatible; Googlebot/2.1; +http://www.google.com/bot.html)"
66.249.73.97 - - [03/May/2025:20:53:56 -0400] "POST /get-message-notify HTTP/1.1" 404 1251 "https://mcprintanddesign.com/index.php/pcsp.html/shopdetail/35527577/affiliate/shopdetail/4204677" "Mozilla/5.0 (Linux; Android 6.0.1; Nexus 5X Build/MMB29P) AppleWebKit/537.36 (KHTML, like Gecko) Chrome/134.0.6998.165 Mobile Safari/537.36 (compatible; Googlebot/2.1; +http://www.google.com/bot.html)"
36.41.75.167 - - [03/May/2025:20:56:02 -0400] "GET / HTTP/1.1" 500 0 "http://www.mcprintanddesign.com" "Mozilla/5.0 (iPhone; CPU iPhone OS 13_2_3 like Mac OS X) AppleWebKit/605.1.15 (KHTML, like Gecko) Version/13.0.3 Mobile/15E148 Safari/604.1"
66.249.73.96 - - [03/May/2025:21:04:22 -0400] "POST /get-message-notify HTTP/1.1" 404 1251 "https://mcprintanddesign.com/index.php/pcsp.html/shopdetail/121302077/shopdetail/88201577" "Mozilla/5.0 (Linux; Android 6.0.1; Nexus 5X Build/MMB29P) AppleWebKit/537.36 (KHTML, like Gecko) Chrome/134.0.6998.165 Mobile Safari/537.36 (compatible; Googlebot/2.1; +http://www.google.com/bot.html)"
66.249.73.103 - - [03/May/2025:20:59:22 -0400] "POST /get-message-notify HTTP/1.1" 404 1251 "https://mcprintanddesign.com/index.php/pcsp.html/shopdetail/121302077/product_archives/shopdetail/125266077/dozin.html" "Mozilla/5.0 (Linux; Android 6.0.1; Nexus 5X Build/MMB29P) AppleWebKit/537.36 (KHTML, like Gecko) Chrome/134.0.6998.165 Mobile Safari/537.36 (compatible; Googlebot/2.1; +http://www.google.com/bot.html)"
66.249.73.96 - - [03/May/2025:21:03:59 -0400] "POST /get-message-notify HTTP/1.1" 404 1251 "https://mcprintanddesign.com/index.php/feature/yokohama_maruicity/index.html" "Mozilla/5.0 (Linux; Android 6.0.1; Nexus 5X Build/MMB29P) AppleWebKit/537.36 (KHTML, like Gecko) Chrome/134.0.6998.165 Mobile Safari/537.36 (compatible; Googlebot/2.1; +http://www.google.com/bot.html)"
66.249.73.96 - - [03/May/2025:21:07:13 -0400] "POST /get-message-notify HTTP/1.1" 404 1251 "https://mcprintanddesign.com/index.php/pcsp.html/shopdetail/98094377/kaden.html" "Mozilla/5.0 (Linux; Android 6.0.1; Nexus 5X Build/MMB29P) AppleWebKit/537.36 (KHTML, like Gecko) Chrome/134.0.6998.165 Mobile Safari/537.36 (compatible; Googlebot/2.1; +http://www.google.com/bot.html)"
40.77.167.108 - - [03/May/2025:21:31:07 -0400] "GET /robots.txt HTTP/1.1" 404 1251 "-" "Mozilla/5.0 AppleWebKit/537.36 (KHTML, like Gecko; compatible; bingbot/2.0; +http://www.bing.com/bingbot.htm) Chrome/116.0.1938.76 Safari/537.36"
40.77.167.108 - - [03/May/2025:21:31:07 -0400] "GET /robots.txt HTTP/1.1" 404 1251 "-" "Mozilla/5.0 AppleWebKit/537.36 (KHTML, like Gecko; compatible; bingbot/2.0; +http://www.bing.com/bingbot.htm) Chrome/116.0.1938.76 Safari/537.36"
157.55.39.202 - - [03/May/2025:21:31:13 -0400] "GET /store/product-view.html/89-T-Shirts HTTP/1.1" 404 1251 "-" "Mozilla/5.0 AppleWebKit/537.36 (KHTML, like Gecko; compatible; bingbot/2.0; +http://www.bing.com/bingbot.htm) Chrome/116.0.1938.76 Safari/537.36"
66.249.73.96 - - [03/May/2025:21:19:25 -0400] "POST /get-message-notify HTTP/1.1" 404 1251 "https://mcprintanddesign.com/index.php/pcsp.html/shopdetail/121302077/affiliate/shopdetail/13964277" "Mozilla/5.0 (Linux; Android 6.0.1; Nexus 5X Build/MMB29P) AppleWebKit/537.36 (KHTML, like Gecko) Chrome/134.0.6998.165 Mobile Safari/537.36 (compatible; Googlebot/2.1; +http://www.google.com/bot.html)"
66.249.73.96 - - [03/May/2025:21:28:17 -0400] "POST /get-message-notify HTTP/1.1" 404 1251 "https://mcprintanddesign.com/index.php/pcsp.html/shopdetail/131450077/affiliate" "Mozilla/5.0 (Linux; Android 6.0.1; Nexus 5X Build/MMB29P) AppleWebKit/537.36 (KHTML, like Gecko) Chrome/134.0.6998.165 Mobile Safari/537.36 (compatible; Googlebot/2.1; +http://www.google.com/bot.html)"
66.249.73.103 - - [03/May/2025:21:38:45 -0400] "POST /get-message-notify HTTP/1.1" 404 1251 "https://mcprintanddesign.com/index.php/pcsp.html/shopdetail/135385077/pcmypage?callback=product/review/72724380" "Mozilla/5.0 (Linux; Android 6.0.1; Nexus 5X Build/MMB29P) AppleWebKit/537.36 (KHTML, like Gecko) Chrome/134.0.6998.165 Mobile Safari/537.36 (compatible; Googlebot/2.1; +http://www.google.com/bot.html)"
66.249.73.96 - - [03/May/2025:21:35:42 -0400] "POST /get-message-notify HTTP/1.1" 404 1251 "https://mcprintanddesign.com/index.php/pcsp.html/shopdetail/121302077/shopdetail/85996677" "Mozilla/5.0 (Linux; Android 6.0.1; Nexus 5X Build/MMB29P) AppleWebKit/537.36 (KHTML, like Gecko) Chrome/134.0.6998.165 Mobile Safari/537.36 (compatible; Googlebot/2.1; +http://www.google.com/bot.html)"
66.249.73.103 - - [03/May/2025:21:42:45 -0400] "POST /get-message-notify HTTP/1.1" 404 1251 "https://mcprintanddesign.com/index.php/pcsp.html/shopdetail/13028677/books.html" "Mozilla/5.0 (Linux; Android 6.0.1; Nexus 5X Build/MMB29P) AppleWebKit/537.36 (KHTML, like Gecko) Chrome/134.0.6998.165 Mobile Safari/537.36 (compatible; Googlebot/2.1; +http://www.google.com/bot.html)"
185.147.125.18 - - [03/May/2025:22:24:36 -0400] "GET / HTTP/1.0" 500 0 "https://mcprintanddesign.com/" "Mozilla/5.0 (Windows NT 10.0; Win64; x64) AppleWebKit/537.36 (KHTML, like Gecko) Chrome/131.0.0.0 Safari/537.36 Avast/131.0.0.0"
85.208.96.209 - - [03/May/2025:22:35:13 -0400] "GET /robots.txt HTTP/1.1" 404 1251 "-" "Mozilla/5.0 (compatible; SemrushBot/7~bl; +http://www.semrush.com/bot.html)"
185.191.171.9 - - [03/May/2025:22:35:14 -0400] "GET / HTTP/1.1" 500 0 "-" "Mozilla/5.0 (compatible; SemrushBot/7~bl; +http://www.semrush.com/bot.html)"
185.191.171.18 - - [03/May/2025:22:35:19 -0400] "GET /sitemap.xml HTTP/1.1" 404 1251 "-" "Mozilla/5.0 (compatible; SemrushBot/7~bl; +http://www.semrush.com/bot.html)"
66.249.73.97 - - [03/May/2025:23:12:31 -0400] "POST /get-message-notify HTTP/1.1" 404 1251 "https://mcprintanddesign.com/index.php/books.html" "Mozilla/5.0 (Linux; Android 6.0.1; Nexus 5X Build/MMB29P) AppleWebKit/537.36 (KHTML, like Gecko) Chrome/134.0.6998.165 Mobile Safari/537.36 (compatible; Googlebot/2.1; +http://www.google.com/bot.html)"
170.106.163.48 - - [03/May/2025:23:07:18 -0400] "GET / HTTP/1.1" 500 0 "http://mcprintanddesign.com" "Mozilla/5.0 (iPhone; CPU iPhone OS 13_2_3 like Mac OS X) AppleWebKit/605.1.15 (KHTML, like Gecko) Version/13.0.3 Mobile/15E148 Safari/604.1"
66.249.73.103 - - [03/May/2025:23:20:54 -0400] "POST /get-message-notify HTTP/1.1" 404 1251 "https://mcprintanddesign.com/index.php/pcsp.html/product_archives/shopdetail/51102377/shopdetail/60196077/vintagegame.html" "Mozilla/5.0 (Linux; Android 6.0.1; Nexus 5X Build/MMB29P) AppleWebKit/537.36 (KHTML, like Gecko) Chrome/134.0.6998.165 Mobile Safari/537.36 (compatible; Googlebot/2.1; +http://www.google.com/bot.html)"
110.40.186.63 - - [04/May/2025:00:07:05 -0400] "GET / HTTP/1.1" 500 0 "http://mcprintanddesign.com" "Mozilla/5.0 (iPhone; CPU iPhone OS 13_2_3 like Mac OS X) AppleWebKit/605.1.15 (KHTML, like Gecko) Version/13.0.3 Mobile/15E148 Safari/604.1"
43.159.149.216 - - [04/May/2025:00:28:22 -0400] "GET / HTTP/1.1" 500 0 "http://www.mcprintanddesign.com" "Mozilla/5.0 (iPhone; CPU iPhone OS 13_2_3 like Mac OS X) AppleWebKit/605.1.15 (KHTML, like Gecko) Version/13.0.3 Mobile/15E148 Safari/604.1"