45.95.214.129 - - [16/May/2025:14:32:31 -0400] "GET /assets/ckfinder/ckfinder.html HTTP/1.1" 404 10370 "-" "Mozilla/5.0 (Windows NT 10.0; Win64; x64; rv:81.0) Gecko/20100101 Firefox/81.0"
192.64.118.117 - - [16/May/2025:14:43:45 -0400] "POST /wp-cron.php?doing_wp_cron=1747421025.8428049087524414062500 HTTP/1.1" 403 1242 "https://acreditrepaircorp.com/wp-cron.php?doing_wp_cron=1747421025.8428049087524414062500" "WordPress/5.0.18; http://acreditrepaircorp.com"
162.0.229.183 - - [16/May/2025:14:43:45 -0400] "POST /wp-login.php HTTP/1.1" 200 1592 "https://acreditrepaircorp.com" "Mozilla/5.0 (Windows NT 11.0; Win64; x64) AppleWebKit/537.36 (KHTML, like Gecko) Chrome/126.0.0.0 Safari/537.36 Edg/126.0.0.0"
192.64.118.117 - - [16/May/2025:14:32:27 -0400] "POST /wp-cron.php?doing_wp_cron=1747420347.2606370449066162109375 HTTP/1.1" 403 1242 "https://acreditrepaircorp.com/wp-cron.php?doing_wp_cron=1747420347.2606370449066162109375" "WordPress/5.0.18; https://acreditrepaircorp.com"
45.95.214.129 - - [16/May/2025:14:32:28 -0400] "GET /ckfinder/ckfinder.html HTTP/1.1" 404 10370 "-" "Mozilla/5.0 (Windows NT 10.0; Win64; x64; rv:81.0) Gecko/20100101 Firefox/81.0"
45.95.214.129 - - [16/May/2025:14:32:29 -0400] "GET /js/ckfinder/ckfinder.html HTTP/1.1" 404 10370 "-" "Mozilla/5.0 (Windows NT 10.0; Win64; x64; rv:81.0) Gecko/20100101 Firefox/81.0"
162.0.235.20 - - [16/May/2025:14:49:45 -0400] "POST /wp-login.php HTTP/1.1" 200 1592 "https://acreditrepaircorp.com" "Mozilla/5.0 (Macintosh; Intel Mac OS X 10_15_7) AppleWebKit/537.36 (KHTML, like Gecko) Chrome/112.0.5615.138 Safari/537.36"
157.55.39.58 - - [16/May/2025:14:59:39 -0400] "GET /27172wkul23a0nwcf9bd HTTP/1.1" 404 9059 "-" "Mozilla/5.0 AppleWebKit/537.36 (KHTML, like Gecko; compatible; bingbot/2.0; +http://www.bing.com/bingbot.htm) Chrome/116.0.1938.76 Safari/537.36"
192.64.118.117 - - [16/May/2025:14:49:46 -0400] "POST /wp-cron.php?doing_wp_cron=1747421386.0761649608612060546875 HTTP/1.1" 403 1242 "https://acreditrepaircorp.com/wp-cron.php?doing_wp_cron=1747421386.0761649608612060546875" "WordPress/5.0.18; http://acreditrepaircorp.com"
192.64.118.117 - - [16/May/2025:14:59:39 -0400] "POST /wp-cron.php?doing_wp_cron=1747421979.7422440052032470703125 HTTP/1.1" 403 1242 "https://acreditrepaircorp.com/wp-cron.php?doing_wp_cron=1747421979.7422440052032470703125" "WordPress/5.0.18; https://acreditrepaircorp.com"
68.65.122.219 - - [16/May/2025:14:59:59 -0400] "POST /wp-login.php HTTP/1.1" 200 1850 "https://acreditrepaircorp.com" "Mozilla/5.0 (Windows NT 10.0; Win64; x64) AppleWebKit/537.36 (KHTML, like Gecko) Chrome/113.0.5672.93 Safari/537.36"
68.65.120.107 - - [16/May/2025:15:02:38 -0400] "POST /wp-login.php HTTP/1.1" 200 1592 "https://acreditrepaircorp.com" "Mozilla/5.0 (Macintosh; Intel Mac OS X 10.15; rv:126.0) Gecko/20100101 Firefox/126.0"
192.64.118.117 - - [16/May/2025:15:06:36 -0400] "POST /wp-cron.php?doing_wp_cron=1747422396.6388299465179443359375 HTTP/1.1" 403 1242 "https://acreditrepaircorp.com/wp-cron.php?doing_wp_cron=1747422396.6388299465179443359375" "WordPress/5.0.18; https://acreditrepaircorp.com"
195.82.146.212 - - [16/May/2025:15:06:36 -0400] "GET / HTTP/1.0" 200 80532 "https://acreditrepaircorp.com/" "Mozilla/5.0 (Windows NT 10.0; Win64; x64) AppleWebKit/537.36 (KHTML, like Gecko) Chrome/130.0.0.0 Safari/537.36"
192.64.118.117 - - [16/May/2025:15:02:38 -0400] "POST /wp-cron.php?doing_wp_cron=1747422158.8886249065399169921875 HTTP/1.1" 403 1242 "https://acreditrepaircorp.com/wp-cron.php?doing_wp_cron=1747422158.8886249065399169921875" "WordPress/5.0.18; http://acreditrepaircorp.com"
192.64.118.117 - - [16/May/2025:15:21:19 -0400] "POST /wp-cron.php?doing_wp_cron=1747423279.1495940685272216796875 HTTP/1.1" 403 1242 "https://acreditrepaircorp.com/wp-cron.php?doing_wp_cron=1747423279.1495940685272216796875" "WordPress/5.0.18; https://acreditrepaircorp.com"
123.187.240.242 - - [16/May/2025:15:21:18 -0400] "GET / HTTP/1.1" 200 19124 "http://acreditrepaircorp.com" "Mozilla/5.0 (iPhone; CPU iPhone OS 13_2_3 like Mac OS X) AppleWebKit/605.1.15 (KHTML, like Gecko) Version/13.0.3 Mobile/15E148 Safari/604.1"
192.64.118.117 - - [16/May/2025:15:11:40 -0400] "POST /wp-cron.php?doing_wp_cron=1747422700.5682539939880371093750 HTTP/1.1" 403 1242 "https://acreditrepaircorp.com/wp-cron.php?doing_wp_cron=1747422700.5682539939880371093750" "WordPress/5.0.18; https://acreditrepaircorp.com"
43.159.148.221 - - [16/May/2025:15:11:40 -0400] "GET / HTTP/1.1" 200 19127 "http://acreditrepaircorp.com" "Mozilla/5.0 (iPhone; CPU iPhone OS 13_2_3 like Mac OS X) AppleWebKit/605.1.15 (KHTML, like Gecko) Version/13.0.3 Mobile/15E148 Safari/604.1"
192.64.118.117 - - [16/May/2025:15:25:41 -0400] "POST /wp-cron.php?doing_wp_cron=1747423541.8559150695800781250000 HTTP/1.1" 403 1242 "https://acreditrepaircorp.com/wp-cron.php?doing_wp_cron=1747423541.8559150695800781250000" "WordPress/5.0.18; http://acreditrepaircorp.com"
63.250.38.232 - - [16/May/2025:15:25:41 -0400] "POST /wp-login.php HTTP/1.1" 200 1850 "https://acreditrepaircorp.com" "Mozilla/5.0 (Macintosh; Intel Mac OS X 14_6) AppleWebKit/605.1.15 (KHTML, like Gecko) Version/17.5 Safari/605.1.15"
192.64.118.117 - - [16/May/2025:15:28:17 -0400] "POST /wp-cron.php?doing_wp_cron=1747423697.4126350879669189453125 HTTP/1.1" 403 1242 "https://acreditrepaircorp.com/wp-cron.php?doing_wp_cron=1747423697.4126350879669189453125" "WordPress/5.0.18; http://acreditrepaircorp.com"
66.29.137.129 - - [16/May/2025:15:28:17 -0400] "POST /wp-login.php HTTP/1.1" 200 1592 "https://acreditrepaircorp.com" "Mozilla/5.0 (Macintosh; Intel Mac OS X 10_15_7) AppleWebKit/537.36 (KHTML, like Gecko) Chrome/114.0.5735.134 Safari/537.36"
192.64.118.117 - - [16/May/2025:15:34:05 -0400] "POST /wp-cron.php?doing_wp_cron=1747424045.9161438941955566406250 HTTP/1.1" 403 1242 "https://acreditrepaircorp.com/wp-cron.php?doing_wp_cron=1747424045.9161438941955566406250" "WordPress/5.0.18; https://acreditrepaircorp.com"
104.219.248.236 - - [16/May/2025:15:35:03 -0400] "POST /wp-login.php HTTP/1.1" 200 1592 "https://acreditrepaircorp.com" "Mozilla/5.0 (Windows NT 10.0; Win64; x64) AppleWebKit/537.36 (KHTML, like Gecko) Chrome/126.0.0.0 Safari/537.36"
52.3.155.146 - - [16/May/2025:15:34:05 -0400] "GET /how-its-work/ HTTP/1.1" 200 14084 "-" "Mozilla/5.0 AppleWebKit/537.36 (KHTML, like Gecko; compatible; Amazonbot/0.1; +https://developer.amazon.com/support/amazonbot) Chrome/119.0.6045.214 Safari/537.36"
192.64.118.117 - - [16/May/2025:15:37:11 -0400] "POST /wp-cron.php?doing_wp_cron=1747424231.7067379951477050781250 HTTP/1.1" 403 1242 "https://acreditrepaircorp.com/wp-cron.php?doing_wp_cron=1747424231.7067379951477050781250" "WordPress/5.0.18; https://acreditrepaircorp.com"
43.157.251.48 - - [16/May/2025:15:37:11 -0400] "GET /price/ HTTP/1.1" 200 14141 "-" "Mozilla/5.0 (iPhone; CPU iPhone OS 13_2_3 like Mac OS X) AppleWebKit/605.1.15 (KHTML, like Gecko) Version/13.0.3 Mobile/15E148 Safari/604.1"
192.64.118.117 - - [16/May/2025:15:40:48 -0400] "POST /wp-cron.php?doing_wp_cron=1747424448.5434219837188720703125 HTTP/1.1" 403 1242 "https://acreditrepaircorp.com/wp-cron.php?doing_wp_cron=1747424448.5434219837188720703125" "WordPress/5.0.18; http://acreditrepaircorp.com"
192.64.118.117 - - [16/May/2025:15:45:44 -0400] "POST /wp-cron.php?doing_wp_cron=1747424744.2695660591125488281250 HTTP/1.1" 403 1242 "https://acreditrepaircorp.com/wp-cron.php?doing_wp_cron=1747424744.2695660591125488281250" "WordPress/5.0.18; https://acreditrepaircorp.com"
192.64.118.117 - - [16/May/2025:15:50:42 -0400] "POST /wp-cron.php?doing_wp_cron=1747425042.4850449562072753906250 HTTP/1.1" 403 1242 "https://acreditrepaircorp.com/wp-cron.php?doing_wp_cron=1747425042.4850449562072753906250" "WordPress/5.0.18; http://acreditrepaircorp.com"
162.254.39.130 - - [16/May/2025:15:50:42 -0400] "POST /wp-login.php HTTP/1.1" 200 1592 "https://acreditrepaircorp.com" "Mozilla/5.0 (Macintosh; Intel Mac OS X 10_15_7; rv:126.0) Gecko/20100101 Firefox/126.0"
192.64.118.117 - - [16/May/2025:15:53:05 -0400] "POST /wp-cron.php?doing_wp_cron=1747425185.8819899559020996093750 HTTP/1.1" 403 1242 "https://acreditrepaircorp.com/wp-cron.php?doing_wp_cron=1747425185.8819899559020996093750" "WordPress/5.0.18; http://acreditrepaircorp.com"
192.64.117.151 - - [16/May/2025:15:53:05 -0400] "POST /wp-login.php HTTP/1.1" 200 1850 "https://acreditrepaircorp.com" "Mozilla/5.0 (Macintosh; Intel Mac OS X 10_15_7) AppleWebKit/537.36 (KHTML, like Gecko) Chrome/114.0.5735.134 Safari/537.36"
198.54.114.49 - - [16/May/2025:15:40:48 -0400] "POST /wp-login.php HTTP/1.1" 200 1592 "https://acreditrepaircorp.com" "Mozilla/5.0 (Macintosh; Intel Mac OS X 10_15_7) AppleWebKit/537.36 (KHTML, like Gecko) Chrome/115.0.5790.102 Safari/537.36"
205.210.31.45 - - [16/May/2025:15:45:43 -0400] "GET / HTTP/1.1" 200 80531 "-" "-"
51.222.253.9 - - [16/May/2025:15:55:04 -0400] "GET /sitemap1.xml HTTP/1.1" 404 9059 "-" "Mozilla/5.0 (compatible; AhrefsBot/7.0; +http://ahrefs.com/robot/)"
43.153.73.200 - - [16/May/2025:15:58:00 -0400] "GET /wp-json/oembed/1.0/embed?url=https%3A%2F%2Facreditrepaircorp.com%2Fprice%2F HTTP/1.1" 200 2243 "-" "Mozilla/5.0 (iPhone; CPU iPhone OS 13_2_3 like Mac OS X) AppleWebKit/605.1.15 (KHTML, like Gecko) Version/13.0.3 Mobile/15E148 Safari/604.1"
43.159.148.221 - - [16/May/2025:16:06:26 -0400] "GET /?p=39 HTTP/1.1" 301 0 "-" "Mozilla/5.0 (iPhone; CPU iPhone OS 13_2_3 like Mac OS X) AppleWebKit/605.1.15 (KHTML, like Gecko) Version/13.0.3 Mobile/15E148 Safari/604.1"
43.159.148.221 - - [16/May/2025:16:06:32 -0400] "GET /price/ HTTP/1.1" 200 14143 "https://acreditrepaircorp.com/?p=39" "Mozilla/5.0 (iPhone; CPU iPhone OS 13_2_3 like Mac OS X) AppleWebKit/605.1.15 (KHTML, like Gecko) Version/13.0.3 Mobile/15E148 Safari/604.1"
192.64.118.117 - - [16/May/2025:15:55:04 -0400] "POST /wp-cron.php?doing_wp_cron=1747425304.7175829410552978515625 HTTP/1.1" 403 1242 "https://acreditrepaircorp.com/wp-cron.php?doing_wp_cron=1747425304.7175829410552978515625" "WordPress/5.0.18; https://acreditrepaircorp.com"
192.64.118.117 - - [16/May/2025:15:58:01 -0400] "POST /wp-cron.php?doing_wp_cron=1747425481.0202319622039794921875 HTTP/1.1" 403 1242 "https://acreditrepaircorp.com/wp-cron.php?doing_wp_cron=1747425481.0202319622039794921875" "WordPress/5.0.18; https://acreditrepaircorp.com"
192.64.118.117 - - [16/May/2025:15:59:34 -0400] "POST /wp-cron.php?doing_wp_cron=1747425574.0826148986816406250000 HTTP/1.1" 403 1242 "https://acreditrepaircorp.com/wp-cron.php?doing_wp_cron=1747425574.0826148986816406250000" "WordPress/5.0.18; http://acreditrepaircorp.com"
198.54.114.12 - - [16/May/2025:15:59:33 -0400] "POST /wp-login.php HTTP/1.1" 200 1850 "https://acreditrepaircorp.com" "Mozilla/5.0 (Windows NT 10.0; Win64; x64; rv:128.0) Gecko/20100101 Firefox/128.0"
192.64.118.117 - - [16/May/2025:16:06:26 -0400] "POST /wp-cron.php?doing_wp_cron=1747425986.7274069786071777343750 HTTP/1.1" 403 1242 "https://acreditrepaircorp.com/wp-cron.php?doing_wp_cron=1747425986.7274069786071777343750" "WordPress/5.0.18; https://acreditrepaircorp.com"
192.64.118.117 - - [16/May/2025:16:17:24 -0400] "POST /wp-cron.php?doing_wp_cron=1747426644.5878291130065917968750 HTTP/1.1" 403 1242 "https://acreditrepaircorp.com/wp-cron.php?doing_wp_cron=1747426644.5878291130065917968750" "WordPress/5.0.18; http://acreditrepaircorp.com"
43.133.91.48 - - [16/May/2025:16:20:37 -0400] "GET /wp-json/oembed/1.0/embed?url=https%3A%2F%2Facreditrepaircorp.com%2Fprice%2F&format=xml HTTP/1.1" 200 1176 "-" "Mozilla/5.0 (iPhone; CPU iPhone OS 13_2_3 like Mac OS X) AppleWebKit/605.1.15 (KHTML, like Gecko) Version/13.0.3 Mobile/15E148 Safari/604.1"
192.64.118.117 - - [16/May/2025:16:23:49 -0400] "POST /wp-cron.php?doing_wp_cron=1747427029.8387360572814941406250 HTTP/1.1" 403 1242 "https://acreditrepaircorp.com/wp-cron.php?doing_wp_cron=1747427029.8387360572814941406250" "WordPress/5.0.18; http://acreditrepaircorp.com"
192.64.118.117 - - [16/May/2025:16:27:06 -0400] "POST /wp-cron.php?doing_wp_cron=1747427226.8571529388427734375000 HTTP/1.1" 403 1242 "https://acreditrepaircorp.com/wp-cron.php?doing_wp_cron=1747427226.8571529388427734375000" "WordPress/5.0.18; http://acreditrepaircorp.com"
192.64.117.254 - - [16/May/2025:16:27:06 -0400] "POST /wp-login.php HTTP/1.1" 200 1592 "https://acreditrepaircorp.com" "Mozilla/5.0 (Macintosh; Intel Mac OS X 14_6) AppleWebKit/605.1.15 (KHTML, like Gecko) Version/17.5 Safari/605.1.15"
192.64.118.117 - - [16/May/2025:16:14:19 -0400] "POST /wp-cron.php?doing_wp_cron=1747426459.1789429187774658203125 HTTP/1.1" 403 1242 "https://acreditrepaircorp.com/wp-cron.php?doing_wp_cron=1747426459.1789429187774658203125" "WordPress/5.0.18; https://acreditrepaircorp.com"
43.153.27.244 - - [16/May/2025:16:14:18 -0400] "GET /price/ HTTP/1.1" 200 14145 "-" "Mozilla/5.0 (iPhone; CPU iPhone OS 13_2_3 like Mac OS X) AppleWebKit/605.1.15 (KHTML, like Gecko) Version/13.0.3 Mobile/15E148 Safari/604.1"
207.46.13.14 - - [16/May/2025:16:14:19 -0400] "GET /29365ralv1a6wac3d HTTP/1.1" 404 9057 "-" "Mozilla/5.0 AppleWebKit/537.36 (KHTML, like Gecko; compatible; bingbot/2.0; +http://www.bing.com/bingbot.htm) Chrome/116.0.1938.76 Safari/537.36"
162.0.235.8 - - [16/May/2025:16:17:24 -0400] "POST /wp-login.php HTTP/1.1" 200 1592 "https://acreditrepaircorp.com" "Mozilla/5.0 (Macintosh; Intel Mac OS X 13_3) AppleWebKit/537.36 (KHTML, like Gecko) Chrome/126.0.0.0 Safari/537.36 Edg/126.0.0.0"
192.64.118.117 - - [16/May/2025:16:20:38 -0400] "POST /wp-cron.php?doing_wp_cron=1747426838.0910599231719970703125 HTTP/1.1" 403 1242 "https://acreditrepaircorp.com/wp-cron.php?doing_wp_cron=1747426838.0910599231719970703125" "WordPress/5.0.18; https://acreditrepaircorp.com"
198.54.120.16 - - [16/May/2025:16:23:49 -0400] "POST /wp-login.php HTTP/1.1" 200 1592 "https://acreditrepaircorp.com" "Mozilla/5.0 (Macintosh; Intel Mac OS X 10_15_7) AppleWebKit/537.36 (KHTML, like Gecko) Chrome/115.0.5790.102 Safari/537.36"
43.157.251.48 - - [16/May/2025:16:34:32 -0400] "GET /price/embed/ HTTP/1.1" 200 6511 "-" "Mozilla/5.0 (iPhone; CPU iPhone OS 13_2_3 like Mac OS X) AppleWebKit/605.1.15 (KHTML, like Gecko) Version/13.0.3 Mobile/15E148 Safari/604.1"
66.29.141.17 - - [16/May/2025:16:36:01 -0400] "POST /wp-login.php HTTP/1.1" 200 1592 "https://acreditrepaircorp.com" "Mozilla/5.0 (Windows NT 10.0; Win64; x64) AppleWebKit/537.36 (KHTML, like Gecko) Chrome/115.0.5790.102 Safari/537.36"
192.64.118.117 - - [16/May/2025:16:34:33 -0400] "POST /wp-cron.php?doing_wp_cron=1747427673.0489549636840820312500 HTTP/1.1" 403 1242 "https://acreditrepaircorp.com/wp-cron.php?doing_wp_cron=1747427673.0489549636840820312500" "WordPress/5.0.18; https://acreditrepaircorp.com"
192.64.118.117 - - [16/May/2025:16:36:01 -0400] "POST /wp-cron.php?doing_wp_cron=1747427761.4139928817749023437500 HTTP/1.1" 403 1242 "https://acreditrepaircorp.com/wp-cron.php?doing_wp_cron=1747427761.4139928817749023437500" "WordPress/5.0.18; http://acreditrepaircorp.com"
192.64.118.117 - - [16/May/2025:16:41:39 -0400] "POST /wp-cron.php?doing_wp_cron=1747428099.0931079387664794921875 HTTP/1.1" 403 1242 "https://acreditrepaircorp.com/wp-cron.php?doing_wp_cron=1747428099.0931079387664794921875" "WordPress/5.0.18; http://acreditrepaircorp.com"
162.0.209.174 - - [16/May/2025:16:41:38 -0400] "POST /wp-login.php HTTP/1.1" 200 1592 "https://acreditrepaircorp.com" "Mozilla/5.0 (Windows NT 10.0; Win64; x64) AppleWebKit/537.36 (KHTML, like Gecko) Chrome/112.0.5615.138 Safari/537.36 Edg/112.0.1722.68"
54.38.154.186 - - [16/May/2025:17:01:20 -0400] "HEAD /wp-content/plugins/wordpress-core/wordpress-core.php HTTP/1.1" 200 0 "-" "Mozilla/5.0 (Windows NT 10.0; Win64; x64) AppleWebKit/537.36 (KHTML, like Gecko) Chrome/127.0.0.0 Safari/537.36"
192.64.118.117 - - [16/May/2025:16:48:02 -0400] "POST /wp-cron.php?doing_wp_cron=1747428482.5650389194488525390625 HTTP/1.1" 403 1242 "https://acreditrepaircorp.com/wp-cron.php?doing_wp_cron=1747428482.5650389194488525390625" "WordPress/5.0.18; http://acreditrepaircorp.com"
162.254.39.64 - - [16/May/2025:16:48:02 -0400] "POST /wp-login.php HTTP/1.1" 200 1592 "https://acreditrepaircorp.com" "Mozilla/5.0 (Windows NT 10.0; Win64; x64) AppleWebKit/537.36 (KHTML, like Gecko) Chrome/115.0.5790.102 Safari/537.36"
54.38.154.186 - - [16/May/2025:17:01:20 -0400] "HEAD /wp-content/plugins/wordpress-corde/wordpresse-kore.php HTTP/1.1" 200 0 "-" "Mozilla/5.0 (Windows NT 10.0; Win64; x64) AppleWebKit/537.36 (KHTML, like Gecko) Chrome/127.0.0.0 Safari/537.36"
192.64.118.117 - - [16/May/2025:17:03:14 -0400] "POST /wp-cron.php?doing_wp_cron=1747429394.6236419677734375000000 HTTP/1.1" 403 1242 "https://acreditrepaircorp.com/wp-cron.php?doing_wp_cron=1747429394.6236419677734375000000" "WordPress/5.0.18; http://acreditrepaircorp.com"
68.65.120.227 - - [16/May/2025:17:03:14 -0400] "POST /wp-login.php HTTP/1.1" 200 1592 "https://acreditrepaircorp.com" "Mozilla/5.0 (Windows NT 11.0; Win64; x64) AppleWebKit/537.36 (KHTML, like Gecko) Chrome/126.0.0.0 Safari/537.36"
162.0.209.6 - - [16/May/2025:17:05:34 -0400] "POST /wp-login.php HTTP/1.1" 200 1592 "https://acreditrepaircorp.com" "Mozilla/5.0 (Macintosh; Intel Mac OS X 10_15_7; rv:129.0) Gecko/20100101 Firefox/129.0"
192.64.118.117 - - [16/May/2025:17:05:35 -0400] "POST /wp-cron.php?doing_wp_cron=1747429535.3839859962463378906250 HTTP/1.1" 403 1242 "https://acreditrepaircorp.com/wp-cron.php?doing_wp_cron=1747429535.3839859962463378906250" "WordPress/5.0.18; http://acreditrepaircorp.com"
170.64.170.129 - - [16/May/2025:17:11:23 -0400] "GET /wp-content/uploads/2025/05/ HTTP/1.1" 200 698 "binance.com" "Mozilla/5.0 (Windows NT 10.0; Win64; x64) AppleWebKit/537.36 (KHTML, like Gecko) Chrome/90.0.4430.85 Safari/537.36"
170.64.170.129 - - [16/May/2025:17:11:35 -0400] "GET /wp-content/uploads/2025/04/ HTTP/1.1" 200 698 "binance.com" "Mozilla/5.0 (Windows NT 10.0; Win64; x64) AppleWebKit/537.36 (KHTML, like Gecko) Chrome/90.0.4430.85 Safari/537.36"
170.64.170.129 - - [16/May/2025:17:11:51 -0400] "GET /wp-content/uploads/ HTTP/1.1" 200 1496 "binance.com" "Mozilla/5.0 (Windows NT 10.0; Win64; x64) AppleWebKit/537.36 (KHTML, like Gecko) Chrome/90.0.4430.85 Safari/537.36"
170.64.170.129 - - [16/May/2025:17:12:30 -0400] "GET /wp-admin/includes/ HTTP/1.1" 200 4819 "binance.com" "Mozilla/5.0 (Windows NT 10.0; Win64; x64) AppleWebKit/537.36 (KHTML, like Gecko) Chrome/90.0.4430.85 Safari/537.36"
170.64.170.129 - - [16/May/2025:17:12:46 -0400] "GET /wp-admin/includes/ HTTP/1.1" 200 4799 "binance.com" "Mozilla/5.0 (Windows NT 10.0; Win64; x64) AppleWebKit/537.36 (KHTML, like Gecko) Chrome/90.0.4430.85 Safari/537.36"
170.64.170.129 - - [16/May/2025:17:13:22 -0400] "GET /wp-admin/maint/ HTTP/1.1" 200 778 "binance.com" "Mozilla/5.0 (Windows NT 10.0; Win64; x64) AppleWebKit/537.36 (KHTML, like Gecko) Chrome/90.0.4430.85 Safari/537.36"
170.64.170.129 - - [16/May/2025:17:14:07 -0400] "GET /wp-admin/upgrade.php?_wp_http_referer=%2Fwp-admin%2Fuser%2F HTTP/1.1" 403 1242 "binance.com" "Mozilla/5.0 (Windows NT 10.0; Win64; x64) AppleWebKit/537.36 (KHTML, like Gecko) Chrome/90.0.4430.85 Safari/537.36"
170.64.170.129 - - [16/May/2025:17:14:21 -0400] "GET /wp-admin/css/ HTTP/1.1" 200 3837 "binance.com" "Mozilla/5.0 (Windows NT 10.0; Win64; x64) AppleWebKit/537.36 (KHTML, like Gecko) Chrome/90.0.4430.85 Safari/537.36"
170.64.170.129 - - [16/May/2025:17:14:34 -0400] "GET /wp-admin/css/colors/ HTTP/1.1" 200 1365 "binance.com" "Mozilla/5.0 (Windows NT 10.0; Win64; x64) AppleWebKit/537.36 (KHTML, like Gecko) Chrome/90.0.4430.85 Safari/537.36"
170.64.170.129 - - [16/May/2025:17:14:50 -0400] "GET /wp-admin/css/colors/blue/ HTTP/1.1" 200 939 "binance.com" "Mozilla/5.0 (Windows NT 10.0; Win64; x64) AppleWebKit/537.36 (KHTML, like Gecko) Chrome/90.0.4430.85 Safari/537.36"
170.64.170.129 - - [16/May/2025:17:15:06 -0400] "GET /wp-admin/css/colors/coffee/ HTTP/1.1" 200 941 "binance.com" "Mozilla/5.0 (Windows NT 10.0; Win64; x64) AppleWebKit/537.36 (KHTML, like Gecko) Chrome/90.0.4430.85 Safari/537.36"
170.64.170.129 - - [16/May/2025:17:15:33 -0400] "GET /wp-admin/css/colors/light/ HTTP/1.1" 200 940 "binance.com" "Mozilla/5.0 (Windows NT 10.0; Win64; x64) AppleWebKit/537.36 (KHTML, like Gecko) Chrome/90.0.4430.85 Safari/537.36"
170.64.170.129 - - [16/May/2025:17:16:02 -0400] "GET /wp-admin/css/colors/modern/ HTTP/1.1" 404 1251 "binance.com" "Mozilla/5.0 (Windows NT 10.0; Win64; x64) AppleWebKit/537.36 (KHTML, like Gecko) Chrome/90.0.4430.85 Safari/537.36"
170.64.170.129 - - [16/May/2025:17:16:28 -0400] "GET /wp-admin/css/colors/sunrise/%20 HTTP/1.1" 404 1251 "binance.com" "Mozilla/5.0 (Windows NT 10.0; Win64; x64) AppleWebKit/537.36 (KHTML, like Gecko) Chrome/90.0.4430.85 Safari/537.36"
170.64.170.129 - - [16/May/2025:17:16:39 -0400] "GET /wp-admin/images/ HTTP/1.1" 200 3024 "binance.com" "Mozilla/5.0 (Windows NT 10.0; Win64; x64) AppleWebKit/537.36 (KHTML, like Gecko) Chrome/90.0.4430.85 Safari/537.36"
192.64.118.117 - - [16/May/2025:17:17:23 -0400] "POST /wp-cron.php?doing_wp_cron=1747430243.8087840080261230468750 HTTP/1.1" 403 1242 "https://acreditrepaircorp.com/wp-cron.php?doing_wp_cron=1747430243.8087840080261230468750" "WordPress/5.0.18; http://acreditrepaircorp.com"
198.54.114.72 - - [16/May/2025:17:17:23 -0400] "POST /wp-login.php HTTP/1.1" 200 1592 "https://acreditrepaircorp.com" "Mozilla/5.0 (Windows NT 10.0; Win64; x64) AppleWebKit/537.36 (KHTML, like Gecko) Chrome/113.0.5672.126 Safari/537.36 Edg/113.0.1774.50"
170.64.170.129 - - [16/May/2025:17:11:09 -0400] "GET /wp-admin/css/ HTTP/1.1" 200 3837 "binance.com" "Mozilla/5.0 (Windows NT 10.0; Win64; x64) AppleWebKit/537.36 (KHTML, like Gecko) Chrome/90.0.4430.85 Safari/537.36"
192.64.118.117 - - [16/May/2025:17:11:59 -0400] "POST /wp-cron.php?doing_wp_cron=1747429919.5193479061126708984375 HTTP/1.1" 403 1242 "https://acreditrepaircorp.com/wp-cron.php?doing_wp_cron=1747429919.5193479061126708984375" "WordPress/5.0.18; http://acreditrepaircorp.com"
35.238.203.213 - - [16/May/2025:17:11:59 -0400] "POST /wp-login.php HTTP/1.1" 200 1592 "https://acreditrepaircorp.com" "Mozilla/5.0 (Macintosh; Intel Mac OS X 14_4_1) AppleWebKit/605.1.15 (KHTML, like Gecko) Version/17.3.1 Safari/605.1.15"
170.64.170.129 - - [16/May/2025:17:12:04 -0400] "GET /wp-content/upgrade/ HTTP/1.1" 200 690 "binance.com" "Mozilla/5.0 (Windows NT 10.0; Win64; x64) AppleWebKit/537.36 (KHTML, like Gecko) Chrome/90.0.4430.85 Safari/537.36"
170.64.170.129 - - [16/May/2025:17:12:16 -0400] "GET /wp-content/languages/ HTTP/1.1" 200 0 "binance.com" "Mozilla/5.0 (Windows NT 10.0; Win64; x64) AppleWebKit/537.36 (KHTML, like Gecko) Chrome/90.0.4430.85 Safari/537.36"
170.64.170.129 - - [16/May/2025:17:13:03 -0400] "GET /wp-admin/maint/ HTTP/1.1" 200 778 "binance.com" "Mozilla/5.0 (Windows NT 10.0; Win64; x64) AppleWebKit/537.36 (KHTML, like Gecko) Chrome/90.0.4430.85 Safari/537.36"
170.64.170.129 - - [16/May/2025:17:13:37 -0400] "GET /wp-admin/network/ HTTP/1.1" 200 0 "binance.com" "Mozilla/5.0 (Windows NT 10.0; Win64; x64) AppleWebKit/537.36 (KHTML, like Gecko) Chrome/90.0.4430.85 Safari/537.36"
192.64.118.117 - - [16/May/2025:17:14:03 -0400] "POST /wp-cron.php?doing_wp_cron=1747430043.0369238853454589843750 HTTP/1.1" 403 1242 "https://acreditrepaircorp.com/wp-cron.php?doing_wp_cron=1747430043.0369238853454589843750" "WordPress/5.0.18; http://acreditrepaircorp.com"
170.64.170.129 - - [16/May/2025:17:14:06 -0400] "GET /wp-admin/user/ HTTP/1.1" 302 0 "binance.com" "Mozilla/5.0 (Windows NT 10.0; Win64; x64) AppleWebKit/537.36 (KHTML, like Gecko) Chrome/90.0.4430.85 Safari/537.36"
170.64.170.129 - - [16/May/2025:17:15:21 -0400] "GET /wp-admin/css/colors/ectoplasm/ HTTP/1.1" 200 943 "binance.com" "Mozilla/5.0 (Windows NT 10.0; Win64; x64) AppleWebKit/537.36 (KHTML, like Gecko) Chrome/90.0.4430.85 Safari/537.36"
170.64.170.129 - - [16/May/2025:17:15:45 -0400] "GET /wp-admin/css/colors/midnight/ HTTP/1.1" 200 943 "binance.com" "Mozilla/5.0 (Windows NT 10.0; Win64; x64) AppleWebKit/537.36 (KHTML, like Gecko) Chrome/90.0.4430.85 Safari/537.36"
170.64.170.129 - - [16/May/2025:17:16:14 -0400] "GET /wp-admin/css/colors/ocean/ HTTP/1.1" 200 941 "binance.com" "Mozilla/5.0 (Windows NT 10.0; Win64; x64) AppleWebKit/537.36 (KHTML, like Gecko) Chrome/90.0.4430.85 Safari/537.36"
170.64.170.129 - - [16/May/2025:17:16:53 -0400] "GET /wp-admin/js/ HTTP/1.1" 200 4171 "binance.com" "Mozilla/5.0 (Windows NT 10.0; Win64; x64) AppleWebKit/537.36 (KHTML, like Gecko) Chrome/90.0.4430.85 Safari/537.36"
170.64.170.129 - - [16/May/2025:17:17:09 -0400] "GET /wp-admin/js/widgets/ HTTP/1.1" 200 1577 "binance.com" "Mozilla/5.0 (Windows NT 10.0; Win64; x64) AppleWebKit/537.36 (KHTML, like Gecko) Chrome/90.0.4430.85 Safari/537.36"
170.64.170.129 - - [16/May/2025:17:17:22 -0400] "GET /wp-includes/ HTTP/1.1" 200 8140 "binance.com" "Mozilla/5.0 (Windows NT 10.0; Win64; x64) AppleWebKit/537.36 (KHTML, like Gecko) Chrome/90.0.4430.85 Safari/537.36"
170.64.170.129 - - [16/May/2025:17:18:00 -0400] "GET /wp-includes/ID3/ HTTP/1.1" 200 1668 "binance.com" "Mozilla/5.0 (Windows NT 10.0; Win64; x64) AppleWebKit/537.36 (KHTML, like Gecko) Chrome/90.0.4430.85 Safari/537.36"
170.64.170.129 - - [16/May/2025:17:18:15 -0400] "GET /wp-includes/ID3/ HTTP/1.1" 200 1668 "binance.com" "Mozilla/5.0 (Windows NT 10.0; Win64; x64) AppleWebKit/537.36 (KHTML, like Gecko) Chrome/90.0.4430.85 Safari/537.36"
170.64.170.129 - - [16/May/2025:17:18:43 -0400] "GET /wp-includes/IXR/ HTTP/1.1" 200 1371 "binance.com" "Mozilla/5.0 (Windows NT 10.0; Win64; x64) AppleWebKit/537.36 (KHTML, like Gecko) Chrome/90.0.4430.85 Safari/537.36"
170.64.170.129 - - [16/May/2025:17:18:56 -0400] "GET /wp-includes/PHPMailer/ HTTP/1.1" 404 1251 "binance.com" "Mozilla/5.0 (Windows NT 10.0; Win64; x64) AppleWebKit/537.36 (KHTML, like Gecko) Chrome/90.0.4430.85 Safari/537.36"
170.64.170.129 - - [16/May/2025:17:19:14 -0400] "GET /wp-includes/Text/ HTTP/1.1" 200 847 "binance.com" "Mozilla/5.0 (Windows NT 10.0; Win64; x64) AppleWebKit/537.36 (KHTML, like Gecko) Chrome/90.0.4430.85 Safari/537.36"
170.64.170.129 - - [16/May/2025:17:19:31 -0400] "GET /wp-includes/Text/ HTTP/1.1" 200 847 "binance.com" "Mozilla/5.0 (Windows NT 10.0; Win64; x64) AppleWebKit/537.36 (KHTML, like Gecko) Chrome/90.0.4430.85 Safari/537.36"
170.64.170.129 - - [16/May/2025:17:20:32 -0400] "GET /wp-includes/Text/Diff/Engine/ HTTP/1.1" 200 930 "binance.com" "Mozilla/5.0 (Windows NT 10.0; Win64; x64) AppleWebKit/537.36 (KHTML, like Gecko) Chrome/90.0.4430.85 Safari/537.36"
170.64.170.129 - - [16/May/2025:17:20:43 -0400] "GET /wp-includes/Text/Diff/Renderer/ HTTP/1.1" 200 792 "binance.com" "Mozilla/5.0 (Windows NT 10.0; Win64; x64) AppleWebKit/537.36 (KHTML, like Gecko) Chrome/90.0.4430.85 Safari/537.36"
170.64.170.129 - - [16/May/2025:17:17:36 -0400] "GET /wp-includes/ HTTP/1.1" 200 8195 "binance.com" "Mozilla/5.0 (Windows NT 10.0; Win64; x64) AppleWebKit/537.36 (KHTML, like Gecko) Chrome/90.0.4430.85 Safari/537.36"
170.64.170.129 - - [16/May/2025:17:17:49 -0400] "GET /wp-includes/framework.php HTTP/1.1" 403 1242 "binance.com" "Mozilla/5.0 (Windows NT 10.0; Win64; x64) AppleWebKit/537.36 (KHTML, like Gecko) Chrome/90.0.4430.85 Safari/537.36"
170.64.170.129 - - [16/May/2025:17:18:30 -0400] "GET /wp-includes/IXR/ HTTP/1.1" 200 1371 "binance.com" "Mozilla/5.0 (Windows NT 10.0; Win64; x64) AppleWebKit/537.36 (KHTML, like Gecko) Chrome/90.0.4430.85 Safari/537.36"
170.64.170.129 - - [16/May/2025:17:19:45 -0400] "GET /wp-includes/Text/Diff/ HTTP/1.1" 200 878 "binance.com" "Mozilla/5.0 (Windows NT 10.0; Win64; x64) AppleWebKit/537.36 (KHTML, like Gecko) Chrome/90.0.4430.85 Safari/537.36"
170.64.170.129 - - [16/May/2025:17:19:57 -0400] "GET /wp-includes/Text/Diff/ HTTP/1.1" 200 878 "binance.com" "Mozilla/5.0 (Windows NT 10.0; Win64; x64) AppleWebKit/537.36 (KHTML, like Gecko) Chrome/90.0.4430.85 Safari/537.36"
170.64.170.129 - - [16/May/2025:17:20:16 -0400] "GET /wp-includes/Text/Diff/Engine/ HTTP/1.1" 200 930 "binance.com" "Mozilla/5.0 (Windows NT 10.0; Win64; x64) AppleWebKit/537.36 (KHTML, like Gecko) Chrome/90.0.4430.85 Safari/537.36"
170.64.170.129 - - [16/May/2025:17:20:53 -0400] "GET /wp-includes/Text/Diff/Renderer/ HTTP/1.1" 200 792 "binance.com" "Mozilla/5.0 (Windows NT 10.0; Win64; x64) AppleWebKit/537.36 (KHTML, like Gecko) Chrome/90.0.4430.85 Safari/537.36"
170.64.170.129 - - [16/May/2025:17:21:38 -0400] "GET /wp-includes/pomo/ HTTP/1.1" 200 1315 "binance.com" "Mozilla/5.0 (Windows NT 10.0; Win64; x64) AppleWebKit/537.36 (KHTML, like Gecko) Chrome/90.0.4430.85 Safari/537.36"
170.64.170.129 - - [16/May/2025:17:22:19 -0400] "GET /wp-includes/sitemaps/providers/ HTTP/1.1" 404 1251 "binance.com" "Mozilla/5.0 (Windows NT 10.0; Win64; x64) AppleWebKit/537.36 (KHTML, like Gecko) Chrome/90.0.4430.85 Safari/537.36"
192.64.118.117 - - [16/May/2025:17:23:39 -0400] "POST /wp-cron.php?doing_wp_cron=1747430619.3951599597930908203125 HTTP/1.1" 403 1242 "https://acreditrepaircorp.com/wp-cron.php?doing_wp_cron=1747430619.3951599597930908203125" "WordPress/5.0.18; http://acreditrepaircorp.com"
199.188.200.73 - - [16/May/2025:17:23:39 -0400] "POST /wp-login.php HTTP/1.1" 200 1592 "https://acreditrepaircorp.com" "Mozilla/5.0 (Windows NT 10.0; Win64; x64) AppleWebKit/537.36 (KHTML, like Gecko) Chrome/113.0.5672.126 Safari/537.36 Edg/113.0.1774.50"
170.64.170.129 - - [16/May/2025:17:24:40 -0400] "GET /wp-includes/images/smilies/ HTTP/1.1" 200 1704 "binance.com" "Mozilla/5.0 (Windows NT 10.0; Win64; x64) AppleWebKit/537.36 (KHTML, like Gecko) Chrome/90.0.4430.85 Safari/537.36"
170.64.170.129 - - [16/May/2025:17:24:50 -0400] "GET /wp-includes/images/wlw/ HTTP/1.1" 200 867 "binance.com" "Mozilla/5.0 (Windows NT 10.0; Win64; x64) AppleWebKit/537.36 (KHTML, like Gecko) Chrome/90.0.4430.85 Safari/537.36"
170.64.170.129 - - [16/May/2025:17:25:13 -0400] "GET /wp-includes/js/codemirror/ HTTP/1.1" 200 1334 "binance.com" "Mozilla/5.0 (Windows NT 10.0; Win64; x64) AppleWebKit/537.36 (KHTML, like Gecko) Chrome/90.0.4430.85 Safari/537.36"
170.64.170.129 - - [16/May/2025:17:25:21 -0400] "GET /wp-includes/js/plupload/ HTTP/1.1" 200 1453 "binance.com" "Mozilla/5.0 (Windows NT 10.0; Win64; x64) AppleWebKit/537.36 (KHTML, like Gecko) Chrome/90.0.4430.85 Safari/537.36"
192.64.118.117 - - [16/May/2025:17:25:59 -0400] "POST /wp-cron.php?doing_wp_cron=1747430759.3439760208129882812500 HTTP/1.1" 403 1242 "https://acreditrepaircorp.com/wp-cron.php?doing_wp_cron=1747430759.3439760208129882812500" "WordPress/5.0.18; https://acreditrepaircorp.com"
51.222.253.13 - - [16/May/2025:17:25:58 -0400] "GET /sitemap7.xml HTTP/1.1" 404 9054 "-" "Mozilla/5.0 (compatible; AhrefsBot/7.0; +http://ahrefs.com/robot/)"
192.64.118.117 - - [16/May/2025:17:29:04 -0400] "POST /wp-cron.php?doing_wp_cron=1747430944.8446919918060302734375 HTTP/1.1" 403 1242 "https://acreditrepaircorp.com/wp-cron.php?doing_wp_cron=1747430944.8446919918060302734375" "WordPress/5.0.18; http://acreditrepaircorp.com"
170.64.170.129 - - [16/May/2025:17:21:03 -0400] "GET /wp-includes/blocks/ HTTP/1.1" 200 1272 "binance.com" "Mozilla/5.0 (Windows NT 10.0; Win64; x64) AppleWebKit/537.36 (KHTML, like Gecko) Chrome/90.0.4430.85 Safari/537.36"
170.64.170.129 - - [16/May/2025:17:21:20 -0400] "GET /wp-includes/blocks/ HTTP/1.1" 200 1272 "binance.com" "Mozilla/5.0 (Windows NT 10.0; Win64; x64) AppleWebKit/537.36 (KHTML, like Gecko) Chrome/90.0.4430.85 Safari/537.36"
170.64.170.129 - - [16/May/2025:17:21:55 -0400] "GET /wp-includes/pomo/ HTTP/1.1" 200 1315 "binance.com" "Mozilla/5.0 (Windows NT 10.0; Win64; x64) AppleWebKit/537.36 (KHTML, like Gecko) Chrome/90.0.4430.85 Safari/537.36"
170.64.170.129 - - [16/May/2025:17:22:05 -0400] "GET /wp-includes/sitemaps/ HTTP/1.1" 404 1251 "binance.com" "Mozilla/5.0 (Windows NT 10.0; Win64; x64) AppleWebKit/537.36 (KHTML, like Gecko) Chrome/90.0.4430.85 Safari/537.36"
170.64.170.129 - - [16/May/2025:17:22:34 -0400] "GET /wp-includes/widgets/ HTTP/1.1" 200 1749 "binance.com" "Mozilla/5.0 (Windows NT 10.0; Win64; x64) AppleWebKit/537.36 (KHTML, like Gecko) Chrome/90.0.4430.85 Safari/537.36"
170.64.170.129 - - [16/May/2025:17:22:46 -0400] "GET /wp-includes/widgets/ HTTP/1.1" 200 1749 "binance.com" "Mozilla/5.0 (Windows NT 10.0; Win64; x64) AppleWebKit/537.36 (KHTML, like Gecko) Chrome/90.0.4430.85 Safari/537.36"
170.64.170.129 - - [16/May/2025:17:23:04 -0400] "GET /wp-includes/css/ HTTP/1.1" 200 2280 "binance.com" "Mozilla/5.0 (Windows NT 10.0; Win64; x64) AppleWebKit/537.36 (KHTML, like Gecko) Chrome/90.0.4430.85 Safari/537.36"
170.64.170.129 - - [16/May/2025:17:23:21 -0400] "GET /wp-includes/css/dist/ HTTP/1.1" 200 1212 "binance.com" "Mozilla/5.0 (Windows NT 10.0; Win64; x64) AppleWebKit/537.36 (KHTML, like Gecko) Chrome/90.0.4430.85 Safari/537.36"
170.64.170.129 - - [16/May/2025:17:23:35 -0400] "GET /wp-includes/fonts/ HTTP/1.1" 200 891 "binance.com" "Mozilla/5.0 (Windows NT 10.0; Win64; x64) AppleWebKit/537.36 (KHTML, like Gecko) Chrome/90.0.4430.85 Safari/537.36"
170.64.170.129 - - [16/May/2025:17:23:52 -0400] "GET /wp-includes/images/ HTTP/1.1" 200 2065 "binance.com" "Mozilla/5.0 (Windows NT 10.0; Win64; x64) AppleWebKit/537.36 (KHTML, like Gecko) Chrome/90.0.4430.85 Safari/537.36"
170.64.170.129 - - [16/May/2025:17:24:10 -0400] "GET /wp-includes/images/crystal/ HTTP/1.1" 200 1427 "binance.com" "Mozilla/5.0 (Windows NT 10.0; Win64; x64) AppleWebKit/537.36 (KHTML, like Gecko) Chrome/90.0.4430.85 Safari/537.36"
170.64.170.129 - - [16/May/2025:17:24:26 -0400] "GET /wp-includes/images/media/ HTTP/1.1" 200 1290 "binance.com" "Mozilla/5.0 (Windows NT 10.0; Win64; x64) AppleWebKit/537.36 (KHTML, like Gecko) Chrome/90.0.4430.85 Safari/537.36"
170.64.170.129 - - [16/May/2025:17:25:01 -0400] "GET /wp-includes/js/%20 HTTP/1.1" 404 1251 "binance.com" "Mozilla/5.0 (Windows NT 10.0; Win64; x64) AppleWebKit/537.36 (KHTML, like Gecko) Chrome/90.0.4430.85 Safari/537.36"
170.64.170.129 - - [16/May/2025:17:25:31 -0400] "GET /.well-known/ HTTP/1.1" 200 771 "binance.com" "Mozilla/5.0 (Windows NT 10.0; Win64; x64) AppleWebKit/537.36 (KHTML, like Gecko) Chrome/90.0.4430.85 Safari/537.36"
198.54.120.16 - - [16/May/2025:17:29:04 -0400] "POST /wp-login.php HTTP/1.1" 200 1850 "https://acreditrepaircorp.com" "Mozilla/5.0 (Macintosh; Intel Mac OS X 10_15_7; rv:125.0.1) Gecko/20100101 Firefox/125.0.1"
192.64.118.117 - - [16/May/2025:17:38:19 -0400] "POST /wp-cron.php?doing_wp_cron=1747431499.5857110023498535156250 HTTP/1.1" 403 1242 "https://acreditrepaircorp.com/wp-cron.php?doing_wp_cron=1747431499.5857110023498535156250" "WordPress/5.0.18; https://acreditrepaircorp.com"
198.235.24.22 - - [16/May/2025:17:38:20 -0400] "GET / HTTP/1.1" 200 80531 "-" "-"
198.235.24.22 - - [16/May/2025:17:38:19 -0400] "GET / HTTP/1.1" 301 0 "-" "-"
198.54.114.29 - - [16/May/2025:17:38:26 -0400] "POST /wp-login.php HTTP/1.1" 200 1850 "https://acreditrepaircorp.com" "Mozilla/5.0 (Windows NT 10.0; Win64; x64) AppleWebKit/537.36 (KHTML, like Gecko) Chrome/112.0.5615.138 Safari/537.36 Edg/112.0.1722.68"
192.64.118.117 - - [16/May/2025:17:46:56 -0400] "POST /wp-cron.php?doing_wp_cron=1747432016.1730890274047851562500 HTTP/1.1" 403 1242 "https://acreditrepaircorp.com/wp-cron.php?doing_wp_cron=1747432016.1730890274047851562500" "WordPress/5.0.18; http://acreditrepaircorp.com"
192.64.117.77 - - [16/May/2025:17:46:55 -0400] "POST /wp-login.php HTTP/1.1" 200 1592 "https://acreditrepaircorp.com" "Mozilla/5.0 (Macintosh; Intel Mac OS X 10.15; rv:126.0) Gecko/20100101 Firefox/126.0"
192.64.118.117 - - [16/May/2025:17:52:18 -0400] "POST /wp-cron.php?doing_wp_cron=1747432338.7279059886932373046875 HTTP/1.1" 403 1242 "https://acreditrepaircorp.com/wp-cron.php?doing_wp_cron=1747432338.7279059886932373046875" "WordPress/5.0.18; http://acreditrepaircorp.com"
198.54.114.25 - - [16/May/2025:17:52:18 -0400] "POST /wp-login.php HTTP/1.1" 200 1592 "https://acreditrepaircorp.com" "Mozilla/5.0 (Windows NT 11.0; Win64; x64) AppleWebKit/537.36 (KHTML, like Gecko) Chrome/126.0.0.0 Safari/537.36 Edg/126.0.0.0"
162.0.232.193 - - [16/May/2025:17:58:23 -0400] "POST /wp-login.php HTTP/1.1" 200 1592 "https://acreditrepaircorp.com" "Mozilla/5.0 (Macintosh; Intel Mac OS X 10.15; rv:126.0) Gecko/20100101 Firefox/126.0"
192.64.118.117 - - [16/May/2025:18:01:24 -0400] "POST /wp-cron.php?doing_wp_cron=1747432884.1452279090881347656250 HTTP/1.1" 403 1242 "https://acreditrepaircorp.com/wp-cron.php?doing_wp_cron=1747432884.1452279090881347656250" "WordPress/5.0.18; http://acreditrepaircorp.com"
192.64.118.117 - - [16/May/2025:17:58:23 -0400] "POST /wp-cron.php?doing_wp_cron=1747432703.7794630527496337890625 HTTP/1.1" 403 1242 "https://acreditrepaircorp.com/wp-cron.php?doing_wp_cron=1747432703.7794630527496337890625" "WordPress/5.0.18; http://acreditrepaircorp.com"
162.0.215.249 - - [16/May/2025:18:01:23 -0400] "POST /wp-login.php HTTP/1.1" 200 1592 "https://acreditrepaircorp.com" "Mozilla/5.0 (Windows NT 10.0; Win64; x64) AppleWebKit/537.36 (KHTML, like Gecko) Chrome/114.0.5735.134 Safari/537.36"
192.64.118.117 - - [16/May/2025:18:12:56 -0400] "POST /wp-cron.php?doing_wp_cron=1747433576.2209470272064208984375 HTTP/1.1" 403 1242 "https://acreditrepaircorp.com/wp-cron.php?doing_wp_cron=1747433576.2209470272064208984375" "WordPress/5.0.18; http://acreditrepaircorp.com"
86.104.252.57 - - [16/May/2025:18:13:22 -0400] "GET /wp-content/plugins/leads//shared/assets/js/frontend/analytics/inboundAnalytics.min.js HTTP/1.1" 200 14037 "-" "Mozilla/5.0 (Windows NT 10.0; Win64; x64)"
198.54.120.87 - - [16/May/2025:18:24:25 -0400] "POST /wp-login.php HTTP/1.1" 200 1592 "https://acreditrepaircorp.com" "Mozilla/5.0 (Windows NT 10.0; Win64; x64) AppleWebKit/537.36 (KHTML, like Gecko) Chrome/112.0.5615.138 Safari/537.36"
192.64.118.117 - - [16/May/2025:18:26:48 -0400] "POST /wp-cron.php?doing_wp_cron=1747434408.0584731101989746093750 HTTP/1.1" 403 1242 "https://acreditrepaircorp.com/wp-cron.php?doing_wp_cron=1747434408.0584731101989746093750" "WordPress/5.0.18; http://acreditrepaircorp.com"
199.188.201.153 - - [16/May/2025:18:26:47 -0400] "POST /wp-login.php HTTP/1.1" 200 1592 "https://acreditrepaircorp.com" "Mozilla/5.0 (Macintosh; Intel Mac OS X 10_15_7; rv:125.0.1) Gecko/20100101 Firefox/125.0.1"
68.65.122.41 - - [16/May/2025:18:12:55 -0400] "POST /wp-login.php HTTP/1.1" 200 1592 "https://acreditrepaircorp.com" "Mozilla/5.0 (Windows NT 10.0; Win64; x64) AppleWebKit/537.36 (KHTML, like Gecko) Chrome/126.0.0.0 Safari/537.36"
86.104.252.57 - - [16/May/2025:18:13:22 -0400] "GET /wp-content/plugins/leads//shared//shortcodes/js/spin.min.js HTTP/1.1" 200 2184 "-" "Mozilla/5.0 (Windows NT 10.0; Win64; x64)"
212.34.139.201 - - [16/May/2025:18:13:39 -0400] "GET / HTTP/1.1" 200 19126 "-" "Python/3.10 aiohttp/3.11.18"
192.64.118.117 - - [16/May/2025:18:15:19 -0400] "POST /wp-cron.php?doing_wp_cron=1747433719.7059650421142578125000 HTTP/1.1" 403 1242 "https://acreditrepaircorp.com/wp-cron.php?doing_wp_cron=1747433719.7059650421142578125000" "WordPress/5.0.18; http://acreditrepaircorp.com"
162.0.235.8 - - [16/May/2025:18:15:19 -0400] "POST /wp-login.php HTTP/1.1" 200 1592 "https://acreditrepaircorp.com" "Mozilla/5.0 (Macintosh; Intel Mac OS X 10_15_7) AppleWebKit/537.36 (KHTML, like Gecko) Chrome/115.0.5790.102 Safari/537.36"
192.64.118.117 - - [16/May/2025:18:24:26 -0400] "POST /wp-cron.php?doing_wp_cron=1747434266.2382419109344482421875 HTTP/1.1" 403 1242 "https://acreditrepaircorp.com/wp-cron.php?doing_wp_cron=1747434266.2382419109344482421875" "WordPress/5.0.18; http://acreditrepaircorp.com"