66.249.79.135 - - [16/May/2025:15:14:55 -0400] "GET /index.php/pcsp.html/shopdetail/132157877/pcmypage/shopdetail/87598777/zhHant/product/surugaya/96497040/shopdetail/21288777/shopdetail/60321177/pcmypage/shopdetail/53042977 HTTP/1.1" 200 20876 "-" "Mozilla/5.0 (Linux; Android 6.0.1; Nexus 5X Build/MMB29P) AppleWebKit/537.36 (KHTML, like Gecko) Chrome/136.0.7103.92 Mobile Safari/537.36 (compatible; Googlebot/2.1; +http://www.google.com/bot.html)"
66.249.79.136 - - [16/May/2025:15:15:51 -0400] "POST /get-message-notify HTTP/1.1" 404 1251 "https://mcprintanddesign.com/index.php/pcsp.html/shopdetail/121302077/shopdetail/143638977/pcmypage/shopdetail/165006877/avsoft.html" "Mozilla/5.0 (Linux; Android 6.0.1; Nexus 5X Build/MMB29P) AppleWebKit/537.36 (KHTML, like Gecko) Chrome/135.0.7049.114 Mobile Safari/537.36 (compatible; Googlebot/2.1; +http://www.google.com/bot.html)"
66.249.79.136 - - [16/May/2025:15:16:25 -0400] "GET /index.php/pcsp.html/shopdetail/132157877/pcmypage/shopdetail/8603677/shopdetail/145699677/dozin.html HTTP/1.1" 200 20310 "-" "Mozilla/5.0 (Linux; Android 6.0.1; Nexus 5X Build/MMB29P) AppleWebKit/537.36 (KHTML, like Gecko) Chrome/136.0.7103.92 Mobile Safari/537.36 (compatible; Googlebot/2.1; +http://www.google.com/bot.html)"
66.249.79.137 - - [16/May/2025:15:17:39 -0400] "GET /index.php/pcsp.html/shopdetail/121302077/product_archives/recruit/shopdetail/121724277/pcmypage/shopdetail/76549777/feature/shoplist-friendly/index.html HTTP/1.1" 200 19484 "-" "Mozilla/5.0 (Linux; Android 6.0.1; Nexus 5X Build/MMB29P) AppleWebKit/537.36 (KHTML, like Gecko) Chrome/136.0.7103.92 Mobile Safari/537.36 (compatible; Googlebot/2.1; +http://www.google.com/bot.html)"
66.249.79.135 - - [16/May/2025:15:13:53 -0400] "POST /get-message-notify HTTP/1.1" 404 1251 "https://mcprintanddesign.com/index.php/pcsp.html/shopdetail/111926677/shopdetail/10878977/pcmypage/shopdetail/135067877/shopdetail/27507677/feature/osu_main/index.html" "Mozilla/5.0 (Linux; Android 6.0.1; Nexus 5X Build/MMB29P) AppleWebKit/537.36 (KHTML, like Gecko) Chrome/136.0.7103.92 Mobile Safari/537.36 (compatible; Googlebot/2.1; +http://www.google.com/bot.html)"
66.249.79.136 - - [16/May/2025:15:14:05 -0400] "POST /get-message-notify HTTP/1.1" 404 1251 "https://mcprintanddesign.com/index.php/pcsp.html/shopdetail/35527577/product_archives/shopdetail/118382477/zhHant/product/surugaya/41258542/shopdetail/135403077/pcmypage/shopdetail/131507677/shopdetail/49485077/affiliate/toiawase" "Mozilla/5.0 (Linux; Android 6.0.1; Nexus 5X Build/MMB29P) AppleWebKit/537.36 (KHTML, like Gecko) Chrome/135.0.7049.114 Mobile Safari/537.36 (compatible; Googlebot/2.1; +http://www.google.com/bot.html)"
66.249.79.135 - - [16/May/2025:15:14:13 -0400] "GET /index.php/pcsp.html/shopdetail/121302077/pcmypage/shopdetail/19005877/cd.html HTTP/1.1" 200 19111 "-" "Mozilla/5.0 (Linux; Android 6.0.1; Nexus 5X Build/MMB29P) AppleWebKit/537.36 (KHTML, like Gecko) Chrome/136.0.7103.92 Mobile Safari/537.36 (compatible; Googlebot/2.1; +http://www.google.com/bot.html)"
66.249.79.135 - - [16/May/2025:15:14:32 -0400] "GET /index.php/pcsp.html/shopdetail/35527577/product_archives/shopdetail/118382477/zhHant/product/surugaya/41258542/shopdetail/135403077/pcmypage/shopdetail/131507677/toiawase/shopdetail/95124677/shopdetail/116268077/affiliate/shopdetail/1484277/shopdetail/4466477/man/customer_guide/shopdetail/19035177/zhHant/product/surugaya/29366722/shopdetail/4261077/boyslove.html HTTP/1.1" 200 19427 "-" "Mozilla/5.0 (Linux; Android 6.0.1; Nexus 5X Build/MMB29P) AppleWebKit/537.36 (KHTML, like Gecko) Chrome/136.0.7103.92 Mobile Safari/537.36 (compatible; Googlebot/2.1; +http://www.google.com/bot.html)"
66.249.79.135 - - [16/May/2025:15:14:39 -0400] "POST /get-message-notify HTTP/1.1" 404 1251 "https://mcprintanddesign.com/index.php/pcsp.html/shopdetail/35527577/product_archives/shopdetail/118382477/zhHant/product/surugaya/41258542/shopdetail/135403077/pcmypage/shopdetail/131507677/toiawase/shopdetail/95124677/shopdetail/116268077/affiliate/shopdetail/1484277/shopdetail/4466477/man/customer_guide/shopdetail/19035177/zhHant/product/surugaya/29366722/shopdetail/4261077/boyslove.html" "Mozilla/5.0 (Linux; Android 6.0.1; Nexus 5X Build/MMB29P) AppleWebKit/537.36 (KHTML, like Gecko) Chrome/135.0.7049.114 Mobile Safari/537.36 (compatible; Googlebot/2.1; +http://www.google.com/bot.html)"
66.249.79.135 - - [16/May/2025:15:15:37 -0400] "GET /index.php/pcsp.html/shopdetail/121302077/shopdetail/143638977/pcmypage/shopdetail/165006877/avsoft.html HTTP/1.1" 200 19570 "-" "Mozilla/5.0 (Linux; Android 6.0.1; Nexus 5X Build/MMB29P) AppleWebKit/537.36 (KHTML, like Gecko) Chrome/136.0.7103.92 Mobile Safari/537.36 (compatible; Googlebot/2.1; +http://www.google.com/bot.html)"
66.249.79.136 - - [16/May/2025:15:16:57 -0400] "GET /index.php/pcsp.html/shopdetail/121302077/product_archives/recruit/shopdetail/121724277/affiliate/shopdetail/121289577 HTTP/1.1" 200 19362 "-" "Mozilla/5.0 (Linux; Android 6.0.1; Nexus 5X Build/MMB29P) AppleWebKit/537.36 (KHTML, like Gecko) Chrome/136.0.7103.92 Mobile Safari/537.36 (compatible; Googlebot/2.1; +http://www.google.com/bot.html)"
66.249.79.135 - - [16/May/2025:15:18:26 -0400] "GET /index.php/pcsp.html/shopdetail/121302077/product_archives/recruit/shopdetail/121724277/shopdetail/164021577/text/terms/shopdetail/35441277 HTTP/1.1" 200 19016 "-" "Mozilla/5.0 (Linux; Android 6.0.1; Nexus 5X Build/MMB29P) AppleWebKit/537.36 (KHTML, like Gecko) Chrome/136.0.7103.92 Mobile Safari/537.36 (compatible; Googlebot/2.1; +http://www.google.com/bot.html)"
66.249.79.135 - - [16/May/2025:15:19:48 -0400] "POST /get-message-notify HTTP/1.1" 404 1251 "https://mcprintanddesign.com/index.php/feature/utsunomiya/index.html/shopdetail/8736177/product_archives/shopdetail/128776677/shopdetail/75226777" "Mozilla/5.0 (Linux; Android 6.0.1; Nexus 5X Build/MMB29P) AppleWebKit/537.36 (KHTML, like Gecko) Chrome/136.0.7103.92 Mobile Safari/537.36 (compatible; Googlebot/2.1; +http://www.google.com/bot.html)"
66.249.79.136 - - [16/May/2025:15:20:41 -0400] "GET /index.php/pcsp.html/shopdetail/35527577/product_archives/shopdetail/118382477/zhHant/product/surugaya/41258542/shopdetail/135403077/pcmypage/shopdetail/131507677/shopdetail/109560277/product/edit/05618120/shopdetail/13813677/shopdetail/49533577/pcmypage/shopdetail/134742177/shopdetail/25746177 HTTP/1.1" 200 18885 "-" "Mozilla/5.0 (Linux; Android 6.0.1; Nexus 5X Build/MMB29P) AppleWebKit/537.36 (KHTML, like Gecko) Chrome/136.0.7103.92 Mobile Safari/537.36 (compatible; Googlebot/2.1; +http://www.google.com/bot.html)"
66.249.79.135 - - [16/May/2025:15:20:59 -0400] "GET /index.php/feature/utsunomiya/index.html/toiawase/shopdetail/124491677/zhHant/product/surugaya/91709186/shopdetail/131168877/shopdetail/129292877 HTTP/1.1" 200 20146 "-" "Mozilla/5.0 (Linux; Android 6.0.1; Nexus 5X Build/MMB29P) AppleWebKit/537.36 (KHTML, like Gecko) Chrome/136.0.7103.92 Mobile Safari/537.36 (compatible; Googlebot/2.1; +http://www.google.com/bot.html)"
66.249.79.135 - - [16/May/2025:15:21:05 -0400] "POST /get-message-notify HTTP/1.1" 404 1251 "https://mcprintanddesign.com/index.php/feature/utsunomiya/index.html/toiawase/shopdetail/124491677/zhHant/product/surugaya/91709186/shopdetail/131168877/shopdetail/129292877" "Mozilla/5.0 (Linux; Android 6.0.1; Nexus 5X Build/MMB29P) AppleWebKit/537.36 (KHTML, like Gecko) Chrome/135.0.7049.114 Mobile Safari/537.36 (compatible; Googlebot/2.1; +http://www.google.com/bot.html)"
66.249.79.136 - - [16/May/2025:15:21:09 -0400] "GET /index.php/feature/utsunomiya/index.html/toiawase/shopdetail/98259077/safe_search/config/shopdetail/163436477 HTTP/1.1" 200 20847 "-" "Mozilla/5.0 (Linux; Android 6.0.1; Nexus 5X Build/MMB29P) AppleWebKit/537.36 (KHTML, like Gecko) Chrome/136.0.7103.92 Mobile Safari/537.36 (compatible; Googlebot/2.1; +http://www.google.com/bot.html)"
66.249.79.135 - - [16/May/2025:15:18:03 -0400] "GET /index.php/pcsp.html/shopdetail/121302077/pcmypage/shopdetail/76605477/shopdetail/95365477 HTTP/1.1" 200 19499 "-" "Mozilla/5.0 (Linux; Android 6.0.1; Nexus 5X Build/MMB29P) AppleWebKit/537.36 (KHTML, like Gecko) Chrome/136.0.7103.92 Mobile Safari/537.36 (compatible; Googlebot/2.1; +http://www.google.com/bot.html)"
66.249.79.135 - - [16/May/2025:15:18:53 -0400] "GET /index.php/pcsp.html/shopdetail/132157877/pcmypage/shopdetail/116581377/pcmypage/recruit/product/edit/59440838 HTTP/1.1" 200 19555 "-" "Mozilla/5.0 (Linux; Android 6.0.1; Nexus 5X Build/MMB29P) AppleWebKit/537.36 (KHTML, like Gecko) Chrome/136.0.7103.92 Mobile Safari/537.36 (compatible; Googlebot/2.1; +http://www.google.com/bot.html)"
66.249.79.136 - - [16/May/2025:15:19:07 -0400] "POST /get-message-notify HTTP/1.1" 404 1251 "https://mcprintanddesign.com/index.php/pcsp.html/shopdetail/132157877/pcmypage/shopdetail/116581377/pcmypage/recruit/product/edit/59440838" "Mozilla/5.0 (Linux; Android 6.0.1; Nexus 5X Build/MMB29P) AppleWebKit/537.36 (KHTML, like Gecko) Chrome/135.0.7049.114 Mobile Safari/537.36 (compatible; Googlebot/2.1; +http://www.google.com/bot.html)"
66.249.79.136 - - [16/May/2025:15:19:35 -0400] "GET /index.php/feature/utsunomiya/index.html/shopdetail/8736177/product_archives/shopdetail/128776677/shopdetail/75226777 HTTP/1.1" 200 19939 "-" "Mozilla/5.0 (Linux; Android 6.0.1; Nexus 5X Build/MMB29P) AppleWebKit/537.36 (KHTML, like Gecko) Chrome/136.0.7103.92 Mobile Safari/537.36 (compatible; Googlebot/2.1; +http://www.google.com/bot.html)"
66.249.79.136 - - [16/May/2025:15:19:37 -0400] "GET /index.php/pcsp.html/shopdetail/135385077/product_archives/shopdetail/156603377/shopdetail/83072577 HTTP/1.1" 200 20090 "-" "Mozilla/5.0 (compatible; Googlebot/2.1; +http://www.google.com/bot.html)"
66.249.79.136 - - [16/May/2025:15:20:00 -0400] "GET /index.php/pcsp.html/shopdetail/111926677/shopdetail/10878977/pcmypage/shopdetail/18568077/shopdetail/70074377/recruit HTTP/1.1" 200 18962 "-" "Mozilla/5.0 (Linux; Android 6.0.1; Nexus 5X Build/MMB29P) AppleWebKit/537.36 (KHTML, like Gecko) Chrome/136.0.7103.92 Mobile Safari/537.36 (compatible; Googlebot/2.1; +http://www.google.com/bot.html)"
66.249.79.135 - - [16/May/2025:15:21:19 -0400] "GET /index.php/pcsp.html/affiliate/shopdetail/15928977/pcmypage HTTP/1.1" 200 19909 "-" "Mozilla/5.0 (compatible; Googlebot/2.1; +http://www.google.com/bot.html)"
66.249.79.135 - - [16/May/2025:15:21:31 -0400] "GET /index.php/pcsp.html/shopdetail/111926677/shopdetail/10878977/pcmypage/shopdetail/80887677/hobby/boardgame/index.html HTTP/1.1" 200 19620 "-" "Mozilla/5.0 (Linux; Android 6.0.1; Nexus 5X Build/MMB29P) AppleWebKit/537.36 (KHTML, like Gecko) Chrome/136.0.7103.92 Mobile Safari/537.36 (compatible; Googlebot/2.1; +http://www.google.com/bot.html)"
66.249.79.135 - - [16/May/2025:15:21:40 -0400] "GET /index.php/pcsp.html/shopdetail/111926677/shopdetail/10878977/pcmypage/shopdetail/109573577/shopdetail/106409177 HTTP/1.1" 200 19968 "-" "Mozilla/5.0 (Linux; Android 6.0.1; Nexus 5X Build/MMB29P) AppleWebKit/537.36 (KHTML, like Gecko) Chrome/136.0.7103.92 Mobile Safari/537.36 (compatible; Googlebot/2.1; +http://www.google.com/bot.html)"
66.249.79.137 - - [16/May/2025:15:22:05 -0400] "GET /index.php/pcsp.html/shopdetail/35527577/product_archives/shopdetail/118382477/zhHant/product/surugaya/41258542/shopdetail/135403077/pcmypage/shopdetail/131507677/shopdetail/109560277/product/edit/05618120/shopdetail/13813677/shopdetail/46992577/books.html HTTP/1.1" 200 19564 "-" "Mozilla/5.0 (Linux; Android 6.0.1; Nexus 5X Build/MMB29P) AppleWebKit/537.36 (KHTML, like Gecko) Chrome/136.0.7103.92 Mobile Safari/537.36 (compatible; Googlebot/2.1; +http://www.google.com/bot.html)"
66.249.79.135 - - [16/May/2025:15:22:11 -0400] "POST /get-message-notify HTTP/1.1" 404 1251 "https://mcprintanddesign.com/index.php/feature/utsunomiya/index.html/toiawase/shopdetail/56479777/shopdetail/74060077" "Mozilla/5.0 (Linux; Android 6.0.1; Nexus 5X Build/MMB29P) AppleWebKit/537.36 (KHTML, like Gecko) Chrome/135.0.7049.114 Mobile Safari/537.36 (compatible; Googlebot/2.1; +http://www.google.com/bot.html)"
66.249.79.136 - - [16/May/2025:15:32:12 -0400] "GET /index.php/pcsp.html/shopdetail/35527577/product_archives/shopdetail/118382477/zhHant/product/surugaya/41258542/shopdetail/209977/shopdetail/62454677/game.html HTTP/1.1" 200 20374 "-" "Mozilla/5.0 (Linux; Android 6.0.1; Nexus 5X Build/MMB29P) AppleWebKit/537.36 (KHTML, like Gecko) Chrome/136.0.7103.92 Mobile Safari/537.36 (compatible; Googlebot/2.1; +http://www.google.com/bot.html)"
66.249.79.137 - - [16/May/2025:15:37:22 -0400] "GET /index.php/pcsp.html/shopdetail/35527577/product_archives/shopdetail/118382477/zhHant/product/surugaya/41258542/shopdetail/209977/shopdetail/150830477/product/edit/24382584/shopdetail/55138177 HTTP/1.1" 200 19193 "-" "Mozilla/5.0 (Linux; Android 6.0.1; Nexus 5X Build/MMB29P) AppleWebKit/537.36 (KHTML, like Gecko) Chrome/136.0.7103.92 Mobile Safari/537.36 (compatible; Googlebot/2.1; +http://www.google.com/bot.html)"
66.249.79.136 - - [16/May/2025:15:37:38 -0400] "GET /index.php/pcsp.html/shopdetail/111926677/shopdetail/64581077 HTTP/1.1" 200 19799 "-" "Mozilla/5.0 (Linux; Android 6.0.1; Nexus 5X Build/MMB29P) AppleWebKit/537.36 (KHTML, like Gecko) Chrome/136.0.7103.92 Mobile Safari/537.36 (compatible; Googlebot/2.1; +http://www.google.com/bot.html)"
66.249.79.135 - - [16/May/2025:15:37:42 -0400] "POST /get-message-notify HTTP/1.1" 404 1251 "https://mcprintanddesign.com/index.php/pcsp.html/shopdetail/111926677/shopdetail/64581077" "Mozilla/5.0 (Linux; Android 6.0.1; Nexus 5X Build/MMB29P) AppleWebKit/537.36 (KHTML, like Gecko) Chrome/136.0.7103.92 Mobile Safari/537.36 (compatible; Googlebot/2.1; +http://www.google.com/bot.html)"
66.249.79.135 - - [16/May/2025:15:21:58 -0400] "GET /index.php/feature/utsunomiya/index.html/toiawase/shopdetail/56479777/shopdetail/74060077 HTTP/1.1" 200 19981 "-" "Mozilla/5.0 (Linux; Android 6.0.1; Nexus 5X Build/MMB29P) AppleWebKit/537.36 (KHTML, like Gecko) Chrome/136.0.7103.92 Mobile Safari/537.36 (compatible; Googlebot/2.1; +http://www.google.com/bot.html)"
66.249.79.135 - - [16/May/2025:15:22:18 -0400] "GET /index.php/pcsp.html/shopdetail/11640177/toiawase/shopdetail/75921277/pcmypage/safe_search/config/shopdetail/109282777/shopdetail/114864377/recruit/shopdetail/132583777/shopdetail/157888177/feature/osu_main/index.html HTTP/1.1" 200 19201 "-" "Mozilla/5.0 (Linux; Android 6.0.1; Nexus 5X Build/MMB29P) AppleWebKit/537.36 (KHTML, like Gecko) Chrome/136.0.7103.92 Mobile Safari/537.36 (compatible; Googlebot/2.1; +http://www.google.com/bot.html)"
66.249.79.135 - - [16/May/2025:15:22:39 -0400] "POST /get-message-notify HTTP/1.1" 404 1251 "https://mcprintanddesign.com/index.php/pcsp.html/shopdetail/11640177/toiawase/shopdetail/75921277/pcmypage/safe_search/config/shopdetail/109282777/shopdetail/114864377/recruit/shopdetail/132583777/shopdetail/157888177/feature/osu_main/index.html" "Mozilla/5.0 (Linux; Android 6.0.1; Nexus 5X Build/MMB29P) AppleWebKit/537.36 (KHTML, like Gecko) Chrome/136.0.7103.92 Mobile Safari/537.36 (compatible; Googlebot/2.1; +http://www.google.com/bot.html)"
66.249.79.135 - - [16/May/2025:15:31:44 -0400] "GET /index.php/pcsp.html/shopdetail/132157877/pcmypage/shopdetail/87598777/zhHant/product/surugaya/96497040/shopdetail/21288777/shopdetail/60321177/pcmypage/shopdetail/133151477/shopdetail/43795277 HTTP/1.1" 200 19982 "-" "Mozilla/5.0 (Linux; Android 6.0.1; Nexus 5X Build/MMB29P) AppleWebKit/537.36 (KHTML, like Gecko) Chrome/136.0.7103.92 Mobile Safari/537.36 (compatible; Googlebot/2.1; +http://www.google.com/bot.html)"
66.249.79.135 - - [16/May/2025:15:37:38 -0400] "GET /index.php/pcsp.html/shopdetail/131450077/shopdetail/132381577 HTTP/1.1" 200 18839 "-" "Mozilla/5.0 (Linux; Android 6.0.1; Nexus 5X Build/MMB29P) AppleWebKit/537.36 (KHTML, like Gecko) Chrome/136.0.7103.92 Mobile Safari/537.36 (compatible; Googlebot/2.1; +http://www.google.com/bot.html)"
66.249.79.136 - - [16/May/2025:15:39:06 -0400] "GET /index.php/pcsp.html/shopdetail/1329777/affiliate/affiliate/shopdetail/119825177 HTTP/1.1" 200 19385 "-" "Mozilla/5.0 (Linux; Android 6.0.1; Nexus 5X Build/MMB29P) AppleWebKit/537.36 (KHTML, like Gecko) Chrome/136.0.7103.92 Mobile Safari/537.36 (compatible; Googlebot/2.1; +http://www.google.com/bot.html)"
66.249.79.135 - - [16/May/2025:15:39:36 -0400] "POST /get-message-notify HTTP/1.1" 404 1251 "https://mcprintanddesign.com/index.php/pcsp.html/shopdetail/31325577/feature/shoplist-friendly/index.html" "Mozilla/5.0 (Linux; Android 6.0.1; Nexus 5X Build/MMB29P) AppleWebKit/537.36 (KHTML, like Gecko) Chrome/135.0.7049.114 Mobile Safari/537.36 (compatible; Googlebot/2.1; +http://www.google.com/bot.html)"
66.249.79.136 - - [16/May/2025:15:41:45 -0400] "GET /index.php/pcsp.html/shopdetail/42225677/shopdetail/146715177 HTTP/1.1" 200 19107 "-" "Mozilla/5.0 (Linux; Android 6.0.1; Nexus 5X Build/MMB29P) AppleWebKit/537.36 (KHTML, like Gecko) Chrome/136.0.7103.92 Mobile Safari/537.36 (compatible; Googlebot/2.1; +http://www.google.com/bot.html)"
66.249.79.135 - - [16/May/2025:15:41:58 -0400] "GET /index.php/pcsp.html/shopdetail/121302077/product/edit/82305078/shopdetail/22377277 HTTP/1.1" 200 18936 "-" "Mozilla/5.0 (Linux; Android 6.0.1; Nexus 5X Build/MMB29P) AppleWebKit/537.36 (KHTML, like Gecko) Chrome/136.0.7103.92 Mobile Safari/537.36 (compatible; Googlebot/2.1; +http://www.google.com/bot.html)"
66.249.79.135 - - [16/May/2025:15:42:01 -0400] "GET /index.php/pcsp.html/affiliate/shopdetail/2564377/pcmypage/shopdetail/83137677 HTTP/1.1" 200 20260 "-" "Mozilla/5.0 (compatible; Googlebot/2.1; +http://www.google.com/bot.html)"
66.249.79.135 - - [16/May/2025:15:42:14 -0400] "POST /get-message-notify HTTP/1.1" 404 1251 "https://mcprintanddesign.com/index.php/pcsp.html/shopdetail/42225677/shopdetail/146715177" "Mozilla/5.0 (Linux; Android 6.0.1; Nexus 5X Build/MMB29P) AppleWebKit/537.36 (KHTML, like Gecko) Chrome/135.0.7049.114 Mobile Safari/537.36 (compatible; Googlebot/2.1; +http://www.google.com/bot.html)"
66.249.79.135 - - [16/May/2025:15:42:14 -0400] "GET /index.php/pcsp.html/shopdetail/11640177/zhHant/product/surugaya/19232639/toiawase HTTP/1.1" 200 19570 "-" "Mozilla/5.0 (Linux; Android 6.0.1; Nexus 5X Build/MMB29P) AppleWebKit/537.36 (KHTML, like Gecko) Chrome/136.0.7103.92 Mobile Safari/537.36 (compatible; Googlebot/2.1; +http://www.google.com/bot.html)"
66.249.79.135 - - [16/May/2025:15:42:17 -0400] "POST /get-message-notify HTTP/1.1" 404 1251 "https://mcprintanddesign.com/index.php/pcsp.html/shopdetail/11640177/zhHant/product/surugaya/19232639/toiawase" "Mozilla/5.0 (Linux; Android 6.0.1; Nexus 5X Build/MMB29P) AppleWebKit/537.36 (KHTML, like Gecko) Chrome/135.0.7049.114 Mobile Safari/537.36 (compatible; Googlebot/2.1; +http://www.google.com/bot.html)"
66.249.79.135 - - [16/May/2025:15:42:22 -0400] "GET /index.php/pcsp.html/shopdetail/11640177/zhHant/product/surugaya/19232639/shopdetail/52732877 HTTP/1.1" 200 19643 "-" "Mozilla/5.0 (Linux; Android 6.0.1; Nexus 5X Build/MMB29P) AppleWebKit/537.36 (KHTML, like Gecko) Chrome/136.0.7103.92 Mobile Safari/537.36 (compatible; Googlebot/2.1; +http://www.google.com/bot.html)"
66.249.79.135 - - [16/May/2025:15:42:31 -0400] "GET /index.php/pcsp.html/shopdetail/11640177/toiawase/shopdetail/75921277/pcmypage/safe_search/config/shopdetail/109282777/shopdetail/114864377/recruit/shopdetail/134019877/toiawase/shopdetail/121576277 HTTP/1.1" 200 19725 "-" "Mozilla/5.0 (Linux; Android 6.0.1; Nexus 5X Build/MMB29P) AppleWebKit/537.36 (KHTML, like Gecko) Chrome/136.0.7103.92 Mobile Safari/537.36 (compatible; Googlebot/2.1; +http://www.google.com/bot.html)"
66.249.79.136 - - [16/May/2025:15:39:34 -0400] "GET /index.php/pcsp.html/shopdetail/31325577/feature/shoplist-friendly/index.html HTTP/1.1" 200 19558 "-" "Mozilla/5.0 (Linux; Android 6.0.1; Nexus 5X Build/MMB29P) AppleWebKit/537.36 (KHTML, like Gecko) Chrome/136.0.7103.92 Mobile Safari/537.36 (compatible; Googlebot/2.1; +http://www.google.com/bot.html)"
66.249.79.137 - - [16/May/2025:15:41:15 -0400] "GET /index.php/toiawase HTTP/1.1" 200 19812 "-" "Mozilla/5.0 (Linux; Android 6.0.1; Nexus 5X Build/MMB29P) AppleWebKit/537.36 (KHTML, like Gecko) Chrome/136.0.7103.92 Mobile Safari/537.36 (compatible; Googlebot/2.1; +http://www.google.com/bot.html)"
66.249.79.135 - - [16/May/2025:15:42:43 -0400] "GET /index.php/pcsp.html/shopdetail/11640177/toiawase/shopdetail/75921277/pcmypage/safe_search/config/shopdetail/109282777/shopdetail/114864377/recruit/shopdetail/18748077/shopdetail/70200877/pcmypage?callback=product/review/70487118 HTTP/1.1" 200 21776 "-" "Mozilla/5.0 (Linux; Android 6.0.1; Nexus 5X Build/MMB29P) AppleWebKit/537.36 (KHTML, like Gecko) Chrome/136.0.7103.92 Mobile Safari/537.36 (compatible; Googlebot/2.1; +http://www.google.com/bot.html)"
66.249.79.137 - - [16/May/2025:15:43:14 -0400] "GET /index.php/pcsp.html/shopdetail/132157877/pcmypage/zhHant/product/surugaya/47021153/zhHant/product/surugaya/15532782/shopdetail/125572977/pcmypage/shopdetail/144936977/man/customer_guide/shopdetail/146781277/shopdetail/156678377 HTTP/1.1" 200 19375 "-" "Mozilla/5.0 (Linux; Android 6.0.1; Nexus 5X Build/MMB29P) AppleWebKit/537.36 (KHTML, like Gecko) Chrome/136.0.7103.92 Mobile Safari/537.36 (compatible; Googlebot/2.1; +http://www.google.com/bot.html)"
86.104.252.57 - - [16/May/2025:15:43:25 -0400] "GET / HTTP/1.1" 500 0 "-" "Mozilla/5.0 (Windows NT 10.0; Win64; x64)"
66.249.79.136 - - [16/May/2025:15:44:45 -0400] "POST /get-message-notify HTTP/1.1" 404 1251 "https://mcprintanddesign.com/index.php/pcsp.html/shopdetail/35527577/affiliate/shopdetail/4204677/shopdetail/115784577/hobby.html" "Mozilla/5.0 (Linux; Android 6.0.1; Nexus 5X Build/MMB29P) AppleWebKit/537.36 (KHTML, like Gecko) Chrome/136.0.7103.92 Mobile Safari/537.36 (compatible; Googlebot/2.1; +http://www.google.com/bot.html)"
167.94.146.62 - - [16/May/2025:15:45:38 -0400] "GET /favicon.ico HTTP/1.1" 404 1251 "-" "Mozilla/5.0 (compatible; CensysInspect/1.1; +https://about.censys.io/)"
66.249.79.137 - - [16/May/2025:15:50:39 -0400] "GET /index.php/pcsp.html/shopdetail/35527577/product_archives/shopdetail/118382477/zhHant/product/surugaya/41258542/shopdetail/135403077/pcmypage/shopdetail/131507677/toiawase/shopdetail/95124677/shopdetail/116268077/recruit/shopdetail/32199277/man/kaitori/kantan.html HTTP/1.1" 200 19716 "-" "Mozilla/5.0 (Linux; Android 6.0.1; Nexus 5X Build/MMB29P) AppleWebKit/537.36 (KHTML, like Gecko) Chrome/136.0.7103.92 Mobile Safari/537.36 (compatible; Googlebot/2.1; +http://www.google.com/bot.html)"
66.249.79.135 - - [16/May/2025:15:42:47 -0400] "POST /get-message-notify HTTP/1.1" 404 1251 "https://mcprintanddesign.com/index.php/pcsp.html/shopdetail/11640177/toiawase/shopdetail/75921277/pcmypage/safe_search/config/shopdetail/109282777/shopdetail/114864377/recruit/shopdetail/18748077/shopdetail/70200877/pcmypage?callback=product/review/70487118" "Mozilla/5.0 (Linux; Android 6.0.1; Nexus 5X Build/MMB29P) AppleWebKit/537.36 (KHTML, like Gecko) Chrome/135.0.7049.114 Mobile Safari/537.36 (compatible; Googlebot/2.1; +http://www.google.com/bot.html)"
66.249.79.136 - - [16/May/2025:15:43:22 -0400] "GET /index.php/pcsp.html/shopdetail/132157877/pcmypage/zhHant/product/surugaya/47021153/zhHant/product/surugaya/15532782/shopdetail/125572977/pcmypage/shopdetail/144936977/pcmypage/zhHant/product/surugaya/11200228/affiliate/cargo/detail/shopdetail/6577477/shopdetail/79003677 HTTP/1.1" 200 20608 "-" "Mozilla/5.0 (Linux; Android 6.0.1; Nexus 5X Build/MMB29P) AppleWebKit/537.36 (KHTML, like Gecko) Chrome/136.0.7103.92 Mobile Safari/537.36 (compatible; Googlebot/2.1; +http://www.google.com/bot.html)"
66.249.79.135 - - [16/May/2025:15:43:42 -0400] "POST /get-message-notify HTTP/1.1" 404 1251 "https://mcprintanddesign.com/index.php/pcsp.html/shopdetail/132157877/pcmypage/zhHant/product/surugaya/47021153/zhHant/product/surugaya/15532782/shopdetail/125572977/pcmypage/shopdetail/144936977/pcmypage/zhHant/product/surugaya/11200228/affiliate/cargo/detail/shopdetail/6577477/shopdetail/79003677" "Mozilla/5.0 (Linux; Android 6.0.1; Nexus 5X Build/MMB29P) AppleWebKit/537.36 (KHTML, like Gecko) Chrome/135.0.7049.114 Mobile Safari/537.36 (compatible; Googlebot/2.1; +http://www.google.com/bot.html)"
66.249.79.135 - - [16/May/2025:15:44:21 -0400] "GET /index.php/pcsp.html/affiliate/shopdetail/21356677/shopdetail/108865077/pcmypage//shopdetail/73289377 HTTP/1.1" 200 19944 "-" "Mozilla/5.0 (Linux; Android 6.0.1; Nexus 5X Build/MMB29P) AppleWebKit/537.36 (KHTML, like Gecko) Chrome/136.0.7103.92 Mobile Safari/537.36 (compatible; Googlebot/2.1; +http://www.google.com/bot.html)"
66.249.79.136 - - [16/May/2025:15:44:43 -0400] "GET /index.php/pcsp.html/shopdetail/35527577/affiliate/shopdetail/4204677/shopdetail/115784577/hobby.html HTTP/1.1" 200 19335 "-" "Mozilla/5.0 (Linux; Android 6.0.1; Nexus 5X Build/MMB29P) AppleWebKit/537.36 (KHTML, like Gecko) Chrome/136.0.7103.92 Mobile Safari/537.36 (compatible; Googlebot/2.1; +http://www.google.com/bot.html)"
167.94.146.62 - - [16/May/2025:15:45:25 -0400] "GET / HTTP/1.1" 500 0 "-" "Mozilla/5.0 (compatible; CensysInspect/1.1; +https://about.censys.io/)"
66.249.79.137 - - [16/May/2025:15:47:45 -0400] "GET /index.php/pcsp.html/shopdetail/35527577/affiliate/shopdetail/1031277/shopdetail/152302777 HTTP/1.1" 200 19723 "-" "Mozilla/5.0 (Linux; Android 6.0.1; Nexus 5X Build/MMB29P) AppleWebKit/537.36 (KHTML, like Gecko) Chrome/136.0.7103.92 Mobile Safari/537.36 (compatible; Googlebot/2.1; +http://www.google.com/bot.html)"
66.249.79.135 - - [16/May/2025:15:49:54 -0400] "GET /index.php/pcsp.html/pcmypage/shopdetail/55473777/shopdetail/87543877 HTTP/1.1" 200 20564 "-" "Mozilla/5.0 (compatible; Googlebot/2.1; +http://www.google.com/bot.html)"
66.249.79.137 - - [16/May/2025:15:51:24 -0400] "GET /index.php/pcsp.html/affiliate/shopdetail/21356677/affiliate/product/edit/58158034/shopdetail/11381077 HTTP/1.1" 200 19194 "-" "Mozilla/5.0 (compatible; Googlebot/2.1; +http://www.google.com/bot.html)"
66.249.79.135 - - [16/May/2025:15:55:24 -0400] "GET /index.php/pcsp.html/shopdetail/132157877/pcmypage/shopdetail/103979577/game.html HTTP/1.1" 200 18736 "-" "Mozilla/5.0 (Linux; Android 6.0.1; Nexus 5X Build/MMB29P) AppleWebKit/537.36 (KHTML, like Gecko) Chrome/136.0.7103.92 Mobile Safari/537.36 (compatible; Googlebot/2.1; +http://www.google.com/bot.html)"
66.249.79.137 - - [16/May/2025:15:58:34 -0400] "GET /index.php/pcsp.html/shopdetail/121302077/product_archives/recruit/shopdetail/121724277/hobby/nuigurumi/nuigurumi.html HTTP/1.1" 200 19634 "-" "Mozilla/5.0 (compatible; Googlebot/2.1; +http://www.google.com/bot.html)"
66.249.79.135 - - [16/May/2025:16:03:09 -0400] "GET /index.php/man/customer_guide HTTP/1.1" 200 19443 "-" "Mozilla/5.0 (Linux; Android 6.0.1; Nexus 5X Build/MMB29P) AppleWebKit/537.36 (KHTML, like Gecko) Chrome/136.0.7103.92 Mobile Safari/537.36 (compatible; Googlebot/2.1; +http://www.google.com/bot.html)"
66.249.79.136 - - [16/May/2025:16:07:29 -0400] "GET /index.php/pcsp.html/affiliate/shopdetail/2564377/shopdetail/41606677 HTTP/1.1" 200 20730 "-" "Mozilla/5.0 (compatible; Googlebot/2.1; +http://www.google.com/bot.html)"
66.249.79.135 - - [16/May/2025:16:07:33 -0400] "GET /index.php/pcsp.html/shopdetail/31325577/events/ HTTP/1.1" 200 18971 "-" "Mozilla/5.0 (compatible; Googlebot/2.1; +http://www.google.com/bot.html)"
66.249.79.137 - - [16/May/2025:15:55:02 -0400] "GET /index.php/pcsp.html/shopdetail/35527577/product_archives/shopdetail/118382477/zhHant/product/surugaya/41258542/shopdetail/209977/shopdetail/120660077 HTTP/1.1" 200 19152 "-" "Mozilla/5.0 (Linux; Android 6.0.1; Nexus 5X Build/MMB29P) AppleWebKit/537.36 (KHTML, like Gecko) Chrome/136.0.7103.92 Mobile Safari/537.36 (compatible; Googlebot/2.1; +http://www.google.com/bot.html)"
66.249.79.136 - - [16/May/2025:15:55:20 -0400] "GET /index.php/pcsp.html/shopdetail/1329777/affiliate/affiliate/shopdetail/3896177 HTTP/1.1" 200 19998 "-" "Mozilla/5.0 (compatible; Googlebot/2.1; +http://www.google.com/bot.html)"
205.210.31.155 - - [16/May/2025:15:58:11 -0400] "GET / HTTP/1.1" 500 0 "-" "-"
66.249.79.136 - - [16/May/2025:16:08:44 -0400] "GET /index.php/pcsp.html/shopdetail/21974677/pcmypage/shopdetail/32263177 HTTP/1.1" 200 19703 "-" "Mozilla/5.0 (compatible; Googlebot/2.1; +http://www.google.com/bot.html)"
66.249.79.136 - - [16/May/2025:16:09:42 -0400] "GET /index.php/pcsp.html/shopdetail/121302077/cargo/detail HTTP/1.1" 200 20651 "-" "Mozilla/5.0 (Linux; Android 6.0.1; Nexus 5X Build/MMB29P) AppleWebKit/537.36 (KHTML, like Gecko) Chrome/136.0.7103.92 Mobile Safari/537.36 (compatible; Googlebot/2.1; +http://www.google.com/bot.html)"
66.249.79.137 - - [16/May/2025:16:09:44 -0400] "POST /get-message-notify HTTP/1.1" 404 1251 "https://mcprintanddesign.com/index.php/pcsp.html/shopdetail/121302077/cargo/detail" "Mozilla/5.0 (Linux; Android 6.0.1; Nexus 5X Build/MMB29P) AppleWebKit/537.36 (KHTML, like Gecko) Chrome/135.0.7049.114 Mobile Safari/537.36 (compatible; Googlebot/2.1; +http://www.google.com/bot.html)"
66.249.79.135 - - [16/May/2025:16:13:04 -0400] "GET /index.php/pcsp.html/shopdetail/121302077/affiliate/shopdetail/113363877/pcmypage?callback=product%2Fdetail%2F39612114 HTTP/1.1" 200 20759 "-" "Mozilla/5.0 (Linux; Android 6.0.1; Nexus 5X Build/MMB29P) AppleWebKit/537.36 (KHTML, like Gecko) Chrome/136.0.7103.92 Mobile Safari/537.36 (compatible; Googlebot/2.1; +http://www.google.com/bot.html)"
66.249.79.137 - - [16/May/2025:16:13:08 -0400] "POST /get-message-notify HTTP/1.1" 404 1251 "https://mcprintanddesign.com/index.php/pcsp.html/shopdetail/121302077/text/terms/shopdetail/141917377/shopdetail/3216277" "Mozilla/5.0 (Linux; Android 6.0.1; Nexus 5X Build/MMB29P) AppleWebKit/537.36 (KHTML, like Gecko) Chrome/136.0.7103.92 Mobile Safari/537.36 (compatible; Googlebot/2.1; +http://www.google.com/bot.html)"
66.249.79.135 - - [16/May/2025:16:15:13 -0400] "GET /index.php/pcsp.html/shopdetail/132157877/pcmypage/shopdetail/87598777/shopdetail/117394477/feature/sapporo/index.html HTTP/1.1" 200 19671 "-" "Mozilla/5.0 (Linux; Android 6.0.1; Nexus 5X Build/MMB29P) AppleWebKit/537.36 (KHTML, like Gecko) Chrome/136.0.7103.92 Mobile Safari/537.36 (compatible; Googlebot/2.1; +http://www.google.com/bot.html)"
66.249.79.136 - - [16/May/2025:16:15:21 -0400] "GET /index.php/pcsp.html/shopdetail/132157877/pcmypage/shopdetail/88450577/shopdetail/117471377/toreka/toreka_single.html HTTP/1.1" 200 19531 "-" "Mozilla/5.0 (Linux; Android 6.0.1; Nexus 5X Build/MMB29P) AppleWebKit/537.36 (KHTML, like Gecko) Chrome/136.0.7103.92 Mobile Safari/537.36 (compatible; Googlebot/2.1; +http://www.google.com/bot.html)"
66.249.79.135 - - [16/May/2025:16:15:30 -0400] "GET /index.php/pcsp.html/shopdetail/121302077/product_archives/recruit/shopdetail/121724277/pcmypage/shopdetail/24646277/text/terms/feature/yokohama_maruicity/index.html HTTP/1.1" 200 20748 "-" "Mozilla/5.0 (Linux; Android 6.0.1; Nexus 5X Build/MMB29P) AppleWebKit/537.36 (KHTML, like Gecko) Chrome/136.0.7103.92 Mobile Safari/537.36 (compatible; Googlebot/2.1; +http://www.google.com/bot.html)"
66.249.79.135 - - [16/May/2025:16:15:44 -0400] "GET /index.php/pcsp.html/shopdetail/132157877/pcmypage/product_archives/shopdetail/52280977/recruit/pcmypage/shopdetail/152279277 HTTP/1.1" 200 21035 "-" "Mozilla/5.0 (Linux; Android 6.0.1; Nexus 5X Build/MMB29P) AppleWebKit/537.36 (KHTML, like Gecko) Chrome/136.0.7103.92 Mobile Safari/537.36 (compatible; Googlebot/2.1; +http://www.google.com/bot.html)"
66.249.79.136 - - [16/May/2025:16:16:17 -0400] "POST /get-message-notify HTTP/1.1" 404 1251 "https://mcprintanddesign.com/index.php/pcsp.html/shopdetail/132157877/pcmypage/product_archives/shopdetail/52280977/recruit/pcmypage/shopdetail/101082677" "Mozilla/5.0 (Linux; Android 6.0.1; Nexus 5X Build/MMB29P) AppleWebKit/537.36 (KHTML, like Gecko) Chrome/135.0.7049.114 Mobile Safari/537.36 (compatible; Googlebot/2.1; +http://www.google.com/bot.html)"
66.249.79.136 - - [16/May/2025:16:16:23 -0400] "POST /get-message-notify HTTP/1.1" 404 1251 "https://mcprintanddesign.com/index.php/pcsp.html/shopdetail/132157877/pcmypage/shopdetail/87598777/zhHant/product/surugaya/96497040/shopdetail/32288977" "Mozilla/5.0 (Linux; Android 6.0.1; Nexus 5X Build/MMB29P) AppleWebKit/537.36 (KHTML, like Gecko) Chrome/135.0.7049.114 Mobile Safari/537.36 (compatible; Googlebot/2.1; +http://www.google.com/bot.html)"
66.249.79.135 - - [16/May/2025:16:16:31 -0400] "GET /index.php/pcsp.html/shopdetail/132157877/pcmypage/shopdetail/120984977/shopdetail/151203577/kaden.html HTTP/1.1" 200 19664 "-" "Mozilla/5.0 (Linux; Android 6.0.1; Nexus 5X Build/MMB29P) AppleWebKit/537.36 (KHTML, like Gecko) Chrome/136.0.7103.92 Mobile Safari/537.36 (compatible; Googlebot/2.1; +http://www.google.com/bot.html)"
66.249.79.135 - - [16/May/2025:16:17:24 -0400] "GET /index.php/pcsp.html/shopdetail/135385077/product_archives/shopdetail/156603377/shopdetail/154782377 HTTP/1.1" 200 19971 "-" "Mozilla/5.0 (compatible; Googlebot/2.1; +http://www.google.com/bot.html)"
66.249.79.136 - - [16/May/2025:16:13:04 -0400] "GET /index.php/pcsp.html/shopdetail/121302077/text/terms/shopdetail/141917377/shopdetail/3216277 HTTP/1.1" 200 19829 "-" "Mozilla/5.0 (Linux; Android 6.0.1; Nexus 5X Build/MMB29P) AppleWebKit/537.36 (KHTML, like Gecko) Chrome/136.0.7103.92 Mobile Safari/537.36 (compatible; Googlebot/2.1; +http://www.google.com/bot.html)"
66.249.79.137 - - [16/May/2025:16:13:04 -0400] "GET /index.php/pcsp.html/shopdetail/121302077/pcmypage/shopdetail/110981577/feature/sale2411-5/index.html HTTP/1.1" 200 19352 "-" "Mozilla/5.0 (Linux; Android 6.0.1; Nexus 5X Build/MMB29P) AppleWebKit/537.36 (KHTML, like Gecko) Chrome/136.0.7103.92 Mobile Safari/537.36 (compatible; Googlebot/2.1; +http://www.google.com/bot.html)"
66.249.79.135 - - [16/May/2025:16:16:14 -0400] "GET /index.php/pcsp.html/shopdetail/132157877/pcmypage/product_archives/shopdetail/52280977/recruit/pcmypage/shopdetail/101082677 HTTP/1.1" 200 19048 "-" "Mozilla/5.0 (Linux; Android 6.0.1; Nexus 5X Build/MMB29P) AppleWebKit/537.36 (KHTML, like Gecko) Chrome/136.0.7103.92 Mobile Safari/537.36 (compatible; Googlebot/2.1; +http://www.google.com/bot.html)"
66.249.79.135 - - [16/May/2025:16:16:21 -0400] "GET /index.php/pcsp.html/shopdetail/132157877/pcmypage/shopdetail/87598777/zhHant/product/surugaya/96497040/shopdetail/32288977 HTTP/1.1" 200 19054 "-" "Mozilla/5.0 (Linux; Android 6.0.1; Nexus 5X Build/MMB29P) AppleWebKit/537.36 (KHTML, like Gecko) Chrome/136.0.7103.92 Mobile Safari/537.36 (compatible; Googlebot/2.1; +http://www.google.com/bot.html)"
66.249.79.135 - - [16/May/2025:16:16:35 -0400] "GET /index.php/pcsp.html/shopdetail/35527577/product_archives/shopdetail/118382477/zhHant/product/surugaya/41258542/shopdetail/135403077/pcmypage/shopdetail/131507677/toiawase/shopdetail/95124677/shopdetail/116268077/recruit/safe_search/config/shopdetail/103126077/shopdetail/123206977 HTTP/1.1" 200 20656 "-" "Mozilla/5.0 (Linux; Android 6.0.1; Nexus 5X Build/MMB29P) AppleWebKit/537.36 (KHTML, like Gecko) Chrome/136.0.7103.92 Mobile Safari/537.36 (compatible; Googlebot/2.1; +http://www.google.com/bot.html)"
66.249.79.137 - - [16/May/2025:16:17:10 -0400] "GET /index.php/man/kaitori/ansin.html HTTP/1.1" 200 19917 "-" "Mozilla/5.0 (Linux; Android 6.0.1; Nexus 5X Build/MMB29P) AppleWebKit/537.36 (KHTML, like Gecko) Chrome/136.0.7103.92 Mobile Safari/537.36 (compatible; Googlebot/2.1; +http://www.google.com/bot.html)"
66.249.79.136 - - [16/May/2025:16:18:36 -0400] "GET /index.php/pcsp.html/shopdetail/1329777/affiliate/affiliate/dozin.html HTTP/1.1" 200 18875 "-" "Mozilla/5.0 (compatible; Googlebot/2.1; +http://www.google.com/bot.html)"
20.42.10.188 - - [16/May/2025:16:19:49 -0400] "GET /index.php/pcsp.html/affiliate/shopdetail/21356677/shopdetail/164965777/man/customer_guide/shopdetail/73376277/hobby/nuigurumi/nuigurumi.html HTTP/1.1" 500 0 "-" "Mozilla/5.0 (Macintosh; Intel Mac OS X 10_15_7) AppleWebKit/537.36 (KHTML, like Gecko) Chrome/131.0.0.0 Safari/537.36; compatible; OAI-SearchBot/1.0; +https://openai.com/searchbot"
51.8.102.214 - - [16/May/2025:16:19:49 -0400] "GET /index.php/pcsp.html/affiliate/shopdetail/21356677/shopdetail/164965777/man/customer_guide/shopdetail/73376277/hobby/nuigurumi/nuigurumi.html HTTP/1.1" 500 0 "-" "Mozilla/5.0 (Macintosh; Intel Mac OS X 10_15_7) AppleWebKit/537.36 (KHTML, like Gecko) Chrome/131.0.0.0 Safari/537.36; compatible; OAI-SearchBot/1.0; +https://openai.com/searchbot"
66.249.64.110 - - [16/May/2025:16:19:54 -0400] "GET /index.php/pcsp.html/affiliate/pcmypage/shopdetail/97089277/shopdetail/48795877 HTTP/1.1" 200 21554 "-" "Mozilla/5.0 (Linux; Android 6.0.1; Nexus 5X Build/MMB29P) AppleWebKit/537.36 (KHTML, like Gecko) Chrome/136.0.7103.92 Mobile Safari/537.36 (compatible; Googlebot/2.1; +http://www.google.com/bot.html)"
66.249.79.135 - - [16/May/2025:16:17:40 -0400] "GET /index.php/pcsp.html/affiliate/pcmypage/shopdetail/97089277/shopdetail/145456477 HTTP/1.1" 200 18494 "-" "Mozilla/5.0 (compatible; Googlebot/2.1; +http://www.google.com/bot.html)"
51.8.102.49 - - [16/May/2025:16:19:49 -0400] "GET /index.php/pcsp.html/affiliate/shopdetail/21356677/shopdetail/164965777/man/customer_guide/shopdetail/73376277/hobby/nuigurumi/nuigurumi.html HTTP/1.1" 500 0 "-" "Mozilla/5.0 (Macintosh; Intel Mac OS X 10_15_7) AppleWebKit/537.36 (KHTML, like Gecko) Chrome/131.0.0.0 Safari/537.36; compatible; OAI-SearchBot/1.0; +https://openai.com/searchbot"
51.8.102.16 - - [16/May/2025:16:19:50 -0400] "GET /index.php/pcsp.html/affiliate/shopdetail/21356677/shopdetail/164965777/man/customer_guide/shopdetail/73376277/hobby/nuigurumi/nuigurumi.html HTTP/1.1" 500 0 "-" "Mozilla/5.0 (Macintosh; Intel Mac OS X 10_15_7) AppleWebKit/537.36 (KHTML, like Gecko) Chrome/131.0.0.0 Safari/537.36; compatible; OAI-SearchBot/1.0; +https://openai.com/searchbot"
66.249.79.135 - - [16/May/2025:16:22:02 -0400] "GET /index.php/pcsp.html/shopdetail/35527577/product_archives/shopdetail/118382477/zhHant/product/surugaya/41258542/shopdetail/135403077/pcmypage/shopdetail/131507677/shopdetail/123873277 HTTP/1.1" 200 19640 "-" "Mozilla/5.0 (compatible; Googlebot/2.1; +http://www.google.com/bot.html)"
66.249.79.135 - - [16/May/2025:16:23:19 -0400] "GET /index.php/pcsp.html/shopdetail/35527577/product_archives/shopdetail/118382477/zhHant/product/surugaya/41258542/shopdetail/135403077/pcmypage/shopdetail/131507677/shopdetail/109560277/cargo/detail/shopdetail/135878477/shopdetail/146352077/pcmypage/safe_search/config/shopdetail/162872677 HTTP/1.1" 200 19669 "-" "Mozilla/5.0 (compatible; Googlebot/2.1; +http://www.google.com/bot.html)"
66.249.79.136 - - [16/May/2025:16:33:42 -0400] "GET /index.php/pcsp.html/affiliate/shopdetail/21356677/shopdetail/20194677/affiliate HTTP/1.1" 200 20477 "-" "Mozilla/5.0 (compatible; Googlebot/2.1; +http://www.google.com/bot.html)"
66.249.79.135 - - [16/May/2025:16:33:26 -0400] "GET /index.php/toreka/toreka_single.html HTTP/1.1" 200 18906 "-" "Mozilla/5.0 (Linux; Android 6.0.1; Nexus 5X Build/MMB29P) AppleWebKit/537.36 (KHTML, like Gecko) Chrome/136.0.7103.92 Mobile Safari/537.36 (compatible; Googlebot/2.1; +http://www.google.com/bot.html)"
66.249.79.135 - - [16/May/2025:16:38:28 -0400] "GET /index.php/pcsp.html/affiliate/shopdetail/36569277/shopdetail/162923977 HTTP/1.1" 200 19537 "-" "Mozilla/5.0 (Linux; Android 6.0.1; Nexus 5X Build/MMB29P) AppleWebKit/537.36 (KHTML, like Gecko) Chrome/136.0.7103.92 Mobile Safari/537.36 (compatible; Googlebot/2.1; +http://www.google.com/bot.html)"
66.249.79.135 - - [16/May/2025:16:38:36 -0400] "GET /index.php/pcsp.html/shopdetail/35527577/product_archives/shopdetail/118382477/zhHant/product/surugaya/41258542/shopdetail/135403077/toiawase/shopdetail/39947377/affiliate HTTP/1.1" 200 19634 "-" "Mozilla/5.0 (Linux; Android 6.0.1; Nexus 5X Build/MMB29P) AppleWebKit/537.36 (KHTML, like Gecko) Chrome/136.0.7103.92 Mobile Safari/537.36 (compatible; Googlebot/2.1; +http://www.google.com/bot.html)"
66.249.79.135 - - [16/May/2025:16:38:39 -0400] "GET /index.php/pcsp.html/shopdetail/35527577/product_archives/shopdetail/118382477/zhHant/product/surugaya/41258542/shopdetail/135403077/pcmypage/shopdetail/131507677/shopdetail/109560277/product/edit/05618120/cargo/detail/shopdetail/24612277/product/edit/88608584/shopdetail/50844377 HTTP/1.1" 200 20344 "-" "Mozilla/5.0 (Linux; Android 6.0.1; Nexus 5X Build/MMB29P) AppleWebKit/537.36 (KHTML, like Gecko) Chrome/136.0.7103.92 Mobile Safari/537.36 (compatible; Googlebot/2.1; +http://www.google.com/bot.html)"
66.249.79.136 - - [16/May/2025:16:40:46 -0400] "GET /index.php/pcsp.html/shopdetail/131450077/shopdetail/146920677 HTTP/1.1" 200 19263 "-" "Mozilla/5.0 (Linux; Android 6.0.1; Nexus 5X Build/MMB29P) AppleWebKit/537.36 (KHTML, like Gecko) Chrome/136.0.7103.92 Mobile Safari/537.36 (compatible; Googlebot/2.1; +http://www.google.com/bot.html)"
66.249.79.135 - - [16/May/2025:16:42:38 -0400] "GET /index.php/pcsp.html/shopdetail/132157877/affiliate HTTP/1.1" 200 20715 "-" "Mozilla/5.0 (Linux; Android 6.0.1; Nexus 5X Build/MMB29P) AppleWebKit/537.36 (KHTML, like Gecko) Chrome/136.0.7103.92 Mobile Safari/537.36 (compatible; Googlebot/2.1; +http://www.google.com/bot.html)"
66.249.79.137 - - [16/May/2025:16:43:09 -0400] "GET /index.php/pcsp.html/shopdetail/111926677/shopdetail/130181477 HTTP/1.1" 200 18934 "-" "Mozilla/5.0 (Linux; Android 6.0.1; Nexus 5X Build/MMB29P) AppleWebKit/537.36 (KHTML, like Gecko) Chrome/136.0.7103.92 Mobile Safari/537.36 (compatible; Googlebot/2.1; +http://www.google.com/bot.html)"
66.249.79.135 - - [16/May/2025:16:43:13 -0400] "POST /get-message-notify HTTP/1.1" 404 1251 "https://mcprintanddesign.com/index.php/pcsp.html/shopdetail/111926677/shopdetail/130181477" "Mozilla/5.0 (Linux; Android 6.0.1; Nexus 5X Build/MMB29P) AppleWebKit/537.36 (KHTML, like Gecko) Chrome/136.0.7103.92 Mobile Safari/537.36 (compatible; Googlebot/2.1; +http://www.google.com/bot.html)"
66.249.79.135 - - [16/May/2025:16:43:15 -0400] "GET /index.php/pcsp.html/shopdetail/35527577/product_archives/shopdetail/118382477/zhHant/product/surugaya/41258542/shopdetail/135403077/pcmypage/shopdetail/131507677/shopdetail/109560277/product/edit/05618120/cargo/detail/shopdetail/24612277/product/edit/88608584/shopdetail/65055877 HTTP/1.1" 200 19926 "-" "Mozilla/5.0 (Linux; Android 6.0.1; Nexus 5X Build/MMB29P) AppleWebKit/537.36 (KHTML, like Gecko) Chrome/136.0.7103.92 Mobile Safari/537.36 (compatible; Googlebot/2.1; +http://www.google.com/bot.html)"
66.249.79.136 - - [16/May/2025:16:43:17 -0400] "GET /index.php/pcsp.html/shopdetail/35527577/product_archives/shopdetail/118382477/zhHant/product/surugaya/41258542/shopdetail/135403077/pcmypage/shopdetail/131507677/shopdetail/109560277/product/edit/05618120/cargo/detail/shopdetail/24612277/product/edit/88608584/shopdetail/76988977 HTTP/1.1" 200 20719 "-" "Mozilla/5.0 (Linux; Android 6.0.1; Nexus 5X Build/MMB29P) AppleWebKit/537.36 (KHTML, like Gecko) Chrome/136.0.7103.92 Mobile Safari/537.36 (compatible; Googlebot/2.1; +http://www.google.com/bot.html)"
66.249.79.137 - - [16/May/2025:16:37:07 -0400] "GET /index.php/pcsp.html/shopdetail/35527577/product_archives/shopdetail/118382477/zhHant/product/surugaya/41258542/shopdetail/135403077/pcmypage/shopdetail/131507677/toiawase/shopdetail/95124677/shopdetail/116268077/recruit/shopdetail/46467577 HTTP/1.1" 200 19735 "-" "Mozilla/5.0 (Linux; Android 6.0.1; Nexus 5X Build/MMB29P) AppleWebKit/537.36 (KHTML, like Gecko) Chrome/136.0.7103.92 Mobile Safari/537.36 (compatible; Googlebot/2.1; +http://www.google.com/bot.html)"
66.249.79.135 - - [16/May/2025:16:41:18 -0400] "GET /index.php/pcsp.html/shopdetail/35527577/product_archives/shopdetail/118382477/zhHant/product/surugaya/41258542/shopdetail/209977/shopdetail/150830477/cargo/detail/shopdetail/115244577/kaden.html HTTP/1.1" 200 19329 "-" "Mozilla/5.0 (Linux; Android 6.0.1; Nexus 5X Build/MMB29P) AppleWebKit/537.36 (KHTML, like Gecko) Chrome/136.0.7103.92 Mobile Safari/537.36 (compatible; Googlebot/2.1; +http://www.google.com/bot.html)"
66.249.79.137 - - [16/May/2025:16:43:06 -0400] "GET /index.php/pcsp.html/pcmypage/shopdetail/66730577/man/kaitori/ansin.html HTTP/1.1" 200 19314 "-" "Mozilla/5.0 (Linux; Android 6.0.1; Nexus 5X Build/MMB29P) AppleWebKit/537.36 (KHTML, like Gecko) Chrome/136.0.7103.92 Mobile Safari/537.36 (compatible; Googlebot/2.1; +http://www.google.com/bot.html)"
66.249.79.136 - - [16/May/2025:16:43:15 -0400] "GET /index.php/pcsp.html/shopdetail/35527577/product_archives/shopdetail/118382477/zhHant/product/surugaya/41258542/shopdetail/135403077/pcmypage/shopdetail/131507677/shopdetail/109560277/product/edit/05618120/cargo/detail/shopdetail/24612277/product/edit/88608584/product/edit/15508608 HTTP/1.1" 200 20266 "-" "Mozilla/5.0 (Linux; Android 6.0.1; Nexus 5X Build/MMB29P) AppleWebKit/537.36 (KHTML, like Gecko) Chrome/136.0.7103.92 Mobile Safari/537.36 (compatible; Googlebot/2.1; +http://www.google.com/bot.html)"
66.249.79.136 - - [16/May/2025:16:43:15 -0400] "GET /index.php/pcsp.html/shopdetail/35527577/product_archives/shopdetail/118382477/zhHant/product/surugaya/41258542/shopdetail/135403077/pcmypage/shopdetail/131507677/shopdetail/109560277/product/edit/05618120/cargo/detail/shopdetail/24612277/product/edit/88608584/shopdetail/11130177 HTTP/1.1" 200 19180 "-" "Mozilla/5.0 (Linux; Android 6.0.1; Nexus 5X Build/MMB29P) AppleWebKit/537.36 (KHTML, like Gecko) Chrome/136.0.7103.92 Mobile Safari/537.36 (compatible; Googlebot/2.1; +http://www.google.com/bot.html)"
66.249.79.135 - - [16/May/2025:16:43:16 -0400] "GET /index.php/pcsp.html/shopdetail/35527577/product_archives/shopdetail/118382477/zhHant/product/surugaya/41258542/shopdetail/135403077/pcmypage/shopdetail/131507677/shopdetail/109560277/product/edit/05618120/cargo/detail/shopdetail/24612277/product/edit/88608584/shopdetail/7237577 HTTP/1.1" 200 19597 "-" "Mozilla/5.0 (Linux; Android 6.0.1; Nexus 5X Build/MMB29P) AppleWebKit/537.36 (KHTML, like Gecko) Chrome/136.0.7103.92 Mobile Safari/537.36 (compatible; Googlebot/2.1; +http://www.google.com/bot.html)"
66.249.79.136 - - [16/May/2025:16:43:16 -0400] "GET /index.php/pcsp.html/shopdetail/35527577/product_archives/shopdetail/118382477/zhHant/product/surugaya/41258542/shopdetail/135403077/pcmypage/shopdetail/131507677/shopdetail/109560277/product/edit/05618120/cargo/detail/shopdetail/24612277/product/edit/88608584/shopdetail/135633477 HTTP/1.1" 200 21474 "-" "Mozilla/5.0 (Linux; Android 6.0.1; Nexus 5X Build/MMB29P) AppleWebKit/537.36 (KHTML, like Gecko) Chrome/136.0.7103.92 Mobile Safari/537.36 (compatible; Googlebot/2.1; +http://www.google.com/bot.html)"
66.249.79.135 - - [16/May/2025:16:43:19 -0400] "POST /get-message-notify HTTP/1.1" 404 1251 "https://mcprintanddesign.com/index.php/pcsp.html/shopdetail/35527577/product_archives/shopdetail/118382477/zhHant/product/surugaya/41258542/shopdetail/135403077/pcmypage/shopdetail/131507677/shopdetail/109560277/product/edit/05618120/cargo/detail/shopdetail/24612277/product/edit/88608584/product/edit/15508608" "Mozilla/5.0 (Linux; Android 6.0.1; Nexus 5X Build/MMB29P) AppleWebKit/537.36 (KHTML, like Gecko) Chrome/135.0.7049.114 Mobile Safari/537.36 (compatible; Googlebot/2.1; +http://www.google.com/bot.html)"
66.249.79.135 - - [16/May/2025:16:43:24 -0400] "POST /get-message-notify HTTP/1.1" 404 1251 "https://mcprintanddesign.com/index.php/pcsp.html/shopdetail/35527577/product_archives/shopdetail/118382477/zhHant/product/surugaya/41258542/shopdetail/135403077/pcmypage/shopdetail/131507677/shopdetail/109560277/product/edit/05618120/cargo/detail/shopdetail/24612277/product/edit/88608584/shopdetail/65055877" "Mozilla/5.0 (Linux; Android 6.0.1; Nexus 5X Build/MMB29P) AppleWebKit/537.36 (KHTML, like Gecko) Chrome/135.0.7049.114 Mobile Safari/537.36 (compatible; Googlebot/2.1; +http://www.google.com/bot.html)"
66.249.79.135 - - [16/May/2025:16:43:46 -0400] "GET /index.php/pcsp.html/shopdetail/54474577/shopdetail/43579277 HTTP/1.1" 200 19441 "-" "Mozilla/5.0 (Linux; Android 6.0.1; Nexus 5X Build/MMB29P) AppleWebKit/537.36 (KHTML, like Gecko) Chrome/136.0.7103.92 Mobile Safari/537.36 (compatible; Googlebot/2.1; +http://www.google.com/bot.html)"
66.249.79.135 - - [16/May/2025:16:43:17 -0400] "GET /index.php/pcsp.html/shopdetail/121302077/product_archives/shopdetail/125266077/man/customer_guide HTTP/1.1" 200 22826 "-" "Mozilla/5.0 (Linux; Android 6.0.1; Nexus 5X Build/MMB29P) AppleWebKit/537.36 (KHTML, like Gecko) Chrome/136.0.7103.92 Mobile Safari/537.36 (compatible; Googlebot/2.1; +http://www.google.com/bot.html)"
66.249.79.135 - - [16/May/2025:16:43:28 -0400] "GET /index.php/pcsp.html/shopdetail/13028677/events//toreka/goods_menu.html HTTP/1.1" 200 19451 "-" "Mozilla/5.0 (Linux; Android 6.0.1; Nexus 5X Build/MMB29P) AppleWebKit/537.36 (KHTML, like Gecko) Chrome/136.0.7103.92 Mobile Safari/537.36 (compatible; Googlebot/2.1; +http://www.google.com/bot.html)"
66.249.79.135 - - [16/May/2025:16:43:38 -0400] "GET /index.php/pcsp.html/shopdetail/50005677/product_archives HTTP/1.1" 200 20966 "-" "Mozilla/5.0 (Linux; Android 6.0.1; Nexus 5X Build/MMB29P) AppleWebKit/537.36 (KHTML, like Gecko) Chrome/136.0.7103.92 Mobile Safari/537.36 (compatible; Googlebot/2.1; +http://www.google.com/bot.html)"
66.249.79.135 - - [16/May/2025:16:43:41 -0400] "POST /get-message-notify HTTP/1.1" 404 1251 "https://mcprintanddesign.com/index.php/pcsp.html/shopdetail/35527577/product_archives/shopdetail/118382477/zhHant/product/surugaya/41258542/shopdetail/135403077/pcmypage/shopdetail/131507677/shopdetail/109560277/product/edit/05618120/cargo/detail/shopdetail/24612277/product/edit/88608584/shopdetail/11130177" "Mozilla/5.0 (Linux; Android 6.0.1; Nexus 5X Build/MMB29P) AppleWebKit/537.36 (KHTML, like Gecko) Chrome/135.0.7049.114 Mobile Safari/537.36 (compatible; Googlebot/2.1; +http://www.google.com/bot.html)"
