66.249.79.137 - - [16/May/2025:16:46:14 -0400] "GET /index.php/pcsp.html/shopdetail/132157877/pcmypage/shopdetail/111735477/shopdetail/96610777/recruit HTTP/1.1" 200 20420 "-" "Mozilla/5.0 (Linux; Android 6.0.1; Nexus 5X Build/MMB29P) AppleWebKit/537.36 (KHTML, like Gecko) Chrome/136.0.7103.92 Mobile Safari/537.36 (compatible; Googlebot/2.1; +http://www.google.com/bot.html)"
66.249.79.135 - - [16/May/2025:16:46:22 -0400] "GET /index.php/pcsp.html/shopdetail/35527577/product_archives/shopdetail/118382477/zhHant/product/surugaya/41258542/shopdetail/135403077/pcmypage/shopdetail/131507677/shopdetail/109560277/product/edit/05618120/cargo/detail/shopdetail/24612277/product/edit/88608584/recruit HTTP/1.1" 200 19511 "-" "Mozilla/5.0 (Linux; Android 6.0.1; Nexus 5X Build/MMB29P) AppleWebKit/537.36 (KHTML, like Gecko) Chrome/136.0.7103.92 Mobile Safari/537.36 (compatible; Googlebot/2.1; +http://www.google.com/bot.html)"
66.249.79.135 - - [16/May/2025:16:46:35 -0400] "POST /get-message-notify HTTP/1.1" 404 1251 "https://mcprintanddesign.com/index.php/pcsp.html/shopdetail/132157877/pcmypage/shopdetail/111735477/shopdetail/96610777/recruit" "Mozilla/5.0 (Linux; Android 6.0.1; Nexus 5X Build/MMB29P) AppleWebKit/537.36 (KHTML, like Gecko) Chrome/135.0.7049.114 Mobile Safari/537.36 (compatible; Googlebot/2.1; +http://www.google.com/bot.html)"
66.249.79.137 - - [16/May/2025:16:48:10 -0400] "GET /index.php/pcsp.html/shopdetail/35527577/product_archives/shopdetail/118382477/zhHant/product/surugaya/41258542/shopdetail/135403077/pcmypage/shopdetail/131507677/shopdetail/109560277/cargo/detail/shopdetail/135878477/shopdetail/54075077/man/customer_guide HTTP/1.1" 200 19606 "-" "Mozilla/5.0 (compatible; Googlebot/2.1; +http://www.google.com/bot.html)"
66.249.79.135 - - [16/May/2025:16:48:11 -0400] "GET /index.php/pcsp.html/shopdetail/35527577/product_archives/shopdetail/118382477/zhHant/product/surugaya/41258542/shopdetail/135403077/pcmypage/shopdetail/131507677/safe_search/config/shopdetail/89392977/shopdetail/163062377 HTTP/1.1" 200 19557 "-" "Mozilla/5.0 (Linux; Android 6.0.1; Nexus 5X Build/MMB29P) AppleWebKit/537.36 (KHTML, like Gecko) Chrome/136.0.7103.92 Mobile Safari/537.36 (compatible; Googlebot/2.1; +http://www.google.com/bot.html)"
66.249.79.135 - - [16/May/2025:16:50:21 -0400] "GET /index.php/pcsp.html/shopdetail/35527577/product_archives/shopdetail/118382477/zhHant/product/surugaya/41258542/shopdetail/135403077/pcmypage/shopdetail/131507677/safe_search/config/shopdetail/64126777/shopdetail/98722477/pcmypage/shopdetail/153310877/shopdetail/152996077/hobby/boardgame/index.html HTTP/1.1" 200 20409 "-" "Mozilla/5.0 (Linux; Android 6.0.1; Nexus 5X Build/MMB29P) AppleWebKit/537.36 (KHTML, like Gecko) Chrome/136.0.7103.92 Mobile Safari/537.36 (compatible; Googlebot/2.1; +http://www.google.com/bot.html)"
66.249.79.135 - - [16/May/2025:16:50:33 -0400] "POST /get-message-notify HTTP/1.1" 404 1251 "https://mcprintanddesign.com/index.php/pcsp.html/shopdetail/35527577/product_archives/shopdetail/118382477/zhHant/product/surugaya/41258542/shopdetail/135403077/pcmypage/shopdetail/131507677/toiawase/shopdetail/95124677/shopdetail/28224877/product/edit/20433634/toiawase/toreka/toreka_menu.html" "Mozilla/5.0 (Linux; Android 6.0.1; Nexus 5X Build/MMB29P) AppleWebKit/537.36 (KHTML, like Gecko) Chrome/135.0.7049.114 Mobile Safari/537.36 (compatible; Googlebot/2.1; +http://www.google.com/bot.html)"
66.249.79.135 - - [16/May/2025:16:50:42 -0400] "GET /index.php/pcsp.html/shopdetail/132157877/pcmypage/shopdetail/103979577/shopdetail/154620277/feature/akihabara_main/index.html HTTP/1.1" 200 19089 "-" "Mozilla/5.0 (Linux; Android 6.0.1; Nexus 5X Build/MMB29P) AppleWebKit/537.36 (KHTML, like Gecko) Chrome/136.0.7103.92 Mobile Safari/537.36 (compatible; Googlebot/2.1; +http://www.google.com/bot.html)"
66.249.79.135 - - [16/May/2025:16:50:55 -0400] "GET /index.php/pcsp.html/shopdetail/35527577/product_archives/shopdetail/118382477/zhHant/product/surugaya/41258542/shopdetail/135403077/pcmypage/shopdetail/131507677/safe_search/config/shopdetail/64126777/shopdetail/94029177/kaden.html HTTP/1.1" 200 19842 "-" "Mozilla/5.0 (compatible; Googlebot/2.1; +http://www.google.com/bot.html)"
66.249.79.137 - - [16/May/2025:16:51:15 -0400] "GET /index.php/pcsp.html/shopdetail/132157877/pcmypage/shopdetail/87598777/shopdetail/99396777/product/edit/09066215 HTTP/1.1" 200 19999 "-" "Mozilla/5.0 (Linux; Android 6.0.1; Nexus 5X Build/MMB29P) AppleWebKit/537.36 (KHTML, like Gecko) Chrome/136.0.7103.92 Mobile Safari/537.36 (compatible; Googlebot/2.1; +http://www.google.com/bot.html)"
66.249.79.136 - - [16/May/2025:16:57:10 -0400] "GET /index.php/pcsp.html/shopdetail/35527577/product_archives/shopdetail/118382477/zhHant/product/surugaya/41258542/shopdetail/135403077/pcmypage/shopdetail/131507677/shopdetail/51602977/recruit/shopdetail/57357677/toiawase/shopdetail/9861477/shopdetail/85776377 HTTP/1.1" 200 19907 "-" "Mozilla/5.0 (compatible; Googlebot/2.1; +http://www.google.com/bot.html)"
114.117.233.112 - - [16/May/2025:17:00:26 -0400] "GET / HTTP/1.1" 500 0 "http://mcprintanddesign.com" "Mozilla/5.0 (iPhone; CPU iPhone OS 13_2_3 like Mac OS X) AppleWebKit/605.1.15 (KHTML, like Gecko) Version/13.0.3 Mobile/15E148 Safari/604.1"
66.249.79.135 - - [16/May/2025:16:45:24 -0400] "GET /index.php/pcsp.html/shopdetail/121302077/kaden.html HTTP/1.1" 200 19316 "-" "Mozilla/5.0 (Linux; Android 6.0.1; Nexus 5X Build/MMB29P) AppleWebKit/537.36 (KHTML, like Gecko) Chrome/136.0.7103.92 Mobile Safari/537.36 (compatible; Googlebot/2.1; +http://www.google.com/bot.html)"
66.249.79.135 - - [16/May/2025:16:45:42 -0400] "GET /index.php/pcsp.html/shopdetail/35527577/product_archives/shopdetail/118382477/zhHant/product/surugaya/41258542/shopdetail/135403077/pcmypage/shopdetail/131507677/safe_search/config/text/terms/game.html HTTP/1.1" 200 19231 "-" "Mozilla/5.0 (Linux; Android 6.0.1; Nexus 5X Build/MMB29P) AppleWebKit/537.36 (KHTML, like Gecko) Chrome/136.0.7103.92 Mobile Safari/537.36 (compatible; Googlebot/2.1; +http://www.google.com/bot.html)"
66.249.79.135 - - [16/May/2025:16:45:45 -0400] "POST /get-message-notify HTTP/1.1" 404 1251 "https://mcprintanddesign.com/index.php/pcsp.html/shopdetail/35527577/product_archives/shopdetail/118382477/zhHant/product/surugaya/41258542/shopdetail/135403077/pcmypage/shopdetail/131507677/safe_search/config/text/terms/game.html" "Mozilla/5.0 (Linux; Android 6.0.1; Nexus 5X Build/MMB29P) AppleWebKit/537.36 (KHTML, like Gecko) Chrome/135.0.7049.114 Mobile Safari/537.36 (compatible; Googlebot/2.1; +http://www.google.com/bot.html)"
66.249.79.136 - - [16/May/2025:16:49:52 -0400] "GET /index.php/pcsp.html/shopdetail/35527577/product_archives/shopdetail/118382477/zhHant/product/surugaya/41258542/shopdetail/135403077/pcmypage/shopdetail/131507677/shopdetail/49485077/product/edit/66863462/shopdetail/51067477 HTTP/1.1" 200 20093 "-" "Mozilla/5.0 (Linux; Android 6.0.1; Nexus 5X Build/MMB29P) AppleWebKit/537.36 (KHTML, like Gecko) Chrome/136.0.7103.92 Mobile Safari/537.36 (compatible; Googlebot/2.1; +http://www.google.com/bot.html)"
66.249.79.135 - - [16/May/2025:16:50:13 -0400] "GET /index.php/pcsp.html/shopdetail/35527577/product_archives/shopdetail/118382477/zhHant/product/surugaya/41258542/shopdetail/135403077/pcmypage/shopdetail/131507677/shopdetail/109560277/cargo/detail/shopdetail/37061777/shopdetail/14163177/feature/eposcard/index.html HTTP/1.1" 200 19555 "-" "Mozilla/5.0 (Linux; Android 6.0.1; Nexus 5X Build/MMB29P) AppleWebKit/537.36 (KHTML, like Gecko) Chrome/136.0.7103.92 Mobile Safari/537.36 (compatible; Googlebot/2.1; +http://www.google.com/bot.html)"
66.249.79.135 - - [16/May/2025:16:50:29 -0400] "GET /index.php/pcsp.html/shopdetail/35527577/product_archives/shopdetail/118382477/zhHant/product/surugaya/41258542/shopdetail/135403077/pcmypage/shopdetail/131507677/toiawase/shopdetail/95124677/shopdetail/28224877/product/edit/20433634/toiawase/toreka/toreka_menu.html HTTP/1.1" 200 20143 "-" "Mozilla/5.0 (Linux; Android 6.0.1; Nexus 5X Build/MMB29P) AppleWebKit/537.36 (KHTML, like Gecko) Chrome/136.0.7103.92 Mobile Safari/537.36 (compatible; Googlebot/2.1; +http://www.google.com/bot.html)"
66.249.79.136 - - [16/May/2025:16:53:04 -0400] "GET /index.php/pcsp.html/affiliate/shopdetail/21356677/shopdetail/101362177/avsoft.html HTTP/1.1" 200 19752 "-" "Mozilla/5.0 (Linux; Android 6.0.1; Nexus 5X Build/MMB29P) AppleWebKit/537.36 (KHTML, like Gecko) Chrome/136.0.7103.92 Mobile Safari/537.36 (compatible; Googlebot/2.1; +http://www.google.com/bot.html)"
66.249.79.135 - - [16/May/2025:16:57:30 -0400] "GET /index.php/pcsp.html/shopdetail/35527577/product_archives/pcmypage/ HTTP/1.1" 200 19197 "-" "Mozilla/5.0 (compatible; Googlebot/2.1; +http://www.google.com/bot.html)"
66.249.79.135 - - [16/May/2025:17:09:46 -0400] "GET /index.php/feature/sale2411-5/index.html/shopdetail/133740977 HTTP/1.1" 200 18515 "-" "Mozilla/5.0 (compatible; Googlebot/2.1; +http://www.google.com/bot.html)"
66.249.79.135 - - [16/May/2025:17:03:39 -0400] "GET /index.php/pcsp.html/shopdetail/35527577/product_archives/shopdetail/118382477/zhHant/product/surugaya/41258542/shopdetail/135403077/pcmypage/shopdetail/131507677/shopdetail/51602977/recruit/shopdetail/57357677/toiawase/shopdetail/148189777 HTTP/1.1" 200 20016 "-" "Mozilla/5.0 (Linux; Android 6.0.1; Nexus 5X Build/MMB29P) AppleWebKit/537.36 (KHTML, like Gecko) Chrome/136.0.7103.92 Mobile Safari/537.36 (compatible; Googlebot/2.1; +http://www.google.com/bot.html)"
66.249.79.135 - - [16/May/2025:17:05:42 -0400] "GET /index.php/pcsp.html/shopdetail/69278977/pcmypage/shopdetail/9063177 HTTP/1.1" 200 19655 "-" "Mozilla/5.0 (Linux; Android 6.0.1; Nexus 5X Build/MMB29P) AppleWebKit/537.36 (KHTML, like Gecko) Chrome/136.0.7103.92 Mobile Safari/537.36 (compatible; Googlebot/2.1; +http://www.google.com/bot.html)"
66.249.79.135 - - [16/May/2025:17:07:33 -0400] "GET /index.php/pcsp.html/shopdetail/42225677/recruit/shopdetail/128591277 HTTP/1.1" 200 19638 "-" "Mozilla/5.0 (compatible; Googlebot/2.1; +http://www.google.com/bot.html)"
66.249.79.137 - - [16/May/2025:17:10:22 -0400] "GET /index.php/pcsp.html/shopdetail/121302077/feature/shoplist/index.html HTTP/1.1" 200 19548 "-" "Mozilla/5.0 (Linux; Android 6.0.1; Nexus 5X Build/MMB29P) AppleWebKit/537.36 (KHTML, like Gecko) Chrome/136.0.7103.92 Mobile Safari/537.36 (compatible; Googlebot/2.1; +http://www.google.com/bot.html)"
66.249.79.137 - - [16/May/2025:17:11:02 -0400] "GET /index.php/pcsp.html/affiliate/shopdetail/46387977/shopdetail/129789977/recruit/shopdetail/35112277/shopdetail/46072677 HTTP/1.1" 200 19027 "-" "Mozilla/5.0 (Linux; Android 6.0.1; Nexus 5X Build/MMB29P) AppleWebKit/537.36 (KHTML, like Gecko) Chrome/136.0.7103.92 Mobile Safari/537.36 (compatible; Googlebot/2.1; +http://www.google.com/bot.html)"
66.249.79.135 - - [16/May/2025:17:14:14 -0400] "GET /index.php/pcsp.html/shopdetail/132157877/pcmypage/shopdetail/116581377/pcmypage/recruit/text/terms/pcmypage HTTP/1.1" 200 20115 "-" "Mozilla/5.0 (compatible; Googlebot/2.1; +http://www.google.com/bot.html)"
66.249.79.136 - - [16/May/2025:17:10:48 -0400] "GET /index.php/pcsp.html/product_archives/shopdetail/51102377/shopdetail/60196077/text/terms HTTP/1.1" 200 20093 "-" "Mozilla/5.0 (Linux; Android 6.0.1; Nexus 5X Build/MMB29P) AppleWebKit/537.36 (KHTML, like Gecko) Chrome/136.0.7103.92 Mobile Safari/537.36 (compatible; Googlebot/2.1; +http://www.google.com/bot.html)"
66.249.79.137 - - [16/May/2025:17:11:01 -0400] "POST /get-message-notify HTTP/1.1" 404 1251 "https://mcprintanddesign.com/index.php/pcsp.html/product_archives/shopdetail/51102377/shopdetail/60196077/text/terms" "Mozilla/5.0 (Linux; Android 6.0.1; Nexus 5X Build/MMB29P) AppleWebKit/537.36 (KHTML, like Gecko) Chrome/135.0.7049.114 Mobile Safari/537.36 (compatible; Googlebot/2.1; +http://www.google.com/bot.html)"
66.249.79.135 - - [16/May/2025:17:11:36 -0400] "GET /index.php/pcsp.html/shopdetail/132157877/shopdetail/118151477 HTTP/1.1" 200 20105 "-" "Mozilla/5.0 (Linux; Android 6.0.1; Nexus 5X Build/MMB29P) AppleWebKit/537.36 (KHTML, like Gecko) Chrome/136.0.7103.92 Mobile Safari/537.36 (compatible; Googlebot/2.1; +http://www.google.com/bot.html)"
66.249.79.135 - - [16/May/2025:17:12:38 -0400] "GET /index.php/man/kaitori/kaitoritop.html HTTP/1.1" 200 19985 "-" "Mozilla/5.0 (Linux; Android 6.0.1; Nexus 5X Build/MMB29P) AppleWebKit/537.36 (KHTML, like Gecko) Chrome/136.0.7103.92 Mobile Safari/537.36 (compatible; Googlebot/2.1; +http://www.google.com/bot.html)"
66.249.79.135 - - [16/May/2025:17:21:01 -0400] "GET /index.php/pcsp.html/shopdetail/132157877/pcmypage/zhHant/product/surugaya/47021153/shopdetail/143479777 HTTP/1.1" 200 20189 "-" "Mozilla/5.0 (Linux; Android 6.0.1; Nexus 5X Build/MMB29P) AppleWebKit/537.36 (KHTML, like Gecko) Chrome/136.0.7103.92 Mobile Safari/537.36 (compatible; Googlebot/2.1; +http://www.google.com/bot.html)"
66.249.79.135 - - [16/May/2025:17:32:09 -0400] "GET /index.php/pcsp.html/shopdetail/35527577/product_archives/shopdetail/118382477/zhHant/product/surugaya/41258542/shopdetail/128124077/shopdetail/154034077 HTTP/1.1" 200 20716 "-" "Mozilla/5.0 (Linux; Android 6.0.1; Nexus 5X Build/MMB29P) AppleWebKit/537.36 (KHTML, like Gecko) Chrome/136.0.7103.92 Mobile Safari/537.36 (compatible; Googlebot/2.1; +http://www.google.com/bot.html)"
172.203.190.136 - - [16/May/2025:17:22:22 -0400] "GET /robots.txt HTTP/1.1" 404 1251 "-" "Mozilla/5.0 (Macintosh; Intel Mac OS X 10_15_7) AppleWebKit/537.36 (KHTML, like Gecko) Chrome/131.0.0.0 Safari/537.36; compatible; OAI-SearchBot/1.0; +https://openai.com/searchbot"
66.249.79.135 - - [16/May/2025:17:32:07 -0400] "GET /index.php/pcsp.html/affiliate/shopdetail/21356677/text/terms/shopdetail/160451277/shopdetail/70661477 HTTP/1.1" 200 19277 "-" "Mozilla/5.0 (Linux; Android 6.0.1; Nexus 5X Build/MMB29P) AppleWebKit/537.36 (KHTML, like Gecko) Chrome/136.0.7103.92 Mobile Safari/537.36 (compatible; Googlebot/2.1; +http://www.google.com/bot.html)"
66.249.79.137 - - [16/May/2025:17:39:32 -0400] "POST /get-message-notify HTTP/1.1" 404 1251 "https://mcprintanddesign.com/index.php/pcsp.html/shopdetail/132157877/pcmypage/zhHant/product/surugaya/47021153/zhHant/product/surugaya/15532782/shopdetail/125572977/pcmypage/shopdetail/144936977/pcmypage/zhHant/product/surugaya/11200228/affiliate/cargo/detail/vintagegame.html" "Mozilla/5.0 (Linux; Android 6.0.1; Nexus 5X Build/MMB29P) AppleWebKit/537.36 (KHTML, like Gecko) Chrome/136.0.7103.92 Mobile Safari/537.36 (compatible; Googlebot/2.1; +http://www.google.com/bot.html)"
66.249.79.135 - - [16/May/2025:17:50:08 -0400] "GET /index.php/pcsp.html/shopdetail/35527577/product_archives/shopdetail/118382477/zhHant/product/surugaya/41258542/shopdetail/135403077/pcmypage/shopdetail/131507677/safe_search/config/shopdetail/21741677 HTTP/1.1" 200 20242 "-" "Mozilla/5.0 (Linux; Android 6.0.1; Nexus 5X Build/MMB29P) AppleWebKit/537.36 (KHTML, like Gecko) Chrome/136.0.7103.92 Mobile Safari/537.36 (compatible; Googlebot/2.1; +http://www.google.com/bot.html)"
172.203.190.140 - - [16/May/2025:17:53:09 -0400] "GET /robots.txt HTTP/1.1" 404 1251 "-" "Mozilla/5.0 (Macintosh; Intel Mac OS X 10_15_7) AppleWebKit/537.36 (KHTML, like Gecko) Chrome/131.0.0.0 Safari/537.36; compatible; OAI-SearchBot/1.0; +https://openai.com/searchbot"
66.249.79.135 - - [16/May/2025:17:54:09 -0400] "GET /index.php/pcsp.html/shopdetail/103295777 HTTP/1.1" 200 18461 "-" "Mozilla/5.0 (compatible; Googlebot/2.1; +http://www.google.com/bot.html)"
66.249.79.136 - - [16/May/2025:17:39:28 -0400] "GET /index.php/pcsp.html/shopdetail/132157877/pcmypage/zhHant/product/surugaya/47021153/zhHant/product/surugaya/15532782/shopdetail/125572977/pcmypage/shopdetail/144936977/pcmypage/zhHant/product/surugaya/11200228/affiliate/cargo/detail/vintagegame.html HTTP/1.1" 200 19352 "-" "Mozilla/5.0 (Linux; Android 6.0.1; Nexus 5X Build/MMB29P) AppleWebKit/537.36 (KHTML, like Gecko) Chrome/136.0.7103.92 Mobile Safari/537.36 (compatible; Googlebot/2.1; +http://www.google.com/bot.html)"
66.249.79.137 - - [16/May/2025:17:40:05 -0400] "GET /index.php/pcsp.html/shopdetail/121302077/shopdetail/54129877/toiawase HTTP/1.1" 200 18953 "-" "Mozilla/5.0 (compatible; Googlebot/2.1; +http://www.google.com/bot.html)"
66.249.79.137 - - [16/May/2025:17:51:32 -0400] "GET /index.php/pcsp.html/affiliate/pcmypage/shopdetail/97089277/events/ HTTP/1.1" 200 19991 "-" "Mozilla/5.0 (compatible; Googlebot/2.1; +http://www.google.com/bot.html)"
172.203.190.140 - - [16/May/2025:17:53:09 -0400] "GET /robots.txt HTTP/1.1" 404 1251 "-" "Mozilla/5.0 (Macintosh; Intel Mac OS X 10_15_7) AppleWebKit/537.36 (KHTML, like Gecko) Chrome/131.0.0.0 Safari/537.36; compatible; OAI-SearchBot/1.0; +https://openai.com/searchbot"
66.249.79.137 - - [16/May/2025:17:55:12 -0400] "GET /index.php/pcsp.html/shopdetail/121302077/product_archives/shopdetail/125266077/hobby.html HTTP/1.1" 200 19857 "-" "Mozilla/5.0 (Linux; Android 6.0.1; Nexus 5X Build/MMB29P) AppleWebKit/537.36 (KHTML, like Gecko) Chrome/136.0.7103.92 Mobile Safari/537.36 (compatible; Googlebot/2.1; +http://www.google.com/bot.html)"
162.142.125.220 - - [16/May/2025:18:07:39 -0400] "GET /favicon.ico HTTP/1.1" 404 1251 "http://www.mcprintanddesign.com/favicon.ico" "Mozilla/5.0 (compatible; CensysInspect/1.1; +https://about.censys.io/)"
66.249.79.137 - - [16/May/2025:18:04:26 -0400] "GET /index.php/pcsp.html/shopdetail/135385077/product_archives/shopdetail/132457777/shopdetail/144892277/pcmypage/shopdetail/74265677 HTTP/1.1" 200 18922 "-" "Mozilla/5.0 (compatible; Googlebot/2.1; +http://www.google.com/bot.html)"
167.94.138.58 - - [16/May/2025:18:11:33 -0400] "GET / HTTP/1.1" 500 0 "-" "Mozilla/5.0 (compatible; CensysInspect/1.1; +https://about.censys.io/)"
66.249.79.136 - - [16/May/2025:18:16:06 -0400] "GET /index.php/pcsp.html/shopdetail/1329777/product_archives/toreka/figure_menu.html HTTP/1.1" 200 19717 "-" "Mozilla/5.0 (compatible; Googlebot/2.1; +http://www.google.com/bot.html)"
66.249.79.135 - - [16/May/2025:18:16:23 -0400] "GET /index.php/feature/utsunomiya/index.html/shopdetail/8736177/product_archives/shopdetail/128776677/shopdetail/130028177 HTTP/1.1" 200 20250 "-" "Mozilla/5.0 (Linux; Android 6.0.1; Nexus 5X Build/MMB29P) AppleWebKit/537.36 (KHTML, like Gecko) Chrome/136.0.7103.92 Mobile Safari/537.36 (compatible; Googlebot/2.1; +http://www.google.com/bot.html)"
66.249.79.135 - - [16/May/2025:18:16:28 -0400] "POST /get-message-notify HTTP/1.1" 404 1251 "https://mcprintanddesign.com/index.php/feature/utsunomiya/index.html/shopdetail/8736177/product_archives/shopdetail/128776677/shopdetail/130028177" "Mozilla/5.0 (Linux; Android 6.0.1; Nexus 5X Build/MMB29P) AppleWebKit/537.36 (KHTML, like Gecko) Chrome/135.0.7049.114 Mobile Safari/537.36 (compatible; Googlebot/2.1; +http://www.google.com/bot.html)"
66.249.79.136 - - [16/May/2025:18:17:00 -0400] "POST /get-message-notify HTTP/1.1" 404 1251 "https://mcprintanddesign.com/index.php/pcsp.html/shopdetail/111926677/shopdetail/10878977/affiliate/shopdetail/18821177/shopdetail/152632577" "Mozilla/5.0 (Linux; Android 6.0.1; Nexus 5X Build/MMB29P) AppleWebKit/537.36 (KHTML, like Gecko) Chrome/135.0.7049.114 Mobile Safari/537.36 (compatible; Googlebot/2.1; +http://www.google.com/bot.html)"
66.249.79.136 - - [16/May/2025:18:17:14 -0400] "GET /index.php/pcsp.html/shopdetail/111926677/shopdetail/10878977/product_archives/pcmypage/cargo/detail/shopdetail/162218377 HTTP/1.1" 200 19806 "-" "Mozilla/5.0 (Linux; Android 6.0.1; Nexus 5X Build/MMB29P) AppleWebKit/537.36 (KHTML, like Gecko) Chrome/136.0.7103.92 Mobile Safari/537.36 (compatible; Googlebot/2.1; +http://www.google.com/bot.html)"
66.249.79.135 - - [16/May/2025:18:17:16 -0400] "POST /get-message-notify HTTP/1.1" 404 1251 "https://mcprintanddesign.com/index.php/pcsp.html/shopdetail/111926677/shopdetail/10878977/product_archives/pcmypage/cargo/detail/shopdetail/162218377" "Mozilla/5.0 (Linux; Android 6.0.1; Nexus 5X Build/MMB29P) AppleWebKit/537.36 (KHTML, like Gecko) Chrome/135.0.7049.114 Mobile Safari/537.36 (compatible; Googlebot/2.1; +http://www.google.com/bot.html)"
66.249.79.136 - - [16/May/2025:18:18:33 -0400] "GET /index.php/pcsp.html/shopdetail/121302077/affiliate/shopdetail/145678877/shopdetail/64444777 HTTP/1.1" 200 19251 "-" "Mozilla/5.0 (Linux; Android 6.0.1; Nexus 5X Build/MMB29P) AppleWebKit/537.36 (KHTML, like Gecko) Chrome/136.0.7103.92 Mobile Safari/537.36 (compatible; Googlebot/2.1; +http://www.google.com/bot.html)"
66.249.79.135 - - [16/May/2025:18:18:50 -0400] "GET /index.php/pcsp.html/shopdetail/35527577/product_archives/shopdetail/118382477/zhHant/product/surugaya/41258542/shopdetail/135403077/pcmypage/shopdetail/131507677/shopdetail/51602977/toiawase/dozin.html HTTP/1.1" 200 19557 "-" "Mozilla/5.0 (Linux; Android 6.0.1; Nexus 5X Build/MMB29P) AppleWebKit/537.36 (KHTML, like Gecko) Chrome/136.0.7103.92 Mobile Safari/537.36 (compatible; Googlebot/2.1; +http://www.google.com/bot.html)"
66.249.79.136 - - [16/May/2025:18:19:15 -0400] "GET /index.php/pcsp.html/shopdetail/35527577/product_archives/shopdetail/118382477/zhHant/product/surugaya/41258542/shopdetail/135403077/pcmypage/shopdetail/131507677/shopdetail/109560277/cargo/detail/shopdetail/111522977/shopdetail/40458977/hobby/nuigurumi/nuigurumi.html HTTP/1.1" 200 19501 "-" "Mozilla/5.0 (Linux; Android 6.0.1; Nexus 5X Build/MMB29P) AppleWebKit/537.36 (KHTML, like Gecko) Chrome/136.0.7103.92 Mobile Safari/537.36 (compatible; Googlebot/2.1; +http://www.google.com/bot.html)"
66.249.79.136 - - [16/May/2025:18:19:25 -0400] "GET /index.php/pcsp.html/affiliate/shopdetail/21356677/shopdetail/26619077/safe_search/config/shopdetail/32989777 HTTP/1.1" 200 19960 "-" "Mozilla/5.0 (Linux; Android 6.0.1; Nexus 5X Build/MMB29P) AppleWebKit/537.36 (KHTML, like Gecko) Chrome/136.0.7103.92 Mobile Safari/537.36 (compatible; Googlebot/2.1; +http://www.google.com/bot.html)"
66.249.79.135 - - [16/May/2025:18:21:14 -0400] "GET /index.php/pcsp.html/shopdetail/121302077/shopdetail/54129877/feature/eposcard/index.html HTTP/1.1" 200 19376 "-" "Mozilla/5.0 (Linux; Android 6.0.1; Nexus 5X Build/MMB29P) AppleWebKit/537.36 (KHTML, like Gecko) Chrome/136.0.7103.92 Mobile Safari/537.36 (compatible; Googlebot/2.1; +http://www.google.com/bot.html)"
66.249.79.135 - - [16/May/2025:18:21:29 -0400] "GET /index.php/pcsp.html/pcmypage/shopdetail/53388377/hobby/boardgame/index.html HTTP/1.1" 200 19429 "-" "Mozilla/5.0 (Linux; Android 6.0.1; Nexus 5X Build/MMB29P) AppleWebKit/537.36 (KHTML, like Gecko) Chrome/136.0.7103.92 Mobile Safari/537.36 (compatible; Googlebot/2.1; +http://www.google.com/bot.html)"
66.249.79.135 - - [16/May/2025:18:21:31 -0400] "GET /index.php/pcsp.html/shopdetail/131450077/shopdetail/86843877 HTTP/1.1" 200 19354 "-" "Mozilla/5.0 (Linux; Android 6.0.1; Nexus 5X Build/MMB29P) AppleWebKit/537.36 (KHTML, like Gecko) Chrome/136.0.7103.92 Mobile Safari/537.36 (compatible; Googlebot/2.1; +http://www.google.com/bot.html)"
66.249.79.135 - - [16/May/2025:18:23:09 -0400] "GET /index.php/pcsp.html/shopdetail/35527577/product_archives/shopdetail/118382477/zhHant/product/surugaya/41258542/shopdetail/135403077/pcmypage/shopdetail/131507677/shopdetail/109560277/product/edit/05618120/shopdetail/159413177/shopdetail/122223277/pcmypage/shopdetail/95814177 HTTP/1.1" 200 19648 "-" "Mozilla/5.0 (Linux; Android 6.0.1; Nexus 5X Build/MMB29P) AppleWebKit/537.36 (KHTML, like Gecko) Chrome/136.0.7103.92 Mobile Safari/537.36 (compatible; Googlebot/2.1; +http://www.google.com/bot.html)"
66.249.79.137 - - [16/May/2025:18:23:10 -0400] "GET /index.php/pcsp.html/shopdetail/42225677/shopdetail/62153377/feature/campaign/index.html HTTP/1.1" 200 19454 "-" "Mozilla/5.0 (Linux; Android 6.0.1; Nexus 5X Build/MMB29P) AppleWebKit/537.36 (KHTML, like Gecko) Chrome/136.0.7103.92 Mobile Safari/537.36 (compatible; Googlebot/2.1; +http://www.google.com/bot.html)"
66.249.79.135 - - [16/May/2025:18:23:12 -0400] "POST /get-message-notify HTTP/1.1" 404 1251 "https://mcprintanddesign.com/index.php/pcsp.html/shopdetail/42225677/shopdetail/62153377/feature/campaign/index.html" "Mozilla/5.0 (Linux; Android 6.0.1; Nexus 5X Build/MMB29P) AppleWebKit/537.36 (KHTML, like Gecko) Chrome/136.0.7103.92 Mobile Safari/537.36 (compatible; Googlebot/2.1; +http://www.google.com/bot.html)"
66.249.79.135 - - [16/May/2025:18:25:33 -0400] "GET /index.php/pcsp.html/shopdetail/35527577/product_archives/shopdetail/118382477/zhHant/product/surugaya/41258542/shopdetail/135403077/shopdetail/99560877/product/edit/95056382 HTTP/1.1" 200 19869 "-" "Mozilla/5.0 (compatible; Googlebot/2.1; +http://www.google.com/bot.html)"
66.249.79.136 - - [16/May/2025:18:25:50 -0400] "GET /index.php/pcsp.html/shopdetail/35527577/product_archives/shopdetail/118382477/zhHant/product/surugaya/41258542/shopdetail/135403077/pcmypage/shopdetail/131507677/safe_search/config/shopdetail/67570277/shopdetail/28940277 HTTP/1.1" 200 19474 "-" "Mozilla/5.0 (Linux; Android 6.0.1; Nexus 5X Build/MMB29P) AppleWebKit/537.36 (KHTML, like Gecko) Chrome/136.0.7103.92 Mobile Safari/537.36 (compatible; Googlebot/2.1; +http://www.google.com/bot.html)"
167.94.138.58 - - [16/May/2025:18:12:33 -0400] "GET /favicon.ico HTTP/1.1" 404 1251 "-" "Mozilla/5.0 (compatible; CensysInspect/1.1; +https://about.censys.io/)"
43.157.95.239 - - [16/May/2025:18:15:13 -0400] "GET / HTTP/1.1" 500 0 "http://mcprintanddesign.com" "Mozilla/5.0 (iPhone; CPU iPhone OS 13_2_3 like Mac OS X) AppleWebKit/605.1.15 (KHTML, like Gecko) Version/13.0.3 Mobile/15E148 Safari/604.1"
66.249.79.135 - - [16/May/2025:18:16:44 -0400] "GET /index.php/pcsp.html/shopdetail/35527577/pcmypage/shopdetail/45509277/product/edit/91124444/shopdetail/122998277/shopdetail/152820177/feature/sapporo/index.html HTTP/1.1" 200 19207 "-" "Mozilla/5.0 (Linux; Android 6.0.1; Nexus 5X Build/MMB29P) AppleWebKit/537.36 (KHTML, like Gecko) Chrome/136.0.7103.92 Mobile Safari/537.36 (compatible; Googlebot/2.1; +http://www.google.com/bot.html)"
66.249.79.135 - - [16/May/2025:18:16:51 -0400] "GET /index.php/pcsp.html/shopdetail/111926677/shopdetail/10878977/affiliate/shopdetail/18821177/shopdetail/152632577 HTTP/1.1" 200 19375 "-" "Mozilla/5.0 (Linux; Android 6.0.1; Nexus 5X Build/MMB29P) AppleWebKit/537.36 (KHTML, like Gecko) Chrome/136.0.7103.92 Mobile Safari/537.36 (compatible; Googlebot/2.1; +http://www.google.com/bot.html)"
66.249.79.135 - - [16/May/2025:18:18:20 -0400] "GET /index.php/pcsp.html/shopdetail/137614877/shopdetail/38597577 HTTP/1.1" 200 18881 "-" "Mozilla/5.0 (Linux; Android 6.0.1; Nexus 5X Build/MMB29P) AppleWebKit/537.36 (KHTML, like Gecko) Chrome/136.0.7103.92 Mobile Safari/537.36 (compatible; Googlebot/2.1; +http://www.google.com/bot.html)"
66.249.79.136 - - [16/May/2025:18:21:05 -0400] "GET /index.php/pcsp.html/shopdetail/35527577/product_archives/shopdetail/118382477/zhHant/product/surugaya/41258542/shopdetail/135403077/pcmypage/shopdetail/131507677/toiawase/shopdetail/95124677/shopdetail/98300377 HTTP/1.1" 200 20242 "-" "Mozilla/5.0 (Linux; Android 6.0.1; Nexus 5X Build/MMB29P) AppleWebKit/537.36 (KHTML, like Gecko) Chrome/136.0.7103.92 Mobile Safari/537.36 (compatible; Googlebot/2.1; +http://www.google.com/bot.html)"
66.249.79.135 - - [16/May/2025:18:21:19 -0400] "POST /get-message-notify HTTP/1.1" 404 1251 "https://mcprintanddesign.com/index.php/pcsp.html/shopdetail/121302077/shopdetail/54129877/feature/eposcard/index.html" "Mozilla/5.0 (Linux; Android 6.0.1; Nexus 5X Build/MMB29P) AppleWebKit/537.36 (KHTML, like Gecko) Chrome/135.0.7049.114 Mobile Safari/537.36 (compatible; Googlebot/2.1; +http://www.google.com/bot.html)"
66.249.79.136 - - [16/May/2025:18:25:29 -0400] "GET /index.php/pcsp.html/affiliate/shopdetail/21356677/shopdetail/20194677/man/customer_guide/shopdetail/105726177/shopdetail/76825077/pcmypage/ HTTP/1.1" 200 19424 "-" "Mozilla/5.0 (Linux; Android 6.0.1; Nexus 5X Build/MMB29P) AppleWebKit/537.36 (KHTML, like Gecko) Chrome/136.0.7103.92 Mobile Safari/537.36 (compatible; Googlebot/2.1; +http://www.google.com/bot.html)"
66.249.79.136 - - [16/May/2025:18:26:13 -0400] "GET /index.php/pcsp.html/shopdetail/111926677/shopdetail/10878977/product_archives/pcmypage/shopdetail/129690677/shopdetail/128601477/cd.html HTTP/1.1" 200 19962 "-" "Mozilla/5.0 (Linux; Android 6.0.1; Nexus 5X Build/MMB29P) AppleWebKit/537.36 (KHTML, like Gecko) Chrome/136.0.7103.92 Mobile Safari/537.36 (compatible; Googlebot/2.1; +http://www.google.com/bot.html)"
66.249.79.135 - - [16/May/2025:18:26:42 -0400] "GET /index.php/pcsp.html/shopdetail/35527577/product_archives/shopdetail/118382477/zhHant/product/surugaya/41258542/shopdetail/135403077/pcmypage/shopdetail/131507677/shopdetail/51602977/recruit/shopdetail/81710077/shopdetail/403077/feature/sale2411-5/index.html HTTP/1.1" 200 19431 "-" "Mozilla/5.0 (Linux; Android 6.0.1; Nexus 5X Build/MMB29P) AppleWebKit/537.36 (KHTML, like Gecko) Chrome/136.0.7103.92 Mobile Safari/537.36 (compatible; Googlebot/2.1; +http://www.google.com/bot.html)"
66.249.79.135 - - [16/May/2025:18:27:42 -0400] "GET /index.php/pcsp.html/affiliate/shopdetail/21356677/shopdetail/26619077/product_archives/pcmypage/shopdetail/2328777/shopdetail/57530777 HTTP/1.1" 200 19059 "-" "Mozilla/5.0 (Linux; Android 6.0.1; Nexus 5X Build/MMB29P) AppleWebKit/537.36 (KHTML, like Gecko) Chrome/136.0.7103.92 Mobile Safari/537.36 (compatible; Googlebot/2.1; +http://www.google.com/bot.html)"
66.249.79.135 - - [16/May/2025:18:27:45 -0400] "POST /get-message-notify HTTP/1.1" 404 1251 "https://mcprintanddesign.com/index.php/pcsp.html/affiliate/shopdetail/21356677/shopdetail/26619077/product_archives/pcmypage/shopdetail/2328777/shopdetail/57530777" "Mozilla/5.0 (Linux; Android 6.0.1; Nexus 5X Build/MMB29P) AppleWebKit/537.36 (KHTML, like Gecko) Chrome/135.0.7049.114 Mobile Safari/537.36 (compatible; Googlebot/2.1; +http://www.google.com/bot.html)"
66.249.79.136 - - [16/May/2025:18:26:21 -0400] "GET /index.php/pcsp.html/shopdetail/35527577/product_archives/shopdetail/118382477/zhHant/product/surugaya/41258542/shopdetail/135403077/pcmypage/shopdetail/131507677/shopdetail/109560277/cargo/detail/shopdetail/156673577/feature/campaign/index.html HTTP/1.1" 200 19635 "-" "Mozilla/5.0 (Linux; Android 6.0.1; Nexus 5X Build/MMB29P) AppleWebKit/537.36 (KHTML, like Gecko) Chrome/136.0.7103.92 Mobile Safari/537.36 (compatible; Googlebot/2.1; +http://www.google.com/bot.html)"
66.249.79.135 - - [16/May/2025:18:26:29 -0400] "GET /index.php/pcsp.html/shopdetail/35527577/product_archives/shopdetail/118382477/zhHant/product/surugaya/41258542/shopdetail/135403077/pcmypage/shopdetail/131507677/shopdetail/109560277/cargo/detail/shopdetail/97686377/zhHant/product/surugaya/14206495?campaign_uid=f64d716db5e979ed2f947dbaf4296895b951ae7f HTTP/1.1" 200 19965 "-" "Mozilla/5.0 (Linux; Android 6.0.1; Nexus 5X Build/MMB29P) AppleWebKit/537.36 (KHTML, like Gecko) Chrome/136.0.7103.92 Mobile Safari/537.36 (compatible; Googlebot/2.1; +http://www.google.com/bot.html)"
66.249.79.135 - - [16/May/2025:18:26:49 -0400] "GET /index.php/pcsp.html/shopdetail/35527577/product_archives/shopdetail/118382477/zhHant/product/surugaya/41258542/shopdetail/135403077/pcmypage/shopdetail/131507677/toiawase/shopdetail/95124677/shopdetail/28224877/safe_search/config/shopdetail/17006877 HTTP/1.1" 200 20232 "-" "Mozilla/5.0 (Linux; Android 6.0.1; Nexus 5X Build/MMB29P) AppleWebKit/537.36 (KHTML, like Gecko) Chrome/136.0.7103.92 Mobile Safari/537.36 (compatible; Googlebot/2.1; +http://www.google.com/bot.html)"
66.249.79.136 - - [16/May/2025:18:27:17 -0400] "GET /index.php/pcsp.html/shopdetail/35527577/product_archives/shopdetail/118382477/zhHant/product/surugaya/41258542/shopdetail/135403077/pcmypage/shopdetail/131507677/shopdetail/51602977/recruit/shopdetail/57357677/toiawase/shopdetail/161525277/shopdetail/74858877 HTTP/1.1" 200 20558 "-" "Mozilla/5.0 (Linux; Android 6.0.1; Nexus 5X Build/MMB29P) AppleWebKit/537.36 (KHTML, like Gecko) Chrome/136.0.7103.92 Mobile Safari/537.36 (compatible; Googlebot/2.1; +http://www.google.com/bot.html)"
66.249.79.136 - - [16/May/2025:18:27:27 -0400] "GET /index.php/pcsp.html/affiliate/shopdetail/21356677/shopdetail/108865077/toiawase/events//feature/campaign/index.html HTTP/1.1" 200 21092 "-" "Mozilla/5.0 (Linux; Android 6.0.1; Nexus 5X Build/MMB29P) AppleWebKit/537.36 (KHTML, like Gecko) Chrome/136.0.7103.92 Mobile Safari/537.36 (compatible; Googlebot/2.1; +http://www.google.com/bot.html)"
66.249.79.135 - - [16/May/2025:18:27:49 -0400] "GET /index.php/pcsp.html/affiliate/shopdetail/21356677/shopdetail/20194677/pcmypage/shopdetail/42508377/shopdetail/98403177/feature/honten/index.html HTTP/1.1" 200 20461 "-" "Mozilla/5.0 (Linux; Android 6.0.1; Nexus 5X Build/MMB29P) AppleWebKit/537.36 (KHTML, like Gecko) Chrome/136.0.7103.92 Mobile Safari/537.36 (compatible; Googlebot/2.1; +http://www.google.com/bot.html)"
66.249.79.135 - - [16/May/2025:18:28:14 -0400] "GET /index.php/pcsp.html/pcmypage/shopdetail/66730577/events/shopdetail/87207177/books.html HTTP/1.1" 200 20371 "-" "Mozilla/5.0 (Linux; Android 6.0.1; Nexus 5X Build/MMB29P) AppleWebKit/537.36 (KHTML, like Gecko) Chrome/136.0.7103.92 Mobile Safari/537.36 (compatible; Googlebot/2.1; +http://www.google.com/bot.html)"
66.249.79.136 - - [16/May/2025:18:28:21 -0400] "GET /index.php/pcsp.html/shopdetail/1329777/product_archives/shopdetail/9106477/shopdetail/5475277 HTTP/1.1" 200 20488 "-" "Mozilla/5.0 (Linux; Android 6.0.1; Nexus 5X Build/MMB29P) AppleWebKit/537.36 (KHTML, like Gecko) Chrome/136.0.7103.92 Mobile Safari/537.36 (compatible; Googlebot/2.1; +http://www.google.com/bot.html)"
66.249.79.135 - - [16/May/2025:18:28:28 -0400] "POST /get-message-notify HTTP/1.1" 404 1251 "https://mcprintanddesign.com/index.php/pcsp.html/shopdetail/1329777/product_archives/shopdetail/9106477/shopdetail/5475277" "Mozilla/5.0 (Linux; Android 6.0.1; Nexus 5X Build/MMB29P) AppleWebKit/537.36 (KHTML, like Gecko) Chrome/135.0.7049.114 Mobile Safari/537.36 (compatible; Googlebot/2.1; +http://www.google.com/bot.html)"
66.249.79.135 - - [16/May/2025:18:28:30 -0400] "GET /index.php/pcsp.html/shopdetail/132157877/pcmypage/shopdetail/111735477/shopdetail/117904677/feature/shoplist-friendly/index.html HTTP/1.1" 200 19332 "-" "Mozilla/5.0 (Linux; Android 6.0.1; Nexus 5X Build/MMB29P) AppleWebKit/537.36 (KHTML, like Gecko) Chrome/136.0.7103.92 Mobile Safari/537.36 (compatible; Googlebot/2.1; +http://www.google.com/bot.html)"
66.249.79.135 - - [16/May/2025:18:28:43 -0400] "GET /index.php/pcsp.html/shopdetail/121302077/product_archives/recruit/shopdetail/121724277/shopdetail/164021577/text/terms/shopdetail/75407977 HTTP/1.1" 200 19197 "-" "Mozilla/5.0 (Linux; Android 6.0.1; Nexus 5X Build/MMB29P) AppleWebKit/537.36 (KHTML, like Gecko) Chrome/136.0.7103.92 Mobile Safari/537.36 (compatible; Googlebot/2.1; +http://www.google.com/bot.html)"
66.249.79.135 - - [16/May/2025:18:28:48 -0400] "GET /index.php/pcsp.html/shopdetail/35527577/product_archives/shopdetail/118382477/zhHant/product/surugaya/41258542/shopdetail/128124077/shopdetail/83614577 HTTP/1.1" 200 18904 "-" "Mozilla/5.0 (compatible; Googlebot/2.1; +http://www.google.com/bot.html)"
66.249.79.137 - - [16/May/2025:18:29:13 -0400] "GET /index.php/pcsp.html/shopdetail/132157877/pcmypage/shopdetail/87598777/shopdetail/23092777/feature/shoplist/index.html HTTP/1.1" 200 18994 "-" "Mozilla/5.0 (Linux; Android 6.0.1; Nexus 5X Build/MMB29P) AppleWebKit/537.36 (KHTML, like Gecko) Chrome/136.0.7103.92 Mobile Safari/537.36 (compatible; Googlebot/2.1; +http://www.google.com/bot.html)"
66.249.79.135 - - [16/May/2025:18:29:20 -0400] "GET /index.php/pcsp.html/shopdetail/132157877/pcmypage/shopdetail/87598777/shopdetail/48394677/feature/eposcard/index.html HTTP/1.1" 200 18973 "-" "Mozilla/5.0 (Linux; Android 6.0.1; Nexus 5X Build/MMB29P) AppleWebKit/537.36 (KHTML, like Gecko) Chrome/136.0.7103.92 Mobile Safari/537.36 (compatible; Googlebot/2.1; +http://www.google.com/bot.html)"
66.249.79.135 - - [16/May/2025:18:29:26 -0400] "GET /index.php/pcsp.html/shopdetail/132157877/pcmypage/shopdetail/88450577/shopdetail/62393777/man/kaitori/kantan.html HTTP/1.1" 200 18709 "-" "Mozilla/5.0 (Linux; Android 6.0.1; Nexus 5X Build/MMB29P) AppleWebKit/537.36 (KHTML, like Gecko) Chrome/136.0.7103.92 Mobile Safari/537.36 (compatible; Googlebot/2.1; +http://www.google.com/bot.html)"
66.249.79.135 - - [16/May/2025:18:29:51 -0400] "GET /index.php/pcsp.html/shopdetail/132157877/pcmypage/shopdetail/111735477/shopdetail/36246677/feature/utsunomiya/index.html HTTP/1.1" 200 20150 "-" "Mozilla/5.0 (Linux; Android 6.0.1; Nexus 5X Build/MMB29P) AppleWebKit/537.36 (KHTML, like Gecko) Chrome/136.0.7103.92 Mobile Safari/537.36 (compatible; Googlebot/2.1; +http://www.google.com/bot.html)"
66.249.79.135 - - [16/May/2025:18:28:51 -0400] "GET /index.php/pcsp.html/affiliate/shopdetail/21356677/shopdetail/20194677/events/shopdetail/59219577/product/edit/19237192/safe_search/config/shopdetail/117714977/shopdetail/4795277 HTTP/1.1" 200 19990 "-" "Mozilla/5.0 (Linux; Android 6.0.1; Nexus 5X Build/MMB29P) AppleWebKit/537.36 (KHTML, like Gecko) Chrome/136.0.7103.92 Mobile Safari/537.36 (compatible; Googlebot/2.1; +http://www.google.com/bot.html)"
66.249.79.137 - - [16/May/2025:18:29:16 -0400] "POST /get-message-notify HTTP/1.1" 404 1251 "https://mcprintanddesign.com/index.php/pcsp.html/shopdetail/132157877/pcmypage/shopdetail/87598777/shopdetail/23092777/feature/shoplist/index.html" "Mozilla/5.0 (Linux; Android 6.0.1; Nexus 5X Build/MMB29P) AppleWebKit/537.36 (KHTML, like Gecko) Chrome/135.0.7049.114 Mobile Safari/537.36 (compatible; Googlebot/2.1; +http://www.google.com/bot.html)"
66.249.79.135 - - [16/May/2025:18:29:22 -0400] "POST /get-message-notify HTTP/1.1" 404 1251 "https://mcprintanddesign.com/index.php/pcsp.html/shopdetail/132157877/pcmypage/shopdetail/87598777/shopdetail/48394677/feature/eposcard/index.html" "Mozilla/5.0 (Linux; Android 6.0.1; Nexus 5X Build/MMB29P) AppleWebKit/537.36 (KHTML, like Gecko) Chrome/135.0.7049.114 Mobile Safari/537.36 (compatible; Googlebot/2.1; +http://www.google.com/bot.html)"
66.249.79.135 - - [16/May/2025:18:29:43 -0400] "GET /index.php/pcsp.html/shopdetail/35527577/affiliate/shopdetail/4204677/pcmypage/shopdetail/102616177/shopdetail/72687577 HTTP/1.1" 200 20653 "-" "Mozilla/5.0 (Linux; Android 6.0.1; Nexus 5X Build/MMB29P) AppleWebKit/537.36 (KHTML, like Gecko) Chrome/136.0.7103.92 Mobile Safari/537.36 (compatible; Googlebot/2.1; +http://www.google.com/bot.html)"
66.249.79.135 - - [16/May/2025:18:30:14 -0400] "GET /index.php/pcsp.html/shopdetail/132157877/pcmypage/product_archives/events/shopdetail/161552177/shopdetail/58454977 HTTP/1.1" 200 19296 "-" "Mozilla/5.0 (Linux; Android 6.0.1; Nexus 5X Build/MMB29P) AppleWebKit/537.36 (KHTML, like Gecko) Chrome/136.0.7103.92 Mobile Safari/537.36 (compatible; Googlebot/2.1; +http://www.google.com/bot.html)"
66.249.79.135 - - [16/May/2025:18:30:24 -0400] "POST /get-message-notify HTTP/1.1" 404 1251 "https://mcprintanddesign.com/index.php/pcsp.html/shopdetail/132157877/pcmypage/shopdetail/31840977/shopdetail/57708277/hobby.html" "Mozilla/5.0 (Linux; Android 6.0.1; Nexus 5X Build/MMB29P) AppleWebKit/537.36 (KHTML, like Gecko) Chrome/136.0.7103.92 Mobile Safari/537.36 (compatible; Googlebot/2.1; +http://www.google.com/bot.html)"
66.249.79.135 - - [16/May/2025:18:30:43 -0400] "GET /index.php/pcsp.html/shopdetail/121302077/product_archives/recruit/shopdetail/121724277/shopdetail/164021577/man/kaitori/kaitoritop.html HTTP/1.1" 200 19706 "-" "Mozilla/5.0 (Linux; Android 6.0.1; Nexus 5X Build/MMB29P) AppleWebKit/537.36 (KHTML, like Gecko) Chrome/136.0.7103.92 Mobile Safari/537.36 (compatible; Googlebot/2.1; +http://www.google.com/bot.html)"
66.249.79.136 - - [16/May/2025:18:31:13 -0400] "GET /index.php/pcsp.html/shopdetail/132157877/pcmypage/shopdetail/116581377/cargo/detail/shopdetail/69235077 HTTP/1.1" 200 19622 "-" "Mozilla/5.0 (Linux; Android 6.0.1; Nexus 5X Build/MMB29P) AppleWebKit/537.36 (KHTML, like Gecko) Chrome/136.0.7103.92 Mobile Safari/537.36 (compatible; Googlebot/2.1; +http://www.google.com/bot.html)"
66.249.79.136 - - [16/May/2025:18:31:21 -0400] "GET /index.php/pcsp.html/shopdetail/132157877/pcmypage/product_archives/shopdetail/52280977/recruit/pcmypage/toreka/toreka_menu.html HTTP/1.1" 200 20257 "-" "Mozilla/5.0 (Linux; Android 6.0.1; Nexus 5X Build/MMB29P) AppleWebKit/537.36 (KHTML, like Gecko) Chrome/136.0.7103.92 Mobile Safari/537.36 (compatible; Googlebot/2.1; +http://www.google.com/bot.html)"
66.249.79.135 - - [16/May/2025:18:29:54 -0400] "POST /get-message-notify HTTP/1.1" 404 1251 "https://mcprintanddesign.com/index.php/pcsp.html/shopdetail/35527577/affiliate/shopdetail/4204677/pcmypage/shopdetail/102616177/shopdetail/72687577" "Mozilla/5.0 (Linux; Android 6.0.1; Nexus 5X Build/MMB29P) AppleWebKit/537.36 (KHTML, like Gecko) Chrome/135.0.7049.114 Mobile Safari/537.36 (compatible; Googlebot/2.1; +http://www.google.com/bot.html)"
66.249.79.136 - - [16/May/2025:18:30:02 -0400] "GET /index.php/pcsp.html/shopdetail/35527577/product_archives/shopdetail/118382477/zhHant/product/surugaya/41258542/shopdetail/135403077/pcmypage/shopdetail/131507677/shopdetail/69400577/man/customer_guide/pcmypage/safe_search/config/shopdetail/18911077 HTTP/1.1" 200 20395 "-" "Mozilla/5.0 (compatible; Googlebot/2.1; +http://www.google.com/bot.html)"
66.249.79.135 - - [16/May/2025:18:30:21 -0400] "GET /index.php/pcsp.html/shopdetail/132157877/pcmypage/shopdetail/31840977/shopdetail/57708277/hobby.html HTTP/1.1" 200 18950 "-" "Mozilla/5.0 (Linux; Android 6.0.1; Nexus 5X Build/MMB29P) AppleWebKit/537.36 (KHTML, like Gecko) Chrome/136.0.7103.92 Mobile Safari/537.36 (compatible; Googlebot/2.1; +http://www.google.com/bot.html)"
66.249.79.135 - - [16/May/2025:18:30:29 -0400] "GET /index.php/pcsp.html/shopdetail/132157877/pcmypage/product_archives/pcmypage/shopdetail/50016077/feature/omiya_marui/index.html HTTP/1.1" 200 19957 "-" "Mozilla/5.0 (Linux; Android 6.0.1; Nexus 5X Build/MMB29P) AppleWebKit/537.36 (KHTML, like Gecko) Chrome/136.0.7103.92 Mobile Safari/537.36 (compatible; Googlebot/2.1; +http://www.google.com/bot.html)"
66.249.79.135 - - [16/May/2025:18:30:50 -0400] "GET /index.php/pcsp.html/shopdetail/132157877/pcmypage/shopdetail/120984977/shopdetail/28653177/feature/eposcard/index.html HTTP/1.1" 200 19739 "-" "Mozilla/5.0 (Linux; Android 6.0.1; Nexus 5X Build/MMB29P) AppleWebKit/537.36 (KHTML, like Gecko) Chrome/136.0.7103.92 Mobile Safari/537.36 (compatible; Googlebot/2.1; +http://www.google.com/bot.html)"
66.249.79.135 - - [16/May/2025:18:31:42 -0400] "GET /index.php/pcsp.html/shopdetail/121302077/product_archives/recruit/shopdetail/121724277/pcmypage/shopdetail/70566977/hobby.html HTTP/1.1" 200 18845 "-" "Mozilla/5.0 (Linux; Android 6.0.1; Nexus 5X Build/MMB29P) AppleWebKit/537.36 (KHTML, like Gecko) Chrome/136.0.7103.92 Mobile Safari/537.36 (compatible; Googlebot/2.1; +http://www.google.com/bot.html)"
66.249.79.135 - - [16/May/2025:18:31:49 -0400] "GET /index.php/pcsp.html/shopdetail/121302077/product_archives/recruit/shopdetail/121724277/pcmypage/shopdetail/107806577/shopdetail/90429977 HTTP/1.1" 200 20778 "-" "Mozilla/5.0 (Linux; Android 6.0.1; Nexus 5X Build/MMB29P) AppleWebKit/537.36 (KHTML, like Gecko) Chrome/136.0.7103.92 Mobile Safari/537.36 (compatible; Googlebot/2.1; +http://www.google.com/bot.html)"
66.249.79.135 - - [16/May/2025:18:32:14 -0400] "GET /index.php/pcsp.html/shopdetail/121302077/product_archives/recruit/shopdetail/121724277/pcmypage/shopdetail/7357877/hobby/boardgame/index.html HTTP/1.1" 200 20014 "-" "Mozilla/5.0 (Linux; Android 6.0.1; Nexus 5X Build/MMB29P) AppleWebKit/537.36 (KHTML, like Gecko) Chrome/136.0.7103.92 Mobile Safari/537.36 (compatible; Googlebot/2.1; +http://www.google.com/bot.html)"
66.249.79.135 - - [16/May/2025:18:32:21 -0400] "GET /index.php/pcsp.html/shopdetail/132157877/pcmypage/zhHant/product/surugaya/47021153/shopdetail/31043477/shopdetail/128491177 HTTP/1.1" 200 19878 "-" "Mozilla/5.0 (Linux; Android 6.0.1; Nexus 5X Build/MMB29P) AppleWebKit/537.36 (KHTML, like Gecko) Chrome/136.0.7103.92 Mobile Safari/537.36 (compatible; Googlebot/2.1; +http://www.google.com/bot.html)"
66.249.79.135 - - [16/May/2025:18:32:22 -0400] "POST /get-message-notify HTTP/1.1" 404 1251 "https://mcprintanddesign.com/index.php/pcsp.html/shopdetail/132157877/pcmypage/zhHant/product/surugaya/47021153/shopdetail/31043477/shopdetail/128491177" "Mozilla/5.0 (Linux; Android 6.0.1; Nexus 5X Build/MMB29P) AppleWebKit/537.36 (KHTML, like Gecko) Chrome/136.0.7103.92 Mobile Safari/537.36 (compatible; Googlebot/2.1; +http://www.google.com/bot.html)"
66.249.79.135 - - [16/May/2025:18:32:28 -0400] "GET /index.php/pcsp.html/shopdetail/132157877/pcmypage/shopdetail/120984977/shopdetail/109607277/affiliate HTTP/1.1" 200 19029 "-" "Mozilla/5.0 (Linux; Android 6.0.1; Nexus 5X Build/MMB29P) AppleWebKit/537.36 (KHTML, like Gecko) Chrome/136.0.7103.92 Mobile Safari/537.36 (compatible; Googlebot/2.1; +http://www.google.com/bot.html)"
66.249.79.135 - - [16/May/2025:18:32:49 -0400] "GET /index.php/pcsp.html/shopdetail/121302077/product_archives/recruit/shopdetail/121724277/pcmypage/shopdetail/7357877/shopdetail/67409077 HTTP/1.1" 200 20070 "-" "Mozilla/5.0 (Linux; Android 6.0.1; Nexus 5X Build/MMB29P) AppleWebKit/537.36 (KHTML, like Gecko) Chrome/136.0.7103.92 Mobile Safari/537.36 (compatible; Googlebot/2.1; +http://www.google.com/bot.html)"
66.249.79.136 - - [16/May/2025:18:33:28 -0400] "GET /index.php/pcsp.html/shopdetail/121302077/product_archives/recruit/shopdetail/121724277/pcmypage/shopdetail/144678777/shopdetail/51654877 HTTP/1.1" 200 19997 "-" "Mozilla/5.0 (Linux; Android 6.0.1; Nexus 5X Build/MMB29P) AppleWebKit/537.36 (KHTML, like Gecko) Chrome/136.0.7103.92 Mobile Safari/537.36 (compatible; Googlebot/2.1; +http://www.google.com/bot.html)"
66.249.79.135 - - [16/May/2025:18:33:40 -0400] "GET /index.php/pcsp.html/shopdetail/121302077/pcmypage/shopdetail/19005877/shopdetail/53951077/game.html HTTP/1.1" 200 19159 "-" "Mozilla/5.0 (compatible; Googlebot/2.1; +http://www.google.com/bot.html)"
66.249.79.135 - - [16/May/2025:18:33:43 -0400] "GET /index.php/pcsp.html/shopdetail/121302077/product_archives/recruit/shopdetail/121724277/pcmypage/shopdetail/14039977/shopdetail/81086677 HTTP/1.1" 200 19946 "-" "Mozilla/5.0 (Linux; Android 6.0.1; Nexus 5X Build/MMB29P) AppleWebKit/537.36 (KHTML, like Gecko) Chrome/136.0.7103.92 Mobile Safari/537.36 (compatible; Googlebot/2.1; +http://www.google.com/bot.html)"
66.249.79.135 - - [16/May/2025:18:33:51 -0400] "GET /index.php/pcsp.html/shopdetail/35527577/product_archives/shopdetail/118382477/zhHant/product/surugaya/41258542/shopdetail/135403077/pcmypage/shopdetail/131507677/shopdetail/69400577/man/customer_guide/pcmypage/safe_search/config/recruit/shopdetail/149184877 HTTP/1.1" 200 21405 "-" "Mozilla/5.0 (Linux; Android 6.0.1; Nexus 5X Build/MMB29P) AppleWebKit/537.36 (KHTML, like Gecko) Chrome/136.0.7103.92 Mobile Safari/537.36 (compatible; Googlebot/2.1; +http://www.google.com/bot.html)"
66.249.79.135 - - [16/May/2025:18:33:53 -0400] "POST /get-message-notify HTTP/1.1" 404 1251 "https://mcprintanddesign.com/index.php/pcsp.html/shopdetail/121302077/product_archives/recruit/shopdetail/121724277/pcmypage/shopdetail/14039977/shopdetail/81086677" "Mozilla/5.0 (Linux; Android 6.0.1; Nexus 5X Build/MMB29P) AppleWebKit/537.36 (KHTML, like Gecko) Chrome/135.0.7049.114 Mobile Safari/537.36 (compatible; Googlebot/2.1; +http://www.google.com/bot.html)"
66.249.79.137 - - [16/May/2025:18:34:11 -0400] "GET /index.php/pcsp.html/shopdetail/35527577/product_archives/shopdetail/118382477/zhHant/product/surugaya/41258542/shopdetail/135403077/pcmypage/shopdetail/131507677/shopdetail/69400577/man/customer_guide/pcmypage/safe_search/config/recruit/shopdetail/164141877/product/edit/68029354/shopdetail/149525077/oreka/plamodel_menu.html HTTP/1.1" 200 20391 "-" "Mozilla/5.0 (Linux; Android 6.0.1; Nexus 5X Build/MMB29P) AppleWebKit/537.36 (KHTML, like Gecko) Chrome/136.0.7103.92 Mobile Safari/537.36 (compatible; Googlebot/2.1; +http://www.google.com/bot.html)"
66.249.79.135 - - [16/May/2025:18:31:27 -0400] "GET /index.php/pcsp.html/shopdetail/132157877/pcmypage/shopdetail/120984977/shopdetail/56140977/recruit HTTP/1.1" 200 20622 "-" "Mozilla/5.0 (Linux; Android 6.0.1; Nexus 5X Build/MMB29P) AppleWebKit/537.36 (KHTML, like Gecko) Chrome/136.0.7103.92 Mobile Safari/537.36 (compatible; Googlebot/2.1; +http://www.google.com/bot.html)"
66.249.79.137 - - [16/May/2025:18:32:00 -0400] "GET /index.php/pcsp.html/shopdetail/35527577/product_archives/shopdetail/118382477/zhHant/product/surugaya/41258542/shopdetail/135403077/pcmypage/shopdetail/131507677/shopdetail/51602977/recruit/shopdetail/33712977/events/ HTTP/1.1" 200 19467 "-" "Mozilla/5.0 (compatible; Googlebot/2.1; +http://www.google.com/bot.html)"
66.249.79.135 - - [16/May/2025:18:32:52 -0400] "POST /get-message-notify HTTP/1.1" 404 1251 "https://mcprintanddesign.com/index.php/pcsp.html/shopdetail/121302077/product_archives/recruit/shopdetail/121724277/pcmypage/shopdetail/7357877/shopdetail/67409077" "Mozilla/5.0 (Linux; Android 6.0.1; Nexus 5X Build/MMB29P) AppleWebKit/537.36 (KHTML, like Gecko) Chrome/136.0.7103.92 Mobile Safari/537.36 (compatible; Googlebot/2.1; +http://www.google.com/bot.html)"
66.249.79.135 - - [16/May/2025:18:33:20 -0400] "GET /index.php/pcsp.html/shopdetail/132157877/pcmypage/shopdetail/87598777/shopdetail/91959577/cd.html HTTP/1.1" 200 19069 "-" "Mozilla/5.0 (Linux; Android 6.0.1; Nexus 5X Build/MMB29P) AppleWebKit/537.36 (KHTML, like Gecko) Chrome/136.0.7103.92 Mobile Safari/537.36 (compatible; Googlebot/2.1; +http://www.google.com/bot.html)"
