Server IP : 192.64.118.117 / Your IP : 3.143.115.168 Web Server : LiteSpeed System : Linux premium56.web-hosting.com 4.18.0-513.24.1.lve.1.el8.x86_64 #1 SMP Thu May 9 15:10:09 UTC 2024 x86_64 User : thecgapy ( 1160) PHP Version : 7.4.33 Disable Function : NONE MySQL : OFF | cURL : ON | WGET : ON | Perl : ON | Python : ON | Sudo : OFF | Pkexec : OFF Directory : /proc/self/root/home/thecgapy/././access-logs/ |
Upload File : |
40.77.167.116 - - [07/May/2025:08:36:46 -0400] "GET /21814jkol94c4d9dlod9916479 HTTP/1.1" 404 9054 "-" "Mozilla/5.0 AppleWebKit/537.36 (KHTML, like Gecko; compatible; bingbot/2.0; +http://www.bing.com/bingbot.htm) Chrome/116.0.1938.76 Safari/537.36"
192.64.118.117 - - [07/May/2025:08:36:48 -0400] "POST /wp-cron.php?doing_wp_cron=1746621408.0407121181488037109375 HTTP/1.1" 403 1242 "https://acreditrepaircorp.com/wp-cron.php?doing_wp_cron=1746621408.0407121181488037109375" "WordPress/5.0.18; https://acreditrepaircorp.com"
192.64.118.117 - - [07/May/2025:08:46:44 -0400] "POST /wp-cron.php?doing_wp_cron=1746622004.3242790699005126953125 HTTP/1.1" 403 1242 "https://acreditrepaircorp.com/wp-cron.php?doing_wp_cron=1746622004.3242790699005126953125" "WordPress/5.0.18; https://acreditrepaircorp.com"
3.217.171.106 - - [07/May/2025:08:46:43 -0400] "GET /about/ HTTP/1.1" 200 12559 "-" "Mozilla/5.0 AppleWebKit/537.36 (KHTML, like Gecko; compatible; Amazonbot/0.1; +https://developer.amazon.com/support/amazonbot) Chrome/119.0.6045.214 Safari/537.36"
192.64.118.117 - - [07/May/2025:08:50:46 -0400] "POST /wp-cron.php?doing_wp_cron=1746622246.2372150421142578125000 HTTP/1.1" 403 1242 "https://acreditrepaircorp.com/wp-cron.php?doing_wp_cron=1746622246.2372150421142578125000" "WordPress/5.0.18; https://acreditrepaircorp.com"
43.130.67.6 - - [07/May/2025:08:50:45 -0400] "GET / HTTP/1.1" 301 0 "http://www.acreditrepaircorp.com" "Mozilla/5.0 (iPhone; CPU iPhone OS 13_2_3 like Mac OS X) AppleWebKit/605.1.15 (KHTML, like Gecko) Version/13.0.3 Mobile/15E148 Safari/604.1"
43.130.67.6 - - [07/May/2025:08:50:48 -0400] "GET / HTTP/1.1" 200 19121 "https://www.acreditrepaircorp.com/" "Mozilla/5.0 (iPhone; CPU iPhone OS 13_2_3 like Mac OS X) AppleWebKit/605.1.15 (KHTML, like Gecko) Version/13.0.3 Mobile/15E148 Safari/604.1"
66.249.73.2 - - [07/May/2025:09:10:01 -0400] "GET /robots.txt HTTP/1.1" 200 94 "-" "Mozilla/5.0 (compatible; Googlebot/2.1; +http://www.google.com/bot.html)"
209.141.45.131 - - [07/May/2025:09:29:12 -0400] "GET /wp-content/plugins/suretriggers/readme.txt HTTP/1.1" 200 0 "-" "python-requests/2.27.1"
192.64.118.117 - - [07/May/2025:09:34:08 -0400] "POST /wp-cron.php?doing_wp_cron=1746624848.0099949836730957031250 HTTP/1.1" 403 1242 "https://acreditrepaircorp.com/wp-cron.php?doing_wp_cron=1746624848.0099949836730957031250" "WordPress/5.0.18; https://acreditrepaircorp.com"
192.64.118.117 - - [07/May/2025:09:35:38 -0400] "POST /wp-cron.php?doing_wp_cron=1746624938.1351521015167236328125 HTTP/1.1" 403 1242 "https://acreditrepaircorp.com/wp-cron.php?doing_wp_cron=1746624938.1351521015167236328125" "WordPress/5.0.18; https://acreditrepaircorp.com"
207.46.13.127 - - [07/May/2025:09:39:08 -0400] "GET /4624qmlee0f7hq02a94 HTTP/1.1" 404 9053 "-" "Mozilla/5.0 AppleWebKit/537.36 (KHTML, like Gecko; compatible; bingbot/2.0; +http://www.bing.com/bingbot.htm) Chrome/116.0.1938.76 Safari/537.36"
192.64.118.117 - - [07/May/2025:09:40:12 -0400] "POST /wp-cron.php?doing_wp_cron=1746625212.5811119079589843750000 HTTP/1.1" 403 1242 "https://acreditrepaircorp.com/wp-cron.php?doing_wp_cron=1746625212.5811119079589843750000" "WordPress/5.0.18; https://acreditrepaircorp.com"
118.89.233.234 - - [07/May/2025:09:34:07 -0400] "GET / HTTP/1.1" 200 19122 "http://acreditrepaircorp.com" "Mozilla/5.0 (iPhone; CPU iPhone OS 13_2_3 like Mac OS X) AppleWebKit/605.1.15 (KHTML, like Gecko) Version/13.0.3 Mobile/15E148 Safari/604.1"
207.46.13.127 - - [07/May/2025:09:35:37 -0400] "GET /3862moeye68ad02zebfed86eb HTTP/1.1" 404 9054 "-" "Mozilla/5.0 AppleWebKit/537.36 (KHTML, like Gecko; compatible; bingbot/2.0; +http://www.bing.com/bingbot.htm) Chrome/116.0.1938.76 Safari/537.36"
192.64.118.117 - - [07/May/2025:09:39:09 -0400] "POST /wp-cron.php?doing_wp_cron=1746625149.4045178890228271484375 HTTP/1.1" 403 1242 "https://acreditrepaircorp.com/wp-cron.php?doing_wp_cron=1746625149.4045178890228271484375" "WordPress/5.0.18; https://acreditrepaircorp.com"
52.167.144.220 - - [07/May/2025:09:40:12 -0400] "GET /7201ouste82kudd9 HTTP/1.1" 404 9060 "-" "Mozilla/5.0 AppleWebKit/537.36 (KHTML, like Gecko; compatible; bingbot/2.0; +http://www.bing.com/bingbot.htm) Chrome/116.0.1938.76 Safari/537.36"
196.251.83.213 - - [07/May/2025:10:10:51 -0400] "GET /wp-content/themes/seotheme/db.php?u HTTP/1.1" 200 0 "www.google.com" "Mozlila/5.0 (Linux; Android 7.0; SM-G892A Bulid/NRD90M; wv) AppleWebKit/537.36 (KHTML, like Gecko) Version/4.0 Chrome/60.0.3112.107 Moblie Safari/537.36"
192.64.118.117 - - [07/May/2025:10:10:52 -0400] "POST /wp-cron.php?doing_wp_cron=1746627052.3565421104431152343750 HTTP/1.1" 403 1242 "https://acreditrepaircorp.com/wp-cron.php?doing_wp_cron=1746627052.3565421104431152343750" "WordPress/5.0.18; https://acreditrepaircorp.com"
196.251.83.213 - - [07/May/2025:10:10:51 -0400] "GET / HTTP/1.1" 200 80532 "-" "Mozlila/5.0 (Linux; Android 7.0; SM-G892A Bulid/NRD90M; wv) AppleWebKit/537.36 (KHTML, like Gecko) Version/4.0 Chrome/60.0.3112.107 Moblie Safari/537.36"
196.251.83.213 - - [07/May/2025:10:10:52 -0400] "GET /lwawpnwr.php?Fox=d3wL7 HTTP/1.1" 404 35422 "www.google.com" "Mozilla/5.0 (Linux; Android 7.0; SM-G892A Bulid/NRD90M; wv) AppleWebKit/537.36 (KHTML, like Gecko) Version/4.0 Chrome/60.0.3112.107 Moblie Safari/537.36"
196.251.83.213 - - [07/May/2025:10:10:53 -0400] "GET /plugins/content/apismtp/apismtp.php?test=hello HTTP/1.1" 404 35425 "-" "Mozlila/5.0 (Linux; Android 7.0; SM-G892A Bulid/NRD90M; wv) AppleWebKit/537.36 (KHTML, like Gecko) Version/4.0 Chrome/60.0.3112.107 Moblie Safari/537.36"
196.251.83.213 - - [07/May/2025:10:10:54 -0400] "GET /plugins/content/apismtp/apismtp.php.suspected?test=hello HTTP/1.1" 404 35425 "-" "Mozlila/5.0 (Linux; Android 7.0; SM-G892A Bulid/NRD90M; wv) AppleWebKit/537.36 (KHTML, like Gecko) Version/4.0 Chrome/60.0.3112.107 Moblie Safari/537.36"
196.251.83.213 - - [07/May/2025:10:10:51 -0400] "GET /wp-content/themes/seotheme/db.php?u HTTP/1.1" 200 0 "www.google.com" "Mozlila/5.0 (Linux; Android 7.0; SM-G892A Bulid/NRD90M; wv) AppleWebKit/537.36 (KHTML, like Gecko) Version/4.0 Chrome/60.0.3112.107 Moblie Safari/537.36"
192.64.118.117 - - [07/May/2025:10:10:52 -0400] "POST /wp-cron.php?doing_wp_cron=1746627052.3565979003906250000000 HTTP/1.1" 403 1242 "https://acreditrepaircorp.com/wp-cron.php?doing_wp_cron=1746627052.3565979003906250000000" "WordPress/5.0.18; https://acreditrepaircorp.com"
196.251.83.213 - - [07/May/2025:10:10:51 -0400] "POST /wp-plain.php HTTP/1.1" 404 35350 "www.google.com" "Mozilla/5.0 (Linux; Android 7.0; SM-G892A Bulid/NRD90M; wv) AppleWebKit/537.36 (KHTML, like Gecko) Version/4.0 Chrome/60.0.3112.107 Moblie Safari/537.36"
196.251.83.213 - - [07/May/2025:10:10:53 -0400] "GET /wp-content/plugins/apikey/apikey.php?test=hello HTTP/1.1" 200 0 "-" "Mozlila/5.0 (Linux; Android 7.0; SM-G892A Bulid/NRD90M; wv) AppleWebKit/537.36 (KHTML, like Gecko) Version/4.0 Chrome/60.0.3112.107 Moblie Safari/537.36"
196.251.83.213 - - [07/May/2025:10:10:54 -0400] "GET /wp-content/plugins/apikey/apikey.php.suspected?test=hello HTTP/1.1" 200 0 "-" "Mozlila/5.0 (Linux; Android 7.0; SM-G892A Bulid/NRD90M; wv) AppleWebKit/537.36 (KHTML, like Gecko) Version/4.0 Chrome/60.0.3112.107 Moblie Safari/537.36"
192.64.118.117 - - [07/May/2025:10:28:26 -0400] "POST /wp-cron.php?doing_wp_cron=1746628106.2136290073394775390625 HTTP/1.1" 403 1242 "https://acreditrepaircorp.com/wp-cron.php?doing_wp_cron=1746628106.2136290073394775390625" "WordPress/5.0.18; https://acreditrepaircorp.com"
192.36.217.48 - - [07/May/2025:10:28:25 -0400] "GET / HTTP/1.1" 200 19121 "http://acreditrepaircorp.com/" "Mozilla/5.0 (iPhone; CPU iPhone OS 17_1_2 like Mac OS X) AppleWebKit/605.1.15 (KHTML, like Gecko) Version/17.1.2 Mobile/15E148 Safari/604"
110.249.202.102 - - [07/May/2025:10:28:43 -0400] "GET /wp-content/plugins/beaver-builder-lite-version/css/jquery.magnificpopup.css?ver=1.9.4 HTTP/1.1" 200 1749 "https://acreditrepaircorp.com/" "Mozilla/5.0 (Linux; Android 5.0) AppleWebKit/537.36 (KHTML, like Gecko) Mobile Safari/537.36 (compatible; Bytespider; https://zhanzhang.toutiao.com/)"
110.249.202.102 - - [07/May/2025:10:28:43 -0400] "GET /wp-content/uploads/bb-plugin/cache/7-layout.css?ver=d95d182268e2ff4ac0174b47167b7f24 HTTP/1.1" 200 3948 "https://acreditrepaircorp.com/" "Mozilla/5.0 (Linux; Android 5.0) AppleWebKit/537.36 (KHTML, like Gecko) Mobile Safari/537.36 (compatible; Bytespider; https://zhanzhang.toutiao.com/)"
110.249.202.102 - - [07/May/2025:10:28:43 -0400] "GET /wp-content/plugins/builder-responsive-pricing-tables/assets/css/pricing-tables.css?ver=5.0.18 HTTP/1.1" 200 2444 "https://acreditrepaircorp.com/" "Mozilla/5.0 (Linux; Android 5.0) AppleWebKit/537.36 (KHTML, like Gecko) Mobile Safari/537.36 (compatible; Bytespider; https://zhanzhang.toutiao.com/)"
110.249.202.102 - - [07/May/2025:10:28:43 -0400] "GET /wp-content/plugins/revslider/public/assets/css/settings.css?ver=5.4.6.3.1 HTTP/1.1" 200 6856 "https://acreditrepaircorp.com/" "Mozilla/5.0 (Linux; Android 5.0) AppleWebKit/537.36 (KHTML, like Gecko) Mobile Safari/537.36 (compatible; Bytespider; https://zhanzhang.toutiao.com/)"
110.249.202.102 - - [07/May/2025:10:28:43 -0400] "GET /wp-content/themes/TESSERACT/css/jquery.sidr.css?ver=1.0.0 HTTP/1.1" 200 1506 "https://acreditrepaircorp.com/" "Mozilla/5.0 (Linux; Android 5.0) AppleWebKit/537.36 (KHTML, like Gecko) Mobile Safari/537.36 (compatible; Bytespider; https://zhanzhang.toutiao.com/)"
110.249.202.102 - - [07/May/2025:10:28:43 -0400] "GET /wp-content/themes/TESSERACT/style.css?ver=1.0.0 HTTP/1.1" 200 10905 "https://acreditrepaircorp.com/" "Mozilla/5.0 (Linux; Android 5.0) AppleWebKit/537.36 (KHTML, like Gecko) Mobile Safari/537.36 (compatible; Bytespider; https://zhanzhang.toutiao.com/)"
110.249.202.102 - - [07/May/2025:10:28:43 -0400] "GET /wp-content/plugins/youtube-embed-plus/styles/ytprefs.min.css?ver=13.0 HTTP/1.1" 200 1180 "https://acreditrepaircorp.com/" "Mozilla/5.0 (Linux; Android 5.0) AppleWebKit/537.36 (KHTML, like Gecko) Mobile Safari/537.36 (compatible; Bytespider; https://zhanzhang.toutiao.com/)"
110.249.202.102 - - [07/May/2025:10:28:43 -0400] "GET /wp-content/themes/TESSERACT/css/typicons.css?ver=1.0.0 HTTP/1.1" 200 2649 "https://acreditrepaircorp.com/" "Mozilla/5.0 (Linux; Android 5.0) AppleWebKit/537.36 (KHTML, like Gecko) Mobile Safari/537.36 (compatible; Bytespider; https://zhanzhang.toutiao.com/)"
110.249.202.102 - - [07/May/2025:10:28:43 -0400] "GET /wp-includes/js/jquery/jquery-migrate.min.js?ver=1.4.1 HTTP/1.1" 200 3823 "https://acreditrepaircorp.com/" "Mozilla/5.0 (Linux; Android 5.0) AppleWebKit/537.36 (KHTML, like Gecko) Mobile Safari/537.36 (compatible; Bytespider; https://zhanzhang.toutiao.com/)"
110.249.202.102 - - [07/May/2025:10:28:43 -0400] "GET /wp-content/plugins/leads//shared/shortcodes/css/frontend-render.css?ver=5.0.18 HTTP/1.1" 200 11015 "https://acreditrepaircorp.com/" "Mozilla/5.0 (Linux; Android 5.0) AppleWebKit/537.36 (KHTML, like Gecko) Mobile Safari/537.36 (compatible; Bytespider; https://zhanzhang.toutiao.com/)"
192.36.137.155 - - [07/May/2025:10:28:24 -0400] "GET /robots.txt HTTP/1.1" 200 118 "http://acreditrepaircorp.com/robots.txt" "Mozilla/5.0 (iPhone; CPU iPhone OS 17_1_2 like Mac OS X) AppleWebKit/605.1.15 (KHTML, like Gecko) Version/17.1.2 Mobile/15E148 Safari/604"
110.249.202.102 - - [07/May/2025:10:28:42 -0400] "GET / HTTP/1.1" 200 15713 "-" "Mozilla/5.0 (Linux; Android 5.0) AppleWebKit/537.36 (KHTML, like Gecko) Mobile Safari/537.36 (compatible; Bytespider; https://zhanzhang.toutiao.com/)"
110.249.202.102 - - [07/May/2025:10:28:43 -0400] "GET /wp-includes/css/dist/block-library/style.min.css?ver=5.0.18 HTTP/1.1" 200 3971 "https://acreditrepaircorp.com/" "Mozilla/5.0 (Linux; Android 5.0) AppleWebKit/537.36 (KHTML, like Gecko) Mobile Safari/537.36 (compatible; Bytespider; https://zhanzhang.toutiao.com/)"
110.249.202.102 - - [07/May/2025:10:28:43 -0400] "GET /wp-content/plugins/contact-form-7/includes/css/styles.css?ver=4.7 HTTP/1.1" 200 539 "https://acreditrepaircorp.com/" "Mozilla/5.0 (Linux; Android 5.0) AppleWebKit/537.36 (KHTML, like Gecko) Mobile Safari/537.36 (compatible; Bytespider; https://zhanzhang.toutiao.com/)"
110.249.202.102 - - [07/May/2025:10:28:43 -0400] "GET /wp-content/plugins/go_pricing/assets/css/go_pricing_styles.css?ver=3.3.12 HTTP/1.1" 200 7801 "https://acreditrepaircorp.com/" "Mozilla/5.0 (Linux; Android 5.0) AppleWebKit/537.36 (KHTML, like Gecko) Mobile Safari/537.36 (compatible; Bytespider; https://zhanzhang.toutiao.com/)"
110.249.202.102 - - [07/May/2025:10:28:43 -0400] "GET /wp-content/plugins/gtranslate/gtranslate-style24.css?ver=5.0.18 HTTP/1.1" 200 237 "https://acreditrepaircorp.com/" "Mozilla/5.0 (Linux; Android 5.0) AppleWebKit/537.36 (KHTML, like Gecko) Mobile Safari/537.36 (compatible; Bytespider; https://zhanzhang.toutiao.com/)"
110.249.202.102 - - [07/May/2025:10:28:43 -0400] "GET /wp-content/themes/TESSERACT/css/footer-banner.css?ver=1.0.0 HTTP/1.1" 200 1177 "https://acreditrepaircorp.com/" "Mozilla/5.0 (Linux; Android 5.0) AppleWebKit/537.36 (KHTML, like Gecko) Mobile Safari/537.36 (compatible; Bytespider; https://zhanzhang.toutiao.com/)"
110.249.202.102 - - [07/May/2025:10:28:43 -0400] "GET /wp-includes/css/dashicons.min.css?ver=5.0.18 HTTP/1.1" 200 28437 "https://acreditrepaircorp.com/" "Mozilla/5.0 (Linux; Android 5.0) AppleWebKit/537.36 (KHTML, like Gecko) Mobile Safari/537.36 (compatible; Bytespider; https://zhanzhang.toutiao.com/)"
110.249.202.102 - - [07/May/2025:10:28:43 -0400] "GET /wp-content/themes/TESSERACT/css/site-banner.css?ver=1.0.0 HTTP/1.1" 200 1591 "https://acreditrepaircorp.com/" "Mozilla/5.0 (Linux; Android 5.0) AppleWebKit/537.36 (KHTML, like Gecko) Mobile Safari/537.36 (compatible; Bytespider; https://zhanzhang.toutiao.com/)"
110.249.202.102 - - [07/May/2025:10:28:43 -0400] "GET /wp-content/themes/TESSERACT/css/font-awesome.min.css?ver=4.4.0 HTTP/1.1" 200 5723 "https://acreditrepaircorp.com/" "Mozilla/5.0 (Linux; Android 5.0) AppleWebKit/537.36 (KHTML, like Gecko) Mobile Safari/537.36 (compatible; Bytespider; https://zhanzhang.toutiao.com/)"
110.249.202.102 - - [07/May/2025:10:28:44 -0400] "GET /wp-content/themes/TESSERACT/js/helpers.js?ver=5.0.18 HTTP/1.1" 200 942 "https://acreditrepaircorp.com/" "Mozilla/5.0 (Linux; Android 5.0) AppleWebKit/537.36 (KHTML, like Gecko) Mobile Safari/537.36 (compatible; Bytespider; https://zhanzhang.toutiao.com/)"
110.249.202.102 - - [07/May/2025:10:28:44 -0400] "GET /wp-content/plugins/elfsight-social-media-icons-cc/assets/elfsight-social-media-icons.js?ver=1.1.0 HTTP/1.1" 200 37980 "https://acreditrepaircorp.com/" "Mozilla/5.0 (Linux; Android 5.0) AppleWebKit/537.36 (KHTML, like Gecko) Mobile Safari/537.36 (compatible; Bytespider; https://zhanzhang.toutiao.com/)"
110.249.202.102 - - [07/May/2025:10:28:45 -0400] "GET /wp-content/plugins/go_pricing/assets/js/go_pricing_scripts.js?ver=3.3.12 HTTP/1.1" 200 5244 "https://acreditrepaircorp.com/" "Mozilla/5.0 (Linux; Android 5.0) AppleWebKit/537.36 (KHTML, like Gecko) Mobile Safari/537.36 (compatible; Bytespider; https://zhanzhang.toutiao.com/)"
110.249.202.102 - - [07/May/2025:10:28:43 -0400] "GET /wp-includes/js/jquery/jquery.js?ver=1.12.4 HTTP/1.1" 200 32854 "https://acreditrepaircorp.com/" "Mozilla/5.0 (Linux; Android 5.0) AppleWebKit/537.36 (KHTML, like Gecko) Mobile Safari/537.36 (compatible; Bytespider; https://zhanzhang.toutiao.com/)"
110.249.202.102 - - [07/May/2025:10:28:44 -0400] "GET /wp-content/plugins/revslider/public/assets/js/jquery.themepunch.revolution.min.js?ver=5.4.6.3.1 HTTP/1.1" 200 17231 "https://acreditrepaircorp.com/" "Mozilla/5.0 (Linux; Android 5.0) AppleWebKit/537.36 (KHTML, like Gecko) Mobile Safari/537.36 (compatible; Bytespider; https://zhanzhang.toutiao.com/)"
110.249.202.102 - - [07/May/2025:10:28:44 -0400] "GET /wp-content/plugins/wonderplugin-gallery/engine/wonderplugingallery.js?ver=3.9C HTTP/1.1" 200 27407 "https://acreditrepaircorp.com/" "Mozilla/5.0 (Linux; Android 5.0) AppleWebKit/537.36 (KHTML, like Gecko) Mobile Safari/537.36 (compatible; Bytespider; https://zhanzhang.toutiao.com/)"
110.249.202.102 - - [07/May/2025:10:28:44 -0400] "GET /wp-content/themes/TESSERACT/js/modernizr.custom.min.js?ver=1.0.0 HTTP/1.1" 200 3260 "https://acreditrepaircorp.com/" "Mozilla/5.0 (Linux; Android 5.0) AppleWebKit/537.36 (KHTML, like Gecko) Mobile Safari/537.36 (compatible; Bytespider; https://zhanzhang.toutiao.com/)"
110.249.202.102 - - [07/May/2025:10:28:44 -0400] "GET /wp-content/plugins/revslider/public/assets/js/jquery.themepunch.tools.min.js?ver=5.4.6.3.1 HTTP/1.1" 200 37077 "https://acreditrepaircorp.com/" "Mozilla/5.0 (Linux; Android 5.0) AppleWebKit/537.36 (KHTML, like Gecko) Mobile Safari/537.36 (compatible; Bytespider; https://zhanzhang.toutiao.com/)"
110.249.202.102 - - [07/May/2025:10:28:44 -0400] "GET /wp-content/plugins/youtube-embed-plus/scripts/ytprefs.min.js?ver=13.0 HTTP/1.1" 200 2489 "https://acreditrepaircorp.com/" "Mozilla/5.0 (Linux; Android 5.0) AppleWebKit/537.36 (KHTML, like Gecko) Mobile Safari/537.36 (compatible; Bytespider; https://zhanzhang.toutiao.com/)"
110.249.202.102 - - [07/May/2025:10:28:44 -0400] "GET /wp-content/plugins/leads//shared/assets/js/frontend/analytics/inboundAnalytics.min.js HTTP/1.1" 200 11696 "https://acreditrepaircorp.com/" "Mozilla/5.0 (Linux; Android 5.0) AppleWebKit/537.36 (KHTML, like Gecko) Mobile Safari/537.36 (compatible; Bytespider; https://zhanzhang.toutiao.com/)"
110.249.202.102 - - [07/May/2025:10:28:45 -0400] "GET /wp-content/plugins/beaver-builder-lite-version/js/jquery.magnificpopup.min.js?ver=1.9.4 HTTP/1.1" 200 7280 "https://acreditrepaircorp.com/" "Mozilla/5.0 (Linux; Android 5.0) AppleWebKit/537.36 (KHTML, like Gecko) Mobile Safari/537.36 (compatible; Bytespider; https://zhanzhang.toutiao.com/)"
110.249.202.102 - - [07/May/2025:10:28:45 -0400] "GET /wp-content/plugins/beaver-builder-lite-version/js/jquery.fitvids.js?ver=1.9.4 HTTP/1.1" 200 1135 "https://acreditrepaircorp.com/" "Mozilla/5.0 (Linux; Android 5.0) AppleWebKit/537.36 (KHTML, like Gecko) Mobile Safari/537.36 (compatible; Bytespider; https://zhanzhang.toutiao.com/)"
110.249.202.102 - - [07/May/2025:10:28:45 -0400] "GET /wp-content/themes/TESSERACT/js/helpers-functions.js?ver=1.0.0 HTTP/1.1" 200 363 "https://acreditrepaircorp.com/" "Mozilla/5.0 (Linux; Android 5.0) AppleWebKit/537.36 (KHTML, like Gecko) Mobile Safari/537.36 (compatible; Bytespider; https://zhanzhang.toutiao.com/)"
110.249.202.102 - - [07/May/2025:10:28:45 -0400] "GET /wp-content/plugins/leads//shared//shortcodes/js/spin.min.js HTTP/1.1" 200 1934 "https://acreditrepaircorp.com/" "Mozilla/5.0 (Linux; Android 5.0) AppleWebKit/537.36 (KHTML, like Gecko) Mobile Safari/537.36 (compatible; Bytespider; https://zhanzhang.toutiao.com/)"
110.249.202.102 - - [07/May/2025:10:28:45 -0400] "GET /wp-content/themes/TESSERACT/js/jquery.fittext.js?ver=1.0.0 HTTP/1.1" 200 521 "https://acreditrepaircorp.com/" "Mozilla/5.0 (Linux; Android 5.0) AppleWebKit/537.36 (KHTML, like Gecko) Mobile Safari/537.36 (compatible; Bytespider; https://zhanzhang.toutiao.com/)"
110.249.202.102 - - [07/May/2025:10:28:45 -0400] "GET /wp-content/themes/TESSERACT/js/helpers-beaver.js?ver=1.0.0 HTTP/1.1" 200 534 "https://acreditrepaircorp.com/" "Mozilla/5.0 (Linux; Android 5.0) AppleWebKit/537.36 (KHTML, like Gecko) Mobile Safari/537.36 (compatible; Bytespider; https://zhanzhang.toutiao.com/)"
110.249.202.102 - - [07/May/2025:10:28:45 -0400] "GET /wp-content/plugins/contact-form-7/includes/js/jquery.form.min.js?ver=3.51.0-2014.06.20 HTTP/1.1" 200 5539 "https://acreditrepaircorp.com/" "Mozilla/5.0 (Linux; Android 5.0) AppleWebKit/537.36 (KHTML, like Gecko) Mobile Safari/537.36 (compatible; Bytespider; https://zhanzhang.toutiao.com/)"
110.249.202.102 - - [07/May/2025:10:28:45 -0400] "GET /wp-content/plugins/beaver-builder-lite-version/js/jquery.waypoints.min.js?ver=1.9.4 HTTP/1.1" 200 2540 "https://acreditrepaircorp.com/" "Mozilla/5.0 (Linux; Android 5.0) AppleWebKit/537.36 (KHTML, like Gecko) Mobile Safari/537.36 (compatible; Bytespider; https://zhanzhang.toutiao.com/)"
110.249.202.102 - - [07/May/2025:10:28:45 -0400] "GET /wp-content/plugins/youtube-embed-plus/scripts/fitvids.min.js?ver=13.0 HTTP/1.1" 200 681 "https://acreditrepaircorp.com/" "Mozilla/5.0 (Linux; Android 5.0) AppleWebKit/537.36 (KHTML, like Gecko) Mobile Safari/537.36 (compatible; Bytespider; https://zhanzhang.toutiao.com/)"
110.249.202.102 - - [07/May/2025:10:28:45 -0400] "GET /wp-content/themes/TESSERACT/js/jquery.sidr.min.js?ver=1.0.0 HTTP/1.1" 200 1450 "https://acreditrepaircorp.com/" "Mozilla/5.0 (Linux; Android 5.0) AppleWebKit/537.36 (KHTML, like Gecko) Mobile Safari/537.36 (compatible; Bytespider; https://zhanzhang.toutiao.com/)"
110.249.202.102 - - [07/May/2025:10:28:45 -0400] "GET /wp-includes/js/wp-embed.min.js?ver=5.0.18 HTTP/1.1" 200 638 "https://acreditrepaircorp.com/" "Mozilla/5.0 (Linux; Android 5.0) AppleWebKit/537.36 (KHTML, like Gecko) Mobile Safari/537.36 (compatible; Bytespider; https://zhanzhang.toutiao.com/)"
110.249.202.102 - - [07/May/2025:10:28:45 -0400] "GET /wp-content/uploads/2019/01/1.jpg HTTP/1.1" 206 500 "https://acreditrepaircorp.com/" "Mozilla/5.0 (Linux; Android 5.0) AppleWebKit/537.36 (KHTML, like Gecko) Mobile Safari/537.36 (compatible; Bytespider; https://zhanzhang.toutiao.com/)"
110.249.202.102 - - [07/May/2025:10:28:45 -0400] "GET /wp-content/uploads/2019/01/good-credit-vs-bad-3-1-768x922.jpg HTTP/1.1" 206 500 "https://acreditrepaircorp.com/" "Mozilla/5.0 (Linux; Android 5.0) AppleWebKit/537.36 (KHTML, like Gecko) Mobile Safari/537.36 (compatible; Bytespider; https://zhanzhang.toutiao.com/)"
110.249.202.102 - - [07/May/2025:10:28:45 -0400] "GET /wp-content/plugins/revslider/public/assets/js/extensions/revolution.extension.actions.min.js?version=5.4.6.3 HTTP/1.1" 200 2400 "https://acreditrepaircorp.com/" "Mozilla/5.0 (Linux; Android 5.0) AppleWebKit/537.36 (KHTML, like Gecko) Mobile Safari/537.36 (compatible; Bytespider; https://zhanzhang.toutiao.com/)"
110.249.202.102 - - [07/May/2025:10:28:45 -0400] "GET /wp-content/plugins/revslider/public/assets/js/extensions/revolution.extension.layeranimation.min.js?version=5.4.6.3 HTTP/1.1" 200 13832 "https://acreditrepaircorp.com/" "Mozilla/5.0 (Linux; Android 5.0) AppleWebKit/537.36 (KHTML, like Gecko) Mobile Safari/537.36 (compatible; Bytespider; https://zhanzhang.toutiao.com/)"
110.249.202.102 - - [07/May/2025:10:28:45 -0400] "GET /wp-content/plugins/revslider/public/assets/js/extensions/revolution.extension.navigation.min.js?version=5.4.6.3 HTTP/1.1" 200 6678 "https://acreditrepaircorp.com/" "Mozilla/5.0 (Linux; Android 5.0) AppleWebKit/537.36 (KHTML, like Gecko) Mobile Safari/537.36 (compatible; Bytespider; https://zhanzhang.toutiao.com/)"
110.249.202.102 - - [07/May/2025:10:28:45 -0400] "GET /wp-content/themes/TESSERACT/js/helpers.js?ver=1.0.0 HTTP/1.1" 200 942 "https://acreditrepaircorp.com/" "Mozilla/5.0 (Linux; Android 5.0) AppleWebKit/537.36 (KHTML, like Gecko) Mobile Safari/537.36 (compatible; Bytespider; https://zhanzhang.toutiao.com/)"
110.249.202.102 - - [07/May/2025:10:28:45 -0400] "GET /wp-content/uploads/bb-plugin/cache/7-layout.js?ver=d95d182268e2ff4ac0174b47167b7f24 HTTP/1.1" 200 4103 "https://acreditrepaircorp.com/" "Mozilla/5.0 (Linux; Android 5.0) AppleWebKit/537.36 (KHTML, like Gecko) Mobile Safari/537.36 (compatible; Bytespider; https://zhanzhang.toutiao.com/)"
110.249.202.102 - - [07/May/2025:10:28:45 -0400] "GET /wp-content/themes/TESSERACT/js/skip-link-focus-fix.js?ver=1.0.0 HTTP/1.1" 200 258 "https://acreditrepaircorp.com/" "Mozilla/5.0 (Linux; Android 5.0) AppleWebKit/537.36 (KHTML, like Gecko) Mobile Safari/537.36 (compatible; Bytespider; https://zhanzhang.toutiao.com/)"
110.249.202.102 - - [07/May/2025:10:28:45 -0400] "GET /wp-content/plugins/contact-form-7/includes/js/scripts.js?ver=4.7 HTTP/1.1" 200 3452 "https://acreditrepaircorp.com/" "Mozilla/5.0 (Linux; Android 5.0) AppleWebKit/537.36 (KHTML, like Gecko) Mobile Safari/537.36 (compatible; Bytespider; https://zhanzhang.toutiao.com/)"
110.249.202.102 - - [07/May/2025:10:28:45 -0400] "GET /wp-content/uploads/2019/01/4.jpg HTTP/1.1" 206 500 "https://acreditrepaircorp.com/" "Mozilla/5.0 (Linux; Android 5.0) AppleWebKit/537.36 (KHTML, like Gecko) Mobile Safari/537.36 (compatible; Bytespider; https://zhanzhang.toutiao.com/)"
110.249.202.102 - - [07/May/2025:10:28:45 -0400] "GET /wp-content/uploads/2021/02/Acredit-logo-1.png HTTP/1.1" 206 500 "https://acreditrepaircorp.com/" "Mozilla/5.0 (Linux; Android 5.0) AppleWebKit/537.36 (KHTML, like Gecko) Mobile Safari/537.36 (compatible; Bytespider; https://zhanzhang.toutiao.com/)"
110.249.202.102 - - [07/May/2025:10:28:45 -0400] "GET /wp-content/uploads/2019/01/2.jpg HTTP/1.1" 206 500 "https://acreditrepaircorp.com/" "Mozilla/5.0 (Linux; Android 5.0) AppleWebKit/537.36 (KHTML, like Gecko) Mobile Safari/537.36 (compatible; Bytespider; https://zhanzhang.toutiao.com/)"
110.249.202.102 - - [07/May/2025:10:28:45 -0400] "GET /wp-content/uploads/2019/01/3.jpg HTTP/1.1" 206 500 "https://acreditrepaircorp.com/" "Mozilla/5.0 (Linux; Android 5.0) AppleWebKit/537.36 (KHTML, like Gecko) Mobile Safari/537.36 (compatible; Bytespider; https://zhanzhang.toutiao.com/)"
110.249.202.102 - - [07/May/2025:10:28:46 -0400] "GET /wp-content/plugins/revslider/public/assets/js/extensions/revolution.extension.slideanims.min.js?version=5.4.6.3 HTTP/1.1" 200 6656 "https://acreditrepaircorp.com/" "Mozilla/5.0 (Linux; Android 5.0) AppleWebKit/537.36 (KHTML, like Gecko) Mobile Safari/537.36 (compatible; Bytespider; https://zhanzhang.toutiao.com/)"
110.249.202.102 - - [07/May/2025:10:28:46 -0400] "POST /wp-admin/admin-ajax.php HTTP/1.1" 403 1242 "https://acreditrepaircorp.com/" "Mozilla/5.0 (Linux; Android 5.0) AppleWebKit/537.36 (KHTML, like Gecko) Mobile Safari/537.36 (compatible; Bytespider; https://zhanzhang.toutiao.com/)"
110.249.202.102 - - [07/May/2025:10:28:46 -0400] "GET /wp-content/plugins/revslider/public/assets/assets/loader.gif HTTP/1.1" 206 500 "https://acreditrepaircorp.com/wp-content/plugins/revslider/public/assets/css/settings.css?ver=5.4.6.3.1" "Mozilla/5.0 (Linux; Android 5.0) AppleWebKit/537.36 (KHTML, like Gecko) Mobile Safari/537.36 (compatible; Bytespider; https://zhanzhang.toutiao.com/)"
110.249.202.102 - - [07/May/2025:10:28:46 -0400] "POST /?ga_action=googleanalytics_get_script HTTP/1.1" 200 296 "https://acreditrepaircorp.com/" "Mozilla/5.0 (Linux; Android 5.0) AppleWebKit/537.36 (KHTML, like Gecko) Mobile Safari/537.36 (compatible; Bytespider; https://zhanzhang.toutiao.com/)"
52.167.144.204 - - [07/May/2025:11:02:10 -0400] "GET /27768icfe83li9bd HTTP/1.1" 404 9059 "-" "Mozilla/5.0 AppleWebKit/537.36 (KHTML, like Gecko; compatible; bingbot/2.0; +http://www.bing.com/bingbot.htm) Chrome/116.0.1938.76 Safari/537.36"
192.64.118.117 - - [07/May/2025:11:02:11 -0400] "POST /wp-cron.php?doing_wp_cron=1746630131.7673840522766113281250 HTTP/1.1" 403 1242 "https://acreditrepaircorp.com/wp-cron.php?doing_wp_cron=1746630131.7673840522766113281250" "WordPress/5.0.18; https://acreditrepaircorp.com"
192.64.118.117 - - [07/May/2025:11:45:35 -0400] "POST /wp-cron.php?doing_wp_cron=1746632735.9015760421752929687500 HTTP/1.1" 403 1242 "https://acreditrepaircorp.com/wp-cron.php?doing_wp_cron=1746632735.9015760421752929687500" "WordPress/5.0.18; https://acreditrepaircorp.com"
34.204.150.196 - - [07/May/2025:11:45:35 -0400] "GET /myth-or-guideline/ HTTP/1.1" 200 12890 "-" "Mozilla/5.0 AppleWebKit/537.36 (KHTML, like Gecko; compatible; Amazonbot/0.1; +https://developer.amazon.com/support/amazonbot) Chrome/119.0.6045.214 Safari/537.36"
192.64.118.117 - - [07/May/2025:11:49:26 -0400] "POST /wp-cron.php?doing_wp_cron=1746632966.8045320510864257812500 HTTP/1.1" 403 1242 "https://acreditrepaircorp.com/wp-cron.php?doing_wp_cron=1746632966.8045320510864257812500" "WordPress/5.0.18; https://acreditrepaircorp.com"
170.106.143.6 - - [07/May/2025:11:49:26 -0400] "GET / HTTP/1.1" 200 19120 "http://acreditrepaircorp.com" "Mozilla/5.0 (iPhone; CPU iPhone OS 13_2_3 like Mac OS X) AppleWebKit/605.1.15 (KHTML, like Gecko) Version/13.0.3 Mobile/15E148 Safari/604.1"
192.64.118.117 - - [07/May/2025:12:20:37 -0400] "POST /wp-cron.php?doing_wp_cron=1746634837.3643889427185058593750 HTTP/1.1" 403 1242 "https://acreditrepaircorp.com/wp-cron.php?doing_wp_cron=1746634837.3643889427185058593750" "WordPress/5.0.18; https://acreditrepaircorp.com"
51.222.253.5 - - [07/May/2025:12:20:36 -0400] "GET /testimonials/ HTTP/1.1" 200 13103 "-" "Mozilla/5.0 (compatible; AhrefsBot/7.0; +http://ahrefs.com/robot/)"
192.64.118.117 - - [07/May/2025:13:08:13 -0400] "POST /wp-cron.php?doing_wp_cron=1746637693.5488069057464599609375 HTTP/1.1" 403 1242 "https://acreditrepaircorp.com/wp-cron.php?doing_wp_cron=1746637693.5488069057464599609375" "WordPress/5.0.18; https://acreditrepaircorp.com"
52.167.144.160 - - [07/May/2025:13:08:12 -0400] "GET /7278ejfld7cf8jf478992 HTTP/1.1" 404 9059 "-" "Mozilla/5.0 AppleWebKit/537.36 (KHTML, like Gecko; compatible; bingbot/2.0; +http://www.bing.com/bingbot.htm) Chrome/116.0.1938.76 Safari/537.36"
142.132.217.182 - - [07/May/2025:13:26:04 -0400] "POST /wp-admin/admin-ajax.php HTTP/1.1" 403 1242 "-" "Mozilla/5.0 (Windows NT 10.0; Win64; x64) AppleWebKit/537.36 (KHTML, like Gecko) Chrome/91.0.4472.124 Safari/537.36"
192.64.118.117 - - [07/May/2025:13:40:40 -0400] "POST /wp-cron.php?doing_wp_cron=1746639640.1140658855438232421875 HTTP/1.1" 403 1242 "https://acreditrepaircorp.com/wp-cron.php?doing_wp_cron=1746639640.1140658855438232421875" "WordPress/5.0.18; https://acreditrepaircorp.com"
52.6.97.88 - - [07/May/2025:13:40:39 -0400] "GET /terms-of-use/ HTTP/1.1" 200 21543 "-" "Mozilla/5.0 AppleWebKit/537.36 (KHTML, like Gecko; compatible; Amazonbot/0.1; +https://developer.amazon.com/support/amazonbot) Chrome/119.0.6045.214 Safari/537.36"
98.82.66.172 - - [07/May/2025:13:40:43 -0400] "GET /blog/ HTTP/1.1" 200 11892 "-" "Mozilla/5.0 AppleWebKit/537.36 (KHTML, like Gecko; compatible; Amazonbot/0.1; +https://developer.amazon.com/support/amazonbot) Chrome/119.0.6045.214 Safari/537.36"
3.94.123.180 - - [07/May/2025:13:47:21 -0400] "GET /wp-content/plugins/litespeed-cache/readme.txt HTTP/1.1" 200 43080 "-" "Mozlila/5.0 (Linux; Android 7.0; SM-G892A Bulid/NRD90M; wv) AppleWebKit/537.36 (KHTML, like Gecko) Version/4.0 Chrome/60.0.3112.107 Moblie Safari/537.36"
3.94.123.180 - - [07/May/2025:13:47:21 -0400] "GET /wp-admin/admin-ajax.php HTTP/1.1" 403 1242 "-" "Mozlila/5.0 (Linux; Android 7.0; SM-G892A Bulid/NRD90M; wv) AppleWebKit/537.36 (KHTML, like Gecko) Version/4.0 Chrome/60.0.3112.107 Moblie Safari/537.36"
192.64.118.117 - - [07/May/2025:14:06:15 -0400] "POST /wp-cron.php?doing_wp_cron=1746641175.5952129364013671875000 HTTP/1.1" 403 1242 "https://acreditrepaircorp.com/wp-cron.php?doing_wp_cron=1746641175.5952129364013671875000" "WordPress/5.0.18; https://acreditrepaircorp.com"
157.55.39.52 - - [07/May/2025:14:06:14 -0400] "GET /29491ldya1867a8sa6e7c41 HTTP/1.1" 404 9061 "-" "Mozilla/5.0 AppleWebKit/537.36 (KHTML, like Gecko; compatible; bingbot/2.0; +http://www.bing.com/bingbot.htm) Chrome/116.0.1938.76 Safari/537.36"
192.64.118.117 - - [07/May/2025:14:44:27 -0400] "POST /wp-cron.php?doing_wp_cron=1746643467.5313160419464111328125 HTTP/1.1" 403 1242 "https://acreditrepaircorp.com/wp-cron.php?doing_wp_cron=1746643467.5313160419464111328125" "WordPress/5.0.18; https://acreditrepaircorp.com"
85.208.96.193 - - [07/May/2025:14:51:06 -0400] "GET /robots.txt HTTP/1.1" 200 118 "-" "Mozilla/5.0 (compatible; SemrushBot/7~bl; +http://www.semrush.com/bot.html)"
194.145.227.125 - - [07/May/2025:14:44:26 -0400] "GET /sites/all/libraries/elfinder/elfinder.html HTTP/1.1" 404 35426 "-" "ALittle Client"
52.167.144.150 - - [07/May/2025:14:44:32 -0400] "GET /22873wllbac9ela9f HTTP/1.1" 404 9062 "-" "Mozilla/5.0 AppleWebKit/537.36 (KHTML, like Gecko; compatible; bingbot/2.0; +http://www.bing.com/bingbot.htm) Chrome/116.0.1938.76 Safari/537.36"
192.64.118.117 - - [07/May/2025:14:51:07 -0400] "POST /wp-cron.php?doing_wp_cron=1746643867.4251570701599121093750 HTTP/1.1" 403 1242 "https://acreditrepaircorp.com/wp-cron.php?doing_wp_cron=1746643867.4251570701599121093750" "WordPress/5.0.18; https://acreditrepaircorp.com"
85.208.96.212 - - [07/May/2025:14:51:06 -0400] "GET /23644stqdd107vsf9fcf HTTP/1.1" 404 10363 "-" "Mozilla/5.0 (compatible; SemrushBot/7~bl; +http://www.semrush.com/bot.html)"
192.64.118.117 - - [07/May/2025:15:03:04 -0400] "POST /wp-cron.php?doing_wp_cron=1746644584.5499598979949951171875 HTTP/1.1" 403 1242 "https://acreditrepaircorp.com/wp-cron.php?doing_wp_cron=1746644584.5499598979949951171875" "WordPress/5.0.18; https://acreditrepaircorp.com"
185.191.171.5 - - [07/May/2025:15:03:10 -0400] "GET /23222oust247psb4c2 HTTP/1.1" 404 10364 "-" "Mozilla/5.0 (compatible; SemrushBot/7~bl; +http://www.semrush.com/bot.html)"
114.119.159.33 - - [07/May/2025:15:03:04 -0400] "GET /how-to-build-credit-in-5-simple-steps/ HTTP/1.1" 200 13763 "https://acreditrepaircorp.com/author/neil/" "Mozilla/5.0 (Linux; Android 7.0;) AppleWebKit/537.36 (KHTML, like Gecko) Mobile Safari/537.36 (compatible; PetalBot;+https://webmaster.petalsearch.com/site/petalbot)"
192.64.118.117 - - [07/May/2025:15:13:39 -0400] "POST /wp-cron.php?doing_wp_cron=1746645219.6570401191711425781250 HTTP/1.1" 403 1242 "https://acreditrepaircorp.com/wp-cron.php?doing_wp_cron=1746645219.6570401191711425781250" "WordPress/5.0.18; https://acreditrepaircorp.com"
185.191.171.19 - - [07/May/2025:15:13:39 -0400] "GET /10492lelj90c9zl7054b HTTP/1.1" 404 10362 "-" "Mozilla/5.0 (compatible; SemrushBot/7~bl; +http://www.semrush.com/bot.html)"
192.64.118.117 - - [07/May/2025:15:17:56 -0400] "POST /wp-cron.php?doing_wp_cron=1746645476.6516439914703369140625 HTTP/1.1" 403 1242 "https://acreditrepaircorp.com/wp-cron.php?doing_wp_cron=1746645476.6516439914703369140625" "WordPress/5.0.18; https://acreditrepaircorp.com"
85.208.96.196 - - [07/May/2025:15:17:56 -0400] "GET /29522swcfbcexc6db6 HTTP/1.1" 404 10370 "-" "Mozilla/5.0 (compatible; SemrushBot/7~bl; +http://www.semrush.com/bot.html)"
192.64.118.117 - - [07/May/2025:15:24:13 -0400] "POST /wp-cron.php?doing_wp_cron=1746645853.9501669406890869140625 HTTP/1.1" 403 1242 "https://acreditrepaircorp.com/wp-cron.php?doing_wp_cron=1746645853.9501669406890869140625" "WordPress/5.0.18; https://acreditrepaircorp.com"
212.34.141.234 - - [07/May/2025:15:24:13 -0400] "GET /myth-or-guideline/ HTTP/1.0" 200 41914 "https://acreditrepaircorp.com/myth-or-guideline/" "Mozilla/5.0 (Windows NT 10.0; Win64; x64) AppleWebKit/537.36 (KHTML, like Gecko) Chrome/131.0.0.0 Safari/537.36 Avast/131.0.0.0"
212.34.141.234 - - [07/May/2025:15:24:14 -0400] "POST /wp-comments-post.php HTTP/1.0" 403 1242 "https://acreditrepaircorp.com/myth-or-guideline/" "Mozilla/5.0 (Windows NT 10.0; Win64; x64) AppleWebKit/537.36 (KHTML, like Gecko) Chrome/131.0.0.0 Safari/537.36 Avast/131.0.0.0"
192.64.118.117 - - [07/May/2025:15:37:33 -0400] "POST /wp-cron.php?doing_wp_cron=1746646653.2208669185638427734375 HTTP/1.1" 403 1242 "https://acreditrepaircorp.com/wp-cron.php?doing_wp_cron=1746646653.2208669185638427734375" "WordPress/5.0.18; https://acreditrepaircorp.com"
207.46.13.18 - - [07/May/2025:15:37:32 -0400] "GET /27002hypw5d5zp56ed HTTP/1.1" 404 9060 "-" "Mozilla/5.0 AppleWebKit/537.36 (KHTML, like Gecko; compatible; bingbot/2.0; +http://www.bing.com/bingbot.htm) Chrome/116.0.1938.76 Safari/537.36"
192.64.118.117 - - [07/May/2025:15:44:24 -0400] "POST /wp-cron.php?doing_wp_cron=1746647064.9559910297393798828125 HTTP/1.1" 403 1242 "https://acreditrepaircorp.com/wp-cron.php?doing_wp_cron=1746647064.9559910297393798828125" "WordPress/5.0.18; https://acreditrepaircorp.com"
185.191.171.7 - - [07/May/2025:15:44:24 -0400] "GET /24901igloe2beg0d7 HTTP/1.1" 404 10369 "-" "Mozilla/5.0 (compatible; SemrushBot/7~bl; +http://www.semrush.com/bot.html)"
198.235.24.149 - - [07/May/2025:15:52:25 -0400] "GET /api/ HTTP/1.1" 404 35422 "-" "Expanse, a Palo Alto Networks company, searches across the global IPv4 space multiple times per day to identify customers' presences on the Internet. If you would like to be excluded from our scans, please send IP addresses/domains to: scaninfo@paloaltonetworks.com"
192.64.118.117 - - [07/May/2025:15:52:25 -0400] "POST /wp-cron.php?doing_wp_cron=1746647545.6069259643554687500000 HTTP/1.1" 403 1242 "https://acreditrepaircorp.com/wp-cron.php?doing_wp_cron=1746647545.6069259643554687500000" "WordPress/5.0.18; https://acreditrepaircorp.com"
85.208.96.206 - - [07/May/2025:15:55:41 -0400] "GET /robots.txt HTTP/1.1" 200 118 "-" "Mozilla/5.0 (compatible; SemrushBot/7~bl; +http://www.semrush.com/bot.html)"
192.64.118.117 - - [07/May/2025:15:55:42 -0400] "POST /wp-cron.php?doing_wp_cron=1746647742.6562991142272949218750 HTTP/1.1" 403 1242 "https://acreditrepaircorp.com/wp-cron.php?doing_wp_cron=1746647742.6562991142272949218750" "WordPress/5.0.18; https://acreditrepaircorp.com"
185.191.171.1 - - [07/May/2025:15:55:42 -0400] "GET /14500wllb882ddwf4b3c HTTP/1.1" 404 10368 "-" "Mozilla/5.0 (compatible; SemrushBot/7~bl; +http://www.semrush.com/bot.html)"
192.64.118.117 - - [07/May/2025:16:08:41 -0400] "POST /wp-cron.php?doing_wp_cron=1746648521.3923931121826171875000 HTTP/1.1" 403 1242 "https://acreditrepaircorp.com/wp-cron.php?doing_wp_cron=1746648521.3923931121826171875000" "WordPress/5.0.18; https://acreditrepaircorp.com"
43.157.250.210 - - [07/May/2025:16:08:41 -0400] "GET / HTTP/1.1" 301 0 "http://www.acreditrepaircorp.com" "Mozilla/5.0 (iPhone; CPU iPhone OS 13_2_3 like Mac OS X) AppleWebKit/605.1.15 (KHTML, like Gecko) Version/13.0.3 Mobile/15E148 Safari/604.1"
192.64.118.117 - - [07/May/2025:16:05:00 -0400] "POST /wp-cron.php?doing_wp_cron=1746648300.5439329147338867187500 HTTP/1.1" 403 1242 "https://acreditrepaircorp.com/wp-cron.php?doing_wp_cron=1746648300.5439329147338867187500" "WordPress/5.0.18; https://acreditrepaircorp.com"
162.14.197.180 - - [07/May/2025:16:05:00 -0400] "GET / HTTP/1.1" 200 19134 "http://acreditrepaircorp.com" "Mozilla/5.0 (iPhone; CPU iPhone OS 13_2_3 like Mac OS X) AppleWebKit/605.1.15 (KHTML, like Gecko) Version/13.0.3 Mobile/15E148 Safari/604.1"
43.157.250.210 - - [07/May/2025:16:08:42 -0400] "GET / HTTP/1.1" 200 19138 "https://www.acreditrepaircorp.com/" "Mozilla/5.0 (iPhone; CPU iPhone OS 13_2_3 like Mac OS X) AppleWebKit/605.1.15 (KHTML, like Gecko) Version/13.0.3 Mobile/15E148 Safari/604.1"
104.210.140.138 - - [07/May/2025:16:16:54 -0400] "GET /robots.txt HTTP/1.1" 200 94 "-" "Mozilla/5.0 (Macintosh; Intel Mac OS X 10_15_7) AppleWebKit/537.36 (KHTML, like Gecko) Chrome/131.0.0.0 Safari/537.36; compatible; OAI-SearchBot/1.0; +https://openai.com/searchbot"
185.81.128.21 - - [07/May/2025:16:21:10 -0400] "GET /wp-content/plugins/wp-event-solution/readme.txt HTTP/1.1" 200 0 "-" "Mozilla/5.0 (Windows NT 10.0; Win64; x64) AppleWebKit/529.36 (KHTML, like Gecko) Chrome/120.1.2.3 Safari/537.36 Edg/121.0.2221.86"
157.55.39.194 - - [07/May/2025:16:32:28 -0400] "GET /27944bxuz6d3443fb31f04c1 HTTP/1.1" 404 9053 "-" "Mozilla/5.0 AppleWebKit/537.36 (KHTML, like Gecko; compatible; bingbot/2.0; +http://www.bing.com/bingbot.htm) Chrome/116.0.1938.76 Safari/537.36"
192.64.118.117 - - [07/May/2025:16:32:29 -0400] "POST /wp-cron.php?doing_wp_cron=1746649949.0453240871429443359375 HTTP/1.1" 403 1242 "https://acreditrepaircorp.com/wp-cron.php?doing_wp_cron=1746649949.0453240871429443359375" "WordPress/5.0.18; https://acreditrepaircorp.com"
192.64.118.117 - - [07/May/2025:16:46:26 -0400] "POST /wp-cron.php?doing_wp_cron=1746650785.9992909431457519531250 HTTP/1.1" 403 1242 "https://acreditrepaircorp.com/wp-cron.php?doing_wp_cron=1746650785.9992909431457519531250" "WordPress/5.0.18; https://acreditrepaircorp.com"
52.167.144.235 - - [07/May/2025:16:46:25 -0400] "GET /25599apnh916fahcafe HTTP/1.1" 404 9061 "-" "Mozilla/5.0 AppleWebKit/537.36 (KHTML, like Gecko; compatible; bingbot/2.0; +http://www.bing.com/bingbot.htm) Chrome/116.0.1938.76 Safari/537.36"
192.64.118.117 - - [07/May/2025:17:12:16 -0400] "POST /wp-cron.php?doing_wp_cron=1746652336.0455210208892822265625 HTTP/1.1" 403 1242 "https://acreditrepaircorp.com/wp-cron.php?doing_wp_cron=1746652336.0455210208892822265625" "WordPress/5.0.18; https://acreditrepaircorp.com"
85.208.96.197 - - [07/May/2025:17:12:14 -0400] "GET /29617vfqde4aof698 HTTP/1.1" 404 10364 "-" "Mozilla/5.0 (compatible; SemrushBot/7~bl; +http://www.semrush.com/bot.html)"
185.191.171.2 - - [07/May/2025:17:12:14 -0400] "GET /robots.txt HTTP/1.1" 200 118 "-" "Mozilla/5.0 (compatible; SemrushBot/7~bl; +http://www.semrush.com/bot.html)"
192.64.118.117 - - [07/May/2025:17:29:51 -0400] "POST /wp-cron.php?doing_wp_cron=1746653391.0600850582122802734375 HTTP/1.1" 403 1242 "https://acreditrepaircorp.com/wp-cron.php?doing_wp_cron=1746653391.0600850582122802734375" "WordPress/5.0.18; https://acreditrepaircorp.com"
40.77.167.68 - - [07/May/2025:17:29:50 -0400] "GET /29566ytxf17ee952px11bb6ee8 HTTP/1.1" 404 9060 "-" "Mozilla/5.0 AppleWebKit/537.36 (KHTML, like Gecko; compatible; bingbot/2.0; +http://www.bing.com/bingbot.htm) Chrome/116.0.1938.76 Safari/537.36"
192.64.118.117 - - [07/May/2025:17:31:02 -0400] "POST /wp-cron.php?doing_wp_cron=1746653462.0520470142364501953125 HTTP/1.1" 403 1242 "https://acreditrepaircorp.com/wp-cron.php?doing_wp_cron=1746653462.0520470142364501953125" "WordPress/5.0.18; https://acreditrepaircorp.com"
40.77.167.68 - - [07/May/2025:17:31:01 -0400] "GET /3708jvwc71bjed4 HTTP/1.1" 404 9060 "-" "Mozilla/5.0 AppleWebKit/537.36 (KHTML, like Gecko; compatible; bingbot/2.0; +http://www.bing.com/bingbot.htm) Chrome/116.0.1938.76 Safari/537.36"
52.167.144.142 - - [07/May/2025:17:40:32 -0400] "GET /7350jvwc6d266dwfda2cd HTTP/1.1" 404 9061 "-" "Mozilla/5.0 AppleWebKit/537.36 (KHTML, like Gecko; compatible; bingbot/2.0; +http://www.bing.com/bingbot.htm) Chrome/116.0.1938.76 Safari/537.36"
192.64.118.117 - - [07/May/2025:17:40:33 -0400] "POST /wp-cron.php?doing_wp_cron=1746654033.4745440483093261718750 HTTP/1.1" 403 1242 "https://acreditrepaircorp.com/wp-cron.php?doing_wp_cron=1746654033.4745440483093261718750" "WordPress/5.0.18; https://acreditrepaircorp.com"
192.64.118.117 - - [07/May/2025:18:20:39 -0400] "POST /wp-cron.php?doing_wp_cron=1746656439.1724679470062255859375 HTTP/1.1" 403 1242 "https://acreditrepaircorp.com/wp-cron.php?doing_wp_cron=1746656439.1724679470062255859375" "WordPress/5.0.18; https://acreditrepaircorp.com"
157.55.39.202 - - [07/May/2025:18:20:38 -0400] "GET /22873ejflac9eja9f HTTP/1.1" 404 9055 "-" "Mozilla/5.0 AppleWebKit/537.36 (KHTML, like Gecko; compatible; bingbot/2.0; +http://www.bing.com/bingbot.htm) Chrome/116.0.1938.76 Safari/537.36"
192.64.118.117 - - [07/May/2025:18:35:54 -0400] "POST /wp-cron.php?doing_wp_cron=1746657354.8170208930969238281250 HTTP/1.1" 403 1242 "https://acreditrepaircorp.com/wp-cron.php?doing_wp_cron=1746657354.8170208930969238281250" "WordPress/5.0.18; https://acreditrepaircorp.com"
35.169.119.108 - - [07/May/2025:18:35:53 -0400] "GET /how-to-build-credit-in-5-simple-steps/ HTTP/1.1" 200 13764 "-" "Mozilla/5.0 AppleWebKit/537.36 (KHTML, like Gecko; compatible; Amazonbot/0.1; +https://developer.amazon.com/support/amazonbot) Chrome/119.0.6045.214 Safari/537.36"
52.3.104.214 - - [07/May/2025:18:35:58 -0400] "GET /price/ HTTP/1.1" 200 14129 "-" "Mozilla/5.0 AppleWebKit/537.36 (KHTML, like Gecko; compatible; Amazonbot/0.1; +https://developer.amazon.com/support/amazonbot) Chrome/119.0.6045.214 Safari/537.36"
138.246.253.24 - - [07/May/2025:18:44:46 -0400] "GET /robots.txt HTTP/1.1" 200 498 "-" "Mozilla/5.0 (Windows NT 10.0; Win64; x64) AppleWebKit/537.36 (KHTML, like Gecko) Chrome/103.0.5060.134 Safari/537.36"
85.208.96.197 - - [07/May/2025:18:52:57 -0400] "GET /robots.txt HTTP/1.1" 200 118 "-" "Mozilla/5.0 (compatible; SemrushBot/7~bl; +http://www.semrush.com/bot.html)"
192.64.118.117 - - [07/May/2025:18:54:26 -0400] "POST /wp-cron.php?doing_wp_cron=1746658466.2980520725250244140625 HTTP/1.1" 403 1242 "https://acreditrepaircorp.com/wp-cron.php?doing_wp_cron=1746658466.2980520725250244140625" "WordPress/5.0.18; https://acreditrepaircorp.com"
185.191.171.2 - - [07/May/2025:18:54:25 -0400] "GET /6226izzu13b2d01xz0898c467 HTTP/1.1" 404 10363 "-" "Mozilla/5.0 (compatible; SemrushBot/7~bl; +http://www.semrush.com/bot.html)"
192.64.118.117 - - [07/May/2025:18:52:59 -0400] "POST /wp-cron.php?doing_wp_cron=1746658379.2270290851593017578125 HTTP/1.1" 403 1242 "https://acreditrepaircorp.com/wp-cron.php?doing_wp_cron=1746658379.2270290851593017578125" "WordPress/5.0.18; https://acreditrepaircorp.com"
85.208.96.206 - - [07/May/2025:18:52:58 -0400] "GET /2177ousta72adeuc7adf HTTP/1.1" 404 10361 "-" "Mozilla/5.0 (compatible; SemrushBot/7~bl; +http://www.semrush.com/bot.html)"
192.64.118.117 - - [07/May/2025:18:59:18 -0400] "POST /wp-cron.php?doing_wp_cron=1746658758.2691669464111328125000 HTTP/1.1" 403 1242 "https://acreditrepaircorp.com/wp-cron.php?doing_wp_cron=1746658758.2691669464111328125000" "WordPress/5.0.18; https://acreditrepaircorp.com"
185.191.171.12 - - [07/May/2025:18:59:17 -0400] "GET /27664oust200aloc8eee HTTP/1.1" 404 10369 "-" "Mozilla/5.0 (compatible; SemrushBot/7~bl; +http://www.semrush.com/bot.html)"
85.208.96.204 - - [07/May/2025:18:59:45 -0400] "GET /5754hypw95103tp08ef53 HTTP/1.1" 404 10363 "-" "Mozilla/5.0 (compatible; SemrushBot/7~bl; +http://www.semrush.com/bot.html)"
185.191.171.2 - - [07/May/2025:19:00:05 -0400] "GET /18049eogwe90qo6d8 HTTP/1.1" 404 10369 "-" "Mozilla/5.0 (compatible; SemrushBot/7~bl; +http://www.semrush.com/bot.html)"
192.64.118.117 - - [07/May/2025:19:02:17 -0400] "POST /wp-cron.php?doing_wp_cron=1746658937.8308460712432861328125 HTTP/1.1" 403 1242 "https://acreditrepaircorp.com/wp-cron.php?doing_wp_cron=1746658937.8308460712432861328125" "WordPress/5.0.18; https://acreditrepaircorp.com"
185.191.171.6 - - [07/May/2025:19:03:18 -0400] "GET /11781vfqde831cc5of9b3727a HTTP/1.1" 404 10370 "-" "Mozilla/5.0 (compatible; SemrushBot/7~bl; +http://www.semrush.com/bot.html)"
85.208.96.200 - - [07/May/2025:19:03:51 -0400] "GET /17616fwhc90zfb63 HTTP/1.1" 404 10369 "-" "Mozilla/5.0 (compatible; SemrushBot/7~bl; +http://www.semrush.com/bot.html)"
192.64.118.117 - - [07/May/2025:18:57:46 -0400] "POST /wp-cron.php?doing_wp_cron=1746658666.6437261104583740234375 HTTP/1.1" 403 1242 "https://acreditrepaircorp.com/wp-cron.php?doing_wp_cron=1746658666.6437261104583740234375" "WordPress/5.0.18; https://acreditrepaircorp.com"
185.191.171.10 - - [07/May/2025:18:57:46 -0400] "GET /15108fpztafnf3fc HTTP/1.1" 404 10371 "-" "Mozilla/5.0 (compatible; SemrushBot/7~bl; +http://www.semrush.com/bot.html)"
85.208.96.211 - - [07/May/2025:18:58:28 -0400] "GET /3565qdmud87od710 HTTP/1.1" 404 10366 "-" "Mozilla/5.0 (compatible; SemrushBot/7~bl; +http://www.semrush.com/bot.html)"
85.208.96.203 - - [07/May/2025:19:02:17 -0400] "GET /17177wllb0d10bcl9e18b HTTP/1.1" 404 10363 "-" "Mozilla/5.0 (compatible; SemrushBot/7~bl; +http://www.semrush.com/bot.html)"
192.64.118.117 - - [07/May/2025:19:03:19 -0400] "POST /wp-cron.php?doing_wp_cron=1746658999.4091949462890625000000 HTTP/1.1" 403 1242 "https://acreditrepaircorp.com/wp-cron.php?doing_wp_cron=1746658999.4091949462890625000000" "WordPress/5.0.18; https://acreditrepaircorp.com"
192.64.118.117 - - [07/May/2025:19:04:28 -0400] "POST /wp-cron.php?doing_wp_cron=1746659068.1652369499206542968750 HTTP/1.1" 403 1242 "https://acreditrepaircorp.com/wp-cron.php?doing_wp_cron=1746659068.1652369499206542968750" "WordPress/5.0.18; https://acreditrepaircorp.com"
185.191.171.8 - - [07/May/2025:19:07:20 -0400] "GET /7766vfqd32adq1cc4 HTTP/1.1" 404 10362 "-" "Mozilla/5.0 (compatible; SemrushBot/7~bl; +http://www.semrush.com/bot.html)"
85.208.96.195 - - [07/May/2025:19:08:26 -0400] "GET /26995fkns5bf05fss2ca64b HTTP/1.1" 404 10364 "-" "Mozilla/5.0 (compatible; SemrushBot/7~bl; +http://www.semrush.com/bot.html)"
85.208.96.206 - - [07/May/2025:19:11:05 -0400] "GET /25907cgyva6c7367awv0648d380 HTTP/1.1" 404 10367 "-" "Mozilla/5.0 (compatible; SemrushBot/7~bl; +http://www.semrush.com/bot.html)"
192.64.118.117 - - [07/May/2025:19:13:56 -0400] "POST /wp-cron.php?doing_wp_cron=1746659636.4481050968170166015625 HTTP/1.1" 403 1242 "https://acreditrepaircorp.com/wp-cron.php?doing_wp_cron=1746659636.4481050968170166015625" "WordPress/5.0.18; https://acreditrepaircorp.com"
185.191.171.18 - - [07/May/2025:19:04:27 -0400] "GET /28822qzyo82aacf9zybdfd0ccb HTTP/1.1" 404 10371 "-" "Mozilla/5.0 (compatible; SemrushBot/7~bl; +http://www.semrush.com/bot.html)"
192.64.118.117 - - [07/May/2025:19:07:21 -0400] "POST /wp-cron.php?doing_wp_cron=1746659241.0556709766387939453125 HTTP/1.1" 403 1242 "https://acreditrepaircorp.com/wp-cron.php?doing_wp_cron=1746659241.0556709766387939453125" "WordPress/5.0.18; https://acreditrepaircorp.com"
185.191.171.12 - - [07/May/2025:19:08:03 -0400] "GET /18231bmovd79bqv65d6 HTTP/1.1" 404 10369 "-" "Mozilla/5.0 (compatible; SemrushBot/7~bl; +http://www.semrush.com/bot.html)"
192.64.118.117 - - [07/May/2025:19:08:26 -0400] "POST /wp-cron.php?doing_wp_cron=1746659306.9752690792083740234375 HTTP/1.1" 403 1242 "https://acreditrepaircorp.com/wp-cron.php?doing_wp_cron=1746659306.9752690792083740234375" "WordPress/5.0.18; https://acreditrepaircorp.com"
192.64.118.117 - - [07/May/2025:19:11:06 -0400] "POST /wp-cron.php?doing_wp_cron=1746659466.1963009834289550781250 HTTP/1.1" 403 1242 "https://acreditrepaircorp.com/wp-cron.php?doing_wp_cron=1746659466.1963009834289550781250" "WordPress/5.0.18; https://acreditrepaircorp.com"
