66.249.74.14 - - [07/May/2025:14:21:17 -0400] "POST /get-message-notify HTTP/1.1" 404 1251 "https://mcprintanddesign.com/index.php/pcsp.html/affiliate/shopdetail/99578277/shopdetail/27013377/feature/shoplist/index.html" "Mozilla/5.0 (Linux; Android 6.0.1; Nexus 5X Build/MMB29P) AppleWebKit/537.36 (KHTML, like Gecko) Chrome/135.0.7049.114 Mobile Safari/537.36 (compatible; Googlebot/2.1; +http://www.google.com/bot.html)"
66.249.74.1 - - [07/May/2025:14:21:24 -0400] "GET /index.phpshopdetail/54060477 HTTP/1.1" 404 1251 "-" "Mozilla/5.0 (Linux; Android 6.0.1; Nexus 5X Build/MMB29P) AppleWebKit/537.36 (KHTML, like Gecko) Chrome/136.0.7103.59 Mobile Safari/537.36 (compatible; Googlebot/2.1; +http://www.google.com/bot.html)"
66.249.74.14 - - [07/May/2025:14:21:25 -0400] "GET /index.php/pcsp.html/affiliate/shopdetail/99578277/shopdetail/27013377/pcmypage/ HTTP/1.1" 200 19857 "-" "Mozilla/5.0 (Linux; Android 6.0.1; Nexus 5X Build/MMB29P) AppleWebKit/537.36 (KHTML, like Gecko) Chrome/136.0.7103.59 Mobile Safari/537.36 (compatible; Googlebot/2.1; +http://www.google.com/bot.html)"
66.249.74.1 - - [07/May/2025:14:21:25 -0400] "GET /index.php/pcsp.html/affiliate/shopdetail/99578277/shopdetail/27013377/product_archives HTTP/1.1" 200 19893 "-" "Mozilla/5.0 (Linux; Android 6.0.1; Nexus 5X Build/MMB29P) AppleWebKit/537.36 (KHTML, like Gecko) Chrome/136.0.7103.59 Mobile Safari/537.36 (compatible; Googlebot/2.1; +http://www.google.com/bot.html)"
66.249.74.15 - - [07/May/2025:14:21:25 -0400] "GET /index.php/pcsp.html/affiliate/shopdetail/99578277/shopdetail/27013377/events/ HTTP/1.1" 200 19287 "-" "Mozilla/5.0 (Linux; Android 6.0.1; Nexus 5X Build/MMB29P) AppleWebKit/537.36 (KHTML, like Gecko) Chrome/136.0.7103.59 Mobile Safari/537.36 (compatible; Googlebot/2.1; +http://www.google.com/bot.html)"
66.249.74.15 - - [07/May/2025:14:21:26 -0400] "GET /index.php/pcsp.html/affiliate/shopdetail/99578277/shopdetail/27013377/pcmypage?callback=product%2Fdetail%2F53405222 HTTP/1.1" 200 18895 "-" "Mozilla/5.0 (Linux; Android 6.0.1; Nexus 5X Build/MMB29P) AppleWebKit/537.36 (KHTML, like Gecko) Chrome/136.0.7103.59 Mobile Safari/537.36 (compatible; Googlebot/2.1; +http://www.google.com/bot.html)"
66.249.74.15 - - [07/May/2025:14:21:26 -0400] "GET /index.php/pcsp.html/affiliate/shopdetail/99578277/shopdetail/27013377/pcmypage/shopdetail/25989577 HTTP/1.1" 200 19897 "-" "Mozilla/5.0 (Linux; Android 6.0.1; Nexus 5X Build/MMB29P) AppleWebKit/537.36 (KHTML, like Gecko) Chrome/136.0.7103.59 Mobile Safari/537.36 (compatible; Googlebot/2.1; +http://www.google.com/bot.html)"
66.249.74.14 - - [07/May/2025:14:21:26 -0400] "GET /index.php/pcsp.html/affiliate/shopdetail/99578277/shopdetail/27013377/pcmypage/shopdetail/53791377 HTTP/1.1" 200 19073 "-" "Mozilla/5.0 (Linux; Android 6.0.1; Nexus 5X Build/MMB29P) AppleWebKit/537.36 (KHTML, like Gecko) Chrome/136.0.7103.59 Mobile Safari/537.36 (compatible; Googlebot/2.1; +http://www.google.com/bot.html)"
66.249.74.14 - - [07/May/2025:14:21:27 -0400] "POST /get-message-notify HTTP/1.1" 404 1251 "https://mcprintanddesign.com/index.php/pcsp.html/affiliate/shopdetail/99578277/shopdetail/27013377/pcmypage/product_archives" "Mozilla/5.0 (Linux; Android 6.0.1; Nexus 5X Build/MMB29P) AppleWebKit/537.36 (KHTML, like Gecko) Chrome/135.0.7049.114 Mobile Safari/537.36 (compatible; Googlebot/2.1; +http://www.google.com/bot.html)"
66.249.74.1 - - [07/May/2025:14:21:28 -0400] "GET /index.php/pcsp.html/affiliate/shopdetail/99578277/shopdetail/27013377/pcmypage/shopdetail/1296477 HTTP/1.1" 200 20855 "-" "Mozilla/5.0 (Linux; Android 6.0.1; Nexus 5X Build/MMB29P) AppleWebKit/537.36 (KHTML, like Gecko) Chrome/136.0.7103.59 Mobile Safari/537.36 (compatible; Googlebot/2.1; +http://www.google.com/bot.html)"
66.249.74.1 - - [07/May/2025:14:21:30 -0400] "POST /get-message-notify HTTP/1.1" 404 1251 "https://mcprintanddesign.com/index.php/pcsp.html/affiliate/shopdetail/99578277/shopdetail/27013377/pcmypage/shopdetail/134443577" "Mozilla/5.0 (Linux; Android 6.0.1; Nexus 5X Build/MMB29P) AppleWebKit/537.36 (KHTML, like Gecko) Chrome/135.0.7049.114 Mobile Safari/537.36 (compatible; Googlebot/2.1; +http://www.google.com/bot.html)"
66.249.74.1 - - [07/May/2025:14:21:19 -0400] "POST /get-message-notify HTTP/1.1" 404 1251 "https://mcprintanddesign.com/index.php/pcsp.html/affiliate/shopdetail/99578277/shopdetail/27013377/feature/akihabara_main/index.html" "Mozilla/5.0 (Linux; Android 6.0.1; Nexus 5X Build/MMB29P) AppleWebKit/537.36 (KHTML, like Gecko) Chrome/135.0.7049.114 Mobile Safari/537.36 (compatible; Googlebot/2.1; +http://www.google.com/bot.html)"
66.249.74.15 - - [07/May/2025:14:21:26 -0400] "GET /index.php/pcsp.html/affiliate/shopdetail/99578277/shopdetail/27013377/pcmypage/shopdetail/124625777 HTTP/1.1" 200 19180 "-" "Mozilla/5.0 (Linux; Android 6.0.1; Nexus 5X Build/MMB29P) AppleWebKit/537.36 (KHTML, like Gecko) Chrome/136.0.7103.59 Mobile Safari/537.36 (compatible; Googlebot/2.1; +http://www.google.com/bot.html)"
66.249.74.15 - - [07/May/2025:14:21:26 -0400] "GET /index.php/pcsp.html/affiliate/shopdetail/99578277/shopdetail/27013377/pcmypage/feature/shoplist/index.html HTTP/1.1" 200 19241 "-" "Mozilla/5.0 (Linux; Android 6.0.1; Nexus 5X Build/MMB29P) AppleWebKit/537.36 (KHTML, like Gecko) Chrome/136.0.7103.59 Mobile Safari/537.36 (compatible; Googlebot/2.1; +http://www.google.com/bot.html)"
66.249.74.15 - - [07/May/2025:14:21:28 -0400] "GET /index.php/pcsp.html/affiliate/shopdetail/99578277/shopdetail/27013377/pcmypage/shopdetail/134443577 HTTP/1.1" 200 20111 "-" "Mozilla/5.0 (Linux; Android 6.0.1; Nexus 5X Build/MMB29P) AppleWebKit/537.36 (KHTML, like Gecko) Chrome/136.0.7103.59 Mobile Safari/537.36 (compatible; Googlebot/2.1; +http://www.google.com/bot.html)"
66.249.74.15 - - [07/May/2025:14:21:30 -0400] "GET /index.php/pcsp.html/affiliate/shopdetail/99578277/shopdetail/27013377/pcmypage/shopdetail/77225277 HTTP/1.1" 200 21464 "-" "Mozilla/5.0 (Linux; Android 6.0.1; Nexus 5X Build/MMB29P) AppleWebKit/537.36 (KHTML, like Gecko) Chrome/136.0.7103.59 Mobile Safari/537.36 (compatible; Googlebot/2.1; +http://www.google.com/bot.html)"
66.249.74.14 - - [07/May/2025:14:21:32 -0400] "POST /get-message-notify HTTP/1.1" 404 1251 "https://mcprintanddesign.com/index.php/pcsp.html/affiliate/shopdetail/99578277/shopdetail/27013377/pcmypage/shopdetail/1296477" "Mozilla/5.0 (Linux; Android 6.0.1; Nexus 5X Build/MMB29P) AppleWebKit/537.36 (KHTML, like Gecko) Chrome/135.0.7049.114 Mobile Safari/537.36 (compatible; Googlebot/2.1; +http://www.google.com/bot.html)"
66.249.74.1 - - [07/May/2025:14:21:32 -0400] "GET /index.php/pcsp.html/affiliate/shopdetail/99578277/shopdetail/27013377/pcmypage/product/edit/59792242 HTTP/1.1" 200 19374 "-" "Mozilla/5.0 (Linux; Android 6.0.1; Nexus 5X Build/MMB29P) AppleWebKit/537.36 (KHTML, like Gecko) Chrome/136.0.7103.59 Mobile Safari/537.36 (compatible; Googlebot/2.1; +http://www.google.com/bot.html)"
66.249.74.14 - - [07/May/2025:14:21:33 -0400] "GET /index.php/pcsp.html/affiliate/shopdetail/99578277/shopdetail/27013377/pcmypage/shopdetail/69704677 HTTP/1.1" 200 18637 "-" "Mozilla/5.0 (Linux; Android 6.0.1; Nexus 5X Build/MMB29P) AppleWebKit/537.36 (KHTML, like Gecko) Chrome/136.0.7103.59 Mobile Safari/537.36 (compatible; Googlebot/2.1; +http://www.google.com/bot.html)"
66.249.74.15 - - [07/May/2025:14:21:33 -0400] "GET /index.php/pcsp.html/affiliate/shopdetail/99578277/shopdetail/27013377/pcmypage/hobby.html HTTP/1.1" 200 19269 "-" "Mozilla/5.0 (Linux; Android 6.0.1; Nexus 5X Build/MMB29P) AppleWebKit/537.36 (KHTML, like Gecko) Chrome/136.0.7103.59 Mobile Safari/537.36 (compatible; Googlebot/2.1; +http://www.google.com/bot.html)"
66.249.74.2 - - [07/May/2025:14:21:36 -0400] "GET /index.php/pcsp.html/affiliate/shopdetail/99578277/shopdetail/27013377/pcmypage/shopdetail/150620977 HTTP/1.1" 200 18678 "-" "Mozilla/5.0 (Linux; Android 6.0.1; Nexus 5X Build/MMB29P) AppleWebKit/537.36 (KHTML, like Gecko) Chrome/136.0.7103.59 Mobile Safari/537.36 (compatible; Googlebot/2.1; +http://www.google.com/bot.html)"
66.249.74.2 - - [07/May/2025:14:21:30 -0400] "GET /index.php/pcsp.html/affiliate/shopdetail/99578277/shopdetail/27013377/pcmypage/toiawase HTTP/1.1" 200 19414 "-" "Mozilla/5.0 (Linux; Android 6.0.1; Nexus 5X Build/MMB29P) AppleWebKit/537.36 (KHTML, like Gecko) Chrome/136.0.7103.59 Mobile Safari/537.36 (compatible; Googlebot/2.1; +http://www.google.com/bot.html)"
66.249.74.1 - - [07/May/2025:14:21:31 -0400] "POST /get-message-notify HTTP/1.1" 404 1251 "https://mcprintanddesign.com/index.php/pcsp.html/affiliate/shopdetail/99578277/shopdetail/27013377/pcmypage/toiawase" "Mozilla/5.0 (Linux; Android 6.0.1; Nexus 5X Build/MMB29P) AppleWebKit/537.36 (KHTML, like Gecko) Chrome/135.0.7049.114 Mobile Safari/537.36 (compatible; Googlebot/2.1; +http://www.google.com/bot.html)"
66.249.74.15 - - [07/May/2025:14:21:31 -0400] "GET /index.php/pcsp.html/affiliate/shopdetail/99578277/shopdetail/27013377/pcmypage/feature/sapporo/index.html HTTP/1.1" 200 20265 "-" "Mozilla/5.0 (Linux; Android 6.0.1; Nexus 5X Build/MMB29P) AppleWebKit/537.36 (KHTML, like Gecko) Chrome/136.0.7103.59 Mobile Safari/537.36 (compatible; Googlebot/2.1; +http://www.google.com/bot.html)"
66.249.74.1 - - [07/May/2025:14:21:33 -0400] "POST /get-message-notify HTTP/1.1" 404 1251 "https://mcprintanddesign.com/index.php/pcsp.html/affiliate/shopdetail/99578277/shopdetail/27013377/pcmypage/shopdetail/77225277" "Mozilla/5.0 (Linux; Android 6.0.1; Nexus 5X Build/MMB29P) AppleWebKit/537.36 (KHTML, like Gecko) Chrome/135.0.7049.114 Mobile Safari/537.36 (compatible; Googlebot/2.1; +http://www.google.com/bot.html)"
66.249.74.2 - - [07/May/2025:14:21:33 -0400] "POST /get-message-notify HTTP/1.1" 404 1251 "https://mcprintanddesign.com/index.php/pcsp.html/affiliate/shopdetail/99578277/shopdetail/27013377/pcmypage/feature/sapporo/index.html" "Mozilla/5.0 (Linux; Android 6.0.1; Nexus 5X Build/MMB29P) AppleWebKit/537.36 (KHTML, like Gecko) Chrome/135.0.7049.114 Mobile Safari/537.36 (compatible; Googlebot/2.1; +http://www.google.com/bot.html)"
66.249.74.3 - - [07/May/2025:14:21:34 -0400] "GET /index.php/pcsp.html/affiliate/shopdetail/99578277/shopdetail/27013377/pcmypage/oreka/plamodel_menu.html HTTP/1.1" 200 19507 "-" "Mozilla/5.0 (Linux; Android 6.0.1; Nexus 5X Build/MMB29P) AppleWebKit/537.36 (KHTML, like Gecko) Chrome/136.0.7103.59 Mobile Safari/537.36 (compatible; Googlebot/2.1; +http://www.google.com/bot.html)"
66.249.74.2 - - [07/May/2025:14:21:41 -0400] "POST /get-message-notify HTTP/1.1" 404 1251 "https://mcprintanddesign.com/index.php/pcsp.html/affiliate/shopdetail/99578277/shopdetail/27013377/man/kaitori/kaitoritop.html" "Mozilla/5.0 (Linux; Android 6.0.1; Nexus 5X Build/MMB29P) AppleWebKit/537.36 (KHTML, like Gecko) Chrome/135.0.7049.114 Mobile Safari/537.36 (compatible; Googlebot/2.1; +http://www.google.com/bot.html)"
66.249.74.15 - - [07/May/2025:14:21:41 -0400] "GET /index.php/pcsp.html/affiliate/shopdetail/99578277/shopdetail/27013377/product/edit/53405222 HTTP/1.1" 200 18995 "-" "Mozilla/5.0 (Linux; Android 6.0.1; Nexus 5X Build/MMB29P) AppleWebKit/537.36 (KHTML, like Gecko) Chrome/136.0.7103.59 Mobile Safari/537.36 (compatible; Googlebot/2.1; +http://www.google.com/bot.html)"
66.249.74.14 - - [07/May/2025:14:21:42 -0400] "GET /index.php/pcsp.html/affiliate/shopdetail/99578277/shopdetail/27013377/feature/index.html HTTP/1.1" 200 19151 "-" "Mozilla/5.0 (Linux; Android 6.0.1; Nexus 5X Build/MMB29P) AppleWebKit/537.36 (KHTML, like Gecko) Chrome/136.0.7103.59 Mobile Safari/537.36 (compatible; Googlebot/2.1; +http://www.google.com/bot.html)"
66.249.74.15 - - [07/May/2025:14:21:42 -0400] "GET /index.php/pcsp.html/affiliate/shopdetail/99578277/shopdetail/27013377/pcmypage/feature/osu_main/index.html HTTP/1.1" 200 20064 "-" "Mozilla/5.0 (Linux; Android 6.0.1; Nexus 5X Build/MMB29P) AppleWebKit/537.36 (KHTML, like Gecko) Chrome/136.0.7103.59 Mobile Safari/537.36 (compatible; Googlebot/2.1; +http://www.google.com/bot.html)"
66.249.74.14 - - [07/May/2025:14:21:43 -0400] "POST /get-message-notify HTTP/1.1" 404 1251 "https://mcprintanddesign.com/index.php/pcsp.html/affiliate/shopdetail/99578277/shopdetail/27013377/product/edit/53405222" "Mozilla/5.0 (Linux; Android 6.0.1; Nexus 5X Build/MMB29P) AppleWebKit/537.36 (KHTML, like Gecko) Chrome/135.0.7049.114 Mobile Safari/537.36 (compatible; Googlebot/2.1; +http://www.google.com/bot.html)"
66.249.74.3 - - [07/May/2025:14:21:43 -0400] "GET /index.php/pcsp.html/affiliate/shopdetail/99578277/shopdetail/27013377/man/kaitori/ansin.html HTTP/1.1" 200 19411 "-" "Mozilla/5.0 (Linux; Android 6.0.1; Nexus 5X Build/MMB29P) AppleWebKit/537.36 (KHTML, like Gecko) Chrome/136.0.7103.59 Mobile Safari/537.36 (compatible; Googlebot/2.1; +http://www.google.com/bot.html)"
66.249.74.3 - - [07/May/2025:14:21:44 -0400] "GET /index.php/pcsp.html/affiliate/shopdetail/99578277/shopdetail/27013377/feature/honten/index.html HTTP/1.1" 200 19966 "-" "Mozilla/5.0 (Linux; Android 6.0.1; Nexus 5X Build/MMB29P) AppleWebKit/537.36 (KHTML, like Gecko) Chrome/136.0.7103.59 Mobile Safari/537.36 (compatible; Googlebot/2.1; +http://www.google.com/bot.html)"
66.249.74.14 - - [07/May/2025:14:21:45 -0400] "POST /get-message-notify HTTP/1.1" 404 1251 "https://mcprintanddesign.com/index.php/pcsp.html/affiliate/shopdetail/99578277/shopdetail/27013377/man/kaitori/ansin.html" "Mozilla/5.0 (Linux; Android 6.0.1; Nexus 5X Build/MMB29P) AppleWebKit/537.36 (KHTML, like Gecko) Chrome/135.0.7049.114 Mobile Safari/537.36 (compatible; Googlebot/2.1; +http://www.google.com/bot.html)"
66.249.74.1 - - [07/May/2025:14:22:21 -0400] "GET /index.php/pcsp.html/affiliate/shopdetail/99578277/shopdetail/27013377/pcmypage/shopdetail/21439777 HTTP/1.1" 200 19271 "-" "Mozilla/5.0 (Linux; Android 6.0.1; Nexus 5X Build/MMB29P) AppleWebKit/537.36 (KHTML, like Gecko) Chrome/136.0.7103.59 Mobile Safari/537.36 (compatible; Googlebot/2.1; +http://www.google.com/bot.html)"
66.249.74.15 - - [07/May/2025:14:21:38 -0400] "GET /index.php/pcsp.html/affiliate/shopdetail/99578277/shopdetail/27013377/man/kaitori/kaitoritop.html HTTP/1.1" 200 20915 "-" "Mozilla/5.0 (Linux; Android 6.0.1; Nexus 5X Build/MMB29P) AppleWebKit/537.36 (KHTML, like Gecko) Chrome/136.0.7103.59 Mobile Safari/537.36 (compatible; Googlebot/2.1; +http://www.google.com/bot.html)"
66.249.74.3 - - [07/May/2025:14:21:43 -0400] "GET /index.php/pcsp.html/affiliate/shopdetail/99578277/shopdetail/27013377/pcmypage/shopdetail/17749077 HTTP/1.1" 200 20016 "-" "Mozilla/5.0 (Linux; Android 6.0.1; Nexus 5X Build/MMB29P) AppleWebKit/537.36 (KHTML, like Gecko) Chrome/136.0.7103.59 Mobile Safari/537.36 (compatible; Googlebot/2.1; +http://www.google.com/bot.html)"
66.249.74.2 - - [07/May/2025:14:21:44 -0400] "GET /index.php/pcsp.html/affiliate/shopdetail/99578277/shopdetail/27013377/feature/shoplist-friendly/index.html HTTP/1.1" 200 19651 "-" "Mozilla/5.0 (Linux; Android 6.0.1; Nexus 5X Build/MMB29P) AppleWebKit/537.36 (KHTML, like Gecko) Chrome/136.0.7103.59 Mobile Safari/537.36 (compatible; Googlebot/2.1; +http://www.google.com/bot.html)"
66.249.74.2 - - [07/May/2025:14:21:44 -0400] "GET /index.php/pcsp.html/affiliate/shopdetail/99578277/shopdetail/27013377/pcmypage/shopdetail/123321577 HTTP/1.1" 200 20438 "-" "Mozilla/5.0 (Linux; Android 6.0.1; Nexus 5X Build/MMB29P) AppleWebKit/537.36 (KHTML, like Gecko) Chrome/136.0.7103.59 Mobile Safari/537.36 (compatible; Googlebot/2.1; +http://www.google.com/bot.html)"
66.249.74.14 - - [07/May/2025:14:21:45 -0400] "POST /get-message-notify HTTP/1.1" 404 1251 "https://mcprintanddesign.com/index.php/pcsp.html/affiliate/shopdetail/99578277/shopdetail/27013377/feature/index.html" "Mozilla/5.0 (Linux; Android 6.0.1; Nexus 5X Build/MMB29P) AppleWebKit/537.36 (KHTML, like Gecko) Chrome/135.0.7049.114 Mobile Safari/537.36 (compatible; Googlebot/2.1; +http://www.google.com/bot.html)"
66.249.74.1 - - [07/May/2025:14:21:47 -0400] "POST /get-message-notify HTTP/1.1" 404 1251 "https://mcprintanddesign.com/index.php/pcsp.html/affiliate/shopdetail/99578277/shopdetail/27013377/pcmypage/shopdetail/123321577" "Mozilla/5.0 (Linux; Android 6.0.1; Nexus 5X Build/MMB29P) AppleWebKit/537.36 (KHTML, like Gecko) Chrome/135.0.7049.114 Mobile Safari/537.36 (compatible; Googlebot/2.1; +http://www.google.com/bot.html)"
66.249.74.3 - - [07/May/2025:14:22:22 -0400] "GET /index.php/pcsp.html/affiliate/shopdetail/99578277/shopdetail/27013377/pcmypage/shopdetail/35913077 HTTP/1.1" 200 19772 "-" "Mozilla/5.0 (Linux; Android 6.0.1; Nexus 5X Build/MMB29P) AppleWebKit/537.36 (KHTML, like Gecko) Chrome/136.0.7103.59 Mobile Safari/537.36 (compatible; Googlebot/2.1; +http://www.google.com/bot.html)"
118.195.153.213 - - [07/May/2025:14:35:17 -0400] "GET / HTTP/1.1" 500 0 "http://www.mcprintanddesign.com" "Mozilla/5.0 (iPhone; CPU iPhone OS 13_2_3 like Mac OS X) AppleWebKit/605.1.15 (KHTML, like Gecko) Version/13.0.3 Mobile/15E148 Safari/604.1"
43.157.147.3 - - [07/May/2025:15:17:16 -0400] "GET / HTTP/1.1" 500 0 "http://mcprintanddesign.com" "Mozilla/5.0 (iPhone; CPU iPhone OS 13_2_3 like Mac OS X) AppleWebKit/605.1.15 (KHTML, like Gecko) Version/13.0.3 Mobile/15E148 Safari/604.1"
66.249.74.14 - - [07/May/2025:16:18:17 -0400] "GET /toreka/goods_menu.html HTTP/1.1" 404 1251 "-" "Mozilla/5.0 (Linux; Android 6.0.1; Nexus 5X Build/MMB29P) AppleWebKit/537.36 (KHTML, like Gecko) Chrome/136.0.7103.59 Mobile Safari/537.36 (compatible; Googlebot/2.1; +http://www.google.com/bot.html)"
66.249.74.14 - - [07/May/2025:16:18:27 -0400] "GET /shopdetail/136257677 HTTP/1.1" 404 1251 "-" "Mozilla/5.0 (Linux; Android 6.0.1; Nexus 5X Build/MMB29P) AppleWebKit/537.36 (KHTML, like Gecko) Chrome/136.0.7103.59 Mobile Safari/537.36 (compatible; Googlebot/2.1; +http://www.google.com/bot.html)"
66.249.74.14 - - [07/May/2025:16:18:58 -0400] "GET /index.php/pcsp.html/shopdetail/121302077/shopdetail/54129877/events/ HTTP/1.1" 200 20342 "-" "Mozilla/5.0 (Linux; Android 6.0.1; Nexus 5X Build/MMB29P) AppleWebKit/537.36 (KHTML, like Gecko) Chrome/136.0.7103.59 Mobile Safari/537.36 (compatible; Googlebot/2.1; +http://www.google.com/bot.html)"
66.249.74.1 - - [07/May/2025:16:19:43 -0400] "GET /shopdetail/61414677 HTTP/1.1" 404 1251 "-" "Mozilla/5.0 (Linux; Android 6.0.1; Nexus 5X Build/MMB29P) AppleWebKit/537.36 (KHTML, like Gecko) Chrome/136.0.7103.59 Mobile Safari/537.36 (compatible; Googlebot/2.1; +http://www.google.com/bot.html)"
66.249.74.14 - - [07/May/2025:16:19:55 -0400] "GET /feature/osu_main/index.html HTTP/1.1" 404 1251 "-" "Mozilla/5.0 (Linux; Android 6.0.1; Nexus 5X Build/MMB29P) AppleWebKit/537.36 (KHTML, like Gecko) Chrome/136.0.7103.59 Mobile Safari/537.36 (compatible; Googlebot/2.1; +http://www.google.com/bot.html)"
66.249.74.15 - - [07/May/2025:16:20:05 -0400] "GET /index.phpshopdetail/145584177 HTTP/1.1" 404 1251 "-" "Mozilla/5.0 (Linux; Android 6.0.1; Nexus 5X Build/MMB29P) AppleWebKit/537.36 (KHTML, like Gecko) Chrome/136.0.7103.59 Mobile Safari/537.36 (compatible; Googlebot/2.1; +http://www.google.com/bot.html)"
67.195.161.197 - - [07/May/2025:16:14:45 -0400] "GET / HTTP/1.1" 200 23582 "-" "Mozilla/5.0 (compatible; Yahoo! Slurp; http://help.yahoo.com/help/us/ysearch/slurp)"
66.249.74.14 - - [07/May/2025:16:18:22 -0400] "GET /index.php/pcsp.html/shopdetail/21974677/pcmypage/toreka/goods_menu.html HTTP/1.1" 200 18833 "-" "Mozilla/5.0 (Linux; Android 6.0.1; Nexus 5X Build/MMB29P) AppleWebKit/537.36 (KHTML, like Gecko) Chrome/136.0.7103.59 Mobile Safari/537.36 (compatible; Googlebot/2.1; +http://www.google.com/bot.html)"
66.249.74.14 - - [07/May/2025:16:18:28 -0400] "GET /index.php/pcsp.html/pcmypage/shopdetail/53388377/feature/index.html HTTP/1.1" 200 19324 "-" "Mozilla/5.0 (Linux; Android 6.0.1; Nexus 5X Build/MMB29P) AppleWebKit/537.36 (KHTML, like Gecko) Chrome/136.0.7103.59 Mobile Safari/537.36 (compatible; Googlebot/2.1; +http://www.google.com/bot.html)"
66.249.74.15 - - [07/May/2025:16:20:09 -0400] "GET /index.php/pcsp.html/product_archives/shopdetail/51102377/shopdetail/60196077/avsoft.html HTTP/1.1" 200 20923 "-" "Mozilla/5.0 (Linux; Android 6.0.1; Nexus 5X Build/MMB29P) AppleWebKit/537.36 (KHTML, like Gecko) Chrome/136.0.7103.59 Mobile Safari/537.36 (compatible; Googlebot/2.1; +http://www.google.com/bot.html)"
66.249.74.14 - - [07/May/2025:16:20:12 -0400] "GET /index.php/pcsp.html/product_archives/shopdetail/51102377/shopdetail/60196077/pcmypage HTTP/1.1" 200 21316 "-" "Mozilla/5.0 (Linux; Android 6.0.1; Nexus 5X Build/MMB29P) AppleWebKit/537.36 (KHTML, like Gecko) Chrome/136.0.7103.59 Mobile Safari/537.36 (compatible; Googlebot/2.1; +http://www.google.com/bot.html)"
66.249.74.14 - - [07/May/2025:16:22:48 -0400] "GET /index.php/pcsp.html/shopdetail/121302077/product_archives/recruit/shopdetail/108449677 HTTP/1.1" 200 19340 "-" "Mozilla/5.0 (Linux; Android 6.0.1; Nexus 5X Build/MMB29P) AppleWebKit/537.36 (KHTML, like Gecko) Chrome/136.0.7103.59 Mobile Safari/537.36 (compatible; Googlebot/2.1; +http://www.google.com/bot.html)"
66.249.74.15 - - [07/May/2025:16:27:06 -0400] "GET /index.phpshopdetail/63299277 HTTP/1.1" 404 1251 "-" "Mozilla/5.0 (Linux; Android 6.0.1; Nexus 5X Build/MMB29P) AppleWebKit/537.36 (KHTML, like Gecko) Chrome/136.0.7103.59 Mobile Safari/537.36 (compatible; Googlebot/2.1; +http://www.google.com/bot.html)"
66.249.74.1 - - [07/May/2025:16:21:28 -0400] "GET /index.php/pcsp.html/shopdetail/50005677/toiawase HTTP/1.1" 200 20111 "-" "Mozilla/5.0 (Linux; Android 6.0.1; Nexus 5X Build/MMB29P) AppleWebKit/537.36 (KHTML, like Gecko) Chrome/136.0.7103.59 Mobile Safari/537.36 (compatible; Googlebot/2.1; +http://www.google.com/bot.html)"
66.249.74.14 - - [07/May/2025:16:21:49 -0400] "GET /index.php/pcsp.html/shopdetail/35527577/pcmypage/hobby/boardgame/index.html HTTP/1.1" 200 20342 "-" "Mozilla/5.0 (Linux; Android 6.0.1; Nexus 5X Build/MMB29P) AppleWebKit/537.36 (KHTML, like Gecko) Chrome/136.0.7103.59 Mobile Safari/537.36 (compatible; Googlebot/2.1; +http://www.google.com/bot.html)"
66.249.74.1 - - [07/May/2025:16:25:27 -0400] "GET /index.php/pcsp.html/shopdetail/1329777/product_archives/shopdetail/150403277 HTTP/1.1" 200 19044 "-" "Mozilla/5.0 (Linux; Android 6.0.1; Nexus 5X Build/MMB29P) AppleWebKit/537.36 (KHTML, like Gecko) Chrome/136.0.7103.59 Mobile Safari/537.36 (compatible; Googlebot/2.1; +http://www.google.com/bot.html)"
66.249.74.15 - - [07/May/2025:16:26:58 -0400] "GET /toiawase HTTP/1.1" 404 1251 "-" "Mozilla/5.0 (Linux; Android 6.0.1; Nexus 5X Build/MMB29P) AppleWebKit/537.36 (KHTML, like Gecko) Chrome/136.0.7103.59 Mobile Safari/537.36 (compatible; Googlebot/2.1; +http://www.google.com/bot.html)"
66.249.74.14 - - [07/May/2025:16:27:25 -0400] "GET /index.php/pcsp.html/affiliate/shopdetail/36569277/boyslove.html HTTP/1.1" 200 19421 "-" "Mozilla/5.0 (Linux; Android 6.0.1; Nexus 5X Build/MMB29P) AppleWebKit/537.36 (KHTML, like Gecko) Chrome/136.0.7103.59 Mobile Safari/537.36 (compatible; Googlebot/2.1; +http://www.google.com/bot.html)"
66.249.74.14 - - [07/May/2025:16:39:30 -0400] "POST /get-message-notify HTTP/1.1" 404 1251 "https://mcprintanddesign.com/index.php/pcsp.html/shopdetail/121302077/shopdetail/54129877/events/" "Mozilla/5.0 (Linux; Android 6.0.1; Nexus 5X Build/MMB29P) AppleWebKit/537.36 (KHTML, like Gecko) Chrome/135.0.7049.114 Mobile Safari/537.36 (compatible; Googlebot/2.1; +http://www.google.com/bot.html)"
66.249.74.1 - - [07/May/2025:16:49:27 -0400] "GET /index.php/pcsp.html/shopdetail/121302077/product_archives/recruit/shopdetail/108449677/shopdetail/76072077 HTTP/1.1" 200 19833 "-" "Mozilla/5.0 (Linux; Android 6.0.1; Nexus 5X Build/MMB29P) AppleWebKit/537.36 (KHTML, like Gecko) Chrome/136.0.7103.59 Mobile Safari/537.36 (compatible; Googlebot/2.1; +http://www.google.com/bot.html)"
66.249.74.14 - - [07/May/2025:16:50:08 -0400] "GET /index.php/pcsp.html/shopdetail/121302077/product_archives/recruit/shopdetail/108449677/man/kaitori/kantan.html HTTP/1.1" 200 20647 "-" "Mozilla/5.0 (Linux; Android 6.0.1; Nexus 5X Build/MMB29P) AppleWebKit/537.36 (KHTML, like Gecko) Chrome/136.0.7103.59 Mobile Safari/537.36 (compatible; Googlebot/2.1; +http://www.google.com/bot.html)"
66.249.74.14 - - [07/May/2025:16:50:08 -0400] "GET /index.php/pcsp.html/shopdetail/121302077/product_archives/recruit/shopdetail/108449677/shopdetail/34794177 HTTP/1.1" 200 19366 "-" "Mozilla/5.0 (Linux; Android 6.0.1; Nexus 5X Build/MMB29P) AppleWebKit/537.36 (KHTML, like Gecko) Chrome/136.0.7103.59 Mobile Safari/537.36 (compatible; Googlebot/2.1; +http://www.google.com/bot.html)"
66.249.74.15 - - [07/May/2025:16:50:08 -0400] "GET /index.php/pcsp.html/shopdetail/121302077/product_archives/recruit/shopdetail/108449677/shopdetail/18845477 HTTP/1.1" 200 19832 "-" "Mozilla/5.0 (Linux; Android 6.0.1; Nexus 5X Build/MMB29P) AppleWebKit/537.36 (KHTML, like Gecko) Chrome/136.0.7103.59 Mobile Safari/537.36 (compatible; Googlebot/2.1; +http://www.google.com/bot.html)"
66.249.74.14 - - [07/May/2025:16:50:19 -0400] "GET /index.php/pcsp.html/shopdetail/121302077/product_archives/recruit/shopdetail/108449677/shopdetail/28623977 HTTP/1.1" 200 20036 "-" "Mozilla/5.0 (Linux; Android 6.0.1; Nexus 5X Build/MMB29P) AppleWebKit/537.36 (KHTML, like Gecko) Chrome/136.0.7103.59 Mobile Safari/537.36 (compatible; Googlebot/2.1; +http://www.google.com/bot.html)"
66.249.74.15 - - [07/May/2025:16:49:42 -0400] "POST /get-message-notify HTTP/1.1" 404 1251 "https://mcprintanddesign.com/index.php/pcsp.html/affiliate/shopdetail/36569277/boyslove.html" "Mozilla/5.0 (Linux; Android 6.0.1; Nexus 5X Build/MMB29P) AppleWebKit/537.36 (KHTML, like Gecko) Chrome/135.0.7049.114 Mobile Safari/537.36 (compatible; Googlebot/2.1; +http://www.google.com/bot.html)"
66.249.74.14 - - [07/May/2025:16:50:00 -0400] "GET /index.php/pcsp.html/shopdetail/121302077/product_archives/recruit/shopdetail/108449677/feature/index.html HTTP/1.1" 200 19297 "-" "Mozilla/5.0 (Linux; Android 6.0.1; Nexus 5X Build/MMB29P) AppleWebKit/537.36 (KHTML, like Gecko) Chrome/136.0.7103.59 Mobile Safari/537.36 (compatible; Googlebot/2.1; +http://www.google.com/bot.html)"
66.249.74.15 - - [07/May/2025:16:51:28 -0400] "GET /index.php/pcsp.html/shopdetail/121302077/pcmypage/shopdetail/4937077 HTTP/1.1" 200 19516 "-" "Mozilla/5.0 (Linux; Android 6.0.1; Nexus 5X Build/MMB29P) AppleWebKit/537.36 (KHTML, like Gecko) Chrome/136.0.7103.59 Mobile Safari/537.36 (compatible; Googlebot/2.1; +http://www.google.com/bot.html)"
43.130.67.6 - - [07/May/2025:17:02:31 -0400] "GET / HTTP/1.1" 500 0 "http://www.mcprintanddesign.com" "Mozilla/5.0 (iPhone; CPU iPhone OS 13_2_3 like Mac OS X) AppleWebKit/605.1.15 (KHTML, like Gecko) Version/13.0.3 Mobile/15E148 Safari/604.1"
66.249.74.1 - - [07/May/2025:17:12:45 -0400] "GET /robots.txt HTTP/1.1" 404 1251 "-" "Mozilla/5.0 (compatible; Googlebot/2.1; +http://www.google.com/bot.html)"
66.249.74.1 - - [07/May/2025:17:18:23 -0400] "GET /index.php/pcsp.html/shopdetail/121302077/product_archives/recruit/shopdetail/163540077 HTTP/1.1" 200 20274 "-" "Mozilla/5.0 (Linux; Android 6.0.1; Nexus 5X Build/MMB29P) AppleWebKit/537.36 (KHTML, like Gecko) Chrome/136.0.7103.59 Mobile Safari/537.36 (compatible; Googlebot/2.1; +http://www.google.com/bot.html)"
94.247.172.129 - - [07/May/2025:17:31:54 -0400] "GET / HTTP/1.1" 500 0 "-" "Mozilla/5.0 (Macintosh; Intel Mac OS X 10_9_2)"
66.249.74.1 - - [07/May/2025:17:47:58 -0400] "GET /shopdetail/87060377 HTTP/1.1" 404 1251 "-" "Mozilla/5.0 (Linux; Android 6.0.1; Nexus 5X Build/MMB29P) AppleWebKit/537.36 (KHTML, like Gecko) Chrome/136.0.7103.59 Mobile Safari/537.36 (compatible; Googlebot/2.1; +http://www.google.com/bot.html)"
110.40.186.63 - - [07/May/2025:17:45:04 -0400] "GET / HTTP/1.1" 500 0 "http://mcprintanddesign.com" "Mozilla/5.0 (iPhone; CPU iPhone OS 13_2_3 like Mac OS X) AppleWebKit/605.1.15 (KHTML, like Gecko) Version/13.0.3 Mobile/15E148 Safari/604.1"
66.249.74.14 - - [07/May/2025:17:34:42 -0400] "GET /index.php/pcsp.html/shopdetail/121302077/product_archives/recruit/shopdetail/163540077 HTTP/1.1" 200 20273 "-" "Mozilla/5.0 (Linux; Android 6.0.1; Nexus 5X Build/MMB29P) AppleWebKit/537.36 (KHTML, like Gecko) Chrome/136.0.7103.59 Mobile Safari/537.36 (compatible; Googlebot/2.1; +http://www.google.com/bot.html)"
66.249.74.1 - - [07/May/2025:17:48:25 -0400] "GET /index.php/pcsp.html/affiliate/shopdetail/21356677/cargo/detail/shopdetail/150670777 HTTP/1.1" 200 19407 "-" "Mozilla/5.0 (Linux; Android 6.0.1; Nexus 5X Build/MMB29P) AppleWebKit/537.36 (KHTML, like Gecko) Chrome/136.0.7103.59 Mobile Safari/537.36 (compatible; Googlebot/2.1; +http://www.google.com/bot.html)"
66.249.74.14 - - [07/May/2025:17:48:27 -0400] "POST /get-message-notify HTTP/1.1" 404 1251 "https://mcprintanddesign.com/index.php/pcsp.html/affiliate/shopdetail/21356677/cargo/detail/shopdetail/150670777" "Mozilla/5.0 (Linux; Android 6.0.1; Nexus 5X Build/MMB29P) AppleWebKit/537.36 (KHTML, like Gecko) Chrome/135.0.7049.114 Mobile Safari/537.36 (compatible; Googlebot/2.1; +http://www.google.com/bot.html)"
40.77.167.108 - - [07/May/2025:18:12:03 -0400] "GET /robots.txt HTTP/1.1" 404 1251 "-" "Mozilla/5.0 AppleWebKit/537.36 (KHTML, like Gecko; compatible; bingbot/2.0; +http://www.bing.com/bingbot.htm) Chrome/116.0.1938.76 Safari/537.36"
52.167.144.136 - - [07/May/2025:18:12:15 -0400] "GET /?ND HTTP/1.1" 200 19766 "-" "Mozilla/5.0 AppleWebKit/537.36 (KHTML, like Gecko; compatible; bingbot/2.0; +http://www.bing.com/bingbot.htm) Chrome/116.0.1938.76 Safari/537.36"
66.249.74.1 - - [07/May/2025:18:19:00 -0400] "GET /index.php/pcsp.html/shopdetail/121302077/product/edit/82305078/shopdetail/135975477 HTTP/1.1" 200 19179 "-" "Mozilla/5.0 (Linux; Android 6.0.1; Nexus 5X Build/MMB29P) AppleWebKit/537.36 (KHTML, like Gecko) Chrome/136.0.7103.59 Mobile Safari/537.36 (compatible; Googlebot/2.1; +http://www.google.com/bot.html)"
66.249.74.14 - - [07/May/2025:18:19:52 -0400] "GET /index.phpshopdetail/44627177 HTTP/1.1" 404 1251 "-" "Mozilla/5.0 (Linux; Android 6.0.1; Nexus 5X Build/MMB29P) AppleWebKit/537.36 (KHTML, like Gecko) Chrome/136.0.7103.59 Mobile Safari/537.36 (compatible; Googlebot/2.1; +http://www.google.com/bot.html)"
66.249.74.1 - - [07/May/2025:18:20:13 -0400] "GET /index.phpshopdetail/3466577 HTTP/1.1" 404 1251 "-" "Mozilla/5.0 (Linux; Android 6.0.1; Nexus 5X Build/MMB29P) AppleWebKit/537.36 (KHTML, like Gecko) Chrome/136.0.7103.59 Mobile Safari/537.36 (compatible; Googlebot/2.1; +http://www.google.com/bot.html)"
66.249.74.14 - - [07/May/2025:18:20:20 -0400] "GET /shopdetail/33725377 HTTP/1.1" 404 1251 "-" "Mozilla/5.0 (Linux; Android 6.0.1; Nexus 5X Build/MMB29P) AppleWebKit/537.36 (KHTML, like Gecko) Chrome/136.0.7103.59 Mobile Safari/537.36 (compatible; Googlebot/2.1; +http://www.google.com/bot.html)"
66.249.74.14 - - [07/May/2025:18:20:21 -0400] "GET /shopdetail/55023377 HTTP/1.1" 404 1251 "-" "Mozilla/5.0 (Linux; Android 6.0.1; Nexus 5X Build/MMB29P) AppleWebKit/537.36 (KHTML, like Gecko) Chrome/136.0.7103.59 Mobile Safari/537.36 (compatible; Googlebot/2.1; +http://www.google.com/bot.html)"
40.77.167.108 - - [07/May/2025:18:12:03 -0400] "GET /robots.txt HTTP/1.1" 404 1251 "-" "Mozilla/5.0 AppleWebKit/537.36 (KHTML, like Gecko; compatible; bingbot/2.0; +http://www.bing.com/bingbot.htm) Chrome/116.0.1938.76 Safari/537.36"
66.249.74.15 - - [07/May/2025:18:18:01 -0400] "GET /index.php/pcsp.html/affiliate/shopdetail/15928977/shopdetail/97676577 HTTP/1.1" 200 19300 "-" "Mozilla/5.0 (Linux; Android 6.0.1; Nexus 5X Build/MMB29P) AppleWebKit/537.36 (KHTML, like Gecko) Chrome/136.0.7103.59 Mobile Safari/537.36 (compatible; Googlebot/2.1; +http://www.google.com/bot.html)"
66.249.74.14 - - [07/May/2025:18:19:52 -0400] "GET /books.html HTTP/1.1" 404 1251 "-" "Mozilla/5.0 (Linux; Android 6.0.1; Nexus 5X Build/MMB29P) AppleWebKit/537.36 (KHTML, like Gecko) Chrome/136.0.7103.59 Mobile Safari/537.36 (compatible; Googlebot/2.1; +http://www.google.com/bot.html)"
66.249.74.14 - - [07/May/2025:18:20:13 -0400] "GET /index.phpshopdetail/103795777 HTTP/1.1" 404 1251 "-" "Mozilla/5.0 (Linux; Android 6.0.1; Nexus 5X Build/MMB29P) AppleWebKit/537.36 (KHTML, like Gecko) Chrome/136.0.7103.59 Mobile Safari/537.36 (compatible; Googlebot/2.1; +http://www.google.com/bot.html)"
66.249.74.15 - - [07/May/2025:18:33:44 -0400] "GET /robots.txt HTTP/1.1" 404 1251 "-" "Mozilla/5.0 (compatible; Googlebot/2.1; +http://www.google.com/bot.html)"
66.249.74.14 - - [07/May/2025:18:22:58 -0400] "GET /index.php/pcsp.html/shopdetail/35527577/product_archives/affiliate HTTP/1.1" 200 19281 "-" "Mozilla/5.0 (Linux; Android 6.0.1; Nexus 5X Build/MMB29P) AppleWebKit/537.36 (KHTML, like Gecko) Chrome/136.0.7103.59 Mobile Safari/537.36 (compatible; Googlebot/2.1; +http://www.google.com/bot.html)"
66.249.74.14 - - [07/May/2025:18:23:20 -0400] "POST /get-message-notify HTTP/1.1" 404 1251 "https://mcprintanddesign.com/index.php/pcsp.html/shopdetail/121302077/product/edit/82305078/shopdetail/135975477" "Mozilla/5.0 (Linux; Android 6.0.1; Nexus 5X Build/MMB29P) AppleWebKit/537.36 (KHTML, like Gecko) Chrome/135.0.7049.114 Mobile Safari/537.36 (compatible; Googlebot/2.1; +http://www.google.com/bot.html)"
66.249.74.15 - - [07/May/2025:18:48:33 -0400] "GET /index.php/pcsp.html/shopdetail/50005677/man/kaitori/kantan.html HTTP/1.1" 200 20307 "-" "Mozilla/5.0 (Linux; Android 6.0.1; Nexus 5X Build/MMB29P) AppleWebKit/537.36 (KHTML, like Gecko) Chrome/136.0.7103.59 Mobile Safari/537.36 (compatible; Googlebot/2.1; +http://www.google.com/bot.html)"
66.249.74.14 - - [07/May/2025:18:50:46 -0400] "GET /index.php/pcsp.html/shopdetail/121302077/product/edit/82305078/shopdetail/135975477/shopdetail/116562877 HTTP/1.1" 200 19752 "-" "Mozilla/5.0 (Linux; Android 6.0.1; Nexus 5X Build/MMB29P) AppleWebKit/537.36 (KHTML, like Gecko) Chrome/136.0.7103.59 Mobile Safari/537.36 (compatible; Googlebot/2.1; +http://www.google.com/bot.html)"
54.36.149.43 - - [07/May/2025:19:30:27 -0400] "GET /robots.txt HTTP/1.1" 404 1251 "-" "Mozilla/5.0 (compatible; AhrefsBot/7.0; +http://ahrefs.com/robot/)"
114.119.138.48 - - [07/May/2025:19:39:28 -0400] "GET / HTTP/1.1" 500 0 "https://atomizelink.icu/report/999533" "Mozilla/5.0 (Linux; Android 7.0;) AppleWebKit/537.36 (KHTML, like Gecko) Mobile Safari/537.36 (compatible; PetalBot;+https://webmaster.petalsearch.com/site/petalbot)"