18.224.52.33 - - [07/May/2025:08:41:43 -0400] "GET /hello/function.php?lokasie=%2Fproc%2Fthread-self%2Froot%2Fproc%2Fself%2Froot%2Fproc%2Fthread-self%2Froot%2Fvar%2Fsoftaculous%2Fpodcast%2F%2Fmd5&loknya=%2Fproc%2Fthread-self%2Froot%2Fproc%2Fself%2Froot%2Fproc%2Fthread-self%2Froot%2Fvar%2Fsoftaculous%2Fpodcast%2F HTTP/1.1" 200 3638 "-" "Mozilla/5.0 AppleWebKit/537.36 (KHTML, like Gecko; compatible; ClaudeBot/1.0; +claudebot@anthropic.com)"
18.224.52.33 - - [07/May/2025:08:41:43 -0400] "GET /hello/function.php?lokasie=%2Fproc%2Fthread-self%2Froot%2Fproc%2Fself%2Froot%2Fproc%2Fthread-self%2Froot%2Fvar%2Fsoftaculous%2Fmoodle40%2F%2Finfo.xml&loknya=%2Fproc%2Fthread-self%2Froot%2Fproc%2Fself%2Froot%2Fproc%2Fthread-self%2Froot%2Fvar%2Fsoftaculous%2Fmoodle40%2F HTTP/1.1" 200 2859 "-" "Mozilla/5.0 AppleWebKit/537.36 (KHTML, like Gecko; compatible; ClaudeBot/1.0; +claudebot@anthropic.com)"
18.224.52.33 - - [07/May/2025:08:41:43 -0400] "GET /hello/function.php?lokasie=%2Fproc%2Fthread-self%2Froot%2Fproc%2Fself%2Froot%2Fproc%2Fthread-self%2Froot%2Fvar%2Fsoftaculous%2Flime5%2F%2Finstall.xml&loknya=%2Fproc%2Fthread-self%2Froot%2Fproc%2Fself%2Froot%2Fproc%2Fthread-self%2Froot%2Fvar%2Fsoftaculous%2Flime5%2F HTTP/1.1" 200 2498 "-" "Mozilla/5.0 AppleWebKit/537.36 (KHTML, like Gecko; compatible; ClaudeBot/1.0; +claudebot@anthropic.com)"
18.224.52.33 - - [07/May/2025:08:41:43 -0400] "GET /hello/function.php?lokasie=%2Fproc%2Fthread-self%2Froot%2Fproc%2Fself%2Froot%2Fproc%2Fthread-self%2Froot%2Fvar%2Fsoftaculous%2Fhumhub%2F%2Fmd5&loknya=%2Fproc%2Fthread-self%2Froot%2Fproc%2Fself%2Froot%2Fproc%2Fthread-self%2Froot%2Fvar%2Fsoftaculous%2Fhumhub%2F HTTP/1.1" 200 2496 "-" "Mozilla/5.0 AppleWebKit/537.36 (KHTML, like Gecko; compatible; ClaudeBot/1.0; +claudebot@anthropic.com)"
18.224.52.33 - - [07/May/2025:08:41:44 -0400] "GET /hello/function.php?lokasie=%2Fproc%2Fthread-self%2Froot%2Fproc%2Fself%2Froot%2Fproc%2Fthread-self%2Froot%2Fvar%2Fsoftaculous%2Fcrafty%2F%2Fmd5&loknya=%2Fproc%2Fthread-self%2Froot%2Fproc%2Fself%2Froot%2Fproc%2Fthread-self%2Froot%2Fvar%2Fsoftaculous%2Fcrafty%2F HTTP/1.1" 200 3796 "-" "Mozilla/5.0 AppleWebKit/537.36 (KHTML, like Gecko; compatible; ClaudeBot/1.0; +claudebot@anthropic.com)"
18.224.52.33 - - [07/May/2025:08:41:44 -0400] "GET /hello/function.php?lokasie=%2Fproc%2Fthread-self%2Froot%2Fproc%2Fself%2Froot%2Fproc%2Fthread-self%2Froot%2Fvar%2Fsoftaculous%2Fblesta%2F%2Fdata.zip&loknya=%2Fproc%2Fthread-self%2Froot%2Fproc%2Fself%2Froot%2Fproc%2Fthread-self%2Froot%2Fvar%2Fsoftaculous%2Fblesta%2F HTTP/1.1" 200 1559 "-" "Mozilla/5.0 AppleWebKit/537.36 (KHTML, like Gecko; compatible; ClaudeBot/1.0; +claudebot@anthropic.com)"
18.224.52.33 - - [07/May/2025:08:41:44 -0400] "GET /hello/function.php?lokasie=%2Fproc%2Fthread-self%2Froot%2Fproc%2Fself%2Froot%2Fproc%2Fthread-self%2Froot%2Fvar%2Fsoftaculous%2Fforma%2F%2Fmd5&loknya=%2Fproc%2Fthread-self%2Froot%2Fproc%2Fself%2Froot%2Fproc%2Fthread-self%2Froot%2Fvar%2Fsoftaculous%2Fforma%2F HTTP/1.1" 200 3116 "-" "Mozilla/5.0 AppleWebKit/537.36 (KHTML, like Gecko; compatible; ClaudeBot/1.0; +claudebot@anthropic.com)"
18.224.52.33 - - [07/May/2025:08:41:44 -0400] "GET /hello/function.php?lokasie=%2Fproc%2Fthread-self%2Froot%2Fproc%2Fself%2Froot%2Fproc%2Fthread-self%2Froot%2Fvar%2Fsoftaculous%2Ffaveo%2F%2Fmd5&loknya=%2Fproc%2Fthread-self%2Froot%2Fproc%2Fself%2Froot%2Fproc%2Fthread-self%2Froot%2Fvar%2Fsoftaculous%2Ffaveo%2F HTTP/1.1" 200 3541 "-" "Mozilla/5.0 AppleWebKit/537.36 (KHTML, like Gecko; compatible; ClaudeBot/1.0; +claudebot@anthropic.com)"
18.224.52.33 - - [07/May/2025:08:41:44 -0400] "GET /hello/function.php?lokasie=%2Fproc%2Fthread-self%2Froot%2Fproc%2Fself%2Froot%2Fproc%2Fthread-self%2Froot%2Fvar%2Fsoftaculous%2Fzikula%2F%2F.env.local&loknya=%2Fproc%2Fthread-self%2Froot%2Fproc%2Fself%2Froot%2Fproc%2Fthread-self%2Froot%2Fvar%2Fsoftaculous%2Fzikula%2F HTTP/1.1" 200 1759 "-" "Mozilla/5.0 AppleWebKit/537.36 (KHTML, like Gecko; compatible; ClaudeBot/1.0; +claudebot@anthropic.com)"
18.224.52.33 - - [07/May/2025:08:41:45 -0400] "GET /hello/function.php?lokasie=%2Fproc%2Fthread-self%2Froot%2Fproc%2Fself%2Froot%2Fproc%2Fthread-self%2Froot%2Fvar%2Fsoftaculous%2Fcake%2F%2Fcake.zip&loknya=%2Fproc%2Fthread-self%2Froot%2Fproc%2Fself%2Froot%2Fproc%2Fthread-self%2Froot%2Fvar%2Fsoftaculous%2Fcake%2F HTTP/1.1" 200 1557 "-" "Mozilla/5.0 AppleWebKit/537.36 (KHTML, like Gecko; compatible; ClaudeBot/1.0; +claudebot@anthropic.com)"
18.224.52.33 - - [07/May/2025:08:41:45 -0400] "GET /hello/function.php?lokasie=%2Fproc%2Fthread-self%2Froot%2Fproc%2Fself%2Froot%2Fproc%2Fthread-self%2Froot%2Fvar%2Fsoftaculous%2Fuserspice%2F%2Finfo.xml&loknya=%2Fproc%2Fthread-self%2Froot%2Fproc%2Fself%2Froot%2Fproc%2Fthread-self%2Froot%2Fvar%2Fsoftaculous%2Fuserspice%2F HTTP/1.1" 200 2652 "-" "Mozilla/5.0 AppleWebKit/537.36 (KHTML, like Gecko; compatible; ClaudeBot/1.0; +claudebot@anthropic.com)"
18.224.52.33 - - [07/May/2025:08:41:45 -0400] "GET /hello/function.php?lokasie=%2Fproc%2Fthread-self%2Froot%2Fproc%2Fself%2Froot%2Fproc%2Fthread-self%2Froot%2Fvar%2Fsoftaculous%2Fshopsite%2F%2F.htaccess&loknya=%2Fproc%2Fthread-self%2Froot%2Fproc%2Fself%2Froot%2Fproc%2Fthread-self%2Froot%2Fvar%2Fsoftaculous%2Fshopsite%2F HTTP/1.1" 403 1242 "-" "Mozilla/5.0 AppleWebKit/537.36 (KHTML, like Gecko; compatible; ClaudeBot/1.0; +claudebot@anthropic.com)"
18.224.52.33 - - [07/May/2025:08:41:45 -0400] "GET /hello/function.php?lokasie=%2Fproc%2Fthread-self%2Froot%2Fproc%2Fself%2Froot%2Fproc%2Fthread-self%2Froot%2Fvar%2Fsoftaculous%2Fmt%2F%2Fstyles.css&loknya=%2Fproc%2Fthread-self%2Froot%2Fproc%2Fself%2Froot%2Fproc%2Fthread-self%2Froot%2Fvar%2Fsoftaculous%2Fmt%2F HTTP/1.1" 200 1611 "-" "Mozilla/5.0 AppleWebKit/537.36 (KHTML, like Gecko; compatible; ClaudeBot/1.0; +claudebot@anthropic.com)"
18.224.52.33 - - [07/May/2025:08:41:45 -0400] "GET /hello/function.php?lokasie=%2Fproc%2Fthread-self%2Froot%2Fproc%2Fself%2Froot%2Fproc%2Fthread-self%2Froot%2Fvar%2Fsoftaculous%2Fnextcloud%2F%2Finfo.xml&loknya=%2Fproc%2Fthread-self%2Froot%2Fproc%2Fself%2Froot%2Fproc%2Fthread-self%2Froot%2Fvar%2Fsoftaculous%2Fnextcloud%2F HTTP/1.1" 200 3450 "-" "Mozilla/5.0 AppleWebKit/537.36 (KHTML, like Gecko; compatible; ClaudeBot/1.0; +claudebot@anthropic.com)"
18.224.52.33 - - [07/May/2025:08:41:45 -0400] "GET /hello/function.php?lokasie=%2Fproc%2Fthread-self%2Froot%2Fproc%2Fself%2Froot%2Fproc%2Fthread-self%2Froot%2Fvar%2Fsoftaculous%2Fbagisto%2F%2Fchangelog.txt&loknya=%2Fproc%2Fthread-self%2Froot%2Fproc%2Fself%2Froot%2Fproc%2Fthread-self%2Froot%2Fvar%2Fsoftaculous%2Fbagisto%2F HTTP/1.1" 200 5654 "-" "Mozilla/5.0 AppleWebKit/537.36 (KHTML, like Gecko; compatible; ClaudeBot/1.0; +claudebot@anthropic.com)"
18.224.52.33 - - [07/May/2025:08:41:46 -0400] "GET /hello/function.php?lokasie=%2Fproc%2Fthread-self%2Froot%2Fproc%2Fself%2Froot%2Fproc%2Fthread-self%2Froot%2Fvar%2Fsoftaculous%2Fanchor%2F%2F.htaccess&loknya=%2Fproc%2Fthread-self%2Froot%2Fproc%2Fself%2Froot%2Fproc%2Fthread-self%2Froot%2Fvar%2Fsoftaculous%2Fanchor%2F HTTP/1.1" 403 1242 "-" "Mozilla/5.0 AppleWebKit/537.36 (KHTML, like Gecko; compatible; ClaudeBot/1.0; +claudebot@anthropic.com)"
18.224.52.33 - - [07/May/2025:08:41:43 -0400] "GET /hello/function.php?lokasie=%2Fproc%2Fthread-self%2Froot%2Fproc%2Fself%2Froot%2Fproc%2Fthread-self%2Froot%2Fvar%2Fsoftaculous%2Fyui%2F%2Finstall.xml&loknya=%2Fproc%2Fthread-self%2Froot%2Fproc%2Fself%2Froot%2Fproc%2Fthread-self%2Froot%2Fvar%2Fsoftaculous%2Fyui%2F HTTP/1.1" 200 1630 "-" "Mozilla/5.0 AppleWebKit/537.36 (KHTML, like Gecko; compatible; ClaudeBot/1.0; +claudebot@anthropic.com)"
18.224.52.33 - - [07/May/2025:08:41:43 -0400] "GET /hello/function.php?lokasie=%2Fproc%2Fthread-self%2Froot%2Fproc%2Fself%2Froot%2Fproc%2Fthread-self%2Froot%2Fvar%2Fsoftaculous%2Fphpbb%2F%2Finstall.xml&loknya=%2Fproc%2Fthread-self%2Froot%2Fproc%2Fself%2Froot%2Fproc%2Fthread-self%2Froot%2Fvar%2Fsoftaculous%2Fphpbb%2F HTTP/1.1" 200 2343 "-" "Mozilla/5.0 AppleWebKit/537.36 (KHTML, like Gecko; compatible; ClaudeBot/1.0; +claudebot@anthropic.com)"
18.224.52.33 - - [07/May/2025:08:41:44 -0400] "GET /hello/function.php?lokasie=%2Fproc%2Fthread-self%2Froot%2Fproc%2Fself%2Froot%2Fproc%2Fthread-self%2Froot%2Fvar%2Fsoftaculous%2Fospos%2F%2Fospos.zip&loknya=%2Fproc%2Fthread-self%2Froot%2Fproc%2Fself%2Froot%2Fproc%2Fthread-self%2Froot%2Fvar%2Fsoftaculous%2Fospos%2F HTTP/1.1" 200 1559 "-" "Mozilla/5.0 AppleWebKit/537.36 (KHTML, like Gecko; compatible; ClaudeBot/1.0; +claudebot@anthropic.com)"
18.224.52.33 - - [07/May/2025:08:41:44 -0400] "GET /hello/function.php?lokasie=%2Fproc%2Fthread-self%2Froot%2Fproc%2Fself%2Froot%2Fproc%2Fthread-self%2Froot%2Fvar%2Fsoftaculous%2Fweberp%2F%2Finfo.xml&loknya=%2Fproc%2Fthread-self%2Froot%2Fproc%2Fself%2Froot%2Fproc%2Fthread-self%2Froot%2Fvar%2Fsoftaculous%2Fweberp%2F HTTP/1.1" 200 2589 "-" "Mozilla/5.0 AppleWebKit/537.36 (KHTML, like Gecko; compatible; ClaudeBot/1.0; +claudebot@anthropic.com)"
18.224.52.33 - - [07/May/2025:08:41:44 -0400] "GET /hello/function.php?lokasie=%2Fproc%2Fthread-self%2Froot%2Fproc%2Fself%2Froot%2Fproc%2Fthread-self%2Froot%2Fvar%2Fsoftaculous%2Fframadate%2F%2Finstall.xml&loknya=%2Fproc%2Fthread-self%2Froot%2Fproc%2Fself%2Froot%2Fproc%2Fthread-self%2Froot%2Fvar%2Fsoftaculous%2Fframadate%2F HTTP/1.1" 200 2103 "-" "Mozilla/5.0 AppleWebKit/537.36 (KHTML, like Gecko; compatible; ClaudeBot/1.0; +claudebot@anthropic.com)"
18.224.52.33 - - [07/May/2025:08:41:44 -0400] "GET /hello/function.php?lokasie=%2Fproc%2Fthread-self%2Froot%2Fproc%2Fself%2Froot%2Fproc%2Fthread-self%2Froot%2Fvar%2Fsoftaculous%2Fpopoji%2F%2Fnotes.txt&loknya=%2Fproc%2Fthread-self%2Froot%2Fproc%2Fself%2Froot%2Fproc%2Fthread-self%2Froot%2Fvar%2Fsoftaculous%2Fpopoji%2F HTTP/1.1" 200 1643 "-" "Mozilla/5.0 AppleWebKit/537.36 (KHTML, like Gecko; compatible; ClaudeBot/1.0; +claudebot@anthropic.com)"
18.224.52.33 - - [07/May/2025:08:41:44 -0400] "GET /hello/function.php?lokasie=%2Fproc%2Fthread-self%2Froot%2Fproc%2Fself%2Froot%2Fproc%2Fthread-self%2Froot%2Fvar%2Fsoftaculous%2Fostic14%2F%2Fchangelog.txt&loknya=%2Fproc%2Fthread-self%2Froot%2Fproc%2Fself%2Froot%2Fproc%2Fthread-self%2Froot%2Fvar%2Fsoftaculous%2Fostic14%2F HTTP/1.1" 200 2686 "-" "Mozilla/5.0 AppleWebKit/537.36 (KHTML, like Gecko; compatible; ClaudeBot/1.0; +claudebot@anthropic.com)"
18.224.52.33 - - [07/May/2025:08:41:44 -0400] "GET /hello/function.php?lokasie=%2Fproc%2Fthread-self%2Froot%2Fproc%2Fself%2Froot%2Fproc%2Fthread-self%2Froot%2Fvar%2Fsoftaculous%2Fojs%2F%2Fmd5&loknya=%2Fproc%2Fthread-self%2Froot%2Fproc%2Fself%2Froot%2Fproc%2Fthread-self%2Froot%2Fvar%2Fsoftaculous%2Fojs%2F HTTP/1.1" 200 2156 "-" "Mozilla/5.0 AppleWebKit/537.36 (KHTML, like Gecko; compatible; ClaudeBot/1.0; +claudebot@anthropic.com)"
18.224.52.33 - - [07/May/2025:08:41:45 -0400] "GET /hello/function.php?lokasie=%2Fproc%2Fthread-self%2Froot%2Fproc%2Fself%2Froot%2Fproc%2Fthread-self%2Froot%2Fvar%2Fsoftaculous%2Fcrafty%2F%2Fchangelog.txt&loknya=%2Fproc%2Fthread-self%2Froot%2Fproc%2Fself%2Froot%2Fproc%2Fthread-self%2Froot%2Fvar%2Fsoftaculous%2Fcrafty%2F HTTP/1.1" 200 3266 "-" "Mozilla/5.0 AppleWebKit/537.36 (KHTML, like Gecko; compatible; ClaudeBot/1.0; +claudebot@anthropic.com)"
18.224.52.33 - - [07/May/2025:08:41:45 -0400] "GET /hello/function.php?lokasie=%2Fproc%2Fthread-self%2Froot%2Fproc%2Fself%2Froot%2Fproc%2Fthread-self%2Froot%2Fvar%2Fsoftaculous%2Focart2%2F%2Fmd5&loknya=%2Fproc%2Fthread-self%2Froot%2Fproc%2Fself%2Froot%2Fproc%2Fthread-self%2Froot%2Fvar%2Fsoftaculous%2Focart2%2F HTTP/1.1" 200 2319 "-" "Mozilla/5.0 AppleWebKit/537.36 (KHTML, like Gecko; compatible; ClaudeBot/1.0; +claudebot@anthropic.com)"
18.224.52.33 - - [07/May/2025:08:41:45 -0400] "GET /hello/function.php?lokasie=%2Fproc%2Fthread-self%2Froot%2Fproc%2Fself%2Froot%2Fproc%2Fthread-self%2Froot%2Fvar%2Fsoftaculous%2Fconc85%2F%2FNotes.txt&loknya=%2Fproc%2Fthread-self%2Froot%2Fproc%2Fself%2Froot%2Fproc%2Fthread-self%2Froot%2Fvar%2Fsoftaculous%2Fconc85%2F HTTP/1.1" 200 2802 "-" "Mozilla/5.0 AppleWebKit/537.36 (KHTML, like Gecko; compatible; ClaudeBot/1.0; +claudebot@anthropic.com)"
18.224.52.33 - - [07/May/2025:08:41:45 -0400] "GET /hello/function.php?lokasie=%2Fproc%2Fthread-self%2Froot%2Fproc%2Fself%2Froot%2Fproc%2Fthread-self%2Froot%2Fvar%2Fsoftaculous%2Fostic%2F%2Finstall.xml&loknya=%2Fproc%2Fthread-self%2Froot%2Fproc%2Fself%2Froot%2Fproc%2Fthread-self%2Froot%2Fvar%2Fsoftaculous%2Fostic%2F HTTP/1.1" 200 2247 "-" "Mozilla/5.0 AppleWebKit/537.36 (KHTML, like Gecko; compatible; ClaudeBot/1.0; +claudebot@anthropic.com)"
100.27.153.9 - - [07/May/2025:08:41:45 -0400] "GET /hello/function.php?loknya=/opt/alt/alt-nodejs19/root/usr/share/locale/mun/LC_MESSAGES HTTP/1.1" 200 2021 "-" "Mozilla/5.0 AppleWebKit/537.36 (KHTML, like Gecko; compatible; Amazonbot/0.1; +https://developer.amazon.com/support/amazonbot) Chrome/119.0.6045.214 Safari/537.36"
18.224.52.33 - - [07/May/2025:08:41:46 -0400] "GET /hello/function.php?lokasie=%2Fproc%2Fthread-self%2Froot%2Fproc%2Fself%2Froot%2Fproc%2Fthread-self%2Froot%2Fvar%2Fsoftaculous%2Fampache%2F%2Fnotes.txt&loknya=%2Fproc%2Fthread-self%2Froot%2Fproc%2Fself%2Froot%2Fproc%2Fthread-self%2Froot%2Fvar%2Fsoftaculous%2Fampache%2F HTTP/1.1" 200 1778 "-" "Mozilla/5.0 AppleWebKit/537.36 (KHTML, like Gecko; compatible; ClaudeBot/1.0; +claudebot@anthropic.com)"
18.224.52.33 - - [07/May/2025:08:41:46 -0400] "GET /hello/function.php?lokasie=%2Fproc%2Fthread-self%2Froot%2Fproc%2Fself%2Froot%2Fproc%2Fthread-self%2Froot%2Fvar%2Fsoftaculous%2Ftypo7%2F%2Fmd5&loknya=%2Fproc%2Fthread-self%2Froot%2Fproc%2Fself%2Froot%2Fproc%2Fthread-self%2Froot%2Fvar%2Fsoftaculous%2Ftypo7%2F HTTP/1.1" 200 2640 "-" "Mozilla/5.0 AppleWebKit/537.36 (KHTML, like Gecko; compatible; ClaudeBot/1.0; +claudebot@anthropic.com)"
18.224.52.33 - - [07/May/2025:08:41:46 -0400] "GET /hello/function.php?lokasie=%2Fproc%2Fthread-self%2Froot%2Fproc%2Fself%2Froot%2Fproc%2Fthread-self%2Froot%2Fvar%2Fsoftaculous%2Fvxgb%2F%2Fmd5&loknya=%2Fproc%2Fthread-self%2Froot%2Fproc%2Fself%2Froot%2Fproc%2Fthread-self%2Froot%2Fvar%2Fsoftaculous%2Fvxgb%2F HTTP/1.1" 200 8243 "-" "Mozilla/5.0 AppleWebKit/537.36 (KHTML, like Gecko; compatible; ClaudeBot/1.0; +claudebot@anthropic.com)"
18.224.52.33 - - [07/May/2025:08:41:46 -0400] "GET /hello/function.php?lokasie=%2Fproc%2Fthread-self%2Froot%2Fproc%2Fself%2Froot%2Fproc%2Fthread-self%2Froot%2Fvar%2Fsoftaculous%2Faef%2F%2Finstall.xml&loknya=%2Fproc%2Fthread-self%2Froot%2Fproc%2Fself%2Froot%2Fproc%2Fthread-self%2Froot%2Fvar%2Fsoftaculous%2Faef%2F HTTP/1.1" 200 2041 "-" "Mozilla/5.0 AppleWebKit/537.36 (KHTML, like Gecko; compatible; ClaudeBot/1.0; +claudebot@anthropic.com)"
18.224.52.33 - - [07/May/2025:08:41:46 -0400] "GET /hello/function.php?lokasie=%2Fproc%2Fthread-self%2Froot%2Fproc%2Fself%2Froot%2Fproc%2Fthread-self%2Froot%2Fvar%2Fsoftaculous%2Fadvpoll%2F%2Finstall.xml&loknya=%2Fproc%2Fthread-self%2Froot%2Fproc%2Fself%2Froot%2Fproc%2Fthread-self%2Froot%2Fvar%2Fsoftaculous%2Fadvpoll%2F HTTP/1.1" 200 2174 "-" "Mozilla/5.0 AppleWebKit/537.36 (KHTML, like Gecko; compatible; ClaudeBot/1.0; +claudebot@anthropic.com)"
165.22.53.204 - - [07/May/2025:08:41:46 -0400] "GET /wp-admin/css/ HTTP/1.1" 200 3762 "binance.com" "Mozilla/5.0 (Windows NT 10.0; Win64; x64) AppleWebKit/537.36 (KHTML, like Gecko) Chrome/90.0.4430.85 Safari/537.36"
18.224.52.33 - - [07/May/2025:08:41:45 -0400] "GET /hello/function.php?lokasie=%2Fproc%2Fthread-self%2Froot%2Fproc%2Fself%2Froot%2Fproc%2Fthread-self%2Froot%2Fvar%2Fsoftaculous%2Fattendize%2F%2Fmd5&loknya=%2Fproc%2Fthread-self%2Froot%2Fproc%2Fself%2Froot%2Fproc%2Fthread-self%2Froot%2Fvar%2Fsoftaculous%2Fattendize%2F HTTP/1.1" 200 3734 "-" "Mozilla/5.0 AppleWebKit/537.36 (KHTML, like Gecko; compatible; ClaudeBot/1.0; +claudebot@anthropic.com)"
18.224.52.33 - - [07/May/2025:08:41:46 -0400] "GET /hello/function.php?lokasie=%2Fproc%2Fthread-self%2Froot%2Fproc%2Fself%2Froot%2Fproc%2Fthread-self%2Froot%2Fvar%2Fsoftaculous%2Fforma%2F%2Fchangelog.txt&loknya=%2Fproc%2Fthread-self%2Froot%2Fproc%2Fself%2Froot%2Fproc%2Fthread-self%2Froot%2Fvar%2Fsoftaculous%2Fforma%2F HTTP/1.1" 200 4848 "-" "Mozilla/5.0 AppleWebKit/537.36 (KHTML, like Gecko; compatible; ClaudeBot/1.0; +claudebot@anthropic.com)"
18.224.52.33 - - [07/May/2025:08:41:47 -0400] "GET /hello/function.php?lokasie=%2Fproc%2Fthread-self%2Froot%2Fproc%2Fself%2Froot%2Fproc%2Fthread-self%2Froot%2Fvar%2Fsoftaculous%2Fbuggenie%2F%2F.htaccess&loknya=%2Fproc%2Fthread-self%2Froot%2Fproc%2Fself%2Froot%2Fproc%2Fthread-self%2Froot%2Fvar%2Fsoftaculous%2Fbuggenie%2F HTTP/1.1" 403 1242 "-" "Mozilla/5.0 AppleWebKit/537.36 (KHTML, like Gecko; compatible; ClaudeBot/1.0; +claudebot@anthropic.com)"
18.224.52.33 - - [07/May/2025:08:41:46 -0400] "GET /hello/function.php?lokasie=%2Fproc%2Fthread-self%2Froot%2Fproc%2Fself%2Froot%2Fproc%2Fthread-self%2Froot%2Fvar%2Fsoftaculous%2Fwhmcs83%2F%2Fnotes.txt&loknya=%2Fproc%2Fthread-self%2Froot%2Fproc%2Fself%2Froot%2Fproc%2Fthread-self%2Froot%2Fvar%2Fsoftaculous%2Fwhmcs83%2F HTTP/1.1" 200 2575 "-" "Mozilla/5.0 AppleWebKit/537.36 (KHTML, like Gecko; compatible; ClaudeBot/1.0; +claudebot@anthropic.com)"
18.224.52.33 - - [07/May/2025:08:41:46 -0400] "GET /hello/function.php?lokasie=%2Fproc%2Fthread-self%2Froot%2Fproc%2Fself%2Froot%2Fproc%2Fthread-self%2Froot%2Fvar%2Fsoftaculous%2Fhablator%2F%2Fnotes.txt&loknya=%2Fproc%2Fthread-self%2Froot%2Fproc%2Fself%2Froot%2Fproc%2Fthread-self%2Froot%2Fvar%2Fsoftaculous%2Fhablator%2F HTTP/1.1" 200 1664 "-" "Mozilla/5.0 AppleWebKit/537.36 (KHTML, like Gecko; compatible; ClaudeBot/1.0; +claudebot@anthropic.com)"
18.224.52.33 - - [07/May/2025:08:41:47 -0400] "GET /hello/function.php?lokasie=%2Fproc%2Fthread-self%2Froot%2Fproc%2Fself%2Froot%2Fproc%2Fthread-self%2Froot%2Fvar%2Fsoftaculous%2Fselfoss%2F%2Finfo.xml&loknya=%2Fproc%2Fthread-self%2Froot%2Fproc%2Fself%2Froot%2Fproc%2Fthread-self%2Froot%2Fvar%2Fsoftaculous%2Fselfoss%2F HTTP/1.1" 200 2594 "-" "Mozilla/5.0 AppleWebKit/537.36 (KHTML, like Gecko; compatible; ClaudeBot/1.0; +claudebot@anthropic.com)"
18.224.52.33 - - [07/May/2025:08:41:47 -0400] "GET /hello/function.php?lokasie=%2Fproc%2Fthread-self%2Froot%2Fproc%2Fself%2Froot%2Fproc%2Fthread-self%2Froot%2Fvar%2Fsoftaculous%2Fhizup%2F%2Fconfig.ini&loknya=%2Fproc%2Fthread-self%2Froot%2Fproc%2Fself%2Froot%2Fproc%2Fthread-self%2Froot%2Fvar%2Fsoftaculous%2Fhizup%2F HTTP/1.1" 200 3511 "-" "Mozilla/5.0 AppleWebKit/537.36 (KHTML, like Gecko; compatible; ClaudeBot/1.0; +claudebot@anthropic.com)"
18.224.52.33 - - [07/May/2025:08:41:47 -0400] "GET /hello/function.php?lokasie=%2Fproc%2Fthread-self%2Froot%2Fproc%2Fself%2Froot%2Fproc%2Fthread-self%2Froot%2Fvar%2Fsoftaculous%2Fojs33%2F%2Fupgrade.php&loknya=%2Fproc%2Fthread-self%2Froot%2Fproc%2Fself%2Froot%2Fproc%2Fthread-self%2Froot%2Fvar%2Fsoftaculous%2Fojs33%2F HTTP/1.1" 200 5188 "-" "Mozilla/5.0 AppleWebKit/537.36 (KHTML, like Gecko; compatible; ClaudeBot/1.0; +claudebot@anthropic.com)"
18.224.52.33 - - [07/May/2025:08:41:47 -0400] "GET /hello/function.php?lokasie=%2Fproc%2Fthread-self%2Froot%2Fproc%2Fself%2Froot%2Fproc%2Fthread-self%2Froot%2Fvar%2Fsoftaculous%2Fbolt%2F%2Fmenu.yml&loknya=%2Fproc%2Fthread-self%2Froot%2Fproc%2Fself%2Froot%2Fproc%2Fthread-self%2Froot%2Fvar%2Fsoftaculous%2Fbolt%2F HTTP/1.1" 200 1796 "-" "Mozilla/5.0 AppleWebKit/537.36 (KHTML, like Gecko; compatible; ClaudeBot/1.0; +claudebot@anthropic.com)"
18.224.52.33 - - [07/May/2025:08:41:47 -0400] "GET /hello/function.php?lokasie=%2Fproc%2Fthread-self%2Froot%2Fproc%2Fself%2Froot%2Fproc%2Fthread-self%2Froot%2Fvar%2Fsoftaculous%2Fely%2F%2Finstall.xml&loknya=%2Fproc%2Fthread-self%2Froot%2Fproc%2Fself%2Froot%2Fproc%2Fthread-self%2Froot%2Fvar%2Fsoftaculous%2Fely%2F HTTP/1.1" 200 1688 "-" "Mozilla/5.0 AppleWebKit/537.36 (KHTML, like Gecko; compatible; ClaudeBot/1.0; +claudebot@anthropic.com)"
18.224.52.33 - - [07/May/2025:08:41:48 -0400] "GET /hello/function.php?lokasie=%2Fproc%2Fthread-self%2Froot%2Fproc%2Fself%2Froot%2Fproc%2Fthread-self%2Froot%2Fvar%2Fsoftaculous%2Fhubzilla%2F%2Finstall.xml&loknya=%2Fproc%2Fthread-self%2Froot%2Fproc%2Fself%2Froot%2Fproc%2Fthread-self%2Froot%2Fvar%2Fsoftaculous%2Fhubzilla%2F HTTP/1.1" 200 1919 "-" "Mozilla/5.0 AppleWebKit/537.36 (KHTML, like Gecko; compatible; ClaudeBot/1.0; +claudebot@anthropic.com)"
18.224.52.33 - - [07/May/2025:08:41:48 -0400] "GET /hello/function.php?lokasie=%2Fproc%2Fthread-self%2Froot%2Fproc%2Fself%2Froot%2Fproc%2Fthread-self%2Froot%2Fvar%2Fsoftaculous%2Fhumogen%2F%2Finstall.xml&loknya=%2Fproc%2Fthread-self%2Froot%2Fproc%2Fself%2Froot%2Fproc%2Fthread-self%2Froot%2Fvar%2Fsoftaculous%2Fhumogen%2F HTTP/1.1" 200 2059 "-" "Mozilla/5.0 AppleWebKit/537.36 (KHTML, like Gecko; compatible; ClaudeBot/1.0; +claudebot@anthropic.com)"
18.224.52.33 - - [07/May/2025:08:41:48 -0400] "GET /hello/function.php?lokasie=%2Fproc%2Fthread-self%2Froot%2Fproc%2Fself%2Froot%2Fproc%2Fthread-self%2Froot%2Fvar%2Fsoftaculous%2Fostic14%2F%2Fmd5&loknya=%2Fproc%2Fthread-self%2Froot%2Fproc%2Fself%2Froot%2Fproc%2Fthread-self%2Froot%2Fvar%2Fsoftaculous%2Fostic14%2F HTTP/1.1" 200 2476 "-" "Mozilla/5.0 AppleWebKit/537.36 (KHTML, like Gecko; compatible; ClaudeBot/1.0; +claudebot@anthropic.com)"
18.224.52.33 - - [07/May/2025:08:41:48 -0400] "GET /hello/function.php?lokasie=%2Fproc%2Fthread-self%2Froot%2Fproc%2Fself%2Froot%2Fproc%2Fthread-self%2Froot%2Fvar%2Fsoftaculous%2Fraphael%2F%2Finfo.xml&loknya=%2Fproc%2Fthread-self%2Froot%2Fproc%2Fself%2Froot%2Fproc%2Fthread-self%2Froot%2Fvar%2Fsoftaculous%2Fraphael%2F HTTP/1.1" 200 2336 "-" "Mozilla/5.0 AppleWebKit/537.36 (KHTML, like Gecko; compatible; ClaudeBot/1.0; +claudebot@anthropic.com)"
18.224.52.33 - - [07/May/2025:08:41:48 -0400] "GET /hello/function.php?lokasie=%2Fproc%2Fthread-self%2Froot%2Fproc%2Fself%2Froot%2Fproc%2Fthread-self%2Froot%2Fvar%2Fsoftaculous%2Fomekas%2F%2Finstall.xml&loknya=%2Fproc%2Fthread-self%2Froot%2Fproc%2Fself%2Froot%2Fproc%2Fthread-self%2Froot%2Fvar%2Fsoftaculous%2Fomekas%2F HTTP/1.1" 200 1845 "-" "Mozilla/5.0 AppleWebKit/537.36 (KHTML, like Gecko; compatible; ClaudeBot/1.0; +claudebot@anthropic.com)"
18.224.52.33 - - [07/May/2025:08:41:48 -0400] "GET /hello/function.php?lokasie=%2Fproc%2Fthread-self%2Froot%2Fproc%2Fself%2Froot%2Fproc%2Fthread-self%2Froot%2Fvar%2Fsoftaculous%2Fomeka%2F%2Fedit.xml&loknya=%2Fproc%2Fthread-self%2Froot%2Fproc%2Fself%2Froot%2Fproc%2Fthread-self%2Froot%2Fvar%2Fsoftaculous%2Fomeka%2F HTTP/1.1" 200 1756 "-" "Mozilla/5.0 AppleWebKit/537.36 (KHTML, like Gecko; compatible; ClaudeBot/1.0; +claudebot@anthropic.com)"
18.224.52.33 - - [07/May/2025:08:41:48 -0400] "GET /hello/function.php?lokasie=%2Fproc%2Fthread-self%2Froot%2Fproc%2Fself%2Froot%2Fproc%2Fthread-self%2Froot%2Fvar%2Fsoftaculous%2Fepesi%2F%2Fupgrade.xml&loknya=%2Fproc%2Fthread-self%2Froot%2Fproc%2Fself%2Froot%2Fproc%2Fthread-self%2Froot%2Fvar%2Fsoftaculous%2Fepesi%2F HTTP/1.1" 200 1735 "-" "Mozilla/5.0 AppleWebKit/537.36 (KHTML, like Gecko; compatible; ClaudeBot/1.0; +claudebot@anthropic.com)"
18.224.52.33 - - [07/May/2025:08:41:46 -0400] "GET /hello/function.php?lokasie=%2Fproc%2Fthread-self%2Froot%2Fproc%2Fself%2Froot%2Fproc%2Fthread-self%2Froot%2Fvar%2Fsoftaculous%2Fmoodle311%2F%2Finfo.xml&loknya=%2Fproc%2Fthread-self%2Froot%2Fproc%2Fself%2Froot%2Fproc%2Fthread-self%2Froot%2Fvar%2Fsoftaculous%2Fmoodle311%2F HTTP/1.1" 200 2813 "-" "Mozilla/5.0 AppleWebKit/537.36 (KHTML, like Gecko; compatible; ClaudeBot/1.0; +claudebot@anthropic.com)"
18.224.52.33 - - [07/May/2025:08:41:46 -0400] "GET /hello/function.php?lokasie=%2Fproc%2Fthread-self%2Froot%2Fproc%2Fself%2Froot%2Fproc%2Fthread-self%2Froot%2Fvar%2Fsoftaculous%2Fgoffice62%2F%2Fmd5&loknya=%2Fproc%2Fthread-self%2Froot%2Fproc%2Fself%2Froot%2Fproc%2Fthread-self%2Froot%2Fvar%2Fsoftaculous%2Fgoffice62%2F HTTP/1.1" 200 2760 "-" "Mozilla/5.0 AppleWebKit/537.36 (KHTML, like Gecko; compatible; ClaudeBot/1.0; +claudebot@anthropic.com)"
18.224.52.33 - - [07/May/2025:08:41:47 -0400] "GET /hello/function.php?lokasie=%2Fproc%2Fthread-self%2Froot%2Fproc%2Fself%2Froot%2Fproc%2Fthread-self%2Froot%2Fvar%2Fsoftaculous%2Fseo%2F%2Fedit.xml&loknya=%2Fproc%2Fthread-self%2Froot%2Fproc%2Fself%2Froot%2Fproc%2Fthread-self%2Froot%2Fvar%2Fsoftaculous%2Fseo%2F HTTP/1.1" 200 1757 "-" "Mozilla/5.0 AppleWebKit/537.36 (KHTML, like Gecko; compatible; ClaudeBot/1.0; +claudebot@anthropic.com)"
18.224.52.33 - - [07/May/2025:08:41:47 -0400] "GET /hello/function.php?lokasie=%2Fproc%2Fthread-self%2Froot%2Fproc%2Fself%2Froot%2Fproc%2Fthread-self%2Froot%2Fvar%2Fsoftaculous%2Focportal%2F%2Fmd5&loknya=%2Fproc%2Fthread-self%2Froot%2Fproc%2Fself%2Froot%2Fproc%2Fthread-self%2Froot%2Fvar%2Fsoftaculous%2Focportal%2F HTTP/1.1" 200 2967 "-" "Mozilla/5.0 AppleWebKit/537.36 (KHTML, like Gecko; compatible; ClaudeBot/1.0; +claudebot@anthropic.com)"
18.224.52.33 - - [07/May/2025:08:41:47 -0400] "GET /hello/function.php?lokasie=%2Fvar%2Fsoftaculous%2Fsitepad%2Feditor%2Fsite-inc%2Fimages%2F%2Ftoggle-arrow-2x.png&loknya=%2Fvar%2Fsoftaculous%2Fsitepad%2Feditor%2Fsite-inc%2Fimages%2F HTTP/1.1" 200 1520 "-" "Mozilla/5.0 AppleWebKit/537.36 (KHTML, like Gecko; compatible; ClaudeBot/1.0; +claudebot@anthropic.com)"
18.224.52.33 - - [07/May/2025:08:41:47 -0400] "GET /hello/function.php?lokasie=%2Fproc%2Fthread-self%2Froot%2Fproc%2Fself%2Froot%2Fproc%2Fthread-self%2Froot%2Fvar%2Fsoftaculous%2Fmyadmin%2F%2Finfo.xml&loknya=%2Fproc%2Fthread-self%2Froot%2Fproc%2Fself%2Froot%2Fproc%2Fthread-self%2Froot%2Fvar%2Fsoftaculous%2Fmyadmin%2F HTTP/1.1" 200 2969 "-" "Mozilla/5.0 AppleWebKit/537.36 (KHTML, like Gecko; compatible; ClaudeBot/1.0; +claudebot@anthropic.com)"
18.224.52.33 - - [07/May/2025:08:41:47 -0400] "GET /hello/function.php?lokasie=%2Fproc%2Fthread-self%2Froot%2Fproc%2Fself%2Froot%2Fproc%2Fthread-self%2Froot%2Fvar%2Fsoftaculous%2Figniter%2F%2Finfo.xml&loknya=%2Fproc%2Fthread-self%2Froot%2Fproc%2Fself%2Froot%2Fproc%2Fthread-self%2Froot%2Fvar%2Fsoftaculous%2Figniter%2F HTTP/1.1" 200 3366 "-" "Mozilla/5.0 AppleWebKit/537.36 (KHTML, like Gecko; compatible; ClaudeBot/1.0; +claudebot@anthropic.com)"
18.224.52.33 - - [07/May/2025:08:41:48 -0400] "GET /hello/function.php?lokasie=%2Fproc%2Fthread-self%2Froot%2Fproc%2Fself%2Froot%2Fproc%2Fthread-self%2Froot%2Fvar%2Fsoftaculous%2Ftiki%2F%2Fupgrade.xml&loknya=%2Fproc%2Fthread-self%2Froot%2Fproc%2Fself%2Froot%2Fproc%2Fthread-self%2Froot%2Fvar%2Fsoftaculous%2Ftiki%2F HTTP/1.1" 200 1756 "-" "Mozilla/5.0 AppleWebKit/537.36 (KHTML, like Gecko; compatible; ClaudeBot/1.0; +claudebot@anthropic.com)"
18.224.52.33 - - [07/May/2025:08:41:48 -0400] "GET /hello/function.php?lokasie=%2Fproc%2Fthread-self%2Froot%2Fproc%2Fself%2Froot%2Fproc%2Fthread-self%2Froot%2Fvar%2Fsoftaculous%2Fblesta%2F%2Fupgrade.xml&loknya=%2Fproc%2Fthread-self%2Froot%2Fproc%2Fself%2Froot%2Fproc%2Fthread-self%2Froot%2Fvar%2Fsoftaculous%2Fblesta%2F HTTP/1.1" 200 1708 "-" "Mozilla/5.0 AppleWebKit/537.36 (KHTML, like Gecko; compatible; ClaudeBot/1.0; +claudebot@anthropic.com)"
18.224.52.33 - - [07/May/2025:08:41:48 -0400] "GET /hello/function.php?lokasie=%2Fproc%2Fthread-self%2Froot%2Fproc%2Fself%2Froot%2Fproc%2Fthread-self%2Froot%2Fvar%2Fsoftaculous%2Flepton%2F%2Fedit.xml&loknya=%2Fproc%2Fthread-self%2Froot%2Fproc%2Fself%2Froot%2Fproc%2Fthread-self%2Froot%2Fvar%2Fsoftaculous%2Flepton%2F HTTP/1.1" 200 1755 "-" "Mozilla/5.0 AppleWebKit/537.36 (KHTML, like Gecko; compatible; ClaudeBot/1.0; +claudebot@anthropic.com)"
18.224.52.33 - - [07/May/2025:08:41:48 -0400] "GET /hello/function.php?lokasie=%2Fproc%2Fthread-self%2Froot%2Fproc%2Fself%2Froot%2Fproc%2Fthread-self%2Froot%2Fvar%2Fsoftaculous%2Fhandesk%2F%2F.env&loknya=%2Fproc%2Fthread-self%2Froot%2Fproc%2Fself%2Froot%2Fproc%2Fthread-self%2Froot%2Fvar%2Fsoftaculous%2Fhandesk%2F HTTP/1.1" 200 2193 "-" "Mozilla/5.0 AppleWebKit/537.36 (KHTML, like Gecko; compatible; ClaudeBot/1.0; +claudebot@anthropic.com)"
34.231.118.144 - - [07/May/2025:08:41:49 -0400] "GET /hello/function.php?loknya=/proc/self/root/proc/self/root/opt/plesk/php/7.2 HTTP/1.1" 200 2165 "-" "Mozilla/5.0 AppleWebKit/537.36 (KHTML, like Gecko; compatible; Amazonbot/0.1; +https://developer.amazon.com/support/amazonbot) Chrome/119.0.6045.214 Safari/537.36"
44.195.50.71 - - [07/May/2025:08:41:52 -0400] "GET /hello/function.php?loknya=/opt/alt/alt-nodejs20/root/usr/share/locale/es_ES/LC_MESSAGES HTTP/1.1" 200 2020 "-" "Mozilla/5.0 AppleWebKit/537.36 (KHTML, like Gecko; compatible; Amazonbot/0.1; +https://developer.amazon.com/support/amazonbot) Chrome/119.0.6045.214 Safari/537.36"
52.0.218.219 - - [07/May/2025:08:42:00 -0400] "GET /hello/function.php?lokasie=/proc/thread-self/root/proc/thread-self/root/opt/alt/python27/include/python2.7/structseq.h&loknya=/proc/thread-self/root/proc/thread-self/root/opt/alt/python27/include/python2.7 HTTP/1.1" 200 2130 "-" "Mozilla/5.0 AppleWebKit/537.36 (KHTML, like Gecko; compatible; Amazonbot/0.1; +https://developer.amazon.com/support/amazonbot) Chrome/119.0.6045.214 Safari/537.36"
165.22.53.204 - - [07/May/2025:08:42:07 -0400] "GET /wp-content/uploads/2025/04/ HTTP/1.1" 200 701 "binance.com" "Mozilla/5.0 (Windows NT 10.0; Win64; x64) AppleWebKit/537.36 (KHTML, like Gecko) Chrome/90.0.4430.85 Safari/537.36"
100.28.44.58 - - [07/May/2025:08:42:18 -0400] "GET /hello/function.php?lokasie=/proc/thread-self/root/proc/thread-self/root/lib/node_modules/npm/man/man7/pthreads.7.gz&loknya=/proc/thread-self/root/proc/thread-self/root/lib/node_modules/npm/man/man7 HTTP/1.1" 200 1744 "-" "Mozilla/5.0 AppleWebKit/537.36 (KHTML, like Gecko; compatible; Amazonbot/0.1; +https://developer.amazon.com/support/amazonbot) Chrome/119.0.6045.214 Safari/537.36"
34.196.237.236 - - [07/May/2025:08:42:21 -0400] "GET /hello/function.php?lokasie=/proc/thread-self/root/proc/thread-self/root/lib/node_modules/npm/man/man7/DROP_SERVER.7.gz&loknya=/proc/thread-self/root/proc/thread-self/root/lib/node_modules/npm/man/man7 HTTP/1.1" 200 1753 "-" "Mozilla/5.0 AppleWebKit/537.36 (KHTML, like Gecko; compatible; Amazonbot/0.1; +https://developer.amazon.com/support/amazonbot) Chrome/119.0.6045.214 Safari/537.36"
165.22.53.204 - - [07/May/2025:08:42:24 -0400] "GET /wp-content/upgrade/ HTTP/1.1" 200 694 "binance.com" "Mozilla/5.0 (Windows NT 10.0; Win64; x64) AppleWebKit/537.36 (KHTML, like Gecko) Chrome/90.0.4430.85 Safari/537.36"
34.231.118.144 - - [07/May/2025:08:42:24 -0400] "GET /hello/function.php?loknya=/proc/thread-self/root/opt/alt/alt-nodejs19/root/lib/node_modules/npm/node_modules/gauge HTTP/1.1" 200 2476 "-" "Mozilla/5.0 AppleWebKit/537.36 (KHTML, like Gecko; compatible; Amazonbot/0.1; +https://developer.amazon.com/support/amazonbot) Chrome/119.0.6045.214 Safari/537.36"
3.230.224.6 - - [07/May/2025:08:42:28 -0400] "GET /hello/function.php?loknya=/proc/self/root/proc/thread-self/root/opt/alt/alt-nodejs18/root/lib64/sse2 HTTP/1.1" 200 2053 "-" "Mozilla/5.0 AppleWebKit/537.36 (KHTML, like Gecko; compatible; Amazonbot/0.1; +https://developer.amazon.com/support/amazonbot) Chrome/119.0.6045.214 Safari/537.36"
165.22.53.204 - - [07/May/2025:08:41:56 -0400] "GET /wp-content/uploads/2025/05/ HTTP/1.1" 404 1251 "binance.com" "Mozilla/5.0 (Windows NT 10.0; Win64; x64) AppleWebKit/537.36 (KHTML, like Gecko) Chrome/90.0.4430.85 Safari/537.36"
44.197.76.210 - - [07/May/2025:08:41:56 -0400] "GET /hello/function.php?loknya=/proc/self/root/proc/thread-self/root/proc/thread-self/root/proc/sys/kernel/sched_domain/cpu23 HTTP/1.1" 200 2212 "-" "Mozilla/5.0 AppleWebKit/537.36 (KHTML, like Gecko; compatible; Amazonbot/0.1; +https://developer.amazon.com/support/amazonbot) Chrome/119.0.6045.214 Safari/537.36"
3.89.176.255 - - [07/May/2025:08:42:05 -0400] "GET /hello/function.php?loknya=/proc/self/root/home/thecgapy/mail/teamrabin.com/neil/.AmeriVest HTTP/1.1" 200 2030 "-" "Mozilla/5.0 AppleWebKit/537.36 (KHTML, like Gecko; compatible; Amazonbot/0.1; +https://developer.amazon.com/support/amazonbot) Chrome/119.0.6045.214 Safari/537.36"
54.235.172.108 - - [07/May/2025:08:42:08 -0400] "GET /hello/function.php?loknya=/opt/alt/alt-nodejs9/root/usr/share/locale/enm/ HTTP/1.1" 200 2160 "-" "Mozilla/5.0 AppleWebKit/537.36 (KHTML, like Gecko; compatible; Amazonbot/0.1; +https://developer.amazon.com/support/amazonbot) Chrome/119.0.6045.214 Safari/537.36"
52.202.233.37 - - [07/May/2025:08:42:12 -0400] "GET /hello/function.php?loknya=/proc/thread-self/root/proc/thread-self/root/proc/thread-self/root/opt/alt/python35/lib64/python3.5/test HTTP/1.1" 200 2492 "-" "Mozilla/5.0 AppleWebKit/537.36 (KHTML, like Gecko; compatible; Amazonbot/0.1; +https://developer.amazon.com/support/amazonbot) Chrome/119.0.6045.214 Safari/537.36"
165.22.53.204 - - [07/May/2025:08:42:16 -0400] "GET /wp-content/uploads/ HTTP/1.1" 200 2400 "binance.com" "Mozilla/5.0 (Windows NT 10.0; Win64; x64) AppleWebKit/537.36 (KHTML, like Gecko) Chrome/90.0.4430.85 Safari/537.36"
52.44.174.136 - - [07/May/2025:08:42:32 -0400] "GET /hello/function.php?lokasie=/proc/thread-self/root/opt/alt/python36/lib64/python3.6/idlelib/idle_test/test_autocomplete.py&loknya=/proc/thread-self/root/opt/alt/python36/lib64/python3.6/idlelib/idle_test HTTP/1.1" 200 3286 "-" "Mozilla/5.0 AppleWebKit/537.36 (KHTML, like Gecko; compatible; Amazonbot/0.1; +https://developer.amazon.com/support/amazonbot) Chrome/119.0.6045.214 Safari/537.36"
3.89.176.255 - - [07/May/2025:08:42:40 -0400] "GET /hello/function.php?loknya=/proc/thread-self/root/proc/thread-self/root/proc/thread-self/root/opt/cloudlinux/alt-php74/root/link/ HTTP/1.1" 200 2259 "-" "Mozilla/5.0 AppleWebKit/537.36 (KHTML, like Gecko; compatible; Amazonbot/0.1; +https://developer.amazon.com/support/amazonbot) Chrome/119.0.6045.214 Safari/537.36"
165.22.53.204 - - [07/May/2025:08:42:42 -0400] "GET /wp-admin/includes/ HTTP/1.1" 200 4491 "binance.com" "Mozilla/5.0 (Windows NT 10.0; Win64; x64) AppleWebKit/537.36 (KHTML, like Gecko) Chrome/90.0.4430.85 Safari/537.36"
3.135.190.81 - - [07/May/2025:08:42:50 -0400] "GET /hello/function.php?lokasie=%2Fproc%2Fthread-self%2Froot%2Fproc%2Fself%2Froot%2Fproc%2Fthread-self%2Froot%2Fvar%2Fsoftaculous%2Fgoffice62%2F%2F.htaccess&loknya=%2Fproc%2Fthread-self%2Froot%2Fproc%2Fself%2Froot%2Fproc%2Fthread-self%2Froot%2Fvar%2Fsoftaculous%2Fgoffice62%2F HTTP/1.1" 403 1242 "-" "Mozilla/5.0 AppleWebKit/537.36 (KHTML, like Gecko; compatible; ClaudeBot/1.0; +claudebot@anthropic.com)"
3.135.190.81 - - [07/May/2025:08:42:50 -0400] "GET /hello/function.php?lokasie=%2Fproc%2Fthread-self%2Froot%2Fproc%2Fself%2Froot%2Fproc%2Fthread-self%2Froot%2Fvar%2Fsoftaculous%2Ftypo7%2F%2F.htaccess&loknya=%2Fproc%2Fthread-self%2Froot%2Fproc%2Fself%2Froot%2Fproc%2Fthread-self%2Froot%2Fvar%2Fsoftaculous%2Ftypo7%2F HTTP/1.1" 403 1242 "-" "Mozilla/5.0 AppleWebKit/537.36 (KHTML, like Gecko; compatible; ClaudeBot/1.0; +claudebot@anthropic.com)"
165.22.53.204 - - [07/May/2025:08:42:33 -0400] "GET /wp-content/languages/ HTTP/1.1" 200 776 "binance.com" "Mozilla/5.0 (Windows NT 10.0; Win64; x64) AppleWebKit/537.36 (KHTML, like Gecko) Chrome/90.0.4430.85 Safari/537.36"
23.20.178.124 - - [07/May/2025:08:42:37 -0400] "GET /hello/function.php?lokasie=/proc/thread-self/root/opt/alt/tests/alt-php83-pecl-mongodb_1.18.1-1.el8/tests/bson-document-fromPHP-004.phpt&loknya=/proc/thread-self/root/opt/alt/tests/alt-php83-pecl-mongodb_1.18.1-1.el8/tests HTTP/1.1" 200 2104 "-" "Mozilla/5.0 AppleWebKit/537.36 (KHTML, like Gecko; compatible; Amazonbot/0.1; +https://developer.amazon.com/support/amazonbot) Chrome/119.0.6045.214 Safari/537.36"
34.205.163.103 - - [07/May/2025:08:42:44 -0400] "GET /hello/function.php?lokasie=/proc/thread-self/root/usr/lib/firmware/cirrus//cs35l41-dsp1-spk-prot-10280c4d-spkid1-l0.bin&loknya=/proc/thread-self/root/usr/lib/firmware/cirrus/ HTTP/1.1" 200 1735 "-" "Mozilla/5.0 AppleWebKit/537.36 (KHTML, like Gecko; compatible; Amazonbot/0.1; +https://developer.amazon.com/support/amazonbot) Chrome/119.0.6045.214 Safari/537.36"
165.22.53.204 - - [07/May/2025:08:42:48 -0400] "GET /wp-admin/includes/ HTTP/1.1" 200 4491 "binance.com" "Mozilla/5.0 (Windows NT 10.0; Win64; x64) AppleWebKit/537.36 (KHTML, like Gecko) Chrome/90.0.4430.85 Safari/537.36"
3.135.190.81 - - [07/May/2025:08:42:49 -0400] "GET /hello/function.php?lokasie=%2Fproc%2Fthread-self%2Froot%2Fproc%2Fself%2Froot%2Fproc%2Fthread-self%2Froot%2Fvar%2Fsoftaculous%2Fwebmail%2F%2Fconfig.json&loknya=%2Fproc%2Fthread-self%2Froot%2Fproc%2Fself%2Froot%2Fproc%2Fthread-self%2Froot%2Fvar%2Fsoftaculous%2Fwebmail%2F HTTP/1.1" 200 3661 "-" "Mozilla/5.0 AppleWebKit/537.36 (KHTML, like Gecko; compatible; ClaudeBot/1.0; +claudebot@anthropic.com)"
3.135.190.81 - - [07/May/2025:08:42:49 -0400] "GET /hello/function.php?lokasie=%2Fproc%2Fthread-self%2Froot%2Fproc%2Fself%2Froot%2Fproc%2Fthread-self%2Froot%2Fvar%2Fsoftaculous%2Fsnipeit%2F%2Finfo.xml&loknya=%2Fproc%2Fthread-self%2Froot%2Fproc%2Fself%2Froot%2Fproc%2Fthread-self%2Froot%2Fvar%2Fsoftaculous%2Fsnipeit%2F HTTP/1.1" 200 3537 "-" "Mozilla/5.0 AppleWebKit/537.36 (KHTML, like Gecko; compatible; ClaudeBot/1.0; +claudebot@anthropic.com)"
3.135.190.81 - - [07/May/2025:08:42:49 -0400] "GET /hello/function.php?lokasie=%2Fproc%2Fthread-self%2Froot%2Fproc%2Fself%2Froot%2Fproc%2Fthread-self%2Froot%2Fvar%2Fsoftaculous%2Fqdpm%2F%2Finstall.xml&loknya=%2Fproc%2Fthread-self%2Froot%2Fproc%2Fself%2Froot%2Fproc%2Fthread-self%2Froot%2Fvar%2Fsoftaculous%2Fqdpm%2F HTTP/1.1" 200 1868 "-" "Mozilla/5.0 AppleWebKit/537.36 (KHTML, like Gecko; compatible; ClaudeBot/1.0; +claudebot@anthropic.com)"
54.152.163.42 - - [07/May/2025:08:42:50 -0400] "GET /hello/function.php?loknya=/proc/self/root/home/thecgapy/lscache/5/2 HTTP/1.1" 200 2783 "-" "Mozilla/5.0 AppleWebKit/537.36 (KHTML, like Gecko; compatible; Amazonbot/0.1; +https://developer.amazon.com/support/amazonbot) Chrome/119.0.6045.214 Safari/537.36"
3.135.190.81 - - [07/May/2025:08:42:50 -0400] "GET /hello/function.php?lokasie=%2Fproc%2Fthread-self%2Froot%2Fproc%2Fself%2Froot%2Fproc%2Fthread-self%2Froot%2Fvar%2Fsoftaculous%2Fpyro%2F%2Finfo.xml&loknya=%2Fproc%2Fthread-self%2Froot%2Fproc%2Fself%2Froot%2Fproc%2Fthread-self%2Froot%2Fvar%2Fsoftaculous%2Fpyro%2F HTTP/1.1" 200 2872 "-" "Mozilla/5.0 AppleWebKit/537.36 (KHTML, like Gecko; compatible; ClaudeBot/1.0; +claudebot@anthropic.com)"
3.135.190.81 - - [07/May/2025:08:42:50 -0400] "GET /hello/function.php?lokasie=%2Fproc%2Fthread-self%2Froot%2Fproc%2Fself%2Froot%2Fproc%2Fthread-self%2Froot%2Fvar%2Fsoftaculous%2Fblesta4%2F%2Fupgrade.xml&loknya=%2Fproc%2Fthread-self%2Froot%2Fproc%2Fself%2Froot%2Fproc%2Fthread-self%2Froot%2Fvar%2Fsoftaculous%2Fblesta4%2F HTTP/1.1" 200 1712 "-" "Mozilla/5.0 AppleWebKit/537.36 (KHTML, like Gecko; compatible; ClaudeBot/1.0; +claudebot@anthropic.com)"
3.135.190.81 - - [07/May/2025:08:42:50 -0400] "GET /hello/function.php?lokasie=%2Fproc%2Fthread-self%2Froot%2Fproc%2Fself%2Froot%2Fproc%2Fthread-self%2Froot%2Fvar%2Fsoftaculous%2Fattendize%2F%2F.htaccess&loknya=%2Fproc%2Fthread-self%2Froot%2Fproc%2Fself%2Froot%2Fproc%2Fthread-self%2Froot%2Fvar%2Fsoftaculous%2Fattendize%2F HTTP/1.1" 403 1242 "-" "Mozilla/5.0 AppleWebKit/537.36 (KHTML, like Gecko; compatible; ClaudeBot/1.0; +claudebot@anthropic.com)"
3.135.190.81 - - [07/May/2025:08:42:50 -0400] "GET /hello/function.php?lokasie=%2Fproc%2Fthread-self%2Froot%2Fproc%2Fself%2Froot%2Fproc%2Fthread-self%2Froot%2Fvar%2Fsoftaculous%2Ftiki24%2F%2Fmd5&loknya=%2Fproc%2Fthread-self%2Froot%2Fproc%2Fself%2Froot%2Fproc%2Fthread-self%2Froot%2Fvar%2Fsoftaculous%2Ftiki24%2F HTTP/1.1" 200 2283 "-" "Mozilla/5.0 AppleWebKit/537.36 (KHTML, like Gecko; compatible; ClaudeBot/1.0; +claudebot@anthropic.com)"
3.135.190.81 - - [07/May/2025:08:42:50 -0400] "GET /hello/function.php?lokasie=%2Fproc%2Fthread-self%2Froot%2Fproc%2Fself%2Froot%2Fproc%2Fthread-self%2Froot%2Fvar%2Fsoftaculous%2Fchyrp%2F%2Finfo.xml&loknya=%2Fproc%2Fthread-self%2Froot%2Fproc%2Fself%2Froot%2Fproc%2Fthread-self%2Froot%2Fvar%2Fsoftaculous%2Fchyrp%2F HTTP/1.1" 200 2540 "-" "Mozilla/5.0 AppleWebKit/537.36 (KHTML, like Gecko; compatible; ClaudeBot/1.0; +claudebot@anthropic.com)"
3.135.190.81 - - [07/May/2025:08:42:50 -0400] "GET /hello/function.php?lokasie=%2Fproc%2Fthread-self%2Froot%2Fproc%2Fself%2Froot%2Fproc%2Fthread-self%2Froot%2Fvar%2Fsoftaculous%2Fprado%2F%2Finstall.xml&loknya=%2Fproc%2Fthread-self%2Froot%2Fproc%2Fself%2Froot%2Fproc%2Fthread-self%2Froot%2Fvar%2Fsoftaculous%2Fprado%2F HTTP/1.1" 200 1614 "-" "Mozilla/5.0 AppleWebKit/537.36 (KHTML, like Gecko; compatible; ClaudeBot/1.0; +claudebot@anthropic.com)"
3.135.190.81 - - [07/May/2025:08:42:50 -0400] "GET /hello/function.php?lokasie=%2Fproc%2Fthread-self%2Froot%2Fproc%2Fself%2Froot%2Fproc%2Fthread-self%2Froot%2Fvar%2Fsoftaculous%2Fxms%2F%2Finstall.xml&loknya=%2Fproc%2Fthread-self%2Froot%2Fproc%2Fself%2Froot%2Fproc%2Fthread-self%2Froot%2Fvar%2Fsoftaculous%2Fxms%2F HTTP/1.1" 200 1749 "-" "Mozilla/5.0 AppleWebKit/537.36 (KHTML, like Gecko; compatible; ClaudeBot/1.0; +claudebot@anthropic.com)"
3.135.190.81 - - [07/May/2025:08:42:50 -0400] "GET /hello/function.php?lokasie=%2Fproc%2Fthread-self%2Froot%2Fproc%2Fself%2Froot%2Fproc%2Fthread-self%2Froot%2Fvar%2Fsoftaculous%2Fzen%2F%2Fupgrade.xml&loknya=%2Fproc%2Fthread-self%2Froot%2Fproc%2Fself%2Froot%2Fproc%2Fthread-self%2Froot%2Fvar%2Fsoftaculous%2Fzen%2F HTTP/1.1" 200 1729 "-" "Mozilla/5.0 AppleWebKit/537.36 (KHTML, like Gecko; compatible; ClaudeBot/1.0; +claudebot@anthropic.com)"
3.135.190.81 - - [07/May/2025:08:42:50 -0400] "GET /hello/function.php?lokasie=%2Fproc%2Fthread-self%2Froot%2Fproc%2Fself%2Froot%2Fproc%2Fthread-self%2Froot%2Fvar%2Fsoftaculous%2Fruko%2F%2Finstall.xml&loknya=%2Fproc%2Fthread-self%2Froot%2Fproc%2Fself%2Froot%2Fproc%2Fthread-self%2Froot%2Fvar%2Fsoftaculous%2Fruko%2F HTTP/1.1" 200 1940 "-" "Mozilla/5.0 AppleWebKit/537.36 (KHTML, like Gecko; compatible; ClaudeBot/1.0; +claudebot@anthropic.com)"
3.135.190.81 - - [07/May/2025:08:42:51 -0400] "GET /hello/function.php?lokasie=%2Fproc%2Fthread-self%2Froot%2Fproc%2Fself%2Froot%2Fproc%2Fthread-self%2Froot%2Fvar%2Fsoftaculous%2Fanchor%2F%2Fedit.xml&loknya=%2Fproc%2Fthread-self%2Froot%2Fproc%2Fself%2Froot%2Fproc%2Fthread-self%2Froot%2Fvar%2Fsoftaculous%2Fanchor%2F HTTP/1.1" 200 1758 "-" "Mozilla/5.0 AppleWebKit/537.36 (KHTML, like Gecko; compatible; ClaudeBot/1.0; +claudebot@anthropic.com)"
3.135.190.81 - - [07/May/2025:08:42:51 -0400] "GET /hello/function.php?lokasie=%2Fproc%2Fthread-self%2Froot%2Fproc%2Fself%2Froot%2Fproc%2Fthread-self%2Froot%2Fvar%2Fsoftaculous%2Fphplist%2F%2Fphplist.zip&loknya=%2Fproc%2Fthread-self%2Froot%2Fproc%2Fself%2Froot%2Fproc%2Fthread-self%2Froot%2Fvar%2Fsoftaculous%2Fphplist%2F HTTP/1.1" 200 1563 "-" "Mozilla/5.0 AppleWebKit/537.36 (KHTML, like Gecko; compatible; ClaudeBot/1.0; +claudebot@anthropic.com)"
3.135.190.81 - - [07/May/2025:08:42:51 -0400] "GET /hello/function.php?lokasie=%2Fproc%2Fthread-self%2Froot%2Fproc%2Fself%2Froot%2Fproc%2Fthread-self%2Froot%2Fvar%2Fsoftaculous%2Ftwg%2F%2Finstall.xml&loknya=%2Fproc%2Fthread-self%2Froot%2Fproc%2Fself%2Froot%2Fproc%2Fthread-self%2Froot%2Fvar%2Fsoftaculous%2Ftwg%2F HTTP/1.1" 200 1863 "-" "Mozilla/5.0 AppleWebKit/537.36 (KHTML, like Gecko; compatible; ClaudeBot/1.0; +claudebot@anthropic.com)"
3.135.190.81 - - [07/May/2025:08:42:51 -0400] "GET /hello/function.php?lokasie=%2Fproc%2Fthread-self%2Froot%2Fproc%2Fself%2Froot%2Fproc%2Fthread-self%2Froot%2Fvar%2Fsoftaculous%2Fmahara%2F%2Fedit.xml&loknya=%2Fproc%2Fthread-self%2Froot%2Fproc%2Fself%2Froot%2Fproc%2Fthread-self%2Froot%2Fvar%2Fsoftaculous%2Fmahara%2F HTTP/1.1" 200 1758 "-" "Mozilla/5.0 AppleWebKit/537.36 (KHTML, like Gecko; compatible; ClaudeBot/1.0; +claudebot@anthropic.com)"
3.135.190.81 - - [07/May/2025:08:42:51 -0400] "GET /hello/function.php?lokasie=%2Fproc%2Fthread-self%2Froot%2Fproc%2Fself%2Froot%2Fproc%2Fthread-self%2Froot%2Fvar%2Fsoftaculous%2Fpopoji%2F%2Fmd5&loknya=%2Fproc%2Fthread-self%2Froot%2Fproc%2Fself%2Froot%2Fproc%2Fthread-self%2Froot%2Fvar%2Fsoftaculous%2Fpopoji%2F HTTP/1.1" 200 8915 "-" "Mozilla/5.0 AppleWebKit/537.36 (KHTML, like Gecko; compatible; ClaudeBot/1.0; +claudebot@anthropic.com)"
3.135.190.81 - - [07/May/2025:08:42:51 -0400] "GET /hello/function.php?lokasie=%2Fproc%2Fthread-self%2Froot%2Fproc%2Fself%2Froot%2Fproc%2Fthread-self%2Froot%2Fvar%2Fsoftaculous%2Fostic2%2F%2Fedit.xml&loknya=%2Fproc%2Fthread-self%2Froot%2Fproc%2Fself%2Froot%2Fproc%2Fthread-self%2Froot%2Fvar%2Fsoftaculous%2Fostic2%2F HTTP/1.1" 200 1758 "-" "Mozilla/5.0 AppleWebKit/537.36 (KHTML, like Gecko; compatible; ClaudeBot/1.0; +claudebot@anthropic.com)"
3.135.190.81 - - [07/May/2025:08:42:51 -0400] "GET /hello/function.php?lokasie=%2Fproc%2Fthread-self%2Froot%2Fproc%2Fself%2Froot%2Fproc%2Fthread-self%2Froot%2Fvar%2Fsoftaculous%2Fphplist%2F%2Fupgrade.xml&loknya=%2Fproc%2Fthread-self%2Froot%2Fproc%2Fself%2Froot%2Fproc%2Fthread-self%2Froot%2Fvar%2Fsoftaculous%2Fphplist%2F HTTP/1.1" 200 1768 "-" "Mozilla/5.0 AppleWebKit/537.36 (KHTML, like Gecko; compatible; ClaudeBot/1.0; +claudebot@anthropic.com)"
3.135.190.81 - - [07/May/2025:08:42:52 -0400] "GET /hello/function.php?lokasie=%2Fproc%2Fthread-self%2Froot%2Fproc%2Fself%2Froot%2Fproc%2Fthread-self%2Froot%2Fvar%2Fsoftaculous%2Fkrayin%2F%2Fedit.xml&loknya=%2Fproc%2Fthread-self%2Froot%2Fproc%2Fself%2Froot%2Fproc%2Fthread-self%2Froot%2Fvar%2Fsoftaculous%2Fkrayin%2F HTTP/1.1" 200 1770 "-" "Mozilla/5.0 AppleWebKit/537.36 (KHTML, like Gecko; compatible; ClaudeBot/1.0; +claudebot@anthropic.com)"
3.135.190.81 - - [07/May/2025:08:42:52 -0400] "GET /hello/function.php?lokasie=%2Fproc%2Fthread-self%2Froot%2Fproc%2Fself%2Froot%2Fproc%2Fthread-self%2Froot%2Fvar%2Fsoftaculous%2Ftypo8%2F%2F_upgrade.xml&loknya=%2Fproc%2Fthread-self%2Froot%2Fproc%2Fself%2Froot%2Fproc%2Fthread-self%2Froot%2Fvar%2Fsoftaculous%2Ftypo8%2F HTTP/1.1" 200 1808 "-" "Mozilla/5.0 AppleWebKit/537.36 (KHTML, like Gecko; compatible; ClaudeBot/1.0; +claudebot@anthropic.com)"
3.135.190.81 - - [07/May/2025:08:42:52 -0400] "GET /hello/function.php?lokasie=%2Fproc%2Fthread-self%2Froot%2Fproc%2Fself%2Froot%2Fproc%2Fthread-self%2Froot%2Fvar%2Fsoftaculous%2Fsubrion%2F%2F_upgrade.xml&loknya=%2Fproc%2Fthread-self%2Froot%2Fproc%2Fself%2Froot%2Fproc%2Fthread-self%2Froot%2Fvar%2Fsoftaculous%2Fsubrion%2F HTTP/1.1" 200 1714 "-" "Mozilla/5.0 AppleWebKit/537.36 (KHTML, like Gecko; compatible; ClaudeBot/1.0; +claudebot@anthropic.com)"
3.135.190.81 - - [07/May/2025:08:42:52 -0400] "GET /hello/function.php?lokasie=%2Fproc%2Fthread-self%2Froot%2Fproc%2Fself%2Froot%2Fproc%2Fthread-self%2Froot%2Fvar%2Fsoftaculous%2Fvision%2F%2Finfo.xml&loknya=%2Fproc%2Fthread-self%2Froot%2Fproc%2Fself%2Froot%2Fproc%2Fthread-self%2Froot%2Fvar%2Fsoftaculous%2Fvision%2F HTTP/1.1" 200 3381 "-" "Mozilla/5.0 AppleWebKit/537.36 (KHTML, like Gecko; compatible; ClaudeBot/1.0; +claudebot@anthropic.com)"
3.135.190.81 - - [07/May/2025:08:42:51 -0400] "GET /hello/function.php?lokasie=%2Fproc%2Fthread-self%2Froot%2Fproc%2Fself%2Froot%2Fproc%2Fthread-self%2Froot%2Fvar%2Fsoftaculous%2Fconc8%2F%2FNotes.txt&loknya=%2Fproc%2Fthread-self%2Froot%2Fproc%2Fself%2Froot%2Fproc%2Fthread-self%2Froot%2Fvar%2Fsoftaculous%2Fconc8%2F HTTP/1.1" 200 3113 "-" "Mozilla/5.0 AppleWebKit/537.36 (KHTML, like Gecko; compatible; ClaudeBot/1.0; +claudebot@anthropic.com)"
3.135.190.81 - - [07/May/2025:08:42:51 -0400] "GET /hello/function.php?lokasie=%2Fproc%2Fthread-self%2Froot%2Fproc%2Fself%2Froot%2Fproc%2Fthread-self%2Froot%2Fvar%2Fsoftaculous%2Ftraq%2F%2Finfo.xml&loknya=%2Fproc%2Fthread-self%2Froot%2Fproc%2Fself%2Froot%2Fproc%2Fthread-self%2Froot%2Fvar%2Fsoftaculous%2Ftraq%2F HTTP/1.1" 200 2644 "-" "Mozilla/5.0 AppleWebKit/537.36 (KHTML, like Gecko; compatible; ClaudeBot/1.0; +claudebot@anthropic.com)"
3.135.190.81 - - [07/May/2025:08:42:51 -0400] "GET /hello/function.php?lokasie=%2Fproc%2Fthread-self%2Froot%2Fproc%2Fself%2Froot%2Fproc%2Fthread-self%2Froot%2Fvar%2Fsoftaculous%2Fmoodle27%2F%2Finfo.xml&loknya=%2Fproc%2Fthread-self%2Froot%2Fproc%2Fself%2Froot%2Fproc%2Fthread-self%2Froot%2Fvar%2Fsoftaculous%2Fmoodle27%2F HTTP/1.1" 200 2844 "-" "Mozilla/5.0 AppleWebKit/537.36 (KHTML, like Gecko; compatible; ClaudeBot/1.0; +claudebot@anthropic.com)"
3.135.190.81 - - [07/May/2025:08:42:52 -0400] "GET /hello/function.php?lokasie=%2Fproc%2Fthread-self%2Froot%2Fproc%2Fself%2Froot%2Fproc%2Fthread-self%2Froot%2Fvar%2Fsoftaculous%2Ffeng%2F%2Finstall.xml&loknya=%2Fproc%2Fthread-self%2Froot%2Fproc%2Fself%2Froot%2Fproc%2Fthread-self%2Froot%2Fvar%2Fsoftaculous%2Ffeng%2F HTTP/1.1" 200 2269 "-" "Mozilla/5.0 AppleWebKit/537.36 (KHTML, like Gecko; compatible; ClaudeBot/1.0; +claudebot@anthropic.com)"
3.135.190.81 - - [07/May/2025:08:42:52 -0400] "GET /hello/function.php?lokasie=%2Fproc%2Fthread-self%2Froot%2Fproc%2Fself%2Froot%2Fproc%2Fthread-self%2Froot%2Fvar%2Fsoftaculous%2Fgedview%2F%2Fedit.xml&loknya=%2Fproc%2Fthread-self%2Froot%2Fproc%2Fself%2Froot%2Fproc%2Fthread-self%2Froot%2Fvar%2Fsoftaculous%2Fgedview%2F HTTP/1.1" 200 1763 "-" "Mozilla/5.0 AppleWebKit/537.36 (KHTML, like Gecko; compatible; ClaudeBot/1.0; +claudebot@anthropic.com)"
3.135.190.81 - - [07/May/2025:08:42:52 -0400] "GET /hello/function.php?lokasie=%2Fproc%2Fthread-self%2Froot%2Fproc%2Fself%2Froot%2Fproc%2Fthread-self%2Froot%2Fvar%2Fsoftaculous%2Fwallabag%2F%2Fmd5&loknya=%2Fproc%2Fthread-self%2Froot%2Fproc%2Fself%2Froot%2Fproc%2Fthread-self%2Froot%2Fvar%2Fsoftaculous%2Fwallabag%2F HTTP/1.1" 200 2771 "-" "Mozilla/5.0 AppleWebKit/537.36 (KHTML, like Gecko; compatible; ClaudeBot/1.0; +claudebot@anthropic.com)"
3.218.103.254 - - [07/May/2025:08:42:52 -0400] "GET /hello/function.php?loknya=/proc/thread-self/root/proc/thread-self/root/usr/share/locale/be/ HTTP/1.1" 200 2253 "-" "Mozilla/5.0 AppleWebKit/537.36 (KHTML, like Gecko; compatible; Amazonbot/0.1; +https://developer.amazon.com/support/amazonbot) Chrome/119.0.6045.214 Safari/537.36"
3.135.190.81 - - [07/May/2025:08:42:52 -0400] "GET /hello/function.php?lokasie=%2Fproc%2Fthread-self%2Froot%2Fproc%2Fself%2Froot%2Fproc%2Fthread-self%2Froot%2Fvar%2Fsoftaculous%2Fzwiicms%2F%2Fmd5&loknya=%2Fproc%2Fthread-self%2Froot%2Fproc%2Fself%2Froot%2Fproc%2Fthread-self%2Froot%2Fvar%2Fsoftaculous%2Fzwiicms%2F HTTP/1.1" 200 2970 "-" "Mozilla/5.0 AppleWebKit/537.36 (KHTML, like Gecko; compatible; ClaudeBot/1.0; +claudebot@anthropic.com)"
