Server IP : 192.64.118.117 / Your IP : 52.14.187.136 Web Server : LiteSpeed System : Linux premium56.web-hosting.com 4.18.0-513.24.1.lve.1.el8.x86_64 #1 SMP Thu May 9 15:10:09 UTC 2024 x86_64 User : thecgapy ( 1160) PHP Version : 7.4.33 Disable Function : NONE MySQL : OFF | cURL : ON | WGET : ON | Perl : ON | Python : ON | Sudo : OFF | Pkexec : OFF Directory : /proc/self/root/home/thecgapy/./access-logs/ |
Upload File : |
192.64.118.117 - - [30/Apr/2025:08:16:43 -0400] "POST /wp-cron.php?doing_wp_cron=1746015403.9393889904022216796875 HTTP/1.1" 403 1242 "https://acreditrepaircorp.com/wp-cron.php?doing_wp_cron=1746015403.9393889904022216796875" "WordPress/5.0.18; https://acreditrepaircorp.com"
192.64.118.117 - - [30/Apr/2025:08:18:18 -0400] "POST /wp-cron.php?doing_wp_cron=1746015497.9491798877716064453125 HTTP/1.1" 403 1242 "https://acreditrepaircorp.com/wp-cron.php?doing_wp_cron=1746015497.9491798877716064453125" "WordPress/5.0.18; http://acreditrepaircorp.com"
212.158.159.119 - - [30/Apr/2025:08:18:16 -0400] "GET /wp-login.php HTTP/1.1" 200 4075 "-" "Mozilla/5.0 (Windows NT 6.1; WOW64; rv:18.0) Gecko/20100101 Firefox/18.0"
212.158.159.119 - - [30/Apr/2025:08:18:18 -0400] "POST /wp-login.php HTTP/1.1" 200 4361 "https://acreditrepaircorp.com/wp-login.php" "Mozilla/5.0 (Windows NT 6.1; WOW64; rv:18.0) Gecko/20100101 Firefox/18.0"
162.43.122.144 - - [30/Apr/2025:08:18:21 -0400] "POST /wp-login.php HTTP/1.1" 200 4361 "https://acreditrepaircorp.com/wp-login.php" "Mozilla/5.0 (Windows NT 5.1; Win64; x64) AppleWebKit/537.36 (KHTML, like Gecko) Chrome/60.0.3112.90 Safari/537.36"
35.240.87.100 - - [30/Apr/2025:08:18:23 -0400] "POST /wp-login.php HTTP/1.1" 200 4361 "https://acreditrepaircorp.com/wp-login.php" "Mozilla/5.0 (Windows NT 10.0; Win64; x64; rv:66.0) Gecko/20100101 Firefox/66.0"
193.202.110.29 - - [30/Apr/2025:08:18:37 -0400] "POST /wp-login.php HTTP/1.1" 200 4361 "https://acreditrepaircorp.com/wp-login.php" "Mozilla/5.0 (Linux; Android 10; LM-X420) AppleWebKit/537.36 (KHTML, like Gecko) Chrome/91.0.4472.114 Mobile Safari/537.36"
23.239.16.40 - - [30/Apr/2025:08:18:46 -0400] "POST /wp-login.php HTTP/1.1" 200 4361 "https://acreditrepaircorp.com/wp-login.php" "Mozilla/5.0 (Windows NT 10.0; Win64; x64) AppleWebKit/537.36 (KHTML, like Gecko) Chrome/87.0.4280.141 Safari/537.36"
173.212.221.77 - - [30/Apr/2025:08:19:03 -0400] "GET /wp-login.php HTTP/1.1" 200 4075 "-" "Mozilla/5.0 (Windows NT 10.0; Win64; x64) AppleWebKit/537.36 (KHTML, like Gecko) Chrome/74.0.3729.131 Safari/537.36"
173.212.221.77 - - [30/Apr/2025:08:19:05 -0400] "POST /wp-login.php HTTP/1.1" 200 4361 "https://acreditrepaircorp.com/wp-login.php" "Mozilla/5.0 (Windows NT 10.0; Win64; x64) AppleWebKit/537.36 (KHTML, like Gecko) Chrome/74.0.3729.131 Safari/537.36"
31.220.93.206 - - [30/Apr/2025:08:19:09 -0400] "GET /wp-login.php HTTP/1.1" 200 4075 "-" "Mozilla/5.0 (Windows NT 10.0; Win64; x64; rv:78.0) Gecko/20100101 Firefox/78.0"
34.29.191.227 - - [30/Apr/2025:08:19:11 -0400] "POST /wp-login.php HTTP/1.1" 200 4361 "https://acreditrepaircorp.com/wp-login.php" "Mozilla/5.0 (Windows NT 6.1; WOW64; rv:50.0) Gecko/20100101 Firefox/50.0"
35.240.87.100 - - [30/Apr/2025:08:19:14 -0400] "GET /wp-login.php HTTP/1.1" 200 4075 "-" "Mozilla/5.0 (iPad; CPU OS 14_6 like Mac OS X) AppleWebKit/605.1.15 (KHTML, like Gecko) CriOS/91.0.4472.80 Mobile/15E148 Safari/604.1"
35.240.87.100 - - [30/Apr/2025:08:19:15 -0400] "POST /wp-login.php HTTP/1.1" 200 4361 "https://acreditrepaircorp.com/wp-login.php" "Mozilla/5.0 (iPad; CPU OS 14_6 like Mac OS X) AppleWebKit/605.1.15 (KHTML, like Gecko) CriOS/91.0.4472.80 Mobile/15E148 Safari/604.1"
192.64.118.117 - - [30/Apr/2025:08:19:18 -0400] "POST /wp-cron.php?doing_wp_cron=1746015558.0501639842987060546875 HTTP/1.1" 403 1242 "https://acreditrepaircorp.com/wp-cron.php?doing_wp_cron=1746015558.0501639842987060546875" "WordPress/5.0.18; http://acreditrepaircorp.com"
43.153.36.110 - - [30/Apr/2025:08:20:13 -0400] "GET / HTTP/1.1" 301 0 "http://www.acreditrepaircorp.com" "Mozilla/5.0 (iPhone; CPU iPhone OS 13_2_3 like Mac OS X) AppleWebKit/605.1.15 (KHTML, like Gecko) Version/13.0.3 Mobile/15E148 Safari/604.1"
192.64.118.117 - - [30/Apr/2025:08:20:18 -0400] "POST /wp-cron.php?doing_wp_cron=1746015618.1387319564819335937500 HTTP/1.1" 403 1242 "https://acreditrepaircorp.com/wp-cron.php?doing_wp_cron=1746015618.1387319564819335937500" "WordPress/5.0.18; https://acreditrepaircorp.com"
85.208.96.205 - - [30/Apr/2025:08:16:42 -0400] "GET /29879wmag2161e59cqg8df8ca88 HTTP/1.1" 404 10375 "-" "Mozilla/5.0 (compatible; SemrushBot/7~bl; +http://www.semrush.com/bot.html)"
162.43.122.144 - - [30/Apr/2025:08:18:18 -0400] "GET /wp-login.php HTTP/1.1" 200 4075 "-" "Mozilla/5.0 (Windows NT 5.1; Win64; x64) AppleWebKit/537.36 (KHTML, like Gecko) Chrome/60.0.3112.90 Safari/537.36"
35.240.87.100 - - [30/Apr/2025:08:18:19 -0400] "GET /wp-login.php HTTP/1.1" 200 4075 "-" "Mozilla/5.0 (Windows NT 10.0; Win64; x64; rv:66.0) Gecko/20100101 Firefox/66.0"
193.202.110.29 - - [30/Apr/2025:08:18:34 -0400] "GET /wp-login.php HTTP/1.1" 200 4075 "-" "Mozilla/5.0 (Linux; Android 10; LM-X420) AppleWebKit/537.36 (KHTML, like Gecko) Chrome/91.0.4472.114 Mobile Safari/537.36"
23.239.16.40 - - [30/Apr/2025:08:18:42 -0400] "GET /wp-login.php HTTP/1.1" 200 4075 "-" "Mozilla/5.0 (Windows NT 10.0; Win64; x64) AppleWebKit/537.36 (KHTML, like Gecko) Chrome/87.0.4280.141 Safari/537.36"
46.183.27.204 - - [30/Apr/2025:08:18:46 -0400] "GET /wp-login.php HTTP/1.1" 200 4075 "-" "Mozilla/5.0 (Windows NT 6.1; Win64; x64) AppleWebKit/537.36 (KHTML, like Gecko) Chrome/69.0.3497.100 Safari/537.36"
46.183.27.204 - - [30/Apr/2025:08:18:51 -0400] "POST /wp-login.php HTTP/1.1" 200 4361 "https://acreditrepaircorp.com/wp-login.php" "Mozilla/5.0 (Windows NT 6.1; Win64; x64) AppleWebKit/537.36 (KHTML, like Gecko) Chrome/69.0.3497.100 Safari/537.36"
34.29.191.227 - - [30/Apr/2025:08:19:09 -0400] "GET /wp-login.php HTTP/1.1" 200 4075 "-" "Mozilla/5.0 (Windows NT 6.1; WOW64; rv:50.0) Gecko/20100101 Firefox/50.0"
31.220.93.206 - - [30/Apr/2025:08:19:11 -0400] "POST /wp-login.php HTTP/1.1" 200 4361 "https://acreditrepaircorp.com/wp-login.php" "Mozilla/5.0 (Windows NT 10.0; Win64; x64; rv:78.0) Gecko/20100101 Firefox/78.0"
103.159.51.29 - - [30/Apr/2025:08:19:17 -0400] "GET /wp-login.php HTTP/1.1" 200 4075 "-" "Mozilla/5.0 (Windows NT 6.1; WOW64; rv:47.0) Gecko/20100101 Firefox/47.0"
103.159.51.29 - - [30/Apr/2025:08:19:19 -0400] "POST /wp-login.php HTTP/1.1" 200 4361 "https://acreditrepaircorp.com/wp-login.php" "Mozilla/5.0 (Windows NT 6.1; WOW64; rv:47.0) Gecko/20100101 Firefox/47.0"
185.191.171.18 - - [30/Apr/2025:08:19:34 -0400] "GET /525stqdeba7aaaqt9c41170 HTTP/1.1" 404 10373 "-" "Mozilla/5.0 (compatible; SemrushBot/7~bl; +http://www.semrush.com/bot.html)"
43.153.36.110 - - [30/Apr/2025:08:20:16 -0400] "GET / HTTP/1.1" 200 19126 "https://www.acreditrepaircorp.com/" "Mozilla/5.0 (iPhone; CPU iPhone OS 13_2_3 like Mac OS X) AppleWebKit/605.1.15 (KHTML, like Gecko) Version/13.0.3 Mobile/15E148 Safari/604.1"
192.64.118.117 - - [30/Apr/2025:08:26:09 -0400] "POST /wp-cron.php?doing_wp_cron=1746015969.0417499542236328125000 HTTP/1.1" 403 1242 "https://acreditrepaircorp.com/wp-cron.php?doing_wp_cron=1746015969.0417499542236328125000" "WordPress/5.0.18; https://acreditrepaircorp.com"
85.208.96.206 - - [30/Apr/2025:08:26:07 -0400] "GET /7110afwp47bf9xw04a966 HTTP/1.1" 404 10376 "-" "Mozilla/5.0 (compatible; SemrushBot/7~bl; +http://www.semrush.com/bot.html)"
185.191.171.1 - - [30/Apr/2025:08:28:20 -0400] "GET /13671hjtc4582gc4462 HTTP/1.1" 404 10372 "-" "Mozilla/5.0 (compatible; SemrushBot/7~bl; +http://www.semrush.com/bot.html)"
185.191.171.12 - - [30/Apr/2025:08:28:59 -0400] "GET /robots.txt HTTP/1.1" 200 118 "-" "Mozilla/5.0 (compatible; SemrushBot/7~bl; +http://www.semrush.com/bot.html)"
192.64.118.117 - - [30/Apr/2025:08:31:02 -0400] "POST /wp-cron.php?doing_wp_cron=1746016262.6460230350494384765625 HTTP/1.1" 403 1242 "https://acreditrepaircorp.com/wp-cron.php?doing_wp_cron=1746016262.6460230350494384765625" "WordPress/5.0.18; https://acreditrepaircorp.com"
185.191.171.4 - - [30/Apr/2025:08:31:01 -0400] "GET /21122pytsd50vt7712 HTTP/1.1" 404 10373 "-" "Mozilla/5.0 (compatible; SemrushBot/7~bl; +http://www.semrush.com/bot.html)"
192.64.118.117 - - [30/Apr/2025:08:32:41 -0400] "POST /wp-cron.php?doing_wp_cron=1746016361.5324649810791015625000 HTTP/1.1" 403 1242 "https://acreditrepaircorp.com/wp-cron.php?doing_wp_cron=1746016361.5324649810791015625000" "WordPress/5.0.18; https://acreditrepaircorp.com"
185.191.171.9 - - [30/Apr/2025:08:32:35 -0400] "GET /21606yoyc2ae67lyd02fb2 HTTP/1.1" 404 10374 "-" "Mozilla/5.0 (compatible; SemrushBot/7~bl; +http://www.semrush.com/bot.html)"
54.156.124.2 - - [30/Apr/2025:08:32:37 -0400] "GET /about/ HTTP/1.1" 200 12559 "-" "Mozilla/5.0 AppleWebKit/537.36 (KHTML, like Gecko; compatible; Amazonbot/0.1; +https://developer.amazon.com/support/amazonbot) Chrome/119.0.6045.214 Safari/537.36"
192.64.118.117 - - [30/Apr/2025:08:34:56 -0400] "POST /wp-cron.php?doing_wp_cron=1746016496.0469250679016113281250 HTTP/1.1" 403 1242 "https://acreditrepaircorp.com/wp-cron.php?doing_wp_cron=1746016496.0469250679016113281250" "WordPress/5.0.18; https://acreditrepaircorp.com"
85.208.96.195 - - [30/Apr/2025:08:34:52 -0400] "GET /23238bmove0a08fof6d155 HTTP/1.1" 404 10376 "-" "Mozilla/5.0 (compatible; SemrushBot/7~bl; +http://www.semrush.com/bot.html)"
192.64.118.117 - - [30/Apr/2025:08:39:18 -0400] "POST /wp-cron.php?doing_wp_cron=1746016758.0457611083984375000000 HTTP/1.1" 403 1242 "https://acreditrepaircorp.com/wp-cron.php?doing_wp_cron=1746016758.0457611083984375000000" "WordPress/5.0.18; https://acreditrepaircorp.com"
192.64.118.117 - - [30/Apr/2025:08:28:22 -0400] "POST /wp-cron.php?doing_wp_cron=1746016102.4477710723876953125000 HTTP/1.1" 403 1242 "https://acreditrepaircorp.com/wp-cron.php?doing_wp_cron=1746016102.4477710723876953125000" "WordPress/5.0.18; https://acreditrepaircorp.com"
85.208.96.199 - - [30/Apr/2025:08:28:59 -0400] "GET /15174tumd7810dbmcb6213 HTTP/1.1" 404 10375 "-" "Mozilla/5.0 (compatible; SemrushBot/7~bl; +http://www.semrush.com/bot.html)"
192.64.118.117 - - [30/Apr/2025:08:32:43 -0400] "POST /wp-cron.php?doing_wp_cron=1746016363.2315609455108642578125 HTTP/1.1" 403 1242 "https://acreditrepaircorp.com/wp-cron.php?doing_wp_cron=1746016363.2315609455108642578125" "WordPress/5.0.18; https://acreditrepaircorp.com"
185.191.171.19 - - [30/Apr/2025:08:33:26 -0400] "GET /18621tlav676f963qlbb9632f HTTP/1.1" 404 10374 "-" "Mozilla/5.0 (compatible; SemrushBot/7~bl; +http://www.semrush.com/bot.html)"
192.64.118.117 - - [30/Apr/2025:08:37:21 -0400] "POST /wp-cron.php?doing_wp_cron=1746016641.4269850254058837890625 HTTP/1.1" 403 1242 "https://acreditrepaircorp.com/wp-cron.php?doing_wp_cron=1746016641.4269850254058837890625" "WordPress/5.0.18; https://acreditrepaircorp.com"
85.208.96.210 - - [30/Apr/2025:08:37:17 -0400] "GET /479pxopfc0f28e6wpceaf9f4f HTTP/1.1" 404 10372 "-" "Mozilla/5.0 (compatible; SemrushBot/7~bl; +http://www.semrush.com/bot.html)"
185.191.171.11 - - [30/Apr/2025:08:37:34 -0400] "GET /24487kkdwa0c60cgw652f96 HTTP/1.1" 404 10373 "-" "Mozilla/5.0 (compatible; SemrushBot/7~bl; +http://www.semrush.com/bot.html)"
185.191.171.3 - - [30/Apr/2025:08:39:16 -0400] "GET /13638edwld0718zw79e389 HTTP/1.1" 404 10372 "-" "Mozilla/5.0 (compatible; SemrushBot/7~bl; +http://www.semrush.com/bot.html)"
192.64.118.117 - - [30/Apr/2025:08:43:41 -0400] "POST /wp-cron.php?doing_wp_cron=1746017021.5309169292449951171875 HTTP/1.1" 403 1242 "https://acreditrepaircorp.com/wp-cron.php?doing_wp_cron=1746017021.5309169292449951171875" "WordPress/5.0.18; https://acreditrepaircorp.com"
85.208.96.195 - - [30/Apr/2025:08:43:37 -0400] "GET /1164fknsf2ff22b HTTP/1.1" 404 10369 "-" "Mozilla/5.0 (compatible; SemrushBot/7~bl; +http://www.semrush.com/bot.html)"
192.64.118.117 - - [30/Apr/2025:08:45:47 -0400] "POST /wp-cron.php?doing_wp_cron=1746017147.0286900997161865234375 HTTP/1.1" 403 1242 "https://acreditrepaircorp.com/wp-cron.php?doing_wp_cron=1746017147.0286900997161865234375" "WordPress/5.0.18; https://acreditrepaircorp.com"
85.208.96.195 - - [30/Apr/2025:08:47:01 -0400] "GET /8308iglo3214zi96937 HTTP/1.1" 404 10375 "-" "Mozilla/5.0 (compatible; SemrushBot/7~bl; +http://www.semrush.com/bot.html)"
185.191.171.11 - - [30/Apr/2025:08:47:24 -0400] "GET /11475yoyc7418uc28c3 HTTP/1.1" 404 10373 "-" "Mozilla/5.0 (compatible; SemrushBot/7~bl; +http://www.semrush.com/bot.html)"
185.191.171.18 - - [30/Apr/2025:08:45:42 -0400] "GET /21430ldya5797a70ry3ebf0d84 HTTP/1.1" 404 10374 "-" "Mozilla/5.0 (compatible; SemrushBot/7~bl; +http://www.semrush.com/bot.html)"
192.64.118.117 - - [30/Apr/2025:08:47:05 -0400] "POST /wp-cron.php?doing_wp_cron=1746017225.2286019325256347656250 HTTP/1.1" 403 1242 "https://acreditrepaircorp.com/wp-cron.php?doing_wp_cron=1746017225.2286019325256347656250" "WordPress/5.0.18; https://acreditrepaircorp.com"
192.64.118.117 - - [30/Apr/2025:09:03:46 -0400] "POST /wp-cron.php?doing_wp_cron=1746018226.5459189414978027343750 HTTP/1.1" 403 1242 "https://acreditrepaircorp.com/wp-cron.php?doing_wp_cron=1746018226.5459189414978027343750" "WordPress/5.0.18; https://acreditrepaircorp.com"
192.64.118.117 - - [30/Apr/2025:08:59:45 -0400] "POST /wp-cron.php?doing_wp_cron=1746017985.2291910648345947265625 HTTP/1.1" 403 1242 "https://acreditrepaircorp.com/wp-cron.php?doing_wp_cron=1746017985.2291910648345947265625" "WordPress/5.0.18; https://acreditrepaircorp.com"
85.208.96.199 - - [30/Apr/2025:08:59:43 -0400] "GET /14419ldya4d3136aa3cb0f8 HTTP/1.1" 404 10376 "-" "Mozilla/5.0 (compatible; SemrushBot/7~bl; +http://www.semrush.com/bot.html)"
85.208.96.204 - - [30/Apr/2025:09:03:43 -0400] "GET /13715xvjl7ab068e4yla939c573 HTTP/1.1" 404 10372 "-" "Mozilla/5.0 (compatible; SemrushBot/7~bl; +http://www.semrush.com/bot.html)"
192.64.118.117 - - [30/Apr/2025:09:12:25 -0400] "POST /wp-cron.php?doing_wp_cron=1746018745.6269869804382324218750 HTTP/1.1" 403 1242 "https://acreditrepaircorp.com/wp-cron.php?doing_wp_cron=1746018745.6269869804382324218750" "WordPress/5.0.18; https://acreditrepaircorp.com"
5.255.123.164 - - [30/Apr/2025:09:12:22 -0400] "GET / HTTP/1.1" 200 80531 "acreditrepaircorp.com" "Opera/9.80 (Windows NT 6.2; Win64; x64) Presto/2.12.388 Version/12.17"
185.220.101.30 - - [30/Apr/2025:09:13:00 -0400] "GET /about/ HTTP/1.1" 200 42104 "https://acreditrepaircorp.com/about" "Opera/9.80 (Windows NT 6.2; Win64; x64) Presto/2.12.388 Version/12.17"
192.42.116.193 - - [30/Apr/2025:09:13:08 -0400] "GET /affiliate-login/ HTTP/1.1" 200 36020 "https://acreditrepaircorp.com/affiliate-login" "Opera/9.80 (Windows NT 6.2; Win64; x64) Presto/2.12.388 Version/12.17"
192.42.116.193 - - [30/Apr/2025:09:13:18 -0400] "GET /blog/ HTTP/1.1" 200 41559 "https://acreditrepaircorp.com/blog" "Opera/9.80 (Windows NT 6.2; Win64; x64) Presto/2.12.388 Version/12.17"
89.58.41.156 - - [30/Apr/2025:09:13:45 -0400] "GET /education HTTP/1.1" 301 0 "https://acreditrepaircorp.com/education" "Opera/9.80 (Windows NT 6.2; Win64; x64) Presto/2.12.388 Version/12.17"
89.58.41.156 - - [30/Apr/2025:09:13:54 -0400] "GET /feed HTTP/1.1" 301 0 "https://acreditrepaircorp.com/feed" "Opera/9.80 (Windows NT 6.2; Win64; x64) Presto/2.12.388 Version/12.17"
89.58.41.156 - - [30/Apr/2025:09:13:55 -0400] "GET /feed/ HTTP/1.1" 200 19166 "https://acreditrepaircorp.com/feed" "Opera/9.80 (Windows NT 6.2; Win64; x64) Presto/2.12.388 Version/12.17"
192.42.116.184 - - [30/Apr/2025:09:14:01 -0400] "GET /how-its-work/ HTTP/1.1" 200 49460 "https://acreditrepaircorp.com/how-its-work" "Opera/9.80 (Windows NT 6.2; Win64; x64) Presto/2.12.388 Version/12.17"
192.42.116.184 - - [30/Apr/2025:09:14:04 -0400] "GET /price HTTP/1.1" 301 0 "https://acreditrepaircorp.com/price" "Opera/9.80 (Windows NT 6.2; Win64; x64) Presto/2.12.388 Version/12.17"
192.42.116.184 - - [30/Apr/2025:09:14:06 -0400] "GET /price/ HTTP/1.1" 200 50922 "https://acreditrepaircorp.com/price" "Opera/9.80 (Windows NT 6.2; Win64; x64) Presto/2.12.388 Version/12.17"
192.42.116.184 - - [30/Apr/2025:09:14:09 -0400] "GET /qa HTTP/1.1" 301 0 "https://acreditrepaircorp.com/qa" "Opera/9.80 (Windows NT 6.2; Win64; x64) Presto/2.12.388 Version/12.17"
192.42.116.191 - - [30/Apr/2025:09:14:23 -0400] "GET /terms-of-use/ HTTP/1.1" 200 64783 "https://acreditrepaircorp.com/terms-of-use" "Opera/9.80 (Windows NT 6.2; Win64; x64) Presto/2.12.388 Version/12.17"
45.138.16.107 - - [30/Apr/2025:09:14:43 -0400] "GET /wp-json HTTP/1.1" 200 76652 "https://acreditrepaircorp.com/wp-json" "Opera/9.80 (Windows NT 6.2; Win64; x64) Presto/2.12.388 Version/12.17"
45.138.16.107 - - [30/Apr/2025:09:14:49 -0400] "GET /wp-json/oembed/1.0/embed?url=https%3A%2F%2Facreditrepaircorp.com%2F HTTP/1.1" 200 2223 "https://acreditrepaircorp.com/wp-json/oembed/1.0/embed?url=https%3A%2F%2Facreditrepaircorp.com%2F" "Opera/9.80 (Windows NT 6.2; Win64; x64) Presto/2.12.388 Version/12.17"
104.244.79.44 - - [30/Apr/2025:09:15:03 -0400] "GET /xmlrpc.php HTTP/1.1" 403 1242 "https://acreditrepaircorp.com/xmlrpc.php" "Opera/9.80 (Windows NT 6.2; Win64; x64) Presto/2.12.388 Version/12.17"
185.220.101.30 - - [30/Apr/2025:09:12:54 -0400] "GET / HTTP/1.1" 200 80532 "https://acreditrepaircorp.com" "Opera/9.80 (Windows NT 6.2; Win64; x64) Presto/2.12.388 Version/12.17"
185.220.101.30 - - [30/Apr/2025:09:12:58 -0400] "GET /about HTTP/1.1" 301 0 "https://acreditrepaircorp.com/about" "Opera/9.80 (Windows NT 6.2; Win64; x64) Presto/2.12.388 Version/12.17"
192.42.116.193 - - [30/Apr/2025:09:13:04 -0400] "GET /affiliate-login HTTP/1.1" 301 0 "https://acreditrepaircorp.com/affiliate-login" "Opera/9.80 (Windows NT 6.2; Win64; x64) Presto/2.12.388 Version/12.17"
192.42.116.193 - - [30/Apr/2025:09:13:14 -0400] "GET /blog HTTP/1.1" 301 0 "https://acreditrepaircorp.com/blog" "Opera/9.80 (Windows NT 6.2; Win64; x64) Presto/2.12.388 Version/12.17"
192.64.118.117 - - [30/Apr/2025:09:13:29 -0400] "POST /wp-cron.php?doing_wp_cron=1746018809.5326719284057617187500 HTTP/1.1" 403 1242 "https://acreditrepaircorp.com/wp-cron.php?doing_wp_cron=1746018809.5326719284057617187500" "WordPress/5.0.18; https://acreditrepaircorp.com"
185.220.101.150 - - [30/Apr/2025:09:13:25 -0400] "GET /client-login HTTP/1.1" 301 0 "https://acreditrepaircorp.com/client-login" "Opera/9.80 (Windows NT 6.2; Win64; x64) Presto/2.12.388 Version/12.17"
185.220.101.150 - - [30/Apr/2025:09:13:30 -0400] "GET /client-login/ HTTP/1.1" 200 36132 "https://acreditrepaircorp.com/client-login" "Opera/9.80 (Windows NT 6.2; Win64; x64) Presto/2.12.388 Version/12.17"
185.220.101.150 - - [30/Apr/2025:09:13:38 -0400] "GET /comments/feed HTTP/1.1" 301 0 "https://acreditrepaircorp.com/comments/feed" "Opera/9.80 (Windows NT 6.2; Win64; x64) Presto/2.12.388 Version/12.17"
185.220.101.150 - - [30/Apr/2025:09:13:41 -0400] "GET /comments/feed/ HTTP/1.1" 200 781 "https://acreditrepaircorp.com/comments/feed" "Opera/9.80 (Windows NT 6.2; Win64; x64) Presto/2.12.388 Version/12.17"
89.58.41.156 - - [30/Apr/2025:09:13:46 -0400] "GET /education/ HTTP/1.1" 200 42606 "https://acreditrepaircorp.com/education" "Opera/9.80 (Windows NT 6.2; Win64; x64) Presto/2.12.388 Version/12.17"
192.42.116.184 - - [30/Apr/2025:09:13:59 -0400] "GET /how-its-work HTTP/1.1" 301 0 "https://acreditrepaircorp.com/how-its-work" "Opera/9.80 (Windows NT 6.2; Win64; x64) Presto/2.12.388 Version/12.17"
192.42.116.184 - - [30/Apr/2025:09:14:13 -0400] "GET /qa/ HTTP/1.1" 200 43463 "https://acreditrepaircorp.com/qa" "Opera/9.80 (Windows NT 6.2; Win64; x64) Presto/2.12.388 Version/12.17"
192.42.116.191 - - [30/Apr/2025:09:14:18 -0400] "GET /terms-of-use HTTP/1.1" 301 0 "https://acreditrepaircorp.com/terms-of-use" "Opera/9.80 (Windows NT 6.2; Win64; x64) Presto/2.12.388 Version/12.17"
192.64.118.117 - - [30/Apr/2025:09:14:34 -0400] "POST /wp-cron.php?doing_wp_cron=1746018874.0310800075531005859375 HTTP/1.1" 403 1242 "https://acreditrepaircorp.com/wp-cron.php?doing_wp_cron=1746018874.0310800075531005859375" "WordPress/5.0.18; https://acreditrepaircorp.com"
204.8.96.181 - - [30/Apr/2025:09:14:30 -0400] "GET /testimonials HTTP/1.1" 301 0 "https://acreditrepaircorp.com/testimonials" "Opera/9.80 (Windows NT 6.2; Win64; x64) Presto/2.12.388 Version/12.17"
204.8.96.181 - - [30/Apr/2025:09:14:35 -0400] "GET /testimonials/ HTTP/1.1" 200 72031 "https://acreditrepaircorp.com/testimonials" "Opera/9.80 (Windows NT 6.2; Win64; x64) Presto/2.12.388 Version/12.17"
104.244.79.44 - - [30/Apr/2025:09:14:56 -0400] "GET /wp-json/oembed/1.0/embed?url=https%3A%2F%2Facreditrepaircorp.com%2F&format=xml HTTP/1.1" 200 2322 "https://acreditrepaircorp.com/wp-json/oembed/1.0/embed?url=https%3A%2F%2Facreditrepaircorp.com%2F&format=xml" "Opera/9.80 (Windows NT 6.2; Win64; x64) Presto/2.12.388 Version/12.17"
104.244.79.44 - - [30/Apr/2025:09:15:08 -0400] "GET /xmlrpc.php?rsd HTTP/1.1" 403 1242 "https://acreditrepaircorp.com/xmlrpc.php?rsd" "Opera/9.80 (Windows NT 6.2; Win64; x64) Presto/2.12.388 Version/12.17"
185.191.171.4 - - [30/Apr/2025:09:21:19 -0400] "GET /18238bxuz75c9346xu81e413c8 HTTP/1.1" 404 10371 "-" "Mozilla/5.0 (compatible; SemrushBot/7~bl; +http://www.semrush.com/bot.html)"
192.64.118.117 - - [30/Apr/2025:09:25:10 -0400] "POST /wp-cron.php?doing_wp_cron=1746019510.3437290191650390625000 HTTP/1.1" 403 1242 "https://acreditrepaircorp.com/wp-cron.php?doing_wp_cron=1746019510.3437290191650390625000" "WordPress/5.0.18; https://acreditrepaircorp.com"
192.64.118.117 - - [30/Apr/2025:09:26:29 -0400] "POST /wp-cron.php?doing_wp_cron=1746019589.3284840583801269531250 HTTP/1.1" 403 1242 "https://acreditrepaircorp.com/wp-cron.php?doing_wp_cron=1746019589.3284840583801269531250" "WordPress/5.0.18; https://acreditrepaircorp.com"
85.208.96.198 - - [30/Apr/2025:09:28:23 -0400] "GET /27570fpzt7af76vz6c1d50 HTTP/1.1" 404 10372 "-" "Mozilla/5.0 (compatible; SemrushBot/7~bl; +http://www.semrush.com/bot.html)"
185.191.171.15 - - [30/Apr/2025:09:31:10 -0400] "GET /3524stqd56c12czs0beaf50 HTTP/1.1" 404 10365 "-" "Mozilla/5.0 (compatible; SemrushBot/7~bl; +http://www.semrush.com/bot.html)"
192.64.118.117 - - [30/Apr/2025:09:17:12 -0400] "POST /wp-cron.php?doing_wp_cron=1746019032.5357260704040527343750 HTTP/1.1" 403 1242 "https://acreditrepaircorp.com/wp-cron.php?doing_wp_cron=1746019032.5357260704040527343750" "WordPress/5.0.18; https://acreditrepaircorp.com"
185.191.171.15 - - [30/Apr/2025:09:17:08 -0400] "GET /9778rvlb1c1e94bnla63fb8c7 HTTP/1.1" 404 10372 "-" "Mozilla/5.0 (compatible; SemrushBot/7~bl; +http://www.semrush.com/bot.html)"
192.64.118.117 - - [30/Apr/2025:09:21:20 -0400] "POST /wp-cron.php?doing_wp_cron=1746019280.8620119094848632812500 HTTP/1.1" 403 1242 "https://acreditrepaircorp.com/wp-cron.php?doing_wp_cron=1746019280.8620119094848632812500" "WordPress/5.0.18; https://acreditrepaircorp.com"
185.191.171.3 - - [30/Apr/2025:09:21:28 -0400] "GET /23697qzyo8a56a15wzd151965 HTTP/1.1" 404 10372 "-" "Mozilla/5.0 (compatible; SemrushBot/7~bl; +http://www.semrush.com/bot.html)"
185.191.171.13 - - [30/Apr/2025:09:25:04 -0400] "GET /17453ytxf71611stc9929 HTTP/1.1" 404 10373 "-" "Mozilla/5.0 (compatible; SemrushBot/7~bl; +http://www.semrush.com/bot.html)"
85.208.96.202 - - [30/Apr/2025:09:25:17 -0400] "GET /7766ubjh32adj1cc4 HTTP/1.1" 404 10370 "-" "Mozilla/5.0 (compatible; SemrushBot/7~bl; +http://www.semrush.com/bot.html)"
185.191.171.14 - - [30/Apr/2025:09:26:24 -0400] "GET /23655jmks82a8gs316a HTTP/1.1" 404 10372 "-" "Mozilla/5.0 (compatible; SemrushBot/7~bl; +http://www.semrush.com/bot.html)"
192.64.118.117 - - [30/Apr/2025:09:28:25 -0400] "POST /wp-cron.php?doing_wp_cron=1746019705.0383729934692382812500 HTTP/1.1" 403 1242 "https://acreditrepaircorp.com/wp-cron.php?doing_wp_cron=1746019705.0383729934692382812500" "WordPress/5.0.18; https://acreditrepaircorp.com"
185.191.171.7 - - [30/Apr/2025:09:28:31 -0400] "GET /7616kxywe0e12ajk5519f1c HTTP/1.1" 404 10367 "-" "Mozilla/5.0 (compatible; SemrushBot/7~bl; +http://www.semrush.com/bot.html)"
185.191.171.8 - - [30/Apr/2025:09:31:09 -0400] "GET /robots.txt HTTP/1.1" 200 118 "-" "Mozilla/5.0 (compatible; SemrushBot/7~bl; +http://www.semrush.com/bot.html)"
192.64.118.117 - - [30/Apr/2025:09:31:15 -0400] "POST /wp-cron.php?doing_wp_cron=1746019875.5279469490051269531250 HTTP/1.1" 403 1242 "https://acreditrepaircorp.com/wp-cron.php?doing_wp_cron=1746019875.5279469490051269531250" "WordPress/5.0.18; https://acreditrepaircorp.com"
185.191.171.11 - - [30/Apr/2025:09:31:22 -0400] "GET /2608vlaqa8detvba8ec HTTP/1.1" 404 10372 "-" "Mozilla/5.0 (compatible; SemrushBot/7~bl; +http://www.semrush.com/bot.html)"
192.64.118.117 - - [30/Apr/2025:09:34:42 -0400] "POST /wp-cron.php?doing_wp_cron=1746020082.7380750179290771484375 HTTP/1.1" 403 1242 "https://acreditrepaircorp.com/wp-cron.php?doing_wp_cron=1746020082.7380750179290771484375" "WordPress/5.0.18; https://acreditrepaircorp.com"
185.191.171.3 - - [30/Apr/2025:09:34:38 -0400] "GET /25832ebwnc600adze805ed64 HTTP/1.1" 404 10365 "-" "Mozilla/5.0 (compatible; SemrushBot/7~bl; +http://www.semrush.com/bot.html)"
185.191.171.15 - - [30/Apr/2025:09:35:27 -0400] "GET /28105ukrc979kkd98 HTTP/1.1" 404 10372 "-" "Mozilla/5.0 (compatible; SemrushBot/7~bl; +http://www.semrush.com/bot.html)"
192.64.118.117 - - [30/Apr/2025:09:37:56 -0400] "POST /wp-cron.php?doing_wp_cron=1746020276.4333279132843017578125 HTTP/1.1" 403 1242 "https://acreditrepaircorp.com/wp-cron.php?doing_wp_cron=1746020276.4333279132843017578125" "WordPress/5.0.18; https://acreditrepaircorp.com"
85.208.96.207 - - [30/Apr/2025:09:37:54 -0400] "GET /24225jgqxf797947eg220e7bf HTTP/1.1" 404 10371 "-" "Mozilla/5.0 (compatible; SemrushBot/7~bl; +http://www.semrush.com/bot.html)"
192.64.118.117 - - [30/Apr/2025:09:42:15 -0400] "POST /wp-cron.php?doing_wp_cron=1746020535.2296850681304931640625 HTTP/1.1" 403 1242 "https://acreditrepaircorp.com/wp-cron.php?doing_wp_cron=1746020535.2296850681304931640625" "WordPress/5.0.18; https://acreditrepaircorp.com"
85.208.96.196 - - [30/Apr/2025:09:42:11 -0400] "GET /14417qdmucf896ydae9ad HTTP/1.1" 404 10374 "-" "Mozilla/5.0 (compatible; SemrushBot/7~bl; +http://www.semrush.com/bot.html)"
192.64.118.117 - - [30/Apr/2025:09:44:56 -0400] "POST /wp-cron.php?doing_wp_cron=1746020696.9305338859558105468750 HTTP/1.1" 403 1242 "https://acreditrepaircorp.com/wp-cron.php?doing_wp_cron=1746020696.9305338859558105468750" "WordPress/5.0.18; https://acreditrepaircorp.com"
192.64.118.117 - - [30/Apr/2025:09:47:16 -0400] "POST /wp-cron.php?doing_wp_cron=1746020836.4662230014801025390625 HTTP/1.1" 403 1242 "https://acreditrepaircorp.com/wp-cron.php?doing_wp_cron=1746020836.4662230014801025390625" "WordPress/5.0.18; https://acreditrepaircorp.com"
85.208.96.199 - - [30/Apr/2025:09:47:18 -0400] "GET /28961jmks36a97imd6050 HTTP/1.1" 404 10373 "-" "Mozilla/5.0 (compatible; SemrushBot/7~bl; +http://www.semrush.com/bot.html)"
85.208.96.193 - - [30/Apr/2025:09:42:42 -0400] "GET /12001wjmmb87aj8b7 HTTP/1.1" 404 10379 "-" "Mozilla/5.0 (compatible; SemrushBot/7~bl; +http://www.semrush.com/bot.html)"
192.64.118.117 - - [30/Apr/2025:09:43:19 -0400] "POST /wp-cron.php?doing_wp_cron=1746020599.1353859901428222656250 HTTP/1.1" 403 1242 "https://acreditrepaircorp.com/wp-cron.php?doing_wp_cron=1746020599.1353859901428222656250" "WordPress/5.0.18; https://acreditrepaircorp.com"
185.191.171.13 - - [30/Apr/2025:09:43:15 -0400] "GET /12915ujvo1deaeo7e3a HTTP/1.1" 404 10376 "-" "Mozilla/5.0 (compatible; SemrushBot/7~bl; +http://www.semrush.com/bot.html)"
85.208.96.202 - - [30/Apr/2025:09:44:54 -0400] "GET /3897jmks3d1ae45imc18c652 HTTP/1.1" 404 10371 "-" "Mozilla/5.0 (compatible; SemrushBot/7~bl; +http://www.semrush.com/bot.html)"
85.208.96.202 - - [30/Apr/2025:09:47:15 -0400] "GET /1239ufctc9a6ctde09 HTTP/1.1" 404 10370 "-" "Mozilla/5.0 (compatible; SemrushBot/7~bl; +http://www.semrush.com/bot.html)"
45.141.215.66 - - [30/Apr/2025:09:50:25 -0400] "GET / HTTP/1.1" 200 0 "-" "Mozilla/5.0 (Windows NT 10.0; Win64; x64) AppleWebKit/537.36 (KHTML, like Gecko) Chrome/122.0.0.0 Safari/537.36"
45.141.215.66 - - [30/Apr/2025:09:51:01 -0400] "GET /wordpress/ HTTP/1.1" 500 204 "-" "Mozilla/5.0 (Windows NT 10.0; Win64; x64; rv:122.0) Gecko/20100101 Firefox/122.0"
45.141.215.66 - - [30/Apr/2025:09:51:08 -0400] "GET /old/ HTTP/1.1" 500 204 "-" "Mozilla/5.0 (Windows NT 10.0; Win64; x64; rv:123.0) Gecko/20100101 Firefox/123.0"
192.64.118.117 - - [30/Apr/2025:09:50:30 -0400] "POST /wp-cron.php?doing_wp_cron=1746021030.3334779739379882812500 HTTP/1.1" 403 1242 "https://acreditrepaircorp.com/wp-cron.php?doing_wp_cron=1746021030.3334779739379882812500" "WordPress/5.0.18; https://acreditrepaircorp.com"
85.208.96.209 - - [30/Apr/2025:09:51:21 -0400] "GET /17099fpzt5af3b8abctb06b6a0f HTTP/1.1" 500 204 "-" "Mozilla/5.0 (compatible; SemrushBot/7~bl; +http://www.semrush.com/bot.html)"
52.169.84.95 - - [30/Apr/2025:10:05:31 -0400] "GET /wp-hoard.php HTTP/1.1" 404 35420 "-" "-"
52.169.84.95 - - [30/Apr/2025:10:05:32 -0400] "GET /wp-l0gin.php HTTP/1.1" 404 35420 "-" "-"
52.169.84.95 - - [30/Apr/2025:10:05:34 -0400] "GET /wp-post-editor.php HTTP/1.1" 404 35420 "-" "-"
52.169.84.95 - - [30/Apr/2025:10:05:35 -0400] "GET /404.php HTTP/1.1" 404 35420 "-" "-"
52.169.84.95 - - [30/Apr/2025:10:05:36 -0400] "GET /classwithtostring.php HTTP/1.1" 404 35420 "-" "-"
52.169.84.95 - - [30/Apr/2025:10:05:37 -0400] "GET /wp-head.php HTTP/1.1" 404 35420 "-" "-"
52.169.84.95 - - [30/Apr/2025:10:05:40 -0400] "GET /dropdown.php HTTP/1.1" 404 35420 "-" "-"
52.169.84.95 - - [30/Apr/2025:10:05:41 -0400] "GET /wp-header.php HTTP/1.1" 404 35420 "-" "-"
52.169.84.95 - - [30/Apr/2025:10:05:41 -0400] "GET /radio.php HTTP/1.1" 404 35420 "-" "-"
192.64.118.117 - - [30/Apr/2025:10:05:30 -0400] "POST /wp-cron.php?doing_wp_cron=1746021930.9293661117553710937500 HTTP/1.1" 403 1242 "https://acreditrepaircorp.com/wp-cron.php?doing_wp_cron=1746021930.9293661117553710937500" "WordPress/5.0.18; https://acreditrepaircorp.com"
52.169.84.95 - - [30/Apr/2025:10:05:30 -0400] "GET /sts.php HTTP/1.1" 404 35420 "-" "-"
52.169.84.95 - - [30/Apr/2025:10:05:33 -0400] "GET /priv8.php HTTP/1.1" 404 35420 "-" "-"
52.169.84.95 - - [30/Apr/2025:10:05:35 -0400] "GET /users.php HTTP/1.1" 404 35420 "-" "-"
52.169.84.95 - - [30/Apr/2025:10:05:38 -0400] "GET /admin.php HTTP/1.1" 404 35420 "-" "-"
52.169.84.95 - - [30/Apr/2025:10:05:39 -0400] "GET /about.php HTTP/1.1" 404 35420 "-" "-"
52.169.84.95 - - [30/Apr/2025:10:05:42 -0400] "GET /simple.php HTTP/1.1" 404 35420 "-" "-"
52.169.84.95 - - [30/Apr/2025:10:05:43 -0400] "GET /cong.php HTTP/1.1" 404 35420 "-" "-"
52.169.84.95 - - [30/Apr/2025:10:05:45 -0400] "GET /wp-admin/options.php HTTP/1.1" 403 1242 "-" "-"
52.169.84.95 - - [30/Apr/2025:10:05:47 -0400] "GET /11index.php HTTP/1.1" 404 35420 "-" "-"
52.169.84.95 - - [30/Apr/2025:10:05:47 -0400] "GET /2index.php HTTP/1.1" 404 35420 "-" "-"
52.169.84.95 - - [30/Apr/2025:10:05:48 -0400] "GET /3index.php HTTP/1.1" 404 35420 "-" "-"
52.169.84.95 - - [30/Apr/2025:10:05:50 -0400] "GET /wp-adminincludesclass-wp-media-list-data.php HTTP/1.1" 404 35420 "-" "-"
52.169.84.95 - - [30/Apr/2025:10:05:51 -0400] "GET /autoload_classmap.php HTTP/1.1" 404 35420 "-" "-"
52.169.84.95 - - [30/Apr/2025:10:05:52 -0400] "GET /wso.php HTTP/1.1" 404 35420 "-" "-"
52.169.84.95 - - [30/Apr/2025:10:05:53 -0400] "GET /doc.php HTTP/1.1" 404 35420 "-" "-"
52.169.84.95 - - [30/Apr/2025:10:05:56 -0400] "GET /media-admin.php HTTP/1.1" 404 35420 "-" "-"
52.169.84.95 - - [30/Apr/2025:10:05:58 -0400] "GET /sym403.php HTTP/1.1" 404 35420 "-" "-"
52.169.84.95 - - [30/Apr/2025:10:05:59 -0400] "GET /fw.php HTTP/1.1" 404 35420 "-" "-"
52.169.84.95 - - [30/Apr/2025:10:06:00 -0400] "GET /shell.php HTTP/1.1" 404 35420 "-" "-"
52.169.84.95 - - [30/Apr/2025:10:06:03 -0400] "GET /wp-blog.php HTTP/1.1" 404 35420 "-" "-"
52.169.84.95 - - [30/Apr/2025:10:06:03 -0400] "GET /b.php HTTP/1.1" 404 35420 "-" "-"
52.169.84.95 - - [30/Apr/2025:10:06:05 -0400] "GET /shx.php HTTP/1.1" 404 35420 "-" "-"
52.169.84.95 - - [30/Apr/2025:10:06:08 -0400] "GET /old-index.php HTTP/1.1" 404 35420 "-" "-"
52.169.84.95 - - [30/Apr/2025:10:06:08 -0400] "GET /FoxWSO.php HTTP/1.1" 404 35420 "-" "-"
52.169.84.95 - - [30/Apr/2025:10:06:10 -0400] "GET /403.php HTTP/1.1" 404 35420 "-" "-"
52.169.84.95 - - [30/Apr/2025:10:06:12 -0400] "GET /imagesvuln.php HTTP/1.1" 404 35420 "-" "-"
52.169.84.95 - - [30/Apr/2025:10:06:15 -0400] "GET /0byte.php HTTP/1.1" 404 35420 "-" "-"
52.169.84.95 - - [30/Apr/2025:10:06:17 -0400] "GET /new-index.php HTTP/1.1" 404 35420 "-" "-"
52.169.84.95 - - [30/Apr/2025:10:06:18 -0400] "GET /wp.php HTTP/1.1" 404 35420 "-" "-"
52.169.84.95 - - [30/Apr/2025:10:06:20 -0400] "GET /qindex.php HTTP/1.1" 404 35420 "-" "-"
52.169.84.95 - - [30/Apr/2025:10:06:21 -0400] "GET /minimo.php HTTP/1.1" 404 35420 "-" "-"
52.169.84.95 - - [30/Apr/2025:10:06:25 -0400] "GET /up.php HTTP/1.1" 404 35420 "-" "-"
52.169.84.95 - - [30/Apr/2025:10:06:25 -0400] "GET /www.php HTTP/1.1" 404 35420 "-" "-"
52.169.84.95 - - [30/Apr/2025:10:06:29 -0400] "GET /f.php HTTP/1.1" 404 35420 "-" "-"
52.169.84.95 - - [30/Apr/2025:10:06:30 -0400] "GET /xox.php HTTP/1.1" 404 35420 "-" "-"
52.169.84.95 - - [30/Apr/2025:10:06:31 -0400] "GET /o.php HTTP/1.1" 404 35420 "-" "-"
52.169.84.95 - - [30/Apr/2025:10:06:33 -0400] "GET /sindex.php HTTP/1.1" 404 35420 "-" "-"
52.169.84.95 - - [30/Apr/2025:10:06:33 -0400] "GET /baindex.php HTTP/1.1" 404 35420 "-" "-"
52.169.84.95 - - [30/Apr/2025:10:06:35 -0400] "GET /mar.php HTTP/1.1" 404 35420 "-" "-"
52.169.84.95 - - [30/Apr/2025:10:06:36 -0400] "GET /root.php HTTP/1.1" 404 35420 "-" "-"
52.169.84.95 - - [30/Apr/2025:10:06:38 -0400] "GET /v.php HTTP/1.1" 404 35420 "-" "-"
52.169.84.95 - - [30/Apr/2025:10:06:40 -0400] "GET /g.php HTTP/1.1" 404 35420 "-" "-"
52.169.84.95 - - [30/Apr/2025:10:06:41 -0400] "GET /c99.php HTTP/1.1" 404 35420 "-" "-"
52.169.84.95 - - [30/Apr/2025:10:06:42 -0400] "GET /ws.php HTTP/1.1" 404 35420 "-" "-"
52.169.84.95 - - [30/Apr/2025:10:06:43 -0400] "GET /2.php HTTP/1.1" 404 35420 "-" "-"
52.169.84.95 - - [30/Apr/2025:10:06:44 -0400] "GET /lol.php HTTP/1.1" 404 35420 "-" "-"
52.169.84.95 - - [30/Apr/2025:10:06:45 -0400] "GET /87.php HTTP/1.1" 404 35420 "-" "-"
52.169.84.95 - - [30/Apr/2025:10:06:46 -0400] "GET /7yn.php HTTP/1.1" 404 35420 "-" "-"
52.169.84.95 - - [30/Apr/2025:10:06:48 -0400] "GET /13.php HTTP/1.1" 404 35420 "-" "-"
52.169.84.95 - - [30/Apr/2025:10:06:49 -0400] "GET /e.php HTTP/1.1" 404 35420 "-" "-"
52.169.84.95 - - [30/Apr/2025:10:06:50 -0400] "GET /r.php HTTP/1.1" 404 35420 "-" "-"
52.169.84.95 - - [30/Apr/2025:10:06:51 -0400] "GET /t.php HTTP/1.1" 404 35420 "-" "-"
52.169.84.95 - - [30/Apr/2025:10:05:44 -0400] "GET /options.php HTTP/1.1" 404 35420 "-" "-"
52.169.84.95 - - [30/Apr/2025:10:05:45 -0400] "GET /wp-content/index.php?x=ooo HTTP/1.1" 200 0 "-" "-"
52.169.84.95 - - [30/Apr/2025:10:05:45 -0400] "GET /wp-content/plugins/fix/up.php HTTP/1.1" 200 0 "-" "-"
52.169.84.95 - - [30/Apr/2025:10:05:46 -0400] "GET /1index.php HTTP/1.1" 404 35420 "-" "-"
52.169.84.95 - - [30/Apr/2025:10:05:49 -0400] "GET /wp_wrong_datlib.php HTTP/1.1" 404 35420 "-" "-"
52.169.84.95 - - [30/Apr/2025:10:05:54 -0400] "GET /stindex.php HTTP/1.1" 404 35420 "-" "-"
52.169.84.95 - - [30/Apr/2025:10:05:54 -0400] "GET /alwso.php HTTP/1.1" 404 35420 "-" "-"
52.169.84.95 - - [30/Apr/2025:10:05:55 -0400] "GET /ups.php HTTP/1.1" 404 35420 "-" "-"
52.169.84.95 - - [30/Apr/2025:10:05:57 -0400] "GET /sym.php HTTP/1.1" 404 35420 "-" "-"
52.169.84.95 - - [30/Apr/2025:10:06:00 -0400] "GET /symlink.php HTTP/1.1" 404 35420 "-" "-"
52.169.84.95 - - [30/Apr/2025:10:06:01 -0400] "GET /1.php HTTP/1.1" 404 35420 "-" "-"
52.169.84.95 - - [30/Apr/2025:10:06:02 -0400] "GET /data.php HTTP/1.1" 404 35420 "-" "-"
52.169.84.95 - - [30/Apr/2025:10:06:04 -0400] "GET /c.php HTTP/1.1" 404 35420 "-" "-"
52.169.84.95 - - [30/Apr/2025:10:06:06 -0400] "GET /alfa.php HTTP/1.1" 404 35420 "-" "-"
52.169.84.95 - - [30/Apr/2025:10:06:07 -0400] "GET /a.php HTTP/1.1" 404 35420 "-" "-"
52.169.84.95 - - [30/Apr/2025:10:06:09 -0400] "GET /x.php HTTP/1.1" 404 35420 "-" "-"
52.169.84.95 - - [30/Apr/2025:10:06:11 -0400] "GET /mini.php HTTP/1.1" 404 35420 "-" "-"
52.169.84.95 - - [30/Apr/2025:10:06:13 -0400] "GET /edit-form.php HTTP/1.1" 404 35420 "-" "-"
52.169.84.95 - - [30/Apr/2025:10:06:14 -0400] "GET /wikindex.php HTTP/1.1" 404 35420 "-" "-"
52.169.84.95 - - [30/Apr/2025:10:06:14 -0400] "GET /m.php HTTP/1.1" 404 35420 "-" "-"
52.169.84.95 - - [30/Apr/2025:10:06:16 -0400] "GET /xx.php HTTP/1.1" 404 35420 "-" "-"
52.169.84.95 - - [30/Apr/2025:10:06:19 -0400] "GET /wp-wso.php HTTP/1.1" 404 35420 "-" "-"
52.169.84.95 - - [30/Apr/2025:10:06:22 -0400] "GET /xleet.php HTTP/1.1" 404 35420 "-" "-"
52.169.84.95 - - [30/Apr/2025:10:06:23 -0400] "GET /V3.php HTTP/1.1" 404 35420 "-" "-"
52.169.84.95 - - [30/Apr/2025:10:06:24 -0400] "GET /V5.php HTTP/1.1" 404 35420 "-" "-"
52.169.84.95 - - [30/Apr/2025:10:06:26 -0400] "GET /100.php HTTP/1.1" 404 35420 "-" "-"
52.169.84.95 - - [30/Apr/2025:10:06:27 -0400] "GET /777.php HTTP/1.1" 404 35420 "-" "-"
52.169.84.95 - - [30/Apr/2025:10:06:28 -0400] "GET /defau1t.php HTTP/1.1" 404 35420 "-" "-"
192.64.118.117 - - [30/Apr/2025:10:06:31 -0400] "POST /wp-cron.php?doing_wp_cron=1746021991.5682899951934814453125 HTTP/1.1" 403 1242 "https://acreditrepaircorp.com/wp-cron.php?doing_wp_cron=1746021991.5682899951934814453125" "WordPress/5.0.18; https://acreditrepaircorp.com"
52.169.84.95 - - [30/Apr/2025:10:06:32 -0400] "GET /new.php HTTP/1.1" 404 35420 "-" "-"
52.169.84.95 - - [30/Apr/2025:10:06:34 -0400] "GET /wi.php HTTP/1.1" 404 35420 "-" "-"
52.169.84.95 - - [30/Apr/2025:10:06:37 -0400] "GET /nee.php HTTP/1.1" 404 35420 "-" "-"
52.169.84.95 - - [30/Apr/2025:10:06:39 -0400] "GET /z.php HTTP/1.1" 404 35420 "-" "-"
52.169.84.95 - - [30/Apr/2025:10:06:41 -0400] "GET /w.php HTTP/1.1" 404 35420 "-" "-"
185.191.171.12 - - [30/Apr/2025:10:06:42 -0400] "GET /8818edwlc7a2cd0pw4106b3af HTTP/1.1" 404 10371 "-" "Mozilla/5.0 (compatible; SemrushBot/7~bl; +http://www.semrush.com/bot.html)"
52.169.84.95 - - [30/Apr/2025:10:06:47 -0400] "GET /haxor.php HTTP/1.1" 404 35420 "-" "-"
52.169.84.95 - - [30/Apr/2025:10:06:53 -0400] "GET /u.php HTTP/1.1" 404 35420 "-" "-"
52.169.84.95 - - [30/Apr/2025:10:06:54 -0400] "GET /p.php HTTP/1.1" 404 35420 "-" "-"
52.169.84.95 - - [30/Apr/2025:10:06:55 -0400] "GET /q.php HTTP/1.1" 404 35420 "-" "-"
52.169.84.95 - - [30/Apr/2025:10:06:56 -0400] "GET /s.php HTTP/1.1" 404 35420 "-" "-"
52.169.84.95 - - [30/Apr/2025:10:06:57 -0400] "GET /d.php HTTP/1.1" 404 35420 "-" "-"
52.169.84.95 - - [30/Apr/2025:10:06:59 -0400] "GET /j.php HTTP/1.1" 404 35420 "-" "-"
52.169.84.95 - - [30/Apr/2025:10:07:00 -0400] "GET /k.php HTTP/1.1" 404 35420 "-" "-"
52.169.84.95 - - [30/Apr/2025:10:07:02 -0400] "GET /n.php HTTP/1.1" 404 35420 "-" "-"
52.169.84.95 - - [30/Apr/2025:10:07:03 -0400] "GET /xindex.php HTTP/1.1" 404 35420 "-" "-"
52.169.84.95 - - [30/Apr/2025:10:07:03 -0400] "GET /kindex.php HTTP/1.1" 404 35420 "-" "-"
52.169.84.95 - - [30/Apr/2025:10:07:05 -0400] "GET /alf.php HTTP/1.1" 404 35420 "-" "-"
52.169.84.95 - - [30/Apr/2025:10:07:08 -0400] "GET /WSO.php HTTP/1.1" 404 35420 "-" "-"
52.169.84.95 - - [30/Apr/2025:10:07:10 -0400] "GET /hello.php HTTP/1.1" 404 35420 "-" "-"
52.169.84.95 - - [30/Apr/2025:10:07:12 -0400] "GET /if.php HTTP/1.1" 404 35420 "-" "-"
52.169.84.95 - - [30/Apr/2025:10:07:13 -0400] "GET /kk.php HTTP/1.1" 404 35420 "-" "-"
52.169.84.95 - - [30/Apr/2025:10:07:14 -0400] "GET /kn.php HTTP/1.1" 404 35420 "-" "-"
52.169.84.95 - - [30/Apr/2025:10:07:19 -0400] "GET /anone.php HTTP/1.1" 404 35420 "-" "-"
52.169.84.95 - - [30/Apr/2025:10:07:19 -0400] "GET /wp-configer.php HTTP/1.1" 404 35420 "-" "-"
52.169.84.95 - - [30/Apr/2025:10:07:20 -0400] "GET /wp-ad.php HTTP/1.1" 404 35420 "-" "-"
52.169.84.95 - - [30/Apr/2025:10:07:22 -0400] "GET /send.php HTTP/1.1" 404 35420 "-" "-"
52.169.84.95 - - [30/Apr/2025:10:07:26 -0400] "GET /.wp-cache.php HTTP/1.1" 404 35420 "-" "-"
52.169.84.95 - - [30/Apr/2025:10:07:30 -0400] "GET /rahma.php HTTP/1.1" 200 0 "-" "-"
192.64.118.117 - - [30/Apr/2025:10:10:05 -0400] "POST /wp-cron.php?doing_wp_cron=1746022205.8254699707031250000000 HTTP/1.1" 403 1242 "https://acreditrepaircorp.com/wp-cron.php?doing_wp_cron=1746022205.8254699707031250000000" "WordPress/5.0.18; https://acreditrepaircorp.com"
85.208.96.193 - - [30/Apr/2025:10:14:49 -0400] "GET /28979opmpa5d14fadap0a45a909 HTTP/1.1" 404 10367 "-" "Mozilla/5.0 (compatible; SemrushBot/7~bl; +http://www.semrush.com/bot.html)"
85.208.96.196 - - [30/Apr/2025:10:18:28 -0400] "GET /24058srqdcccf403tq329186bc HTTP/1.1" 404 10373 "-" "Mozilla/5.0 (compatible; SemrushBot/7~bl; +http://www.semrush.com/bot.html)"
52.169.84.95 - - [30/Apr/2025:10:06:52 -0400] "GET /y.php HTTP/1.1" 404 35420 "-" "-"
52.169.84.95 - - [30/Apr/2025:10:06:54 -0400] "GET /i.php HTTP/1.1" 404 35420 "-" "-"
52.169.84.95 - - [30/Apr/2025:10:06:58 -0400] "GET /h.php HTTP/1.1" 404 35420 "-" "-"
52.169.84.95 - - [30/Apr/2025:10:07:01 -0400] "GET /l.php HTTP/1.1" 404 35420 "-" "-"
52.169.84.95 - - [30/Apr/2025:10:07:04 -0400] "GET /FoxWSOv1.php HTTP/1.1" 404 35420 "-" "-"
52.169.84.95 - - [30/Apr/2025:10:07:06 -0400] "GET /bb.php HTTP/1.1" 404 35420 "-" "-"
52.169.84.95 - - [30/Apr/2025:10:07:07 -0400] "GET /lf.php HTTP/1.1" 404 35420 "-" "-"
52.169.84.95 - - [30/Apr/2025:10:07:09 -0400] "GET /xxx.php HTTP/1.1" 404 35420 "-" "-"
52.169.84.95 - - [30/Apr/2025:10:07:11 -0400] "GET /ok.php HTTP/1.1" 404 35420 "-" "-"
52.169.84.95 - - [30/Apr/2025:10:07:14 -0400] "GET /mrjn.php HTTP/1.1" 404 35420 "-" "-"
52.169.84.95 - - [30/Apr/2025:10:07:15 -0400] "GET /3301.php HTTP/1.1" 404 35420 "-" "-"
52.169.84.95 - - [30/Apr/2025:10:07:16 -0400] "GET /leaf.php HTTP/1.1" 404 35420 "-" "-"
52.169.84.95 - - [30/Apr/2025:10:07:17 -0400] "GET /alex.php HTTP/1.1" 404 35420 "-" "-"
52.169.84.95 - - [30/Apr/2025:10:07:18 -0400] "GET /mailer.php HTTP/1.1" 404 35420 "-" "-"
52.169.84.95 - - [30/Apr/2025:10:07:24 -0400] "GET /3.php HTTP/1.1" 404 35420 "-" "-"
52.169.84.95 - - [30/Apr/2025:10:07:28 -0400] "GET /sendmail.php HTTP/1.1" 404 35420 "-" "-"
192.64.118.117 - - [30/Apr/2025:10:07:32 -0400] "POST /wp-cron.php?doing_wp_cron=1746022052.2310550212860107421875 HTTP/1.1" 403 1242 "https://acreditrepaircorp.com/wp-cron.php?doing_wp_cron=1746022052.2310550212860107421875" "WordPress/5.0.18; https://acreditrepaircorp.com"
46.183.187.220 - - [30/Apr/2025:10:10:04 -0400] "GET / HTTP/1.0" 200 80532 "https://acreditrepaircorp.com/" "Mozilla/5.0 (Windows NT 10.0; Win64; x64) AppleWebKit/537.36 (KHTML, like Gecko) Chrome/130.0.0.0 Safari/537.36 CCleaner/130.0.0.0"
46.183.187.220 - - [30/Apr/2025:10:10:09 -0400] "GET /blog/ HTTP/1.0" 200 41559 "https://acreditrepaircorp.com/blog/" "Mozilla/5.0 (Windows NT 10.0; Win64; x64) AppleWebKit/537.36 (KHTML, like Gecko) Chrome/130.0.0.0 Safari/537.36 CCleaner/130.0.0.0"
192.64.118.117 - - [30/Apr/2025:10:14:51 -0400] "POST /wp-cron.php?doing_wp_cron=1746022491.8436820507049560546875 HTTP/1.1" 403 1242 "https://acreditrepaircorp.com/wp-cron.php?doing_wp_cron=1746022491.8436820507049560546875" "WordPress/5.0.18; https://acreditrepaircorp.com"
192.64.118.117 - - [30/Apr/2025:10:17:29 -0400] "POST /wp-cron.php?doing_wp_cron=1746022649.9399418830871582031250 HTTP/1.1" 403 1242 "https://acreditrepaircorp.com/wp-cron.php?doing_wp_cron=1746022649.9399418830871582031250" "WordPress/5.0.18; https://acreditrepaircorp.com"
85.208.96.200 - - [30/Apr/2025:10:17:28 -0400] "GET /25515kkdw72ffuwd545 HTTP/1.1" 404 10371 "-" "Mozilla/5.0 (compatible; SemrushBot/7~bl; +http://www.semrush.com/bot.html)"
192.64.118.117 - - [30/Apr/2025:10:18:30 -0400] "POST /wp-cron.php?doing_wp_cron=1746022710.2514650821685791015625 HTTP/1.1" 403 1242 "https://acreditrepaircorp.com/wp-cron.php?doing_wp_cron=1746022710.2514650821685791015625" "WordPress/5.0.18; https://acreditrepaircorp.com"
192.64.118.117 - - [30/Apr/2025:10:37:01 -0400] "POST /wp-cron.php?doing_wp_cron=1746023821.5386219024658203125000 HTTP/1.1" 403 1242 "https://acreditrepaircorp.com/wp-cron.php?doing_wp_cron=1746023821.5386219024658203125000" "WordPress/5.0.18; https://acreditrepaircorp.com"
111.225.149.205 - - [30/Apr/2025:10:37:02 -0400] "GET /wp-content/plugins/revslider/public/assets/css/settings.css?ver=5.4.6.3.1 HTTP/1.1" 200 6856 "https://acreditrepaircorp.com/" "Mozilla/5.0 (Linux; Android 5.0) AppleWebKit/537.36 (KHTML, like Gecko) Mobile Safari/537.36 (compatible; Bytespider; https://zhanzhang.toutiao.com/)"
111.225.149.205 - - [30/Apr/2025:10:37:02 -0400] "GET /wp-content/plugins/builder-responsive-pricing-tables/assets/css/pricing-tables.css?ver=5.0.18 HTTP/1.1" 200 2444 "https://acreditrepaircorp.com/" "Mozilla/5.0 (Linux; Android 5.0) AppleWebKit/537.36 (KHTML, like Gecko) Mobile Safari/537.36 (compatible; Bytespider; https://zhanzhang.toutiao.com/)"
111.225.149.205 - - [30/Apr/2025:10:37:02 -0400] "GET /wp-content/plugins/gtranslate/gtranslate-style24.css?ver=5.0.18 HTTP/1.1" 200 237 "https://acreditrepaircorp.com/" "Mozilla/5.0 (Linux; Android 5.0) AppleWebKit/537.36 (KHTML, like Gecko) Mobile Safari/537.36 (compatible; Bytespider; https://zhanzhang.toutiao.com/)"
111.225.149.205 - - [30/Apr/2025:10:37:02 -0400] "GET /wp-content/themes/TESSERACT/css/typicons.css?ver=1.0.0 HTTP/1.1" 200 2649 "https://acreditrepaircorp.com/" "Mozilla/5.0 (Linux; Android 5.0) AppleWebKit/537.36 (KHTML, like Gecko) Mobile Safari/537.36 (compatible; Bytespider; https://zhanzhang.toutiao.com/)"
111.225.149.205 - - [30/Apr/2025:10:37:02 -0400] "GET /wp-content/themes/TESSERACT/css/footer-banner.css?ver=1.0.0 HTTP/1.1" 200 1177 "https://acreditrepaircorp.com/" "Mozilla/5.0 (Linux; Android 5.0) AppleWebKit/537.36 (KHTML, like Gecko) Mobile Safari/537.36 (compatible; Bytespider; https://zhanzhang.toutiao.com/)"
111.225.149.205 - - [30/Apr/2025:10:37:02 -0400] "GET /wp-includes/css/dashicons.min.css?ver=5.0.18 HTTP/1.1" 200 28437 "https://acreditrepaircorp.com/" "Mozilla/5.0 (Linux; Android 5.0) AppleWebKit/537.36 (KHTML, like Gecko) Mobile Safari/537.36 (compatible; Bytespider; https://zhanzhang.toutiao.com/)"
111.225.149.205 - - [30/Apr/2025:10:37:02 -0400] "GET /wp-content/plugins/leads//shared/shortcodes/css/frontend-render.css?ver=5.0.18 HTTP/1.1" 200 11015 "https://acreditrepaircorp.com/" "Mozilla/5.0 (Linux; Android 5.0) AppleWebKit/537.36 (KHTML, like Gecko) Mobile Safari/537.36 (compatible; Bytespider; https://zhanzhang.toutiao.com/)"
111.225.149.205 - - [30/Apr/2025:10:37:02 -0400] "GET /wp-content/plugins/youtube-embed-plus/scripts/ytprefs.min.js?ver=13.0 HTTP/1.1" 200 2489 "https://acreditrepaircorp.com/" "Mozilla/5.0 (Linux; Android 5.0) AppleWebKit/537.36 (KHTML, like Gecko) Mobile Safari/537.36 (compatible; Bytespider; https://zhanzhang.toutiao.com/)"
111.225.149.205 - - [30/Apr/2025:10:37:02 -0400] "GET /wp-content/themes/TESSERACT/js/modernizr.custom.min.js?ver=1.0.0 HTTP/1.1" 200 3260 "https://acreditrepaircorp.com/" "Mozilla/5.0 (Linux; Android 5.0) AppleWebKit/537.36 (KHTML, like Gecko) Mobile Safari/537.36 (compatible; Bytespider; https://zhanzhang.toutiao.com/)"
111.225.149.205 - - [30/Apr/2025:10:37:02 -0400] "GET /wp-includes/js/jquery/jquery.js?ver=1.12.4 HTTP/1.1" 200 32854 "https://acreditrepaircorp.com/" "Mozilla/5.0 (Linux; Android 5.0) AppleWebKit/537.36 (KHTML, like Gecko) Mobile Safari/537.36 (compatible; Bytespider; https://zhanzhang.toutiao.com/)"
111.225.149.205 - - [30/Apr/2025:10:37:02 -0400] "GET /wp-content/plugins/revslider/public/assets/js/jquery.themepunch.revolution.min.js?ver=5.4.6.3.1 HTTP/1.1" 200 17231 "https://acreditrepaircorp.com/" "Mozilla/5.0 (Linux; Android 5.0) AppleWebKit/537.36 (KHTML, like Gecko) Mobile Safari/537.36 (compatible; Bytespider; https://zhanzhang.toutiao.com/)"
111.225.149.205 - - [30/Apr/2025:10:37:00 -0400] "GET / HTTP/1.1" 200 15716 "-" "Mozilla/5.0 (Linux; Android 5.0) AppleWebKit/537.36 (KHTML, like Gecko) Mobile Safari/537.36 (compatible; Bytespider; https://zhanzhang.toutiao.com/)"
111.225.149.205 - - [30/Apr/2025:10:37:02 -0400] "GET /wp-includes/css/dist/block-library/style.min.css?ver=5.0.18 HTTP/1.1" 200 3971 "https://acreditrepaircorp.com/" "Mozilla/5.0 (Linux; Android 5.0) AppleWebKit/537.36 (KHTML, like Gecko) Mobile Safari/537.36 (compatible; Bytespider; https://zhanzhang.toutiao.com/)"
111.225.149.205 - - [30/Apr/2025:10:37:02 -0400] "GET /wp-content/plugins/beaver-builder-lite-version/css/jquery.magnificpopup.css?ver=1.9.4 HTTP/1.1" 200 1749 "https://acreditrepaircorp.com/" "Mozilla/5.0 (Linux; Android 5.0) AppleWebKit/537.36 (KHTML, like Gecko) Mobile Safari/537.36 (compatible; Bytespider; https://zhanzhang.toutiao.com/)"
111.225.149.205 - - [30/Apr/2025:10:37:02 -0400] "GET /wp-content/plugins/go_pricing/assets/css/go_pricing_styles.css?ver=3.3.12 HTTP/1.1" 200 7801 "https://acreditrepaircorp.com/" "Mozilla/5.0 (Linux; Android 5.0) AppleWebKit/537.36 (KHTML, like Gecko) Mobile Safari/537.36 (compatible; Bytespider; https://zhanzhang.toutiao.com/)"
111.225.149.205 - - [30/Apr/2025:10:37:02 -0400] "GET /wp-content/uploads/bb-plugin/cache/7-layout.css?ver=d95d182268e2ff4ac0174b47167b7f24 HTTP/1.1" 200 3948 "https://acreditrepaircorp.com/" "Mozilla/5.0 (Linux; Android 5.0) AppleWebKit/537.36 (KHTML, like Gecko) Mobile Safari/537.36 (compatible; Bytespider; https://zhanzhang.toutiao.com/)"
111.225.149.205 - - [30/Apr/2025:10:37:02 -0400] "GET /wp-content/themes/TESSERACT/style.css?ver=1.0.0 HTTP/1.1" 200 10905 "https://acreditrepaircorp.com/" "Mozilla/5.0 (Linux; Android 5.0) AppleWebKit/537.36 (KHTML, like Gecko) Mobile Safari/537.36 (compatible; Bytespider; https://zhanzhang.toutiao.com/)"
