77.238.237.38 - - [30/Apr/2025:16:41:11 -0400] "POST /wp-comments-post.php HTTP/1.0" 403 1242 "https://acreditrepaircorp.com/myth-or-guideline/" "Mozilla/5.0 (Windows NT 10.0; Win64; x64) AppleWebKit/537.36 (KHTML, like Gecko) Chrome/131.0.0.0 Safari/537.36"
192.64.118.117 - - [30/Apr/2025:16:50:09 -0400] "POST /wp-cron.php?doing_wp_cron=1746046209.5344018936157226562500 HTTP/1.1" 403 1242 "https://acreditrepaircorp.com/wp-cron.php?doing_wp_cron=1746046209.5344018936157226562500" "WordPress/5.0.18; https://acreditrepaircorp.com"
192.64.118.117 - - [30/Apr/2025:16:40:47 -0400] "POST /wp-cron.php?doing_wp_cron=1746045647.6346020698547363281250 HTTP/1.1" 403 1242 "https://acreditrepaircorp.com/wp-cron.php?doing_wp_cron=1746045647.6346020698547363281250" "WordPress/5.0.18; https://acreditrepaircorp.com"
77.238.237.38 - - [30/Apr/2025:16:41:05 -0400] "GET /myth-or-guideline/ HTTP/1.0" 200 41913 "https://acreditrepaircorp.com/myth-or-guideline/" "Mozilla/5.0 (Windows NT 10.0; Win64; x64) AppleWebKit/537.36 (KHTML, like Gecko) Chrome/131.0.0.0 Safari/537.36"
85.208.96.197 - - [30/Apr/2025:16:50:07 -0400] "GET /16896wkul3bhw4ce HTTP/1.1" 404 10377 "-" "Mozilla/5.0 (compatible; SemrushBot/7~bl; +http://www.semrush.com/bot.html)"
85.208.96.202 - - [30/Apr/2025:16:57:56 -0400] "GET /robots.txt HTTP/1.1" 200 118 "-" "Mozilla/5.0 (compatible; SemrushBot/7~bl; +http://www.semrush.com/bot.html)"
192.64.118.117 - - [30/Apr/2025:16:57:59 -0400] "POST /wp-cron.php?doing_wp_cron=1746046679.1307799816131591796875 HTTP/1.1" 403 1242 "https://acreditrepaircorp.com/wp-cron.php?doing_wp_cron=1746046679.1307799816131591796875" "WordPress/5.0.18; https://acreditrepaircorp.com"
85.208.96.206 - - [30/Apr/2025:16:57:57 -0400] "GET /22000kkdwb6fcpkaba07 HTTP/1.1" 404 10377 "-" "Mozilla/5.0 (compatible; SemrushBot/7~bl; +http://www.semrush.com/bot.html)"
192.64.118.117 - - [30/Apr/2025:17:03:32 -0400] "POST /wp-cron.php?doing_wp_cron=1746047012.1467540264129638671875 HTTP/1.1" 403 1242 "https://acreditrepaircorp.com/wp-cron.php?doing_wp_cron=1746047012.1467540264129638671875" "WordPress/5.0.18; https://acreditrepaircorp.com"
185.191.171.14 - - [30/Apr/2025:17:03:30 -0400] "GET /5060jqui01c77cbjaa5ee39 HTTP/1.1" 404 10372 "-" "Mozilla/5.0 (compatible; SemrushBot/7~bl; +http://www.semrush.com/bot.html)"
192.64.118.117 - - [30/Apr/2025:17:24:30 -0400] "POST /wp-cron.php?doing_wp_cron=1746048270.1394898891448974609375 HTTP/1.1" 403 1242 "https://acreditrepaircorp.com/wp-cron.php?doing_wp_cron=1746048270.1394898891448974609375" "WordPress/5.0.18; https://acreditrepaircorp.com"
185.191.171.16 - - [30/Apr/2025:17:24:28 -0400] "GET /3808moey2de6xm01a9c HTTP/1.1" 404 10371 "-" "Mozilla/5.0 (compatible; SemrushBot/7~bl; +http://www.semrush.com/bot.html)"
192.64.118.117 - - [30/Apr/2025:17:29:09 -0400] "POST /wp-cron.php?doing_wp_cron=1746048549.1414690017700195312500 HTTP/1.1" 403 1242 "https://acreditrepaircorp.com/wp-cron.php?doing_wp_cron=1746048549.1414690017700195312500" "WordPress/5.0.18; https://acreditrepaircorp.com"
85.208.96.209 - - [30/Apr/2025:17:29:07 -0400] "GET /15133icfed62mc197 HTTP/1.1" 404 10374 "-" "Mozilla/5.0 (compatible; SemrushBot/7~bl; +http://www.semrush.com/bot.html)"
178.128.239.177 - - [30/Apr/2025:17:41:32 -0400] "GET /wp-login.php HTTP/1.1" 200 4075 "-" "Mozilla/5.0 (Windows NT 10.0; Win64; x64) AppleWebKit/537.36 (KHTML, like Gecko) Chrome/81.0.4044.138 Safari/537.36"
178.128.239.177 - - [30/Apr/2025:17:41:34 -0400] "POST /wp-login.php HTTP/1.1" 200 4361 "https://acreditrepaircorp.com/wp-login.php" "Mozilla/5.0 (Windows NT 10.0; Win64; x64) AppleWebKit/537.36 (KHTML, like Gecko) Chrome/81.0.4044.138 Safari/537.36"
54.36.142.130 - - [30/Apr/2025:17:41:56 -0400] "GET /wp-login.php HTTP/1.1" 200 4075 "-" "Mozilla/5.0 (Windows; U; Windows NT 5.1; en-US; rv:1.7.5) Gecko/20041107 Firefox/1.0"
45.156.184.37 - - [30/Apr/2025:17:42:13 -0400] "POST /wp-login.php HTTP/1.1" 200 4361 "https://acreditrepaircorp.com/wp-login.php" "Mozilla/5.0 (Windows NT 6.1; WOW64; rv:17.0) Gecko/20100101 Firefox/17.0"
185.191.171.14 - - [30/Apr/2025:17:43:51 -0400] "GET /14107yoyc022358ac213ff8 HTTP/1.1" 404 10372 "-" "Mozilla/5.0 (compatible; SemrushBot/7~bl; +http://www.semrush.com/bot.html)"
192.64.118.117 - - [30/Apr/2025:17:41:01 -0400] "POST /wp-cron.php?doing_wp_cron=1746049261.3363831043243408203125 HTTP/1.1" 403 1242 "https://acreditrepaircorp.com/wp-cron.php?doing_wp_cron=1746049261.3363831043243408203125" "WordPress/5.0.18; https://acreditrepaircorp.com"
185.191.171.11 - - [30/Apr/2025:17:40:57 -0400] "GET /14360ogfkf99a43toa246d2d HTTP/1.1" 404 10372 "-" "Mozilla/5.0 (compatible; SemrushBot/7~bl; +http://www.semrush.com/bot.html)"
54.36.142.130 - - [30/Apr/2025:17:41:59 -0400] "POST /wp-login.php HTTP/1.1" 200 4361 "https://acreditrepaircorp.com/wp-login.php" "Mozilla/5.0 (Windows; U; Windows NT 5.1; en-US; rv:1.7.5) Gecko/20041107 Firefox/1.0"
192.64.118.117 - - [30/Apr/2025:17:42:03 -0400] "POST /wp-cron.php?doing_wp_cron=1746049323.3411500453948974609375 HTTP/1.1" 403 1242 "https://acreditrepaircorp.com/wp-cron.php?doing_wp_cron=1746049323.3411500453948974609375" "WordPress/5.0.18; http://acreditrepaircorp.com"
45.156.184.37 - - [30/Apr/2025:17:42:01 -0400] "GET /wp-login.php HTTP/1.1" 200 4075 "-" "Mozilla/5.0 (Linux; Android 10; LM-Q720) AppleWebKit/537.36 (KHTML, like Gecko) Chrome/91.0.4472.114 Mobile Safari/537.36"
45.156.184.37 - - [30/Apr/2025:17:42:05 -0400] "POST /wp-login.php HTTP/1.1" 200 4361 "https://acreditrepaircorp.com/wp-login.php" "Mozilla/5.0 (Linux; Android 10; LM-Q720) AppleWebKit/537.36 (KHTML, like Gecko) Chrome/91.0.4472.114 Mobile Safari/537.36"
45.156.184.37 - - [30/Apr/2025:17:42:10 -0400] "GET /wp-login.php HTTP/1.1" 200 4075 "-" "Mozilla/5.0 (Windows NT 6.1; WOW64; rv:17.0) Gecko/20100101 Firefox/17.0"
8.218.72.170 - - [30/Apr/2025:17:42:13 -0400] "GET /wp-login.php HTTP/1.1" 200 4075 "-" "Mozilla/5.0 (Windows NT 10.0; Win64; x64) AppleWebKit/537.36 (KHTML, like Gecko) Chrome/61.0.3163.100 Safari/537.36"
8.218.72.170 - - [30/Apr/2025:17:42:16 -0400] "POST /wp-login.php HTTP/1.1" 200 4361 "https://acreditrepaircorp.com/wp-login.php" "Mozilla/5.0 (Windows NT 10.0; Win64; x64) AppleWebKit/537.36 (KHTML, like Gecko) Chrome/61.0.3163.100 Safari/537.36"
192.64.118.117 - - [30/Apr/2025:17:43:55 -0400] "POST /wp-cron.php?doing_wp_cron=1746049435.3368499279022216796875 HTTP/1.1" 403 1242 "https://acreditrepaircorp.com/wp-cron.php?doing_wp_cron=1746049435.3368499279022216796875" "WordPress/5.0.18; https://acreditrepaircorp.com"
85.208.96.200 - - [30/Apr/2025:18:14:36 -0400] "GET /17140crjf77acrc35437 HTTP/1.1" 404 10372 "-" "Mozilla/5.0 (compatible; SemrushBot/7~bl; +http://www.semrush.com/bot.html)"
192.64.118.117 - - [30/Apr/2025:18:12:27 -0400] "POST /wp-cron.php?doing_wp_cron=1746051147.5310120582580566406250 HTTP/1.1" 403 1242 "https://acreditrepaircorp.com/wp-cron.php?doing_wp_cron=1746051147.5310120582580566406250" "WordPress/5.0.18; https://acreditrepaircorp.com"
40.77.167.4 - - [30/Apr/2025:18:12:25 -0400] "GET /sitemap5.xml HTTP/1.1" 404 9041 "-" "Mozilla/5.0 AppleWebKit/537.36 (KHTML, like Gecko; compatible; bingbot/2.0; +http://www.bing.com/bingbot.htm) Chrome/116.0.1938.76 Safari/537.36"
192.64.118.117 - - [30/Apr/2025:18:13:41 -0400] "POST /wp-cron.php?doing_wp_cron=1746051221.2348771095275878906250 HTTP/1.1" 403 1242 "https://acreditrepaircorp.com/wp-cron.php?doing_wp_cron=1746051221.2348771095275878906250" "WordPress/5.0.18; https://acreditrepaircorp.com"
52.167.144.191 - - [30/Apr/2025:18:13:37 -0400] "GET /sitemap4.xml HTTP/1.1" 404 9059 "-" "Mozilla/5.0 AppleWebKit/537.36 (KHTML, like Gecko; compatible; bingbot/2.0; +http://www.bing.com/bingbot.htm) Chrome/116.0.1938.76 Safari/537.36"
185.191.171.10 - - [30/Apr/2025:18:14:35 -0400] "GET /robots.txt HTTP/1.1" 200 118 "-" "Mozilla/5.0 (compatible; SemrushBot/7~bl; +http://www.semrush.com/bot.html)"
52.44.148.203 - - [30/Apr/2025:18:35:31 -0400] "GET /how-to-build-credit-in-5-simple-steps/ HTTP/1.1" 200 13769 "-" "Mozilla/5.0 AppleWebKit/537.36 (KHTML, like Gecko; compatible; Amazonbot/0.1; +https://developer.amazon.com/support/amazonbot) Chrome/119.0.6045.214 Safari/537.36"
34.231.156.59 - - [30/Apr/2025:18:35:35 -0400] "GET /price/ HTTP/1.1" 200 14134 "-" "Mozilla/5.0 AppleWebKit/537.36 (KHTML, like Gecko; compatible; Amazonbot/0.1; +https://developer.amazon.com/support/amazonbot) Chrome/119.0.6045.214 Safari/537.36"
192.64.118.117 - - [30/Apr/2025:18:37:07 -0400] "POST /wp-cron.php?doing_wp_cron=1746052627.6403119564056396484375 HTTP/1.1" 403 1242 "https://acreditrepaircorp.com/wp-cron.php?doing_wp_cron=1746052627.6403119564056396484375" "WordPress/5.0.18; https://acreditrepaircorp.com"
192.64.118.117 - - [30/Apr/2025:18:35:33 -0400] "POST /wp-cron.php?doing_wp_cron=1746052533.0528059005737304687500 HTTP/1.1" 403 1242 "https://acreditrepaircorp.com/wp-cron.php?doing_wp_cron=1746052533.0528059005737304687500" "WordPress/5.0.18; https://acreditrepaircorp.com"
185.191.171.2 - - [30/Apr/2025:18:37:05 -0400] "GET /5675dlfn0e5f672esn393d97ff HTTP/1.1" 404 10373 "-" "Mozilla/5.0 (compatible; SemrushBot/7~bl; +http://www.semrush.com/bot.html)"
192.64.118.117 - - [30/Apr/2025:19:28:28 -0400] "POST /wp-cron.php?doing_wp_cron=1746055708.8498640060424804687500 HTTP/1.1" 403 1242 "https://acreditrepaircorp.com/wp-cron.php?doing_wp_cron=1746055708.8498640060424804687500" "WordPress/5.0.18; https://acreditrepaircorp.com"
67.205.146.185 - - [30/Apr/2025:19:28:27 -0400] "GET /chosen.php?p= HTTP/1.1" 301 0 "-" "Mozilla/5.0 (Linux; Android 7.0; SM-G892A Build/NRD90M; wv) AppleWebKit/537.36 (KHTML, like Gecko) Version/4.0 Chrome/60.0.3112.107 Mobile Safari/537.36"
67.205.146.185 - - [30/Apr/2025:19:28:29 -0400] "GET /chosen.php HTTP/1.1" 404 10374 "-" "Mozilla/5.0 (Linux; Android 7.0; SM-G892A Build/NRD90M; wv) AppleWebKit/537.36 (KHTML, like Gecko) Version/4.0 Chrome/60.0.3112.107 Mobile Safari/537.36"
192.64.118.117 - - [30/Apr/2025:19:43:23 -0400] "POST /wp-cron.php?doing_wp_cron=1746056603.7484779357910156250000 HTTP/1.1" 403 1242 "https://acreditrepaircorp.com/wp-cron.php?doing_wp_cron=1746056603.7484779357910156250000" "WordPress/5.0.18; https://acreditrepaircorp.com"
23.22.105.143 - - [30/Apr/2025:19:43:20 -0400] "GET /qa/ HTTP/1.1" 200 13146 "-" "Mozilla/5.0 AppleWebKit/537.36 (KHTML, like Gecko; compatible; Amazonbot/0.1; +https://developer.amazon.com/support/amazonbot) Chrome/119.0.6045.214 Safari/537.36"
107.151.215.171 - - [30/Apr/2025:19:47:24 -0400] "GET /wp-content/uploads/ HTTP/1.1" 200 1496 "binance.com" "Mozilla/5.0 (Windows NT 10.0; Win64; x64) AppleWebKit/537.36 (KHTML, like Gecko) Chrome/90.0.4430.85 Safari/537.36"
107.151.215.171 - - [30/Apr/2025:19:47:28 -0400] "GET /wp-content/upgrade/ HTTP/1.1" 200 690 "binance.com" "Mozilla/5.0 (Windows NT 10.0; Win64; x64) AppleWebKit/537.36 (KHTML, like Gecko) Chrome/90.0.4430.85 Safari/537.36"
107.151.215.171 - - [30/Apr/2025:19:47:32 -0400] "GET /wp-content/languages/ HTTP/1.1" 200 0 "binance.com" "Mozilla/5.0 (Windows NT 10.0; Win64; x64) AppleWebKit/537.36 (KHTML, like Gecko) Chrome/90.0.4430.85 Safari/537.36"
107.151.215.171 - - [30/Apr/2025:19:47:37 -0400] "GET /wp-admin/includes/ HTTP/1.1" 200 4819 "binance.com" "Mozilla/5.0 (Windows NT 10.0; Win64; x64) AppleWebKit/537.36 (KHTML, like Gecko) Chrome/90.0.4430.85 Safari/537.36"
107.151.215.171 - - [30/Apr/2025:19:47:46 -0400] "GET /wp-admin/maint/ HTTP/1.1" 200 778 "binance.com" "Mozilla/5.0 (Windows NT 10.0; Win64; x64) AppleWebKit/537.36 (KHTML, like Gecko) Chrome/90.0.4430.85 Safari/537.36"
107.151.215.171 - - [30/Apr/2025:19:47:49 -0400] "GET /wp-admin/maint/ HTTP/1.1" 200 778 "binance.com" "Mozilla/5.0 (Windows NT 10.0; Win64; x64) AppleWebKit/537.36 (KHTML, like Gecko) Chrome/90.0.4430.85 Safari/537.36"
107.151.215.171 - - [30/Apr/2025:19:47:52 -0400] "GET /wp-admin/network/ HTTP/1.1" 302 0 "binance.com" "Mozilla/5.0 (Windows NT 10.0; Win64; x64) AppleWebKit/537.36 (KHTML, like Gecko) Chrome/90.0.4430.85 Safari/537.36"
107.151.215.171 - - [30/Apr/2025:19:47:55 -0400] "GET /wp-admin/upgrade.php?_wp_http_referer=%2Fwp-admin%2Fnetwork%2F HTTP/1.1" 403 1242 "binance.com" "Mozilla/5.0 (Windows NT 10.0; Win64; x64) AppleWebKit/537.36 (KHTML, like Gecko) Chrome/90.0.4430.85 Safari/537.36"
107.151.215.171 - - [30/Apr/2025:19:48:00 -0400] "GET /wp-admin/user/ HTTP/1.1" 302 0 "binance.com" "Mozilla/5.0 (Windows NT 10.0; Win64; x64) AppleWebKit/537.36 (KHTML, like Gecko) Chrome/90.0.4430.85 Safari/537.36"
107.151.215.171 - - [30/Apr/2025:19:48:14 -0400] "GET /wp-admin/css/colors/blue/ HTTP/1.1" 200 939 "binance.com" "Mozilla/5.0 (Windows NT 10.0; Win64; x64) AppleWebKit/537.36 (KHTML, like Gecko) Chrome/90.0.4430.85 Safari/537.36"
107.151.215.171 - - [30/Apr/2025:19:48:20 -0400] "GET /wp-admin/css/colors/coffee/ HTTP/1.1" 200 941 "binance.com" "Mozilla/5.0 (Windows NT 10.0; Win64; x64) AppleWebKit/537.36 (KHTML, like Gecko) Chrome/90.0.4430.85 Safari/537.36"
107.151.215.171 - - [30/Apr/2025:19:48:26 -0400] "GET /wp-admin/css/colors/ectoplasm/ HTTP/1.1" 200 943 "binance.com" "Mozilla/5.0 (Windows NT 10.0; Win64; x64) AppleWebKit/537.36 (KHTML, like Gecko) Chrome/90.0.4430.85 Safari/537.36"
107.151.215.171 - - [30/Apr/2025:19:48:33 -0400] "GET /wp-admin/css/colors/light/ HTTP/1.1" 200 940 "binance.com" "Mozilla/5.0 (Windows NT 10.0; Win64; x64) AppleWebKit/537.36 (KHTML, like Gecko) Chrome/90.0.4430.85 Safari/537.36"
107.151.215.171 - - [30/Apr/2025:19:48:58 -0400] "GET /wp-admin/images/ HTTP/1.1" 200 3024 "binance.com" "Mozilla/5.0 (Windows NT 10.0; Win64; x64) AppleWebKit/537.36 (KHTML, like Gecko) Chrome/90.0.4430.85 Safari/537.36"
107.151.215.171 - - [30/Apr/2025:19:49:08 -0400] "GET /wp-admin/js/widgets/ HTTP/1.1" 200 1577 "binance.com" "Mozilla/5.0 (Windows NT 10.0; Win64; x64) AppleWebKit/537.36 (KHTML, like Gecko) Chrome/90.0.4430.85 Safari/537.36"
107.151.215.171 - - [30/Apr/2025:19:49:13 -0400] "GET /wp-includes/ HTTP/1.1" 200 8195 "binance.com" "Mozilla/5.0 (Windows NT 10.0; Win64; x64) AppleWebKit/537.36 (KHTML, like Gecko) Chrome/90.0.4430.85 Safari/537.36"
107.151.215.171 - - [30/Apr/2025:19:49:18 -0400] "GET /wp-includes/ HTTP/1.1" 200 8133 "binance.com" "Mozilla/5.0 (Windows NT 10.0; Win64; x64) AppleWebKit/537.36 (KHTML, like Gecko) Chrome/90.0.4430.85 Safari/537.36"
107.151.215.171 - - [30/Apr/2025:19:49:33 -0400] "GET /wp-includes/ID3/ HTTP/1.1" 200 1668 "binance.com" "Mozilla/5.0 (Windows NT 10.0; Win64; x64) AppleWebKit/537.36 (KHTML, like Gecko) Chrome/90.0.4430.85 Safari/537.36"
192.64.118.117 - - [30/Apr/2025:19:46:46 -0400] "POST /wp-cron.php?doing_wp_cron=1746056806.3577499389648437500000 HTTP/1.1" 403 1242 "https://acreditrepaircorp.com/wp-cron.php?doing_wp_cron=1746056806.3577499389648437500000" "WordPress/5.0.18; https://acreditrepaircorp.com"
52.167.144.21 - - [30/Apr/2025:19:46:45 -0400] "GET /26902jqui2c11e7edud23faf0e HTTP/1.1" 404 9055 "-" "Mozilla/5.0 AppleWebKit/537.36 (KHTML, like Gecko; compatible; bingbot/2.0; +http://www.bing.com/bingbot.htm) Chrome/116.0.1938.76 Safari/537.36"
107.151.215.171 - - [30/Apr/2025:19:47:10 -0400] "GET /wp-admin/css/ HTTP/1.1" 200 3804 "binance.com" "Mozilla/5.0 (Windows NT 10.0; Win64; x64) AppleWebKit/537.36 (KHTML, like Gecko) Chrome/90.0.4430.85 Safari/537.36"
107.151.215.171 - - [30/Apr/2025:19:47:15 -0400] "GET /wp-content/uploads/2025/04/ HTTP/1.1" 200 698 "binance.com" "Mozilla/5.0 (Windows NT 10.0; Win64; x64) AppleWebKit/537.36 (KHTML, like Gecko) Chrome/90.0.4430.85 Safari/537.36"
107.151.215.171 - - [30/Apr/2025:19:47:19 -0400] "GET /wp-content/uploads/2025/03/ HTTP/1.1" 200 698 "binance.com" "Mozilla/5.0 (Windows NT 10.0; Win64; x64) AppleWebKit/537.36 (KHTML, like Gecko) Chrome/90.0.4430.85 Safari/537.36"
107.151.215.171 - - [30/Apr/2025:19:47:40 -0400] "GET /wp-admin/includes/ HTTP/1.1" 200 4799 "binance.com" "Mozilla/5.0 (Windows NT 10.0; Win64; x64) AppleWebKit/537.36 (KHTML, like Gecko) Chrome/90.0.4430.85 Safari/537.36"
192.64.118.117 - - [30/Apr/2025:19:47:55 -0400] "POST /wp-cron.php?doing_wp_cron=1746056875.1388010978698730468750 HTTP/1.1" 403 1242 "https://acreditrepaircorp.com/wp-cron.php?doing_wp_cron=1746056875.1388010978698730468750" "WordPress/5.0.18; http://acreditrepaircorp.com"
107.151.215.171 - - [30/Apr/2025:19:48:01 -0400] "GET /wp-admin/upgrade.php?_wp_http_referer=%2Fwp-admin%2Fuser%2F HTTP/1.1" 403 1242 "binance.com" "Mozilla/5.0 (Windows NT 10.0; Win64; x64) AppleWebKit/537.36 (KHTML, like Gecko) Chrome/90.0.4430.85 Safari/537.36"
107.151.215.171 - - [30/Apr/2025:19:48:05 -0400] "GET /wp-admin/css/ HTTP/1.1" 200 3822 "binance.com" "Mozilla/5.0 (Windows NT 10.0; Win64; x64) AppleWebKit/537.36 (KHTML, like Gecko) Chrome/90.0.4430.85 Safari/537.36"
107.151.215.171 - - [30/Apr/2025:19:48:08 -0400] "GET /wp-admin/css/colors/ HTTP/1.1" 200 1365 "binance.com" "Mozilla/5.0 (Windows NT 10.0; Win64; x64) AppleWebKit/537.36 (KHTML, like Gecko) Chrome/90.0.4430.85 Safari/537.36"
107.151.215.171 - - [30/Apr/2025:19:48:38 -0400] "GET /wp-admin/css/colors/midnight/ HTTP/1.1" 200 943 "binance.com" "Mozilla/5.0 (Windows NT 10.0; Win64; x64) AppleWebKit/537.36 (KHTML, like Gecko) Chrome/90.0.4430.85 Safari/537.36"
107.151.215.171 - - [30/Apr/2025:19:48:46 -0400] "GET /wp-admin/css/colors/modern/ HTTP/1.1" 404 1251 "binance.com" "Mozilla/5.0 (Windows NT 10.0; Win64; x64) AppleWebKit/537.36 (KHTML, like Gecko) Chrome/90.0.4430.85 Safari/537.36"
107.151.215.171 - - [30/Apr/2025:19:48:50 -0400] "GET /wp-admin/css/colors/ocean/ HTTP/1.1" 200 941 "binance.com" "Mozilla/5.0 (Windows NT 10.0; Win64; x64) AppleWebKit/537.36 (KHTML, like Gecko) Chrome/90.0.4430.85 Safari/537.36"
107.151.215.171 - - [30/Apr/2025:19:48:54 -0400] "GET /wp-admin/css/colors/sunrise/%20 HTTP/1.1" 404 1251 "binance.com" "Mozilla/5.0 (Windows NT 10.0; Win64; x64) AppleWebKit/537.36 (KHTML, like Gecko) Chrome/90.0.4430.85 Safari/537.36"
107.151.215.171 - - [30/Apr/2025:19:49:02 -0400] "GET /wp-admin/js/ HTTP/1.1" 200 4171 "binance.com" "Mozilla/5.0 (Windows NT 10.0; Win64; x64) AppleWebKit/537.36 (KHTML, like Gecko) Chrome/90.0.4430.85 Safari/537.36"
107.151.215.171 - - [30/Apr/2025:19:49:22 -0400] "GET /wp-includes/framework.php HTTP/1.1" 403 1242 "binance.com" "Mozilla/5.0 (Windows NT 10.0; Win64; x64) AppleWebKit/537.36 (KHTML, like Gecko) Chrome/90.0.4430.85 Safari/537.36"
107.151.215.171 - - [30/Apr/2025:19:49:27 -0400] "GET /wp-includes/ID3/ HTTP/1.1" 200 1668 "binance.com" "Mozilla/5.0 (Windows NT 10.0; Win64; x64) AppleWebKit/537.36 (KHTML, like Gecko) Chrome/90.0.4430.85 Safari/537.36"
107.151.215.171 - - [30/Apr/2025:19:49:43 -0400] "GET /wp-includes/IXR/ HTTP/1.1" 200 1371 "binance.com" "Mozilla/5.0 (Windows NT 10.0; Win64; x64) AppleWebKit/537.36 (KHTML, like Gecko) Chrome/90.0.4430.85 Safari/537.36"
107.151.215.171 - - [30/Apr/2025:19:49:53 -0400] "GET /wp-includes/PHPMailer/ HTTP/1.1" 404 1251 "binance.com" "Mozilla/5.0 (Windows NT 10.0; Win64; x64) AppleWebKit/537.36 (KHTML, like Gecko) Chrome/90.0.4430.85 Safari/537.36"
107.151.215.171 - - [30/Apr/2025:19:50:03 -0400] "GET /wp-includes/Text/ HTTP/1.1" 200 847 "binance.com" "Mozilla/5.0 (Windows NT 10.0; Win64; x64) AppleWebKit/537.36 (KHTML, like Gecko) Chrome/90.0.4430.85 Safari/537.36"
107.151.215.171 - - [30/Apr/2025:19:50:09 -0400] "GET /wp-includes/Text/Diff/ HTTP/1.1" 200 878 "binance.com" "Mozilla/5.0 (Windows NT 10.0; Win64; x64) AppleWebKit/537.36 (KHTML, like Gecko) Chrome/90.0.4430.85 Safari/537.36"
107.151.215.171 - - [30/Apr/2025:19:50:14 -0400] "GET /wp-includes/Text/Diff/ HTTP/1.1" 200 878 "binance.com" "Mozilla/5.0 (Windows NT 10.0; Win64; x64) AppleWebKit/537.36 (KHTML, like Gecko) Chrome/90.0.4430.85 Safari/537.36"
107.151.215.171 - - [30/Apr/2025:19:50:20 -0400] "GET /wp-includes/Text/Diff/Engine/ HTTP/1.1" 200 930 "binance.com" "Mozilla/5.0 (Windows NT 10.0; Win64; x64) AppleWebKit/537.36 (KHTML, like Gecko) Chrome/90.0.4430.85 Safari/537.36"
107.151.215.171 - - [30/Apr/2025:19:50:35 -0400] "GET /wp-includes/Text/Diff/Renderer/ HTTP/1.1" 200 792 "binance.com" "Mozilla/5.0 (Windows NT 10.0; Win64; x64) AppleWebKit/537.36 (KHTML, like Gecko) Chrome/90.0.4430.85 Safari/537.36"
107.151.215.171 - - [30/Apr/2025:19:50:45 -0400] "GET /wp-includes/blocks/ HTTP/1.1" 200 1272 "binance.com" "Mozilla/5.0 (Windows NT 10.0; Win64; x64) AppleWebKit/537.36 (KHTML, like Gecko) Chrome/90.0.4430.85 Safari/537.36"
107.151.215.171 - - [30/Apr/2025:19:50:53 -0400] "GET /wp-includes/pomo/ HTTP/1.1" 200 1315 "binance.com" "Mozilla/5.0 (Windows NT 10.0; Win64; x64) AppleWebKit/537.36 (KHTML, like Gecko) Chrome/90.0.4430.85 Safari/537.36"
107.151.215.171 - - [30/Apr/2025:19:51:03 -0400] "GET /wp-includes/sitemaps/ HTTP/1.1" 404 1251 "binance.com" "Mozilla/5.0 (Windows NT 10.0; Win64; x64) AppleWebKit/537.36 (KHTML, like Gecko) Chrome/90.0.4430.85 Safari/537.36"
107.151.215.171 - - [30/Apr/2025:19:51:09 -0400] "GET /wp-includes/sitemaps/providers/ HTTP/1.1" 404 1251 "binance.com" "Mozilla/5.0 (Windows NT 10.0; Win64; x64) AppleWebKit/537.36 (KHTML, like Gecko) Chrome/90.0.4430.85 Safari/537.36"
107.151.215.171 - - [30/Apr/2025:19:51:29 -0400] "GET /wp-includes/fonts/ HTTP/1.1" 200 891 "binance.com" "Mozilla/5.0 (Windows NT 10.0; Win64; x64) AppleWebKit/537.36 (KHTML, like Gecko) Chrome/90.0.4430.85 Safari/537.36"
107.151.215.171 - - [30/Apr/2025:19:51:31 -0400] "GET /wp-includes/images/ HTTP/1.1" 200 2065 "binance.com" "Mozilla/5.0 (Windows NT 10.0; Win64; x64) AppleWebKit/537.36 (KHTML, like Gecko) Chrome/90.0.4430.85 Safari/537.36"
107.151.215.171 - - [30/Apr/2025:19:51:54 -0400] "GET /wp-includes/js/%20 HTTP/1.1" 404 1251 "binance.com" "Mozilla/5.0 (Windows NT 10.0; Win64; x64) AppleWebKit/537.36 (KHTML, like Gecko) Chrome/90.0.4430.85 Safari/537.36"
107.151.215.171 - - [30/Apr/2025:19:52:08 -0400] "GET /wp-includes/js/plupload/ HTTP/1.1" 200 1453 "binance.com" "Mozilla/5.0 (Windows NT 10.0; Win64; x64) AppleWebKit/537.36 (KHTML, like Gecko) Chrome/90.0.4430.85 Safari/537.36"
107.151.215.171 - - [30/Apr/2025:19:49:49 -0400] "GET /wp-includes/IXR/ HTTP/1.1" 200 1371 "binance.com" "Mozilla/5.0 (Windows NT 10.0; Win64; x64) AppleWebKit/537.36 (KHTML, like Gecko) Chrome/90.0.4430.85 Safari/537.36"
107.151.215.171 - - [30/Apr/2025:19:49:58 -0400] "GET /wp-includes/Text/ HTTP/1.1" 200 847 "binance.com" "Mozilla/5.0 (Windows NT 10.0; Win64; x64) AppleWebKit/537.36 (KHTML, like Gecko) Chrome/90.0.4430.85 Safari/537.36"
107.151.215.171 - - [30/Apr/2025:19:50:29 -0400] "GET /wp-includes/Text/Diff/Engine/ HTTP/1.1" 200 930 "binance.com" "Mozilla/5.0 (Windows NT 10.0; Win64; x64) AppleWebKit/537.36 (KHTML, like Gecko) Chrome/90.0.4430.85 Safari/537.36"
107.151.215.171 - - [30/Apr/2025:19:50:40 -0400] "GET /wp-includes/Text/Diff/Renderer/ HTTP/1.1" 200 792 "binance.com" "Mozilla/5.0 (Windows NT 10.0; Win64; x64) AppleWebKit/537.36 (KHTML, like Gecko) Chrome/90.0.4430.85 Safari/537.36"
107.151.215.171 - - [30/Apr/2025:19:50:49 -0400] "GET /wp-includes/blocks/ HTTP/1.1" 200 1272 "binance.com" "Mozilla/5.0 (Windows NT 10.0; Win64; x64) AppleWebKit/537.36 (KHTML, like Gecko) Chrome/90.0.4430.85 Safari/537.36"
107.151.215.171 - - [30/Apr/2025:19:50:59 -0400] "GET /wp-includes/pomo/ HTTP/1.1" 200 1315 "binance.com" "Mozilla/5.0 (Windows NT 10.0; Win64; x64) AppleWebKit/537.36 (KHTML, like Gecko) Chrome/90.0.4430.85 Safari/537.36"
107.151.215.171 - - [30/Apr/2025:19:51:14 -0400] "GET /wp-includes/widgets/ HTTP/1.1" 200 1749 "binance.com" "Mozilla/5.0 (Windows NT 10.0; Win64; x64) AppleWebKit/537.36 (KHTML, like Gecko) Chrome/90.0.4430.85 Safari/537.36"
107.151.215.171 - - [30/Apr/2025:19:51:18 -0400] "GET /wp-includes/widgets/ HTTP/1.1" 200 1749 "binance.com" "Mozilla/5.0 (Windows NT 10.0; Win64; x64) AppleWebKit/537.36 (KHTML, like Gecko) Chrome/90.0.4430.85 Safari/537.36"
107.151.215.171 - - [30/Apr/2025:19:51:21 -0400] "GET /wp-includes/css/ HTTP/1.1" 200 2280 "binance.com" "Mozilla/5.0 (Windows NT 10.0; Win64; x64) AppleWebKit/537.36 (KHTML, like Gecko) Chrome/90.0.4430.85 Safari/537.36"
107.151.215.171 - - [30/Apr/2025:19:51:24 -0400] "GET /wp-includes/css/dist/ HTTP/1.1" 200 1212 "binance.com" "Mozilla/5.0 (Windows NT 10.0; Win64; x64) AppleWebKit/537.36 (KHTML, like Gecko) Chrome/90.0.4430.85 Safari/537.36"
107.151.215.171 - - [30/Apr/2025:19:51:35 -0400] "GET /wp-includes/images/crystal/ HTTP/1.1" 200 1427 "binance.com" "Mozilla/5.0 (Windows NT 10.0; Win64; x64) AppleWebKit/537.36 (KHTML, like Gecko) Chrome/90.0.4430.85 Safari/537.36"
107.151.215.171 - - [30/Apr/2025:19:51:38 -0400] "GET /wp-includes/images/media/ HTTP/1.1" 200 1290 "binance.com" "Mozilla/5.0 (Windows NT 10.0; Win64; x64) AppleWebKit/537.36 (KHTML, like Gecko) Chrome/90.0.4430.85 Safari/537.36"
107.151.215.171 - - [30/Apr/2025:19:51:42 -0400] "GET /wp-includes/images/smilies/ HTTP/1.1" 200 1704 "binance.com" "Mozilla/5.0 (Windows NT 10.0; Win64; x64) AppleWebKit/537.36 (KHTML, like Gecko) Chrome/90.0.4430.85 Safari/537.36"
107.151.215.171 - - [30/Apr/2025:19:51:48 -0400] "GET /wp-includes/images/wlw/ HTTP/1.1" 200 867 "binance.com" "Mozilla/5.0 (Windows NT 10.0; Win64; x64) AppleWebKit/537.36 (KHTML, like Gecko) Chrome/90.0.4430.85 Safari/537.36"
107.151.215.171 - - [30/Apr/2025:19:51:59 -0400] "GET /wp-includes/js/codemirror/ HTTP/1.1" 200 1334 "binance.com" "Mozilla/5.0 (Windows NT 10.0; Win64; x64) AppleWebKit/537.36 (KHTML, like Gecko) Chrome/90.0.4430.85 Safari/537.36"
107.151.215.171 - - [30/Apr/2025:19:52:12 -0400] "GET /.well-known/ HTTP/1.1" 200 771 "binance.com" "Mozilla/5.0 (Windows NT 10.0; Win64; x64) AppleWebKit/537.36 (KHTML, like Gecko) Chrome/90.0.4430.85 Safari/537.36"
192.64.118.117 - - [30/Apr/2025:20:08:22 -0400] "POST /wp-cron.php?doing_wp_cron=1746058102.5320029258728027343750 HTTP/1.1" 403 1242 "https://acreditrepaircorp.com/wp-cron.php?doing_wp_cron=1746058102.5320029258728027343750" "WordPress/5.0.18; http://acreditrepaircorp.com"
123.30.185.47 - - [30/Apr/2025:20:08:23 -0400] "GET /wp-login.php HTTP/1.1" 200 4075 "-" "Mozilla/5.0 (Windows NT 10.0; Win64; x64) AppleWebKit/537.36 (KHTML, like Gecko) Chrome/69.0.3497.100 Safari/537.36"
185.51.8.37 - - [30/Apr/2025:20:08:23 -0400] "POST /wp-login.php HTTP/1.1" 200 4361 "https://acreditrepaircorp.com/wp-login.php" "Mozilla/5.0 (Windows NT 5.1; rv:40.0) Gecko/20100101 Firefox/40.0"
123.30.185.47 - - [30/Apr/2025:20:08:26 -0400] "GET /wp-login.php HTTP/1.1" 200 4075 "-" "Mozilla/5.0 (Windows NT 10.0; Win64; x64) AppleWebKit/537.36 (KHTML, like Gecko) Chrome/89.0.4389.90 Safari/537.36"
123.30.185.47 - - [30/Apr/2025:20:08:29 -0400] "POST /wp-login.php HTTP/1.1" 200 4361 "https://acreditrepaircorp.com/wp-login.php" "Mozilla/5.0 (Windows NT 10.0; Win64; x64) AppleWebKit/537.36 (KHTML, like Gecko) Chrome/69.0.3497.100 Safari/537.36"
123.30.185.47 - - [30/Apr/2025:20:08:34 -0400] "POST /wp-login.php HTTP/1.1" 200 4361 "https://acreditrepaircorp.com/wp-login.php" "Mozilla/5.0 (Windows NT 10.0; Win64; x64) AppleWebKit/537.36 (KHTML, like Gecko) Chrome/89.0.4389.90 Safari/537.36"
81.70.217.125 - - [30/Apr/2025:20:09:06 -0400] "GET /wp-login.php HTTP/1.1" 200 4075 "-" "Mozilla/5.0 (Linux; Android 10; SM-A102U) AppleWebKit/537.36 (KHTML, like Gecko) Chrome/91.0.4472.114 Mobile Safari/537.36"
207.38.87.177 - - [30/Apr/2025:20:09:09 -0400] "POST /wp-login.php HTTP/1.1" 200 4361 "https://acreditrepaircorp.com/wp-login.php" "Mozilla/5.0 (Windows; U; Windows NT 5.1; en-US; rv:1.7.10) Gecko/20050716 Firefox/1.0.6"
185.51.8.37 - - [30/Apr/2025:20:08:18 -0400] "GET /wp-login.php HTTP/1.1" 200 4075 "-" "Mozilla/5.0 (Windows NT 5.1; rv:40.0) Gecko/20100101 Firefox/40.0"
123.30.185.47 - - [30/Apr/2025:20:08:42 -0400] "GET /wp-login.php HTTP/1.1" 200 4075 "-" "Mozilla/5.0 (Windows NT 10.0; Win64; x64) AppleWebKit/537.36 (KHTML, like Gecko) Chrome/84.0.4147.105 Safari/537.36"
123.30.185.47 - - [30/Apr/2025:20:08:46 -0400] "POST /wp-login.php HTTP/1.1" 200 4361 "https://acreditrepaircorp.com/wp-login.php" "Mozilla/5.0 (Windows NT 10.0; Win64; x64) AppleWebKit/537.36 (KHTML, like Gecko) Chrome/84.0.4147.105 Safari/537.36"
91.206.200.150 - - [30/Apr/2025:20:08:55 -0400] "GET /wp-login.php HTTP/1.1" 200 4075 "-" "Mozilla/5.0 (Windows NT 10.0; Win64; x64; rv:85.0) Gecko/20100101 Firefox/85.0"
91.206.200.150 - - [30/Apr/2025:20:08:58 -0400] "POST /wp-login.php HTTP/1.1" 200 4361 "https://acreditrepaircorp.com/wp-login.php" "Mozilla/5.0 (Windows NT 10.0; Win64; x64; rv:85.0) Gecko/20100101 Firefox/85.0"
207.38.87.177 - - [30/Apr/2025:20:09:06 -0400] "GET /wp-login.php HTTP/1.1" 200 4075 "-" "Mozilla/5.0 (Windows; U; Windows NT 5.1; en-US; rv:1.7.10) Gecko/20050716 Firefox/1.0.6"
81.70.217.125 - - [30/Apr/2025:20:09:09 -0400] "POST /wp-login.php HTTP/1.1" 200 4361 "https://acreditrepaircorp.com/wp-login.php" "Mozilla/5.0 (Linux; Android 10; SM-A102U) AppleWebKit/537.36 (KHTML, like Gecko) Chrome/91.0.4472.114 Mobile Safari/537.36"
23.137.105.26 - - [30/Apr/2025:20:51:06 -0400] "GET /wp-content/themes/realestate-7/admin/ReduxFramework/theme-changelog/index.html HTTP/1.1" 200 0 "www.google.com" "Mozilla/6.4 (Windows NT 11.1) Gecko/2010102 Firefox/99.0"
192.64.118.117 - - [30/Apr/2025:21:12:08 -0400] "POST /wp-cron.php?doing_wp_cron=1746061928.2342500686645507812500 HTTP/1.1" 403 1242 "https://acreditrepaircorp.com/wp-cron.php?doing_wp_cron=1746061928.2342500686645507812500" "WordPress/5.0.18; https://acreditrepaircorp.com"
118.195.165.218 - - [30/Apr/2025:21:12:05 -0400] "GET / HTTP/1.1" 301 0 "http://www.acreditrepaircorp.com" "Mozilla/5.0 (iPhone; CPU iPhone OS 13_2_3 like Mac OS X) AppleWebKit/605.1.15 (KHTML, like Gecko) Version/13.0.3 Mobile/15E148 Safari/604.1"
118.195.165.218 - - [30/Apr/2025:21:12:13 -0400] "GET / HTTP/1.1" 200 19119 "https://www.acreditrepaircorp.com/" "Mozilla/5.0 (iPhone; CPU iPhone OS 13_2_3 like Mac OS X) AppleWebKit/605.1.15 (KHTML, like Gecko) Version/13.0.3 Mobile/15E148 Safari/604.1"
192.64.118.117 - - [30/Apr/2025:21:26:14 -0400] "POST /wp-cron.php?doing_wp_cron=1746062774.6273319721221923828125 HTTP/1.1" 403 1242 "https://acreditrepaircorp.com/wp-cron.php?doing_wp_cron=1746062774.6273319721221923828125" "WordPress/5.0.18; https://acreditrepaircorp.com"
176.112.193.50 - - [30/Apr/2025:21:26:10 -0400] "POST / HTTP/1.1" 200 19075 "-" "Mozilla/5.0 (X11; Linux x86_64) AppleWebKit/537.36 (KHTML, like Gecko) Chrome/81.0.4044.129 Safari/537.36"
176.112.193.50 - - [30/Apr/2025:21:26:20 -0400] "GET /public/.env HTTP/1.1" 403 1242 "-" "Mozilla/5.0 (X11; Linux x86_64) AppleWebKit/537.36 (KHTML, like Gecko) Chrome/81.0.4044.129 Safari/537.36"
176.112.193.50 - - [30/Apr/2025:21:26:18 -0400] "GET /.env HTTP/1.1" 403 1242 "-" "Mozilla/5.0 (X11; Linux x86_64) AppleWebKit/537.36 (KHTML, like Gecko) Chrome/81.0.4044.129 Safari/537.36"
176.112.193.50 - - [30/Apr/2025:21:26:19 -0400] "GET /core/.env HTTP/1.1" 403 1242 "-" "Mozilla/5.0 (X11; Linux x86_64) AppleWebKit/537.36 (KHTML, like Gecko) Chrome/81.0.4044.129 Safari/537.36"
192.64.118.117 - - [30/Apr/2025:22:16:20 -0400] "POST /wp-cron.php?doing_wp_cron=1746065780.2363350391387939453125 HTTP/1.1" 403 1242 "https://acreditrepaircorp.com/wp-cron.php?doing_wp_cron=1746065780.2363350391387939453125" "WordPress/5.0.18; https://acreditrepaircorp.com"
52.167.144.159 - - [30/Apr/2025:22:16:17 -0400] "GET /sitemap5.xml HTTP/1.1" 404 9055 "-" "Mozilla/5.0 AppleWebKit/537.36 (KHTML, like Gecko; compatible; bingbot/2.0; +http://www.bing.com/bingbot.htm) Chrome/116.0.1938.76 Safari/537.36"
40.77.167.13 - - [30/Apr/2025:22:16:22 -0400] "GET /sitemap1.xml HTTP/1.1" 404 9044 "-" "Mozilla/5.0 AppleWebKit/537.36 (KHTML, like Gecko; compatible; bingbot/2.0; +http://www.bing.com/bingbot.htm) Chrome/116.0.1938.76 Safari/537.36"
192.64.118.117 - - [30/Apr/2025:22:17:50 -0400] "POST /wp-cron.php?doing_wp_cron=1746065870.8866291046142578125000 HTTP/1.1" 403 1242 "https://acreditrepaircorp.com/wp-cron.php?doing_wp_cron=1746065870.8866291046142578125000" "WordPress/5.0.18; https://acreditrepaircorp.com"
40.77.167.13 - - [30/Apr/2025:22:17:50 -0400] "GET /sitemap7.xml HTTP/1.1" 404 9045 "-" "Mozilla/5.0 AppleWebKit/537.36 (KHTML, like Gecko; compatible; bingbot/2.0; +http://www.bing.com/bingbot.htm) Chrome/116.0.1938.76 Safari/537.36"
192.64.118.117 - - [30/Apr/2025:22:19:01 -0400] "POST /wp-cron.php?doing_wp_cron=1746065941.2083160877227783203125 HTTP/1.1" 403 1242 "https://acreditrepaircorp.com/wp-cron.php?doing_wp_cron=1746065941.2083160877227783203125" "WordPress/5.0.18; https://acreditrepaircorp.com"
40.77.167.28 - - [30/Apr/2025:22:19:00 -0400] "GET /sitemap4.xml HTTP/1.1" 404 9043 "-" "Mozilla/5.0 AppleWebKit/537.36 (KHTML, like Gecko; compatible; bingbot/2.0; +http://www.bing.com/bingbot.htm) Chrome/116.0.1938.76 Safari/537.36"
52.167.144.22 - - [30/Apr/2025:22:19:05 -0400] "GET /sitemap3.xml HTTP/1.1" 404 9060 "-" "Mozilla/5.0 AppleWebKit/537.36 (KHTML, like Gecko; compatible; bingbot/2.0; +http://www.bing.com/bingbot.htm) Chrome/116.0.1938.76 Safari/537.36"
52.167.144.22 - - [30/Apr/2025:22:23:26 -0400] "GET /sitemap.xml HTTP/1.1" 404 9062 "-" "Mozilla/5.0 AppleWebKit/537.36 (KHTML, like Gecko; compatible; bingbot/2.0; +http://www.bing.com/bingbot.htm) Chrome/116.0.1938.76 Safari/537.36"
52.167.144.22 - - [30/Apr/2025:22:23:27 -0400] "GET /sitemap2.xml HTTP/1.1" 404 9062 "-" "Mozilla/5.0 AppleWebKit/537.36 (KHTML, like Gecko; compatible; bingbot/2.0; +http://www.bing.com/bingbot.htm) Chrome/116.0.1938.76 Safari/537.36"
192.64.118.117 - - [30/Apr/2025:22:26:27 -0400] "POST /wp-cron.php?doing_wp_cron=1746066387.1727170944213867187500 HTTP/1.1" 403 1242 "https://acreditrepaircorp.com/wp-cron.php?doing_wp_cron=1746066387.1727170944213867187500" "WordPress/5.0.18; https://acreditrepaircorp.com"
40.77.167.76 - - [30/Apr/2025:22:26:26 -0400] "GET /sitemap6.xml HTTP/1.1" 404 9044 "-" "Mozilla/5.0 AppleWebKit/537.36 (KHTML, like Gecko; compatible; bingbot/2.0; +http://www.bing.com/bingbot.htm) Chrome/116.0.1938.76 Safari/537.36"
40.77.167.219 - - [30/Apr/2025:22:32:49 -0400] "GET /robots.txt HTTP/1.1" 200 94 "-" "Mozilla/5.0 AppleWebKit/537.36 (KHTML, like Gecko; compatible; bingbot/2.0; +http://www.bing.com/bingbot.htm) Chrome/116.0.1938.76 Safari/537.36"
40.77.167.219 - - [30/Apr/2025:22:32:49 -0400] "GET /robots.txt HTTP/1.1" 200 94 "-" "Mozilla/5.0 AppleWebKit/537.36 (KHTML, like Gecko; compatible; bingbot/2.0; +http://www.bing.com/bingbot.htm) Chrome/116.0.1938.76 Safari/537.36"
40.77.167.136 - - [30/Apr/2025:22:32:55 -0400] "GET /23217qmnq42494eckm3c0467d HTTP/1.1" 301 0 "-" "Mozilla/5.0 AppleWebKit/537.36 (KHTML, like Gecko; compatible; bingbot/2.0; +http://www.bing.com/bingbot.htm) Chrome/116.0.1938.76 Safari/537.36"
192.64.118.117 - - [30/Apr/2025:22:23:27 -0400] "POST /wp-cron.php?doing_wp_cron=1746066207.1013870239257812500000 HTTP/1.1" 403 1242 "https://acreditrepaircorp.com/wp-cron.php?doing_wp_cron=1746066207.1013870239257812500000" "WordPress/5.0.18; https://acreditrepaircorp.com"
40.77.167.254 - - [30/Apr/2025:22:26:30 -0400] "GET /sitemap0.xml HTTP/1.1" 404 9061 "-" "Mozilla/5.0 AppleWebKit/537.36 (KHTML, like Gecko; compatible; bingbot/2.0; +http://www.bing.com/bingbot.htm) Chrome/116.0.1938.76 Safari/537.36"
192.64.118.117 - - [30/Apr/2025:22:32:57 -0400] "POST /wp-cron.php?doing_wp_cron=1746066777.0267610549926757812500 HTTP/1.1" 403 1242 "https://acreditrepaircorp.com/wp-cron.php?doing_wp_cron=1746066777.0267610549926757812500" "WordPress/5.0.18; https://acreditrepaircorp.com"
85.208.96.205 - - [30/Apr/2025:22:34:56 -0400] "GET /robots.txt HTTP/1.1" 200 118 "-" "Mozilla/5.0 (compatible; SemrushBot/7~bl; +http://www.semrush.com/bot.html)"
192.64.118.117 - - [30/Apr/2025:22:35:00 -0400] "POST /wp-cron.php?doing_wp_cron=1746066900.0297420024871826171875 HTTP/1.1" 403 1242 "https://acreditrepaircorp.com/wp-cron.php?doing_wp_cron=1746066900.0297420024871826171875" "WordPress/5.0.18; https://acreditrepaircorp.com"
185.191.171.5 - - [30/Apr/2025:22:34:58 -0400] "GET /22678swcf406c623rc023206b5 HTTP/1.1" 404 10370 "-" "Mozilla/5.0 (compatible; SemrushBot/7~bl; +http://www.semrush.com/bot.html)"
192.64.118.117 - - [30/Apr/2025:22:47:16 -0400] "POST /wp-cron.php?doing_wp_cron=1746067636.9340569972991943359375 HTTP/1.1" 403 1242 "https://acreditrepaircorp.com/wp-cron.php?doing_wp_cron=1746067636.9340569972991943359375" "WordPress/5.0.18; http://acreditrepaircorp.com"
103.169.34.238 - - [30/Apr/2025:22:47:15 -0400] "GET /wp-login.php HTTP/1.1" 200 4075 "-" "Mozilla/5.0 (Windows NT 10.0; Win64; x64; rv:78.0) Gecko/20100101 Firefox/78.0"
123.30.185.47 - - [30/Apr/2025:22:47:35 -0400] "GET /wp-login.php HTTP/1.1" 200 4075 "-" "Mozilla/5.0 (Windows NT 6.1; WOW64) AppleWebKit/537.1 (KHTML, like Gecko) Chrome/21.0.1180.83 Safari/537.1"
114.119.153.242 - - [30/Apr/2025:22:53:45 -0400] "GET /author/neil/ HTTP/1.1" 200 12135 "https://acreditrepaircorp.com/author/neil/" "Mozilla/5.0 (Linux; Android 7.0;) AppleWebKit/537.36 (KHTML, like Gecko) Mobile Safari/537.36 (compatible; PetalBot;+https://webmaster.petalsearch.com/site/petalbot)"
103.169.34.238 - - [30/Apr/2025:22:47:18 -0400] "POST /wp-login.php HTTP/1.1" 200 4361 "https://acreditrepaircorp.com/wp-login.php" "Mozilla/5.0 (Windows NT 10.0; Win64; x64; rv:78.0) Gecko/20100101 Firefox/78.0"
123.30.185.47 - - [30/Apr/2025:22:47:36 -0400] "POST /wp-login.php HTTP/1.1" 200 4361 "https://acreditrepaircorp.com/wp-login.php" "Mozilla/5.0 (Windows NT 6.1; WOW64) AppleWebKit/537.1 (KHTML, like Gecko) Chrome/21.0.1180.83 Safari/537.1"
192.64.118.117 - - [30/Apr/2025:22:53:46 -0400] "POST /wp-cron.php?doing_wp_cron=1746068026.3262479305267333984375 HTTP/1.1" 403 1242 "https://acreditrepaircorp.com/wp-cron.php?doing_wp_cron=1746068026.3262479305267333984375" "WordPress/5.0.18; https://acreditrepaircorp.com"