51.222.253.18 - - [01/May/2025:21:01:35 -0400] "GET /wp-content/themes/TESSERACT/css/site-banner.css?ver=1.0.0 HTTP/1.1" 200 1591 "-" "Mozilla/5.0 (compatible; AhrefsBot/7.0; +http://ahrefs.com/robot/)"
51.222.253.15 - - [01/May/2025:21:01:36 -0400] "GET /wp-includes/js/jquery/jquery.js?ver=1.12.4 HTTP/1.1" 200 32854 "-" "Mozilla/5.0 (compatible; AhrefsBot/7.0; +http://ahrefs.com/robot/)"
51.222.253.11 - - [01/May/2025:21:01:31 -0400] "GET /wp-content/themes/TESSERACT/css/typicons.css?ver=1.0.0 HTTP/1.1" 200 2649 "-" "Mozilla/5.0 (compatible; AhrefsBot/7.0; +http://ahrefs.com/robot/)"
51.222.253.7 - - [01/May/2025:21:01:32 -0400] "GET /wp-content/plugins/leads//shared/shortcodes/css/frontend-render.css?ver=5.0.18 HTTP/1.1" 200 11015 "-" "Mozilla/5.0 (compatible; AhrefsBot/7.0; +http://ahrefs.com/robot/)"
51.222.253.8 - - [01/May/2025:21:01:37 -0400] "GET /testimonials/ HTTP/1.1" 200 13110 "-" "Mozilla/5.0 (compatible; AhrefsBot/7.0; +http://ahrefs.com/robot/)"
51.222.253.20 - - [01/May/2025:21:01:40 -0400] "GET /wp-content/plugins/beaver-builder-lite-version/js/jquery.magnificpopup.min.js?ver=1.9.4 HTTP/1.1" 200 7280 "-" "Mozilla/5.0 (compatible; AhrefsBot/7.0; +http://ahrefs.com/robot/)"
51.222.253.14 - - [01/May/2025:21:01:40 -0400] "GET /wp-includes/js/jquery/ui/effect.min.js?ver=1.11.4 HTTP/1.1" 200 4983 "-" "Mozilla/5.0 (compatible; AhrefsBot/7.0; +http://ahrefs.com/robot/)"
51.222.253.9 - - [01/May/2025:21:01:41 -0400] "GET /wp-content/plugins/go_pricing/assets/css/go_pricing_styles.css?ver=3.3.12 HTTP/1.1" 200 7801 "-" "Mozilla/5.0 (compatible; AhrefsBot/7.0; +http://ahrefs.com/robot/)"
51.222.253.14 - - [01/May/2025:21:01:45 -0400] "GET /wp-includes/css/dist/block-library/style.min.css?ver=5.0.18 HTTP/1.1" 200 3971 "-" "Mozilla/5.0 (compatible; AhrefsBot/7.0; +http://ahrefs.com/robot/)"
51.222.253.12 - - [01/May/2025:21:01:45 -0400] "GET /wp-content/plugins/go_pricing/assets/js/go_pricing_scripts.js?ver=3.3.12 HTTP/1.1" 200 5244 "-" "Mozilla/5.0 (compatible; AhrefsBot/7.0; +http://ahrefs.com/robot/)"
51.222.253.17 - - [01/May/2025:21:01:46 -0400] "GET /wp-content/plugins/revslider/public/assets/js/jquery.themepunch.tools.min.js?ver=5.4.6.3.1 HTTP/1.1" 200 37077 "-" "Mozilla/5.0 (compatible; AhrefsBot/7.0; +http://ahrefs.com/robot/)"
51.222.253.11 - - [01/May/2025:21:01:49 -0400] "GET /wp-content/plugins/testimonials-showcase/layouts/grid/js/filter.js HTTP/1.1" 200 706 "-" "Mozilla/5.0 (compatible; AhrefsBot/7.0; +http://ahrefs.com/robot/)"
51.222.253.3 - - [01/May/2025:21:01:52 -0400] "GET /wp-content/themes/TESSERACT/js/helpers.js?ver=1.0.0 HTTP/1.1" 200 942 "-" "Mozilla/5.0 (compatible; AhrefsBot/7.0; +http://ahrefs.com/robot/)"
51.222.253.1 - - [01/May/2025:21:01:54 -0400] "GET /wp-content/themes/TESSERACT/js/jquery.fittext.js?ver=1.0.0 HTTP/1.1" 200 521 "-" "Mozilla/5.0 (compatible; AhrefsBot/7.0; +http://ahrefs.com/robot/)"
51.222.253.17 - - [01/May/2025:21:01:42 -0400] "GET /wp-content/themes/TESSERACT/style.css?ver=1.0.0 HTTP/1.1" 200 10905 "-" "Mozilla/5.0 (compatible; AhrefsBot/7.0; +http://ahrefs.com/robot/)"
51.222.253.1 - - [01/May/2025:21:01:43 -0400] "GET /wp-includes/js/wp-embed.min.js?ver=5.0.18 HTTP/1.1" 200 638 "-" "Mozilla/5.0 (compatible; AhrefsBot/7.0; +http://ahrefs.com/robot/)"
51.222.253.6 - - [01/May/2025:21:01:50 -0400] "GET /wp-content/plugins/leads//shared//shortcodes/js/spin.min.js HTTP/1.1" 200 1934 "-" "Mozilla/5.0 (compatible; AhrefsBot/7.0; +http://ahrefs.com/robot/)"
51.222.253.5 - - [01/May/2025:21:01:51 -0400] "GET /wp-includes/js/jquery/jquery-migrate.min.js?ver=1.4.1 HTTP/1.1" 200 3823 "-" "Mozilla/5.0 (compatible; AhrefsBot/7.0; +http://ahrefs.com/robot/)"
51.222.253.6 - - [01/May/2025:21:01:52 -0400] "GET /wp-content/plugins/leads//shared/assets/js/frontend/analytics/inboundAnalytics.min.js HTTP/1.1" 200 11696 "-" "Mozilla/5.0 (compatible; AhrefsBot/7.0; +http://ahrefs.com/robot/)"
51.222.253.16 - - [01/May/2025:21:01:54 -0400] "GET /wp-content/plugins/gtranslate/gtranslate-style24.css?ver=5.0.18 HTTP/1.1" 200 237 "-" "Mozilla/5.0 (compatible; AhrefsBot/7.0; +http://ahrefs.com/robot/)"
192.64.118.117 - - [01/May/2025:21:20:50 -0400] "POST /wp-cron.php?doing_wp_cron=1746148850.3530080318450927734375 HTTP/1.1" 403 1242 "https://acreditrepaircorp.com/wp-cron.php?doing_wp_cron=1746148850.3530080318450927734375" "WordPress/5.0.18; http://acreditrepaircorp.com"
178.253.43.167 - - [01/May/2025:21:20:48 -0400] "GET /wp-login.php HTTP/1.1" 200 4075 "-" "Mozilla/5.0 (Windows NT 10.0; Win64; x64) AppleWebKit/537.36 (KHTML, like Gecko) Chrome/63.0.3239.132 Safari/537.36"
178.253.43.167 - - [01/May/2025:21:20:51 -0400] "POST /wp-login.php HTTP/1.1" 200 4361 "https://acreditrepaircorp.com/wp-login.php" "Mozilla/5.0 (Windows NT 10.0; Win64; x64) AppleWebKit/537.36 (KHTML, like Gecko) Chrome/63.0.3239.132 Safari/537.36"
35.240.87.100 - - [01/May/2025:21:20:59 -0400] "GET /wp-login.php HTTP/1.1" 200 4075 "-" "Mozilla/5.0 (Windows NT 5.1; rv:52.0) Gecko/20100101 Firefox/52.0"
35.240.87.100 - - [01/May/2025:21:21:01 -0400] "POST /wp-login.php HTTP/1.1" 200 4361 "https://acreditrepaircorp.com/wp-login.php" "Mozilla/5.0 (Windows NT 5.1; rv:52.0) Gecko/20100101 Firefox/52.0"
31.220.93.206 - - [01/May/2025:21:21:15 -0400] "GET /wp-login.php HTTP/1.1" 200 4075 "-" "Mozilla/5.0 (Windows NT 10.0; Win64; x64) AppleWebKit/537.36 (KHTML, like Gecko) Chrome/79.0.3945.117 Safari/537.36"
31.220.93.206 - - [01/May/2025:21:21:17 -0400] "POST /wp-login.php HTTP/1.1" 200 4361 "https://acreditrepaircorp.com/wp-login.php" "Mozilla/5.0 (Windows NT 10.0; Win64; x64) AppleWebKit/537.36 (KHTML, like Gecko) Chrome/79.0.3945.117 Safari/537.36"
149.50.130.226 - - [01/May/2025:21:21:29 -0400] "GET /wp-login.php HTTP/1.1" 200 4075 "-" "Mozilla/5.0 (Windows NT 10.0; Win64; x64) AppleWebKit/537.36 (KHTML, like Gecko) Chrome/65.0.3325.181 Safari/537.36"
219.94.129.80 - - [01/May/2025:21:21:32 -0400] "GET /wp-login.php HTTP/1.1" 200 4075 "-" "Mozilla/5.0 (Windows NT 6.1; WOW64; rv:40.0) Gecko/20100101 Firefox/40.1"
219.94.129.80 - - [01/May/2025:21:21:35 -0400] "POST /wp-login.php HTTP/1.1" 200 4361 "https://acreditrepaircorp.com/wp-login.php" "Mozilla/5.0 (Windows NT 6.1; WOW64; rv:40.0) Gecko/20100101 Firefox/40.1"
192.64.118.117 - - [01/May/2025:21:21:52 -0400] "POST /wp-cron.php?doing_wp_cron=1746148912.2604920864105224609375 HTTP/1.1" 403 1242 "https://acreditrepaircorp.com/wp-cron.php?doing_wp_cron=1746148912.2604920864105224609375" "WordPress/5.0.18; http://acreditrepaircorp.com"
31.220.93.206 - - [01/May/2025:21:21:53 -0400] "POST /wp-login.php HTTP/1.1" 200 4361 "https://acreditrepaircorp.com/wp-login.php" "Mozilla/5.0 (Windows NT 5.1; Win64; x64) AppleWebKit/537.36 (KHTML, like Gecko) Chrome/60.0.3112.90 Safari/537.36"
160.251.151.146 - - [01/May/2025:21:22:12 -0400] "POST /wp-login.php HTTP/1.1" 200 4361 "https://acreditrepaircorp.com/wp-login.php" "Mozilla/5.0 (Windows NT 10.0; Win64; x64) AppleWebKit/537.36 (KHTML, like Gecko) Chrome/86.0.4240.198 Safari/537.36"
192.64.118.117 - - [01/May/2025:21:31:49 -0400] "POST /wp-cron.php?doing_wp_cron=1746149509.7547340393066406250000 HTTP/1.1" 403 1242 "https://acreditrepaircorp.com/wp-cron.php?doing_wp_cron=1746149509.7547340393066406250000" "WordPress/5.0.18; https://acreditrepaircorp.com"
212.34.141.234 - - [01/May/2025:21:32:11 -0400] "POST /wp-comments-post.php HTTP/1.0" 403 1242 "https://acreditrepaircorp.com/myth-or-guideline/" "Mozilla/5.0 (Windows NT 10.0; Win64; x64) AppleWebKit/537.36 (KHTML, like Gecko) Chrome/130.0.0.0 Safari/537.36 CCleaner/130.0.0.0"
31.220.93.206 - - [01/May/2025:21:21:02 -0400] "GET /wp-login.php HTTP/1.1" 200 4075 "-" "Mozilla/5.0 (Windows NT 6.1; rv:17.0) Gecko/20100101 Firefox/20.6.14"
31.220.93.206 - - [01/May/2025:21:21:05 -0400] "POST /wp-login.php HTTP/1.1" 200 4361 "https://acreditrepaircorp.com/wp-login.php" "Mozilla/5.0 (Windows NT 6.1; rv:17.0) Gecko/20100101 Firefox/20.6.14"
46.183.27.204 - - [01/May/2025:21:21:09 -0400] "GET /wp-login.php HTTP/1.1" 200 4075 "-" "Mozilla/5.0 (Windows NT 5.1; Win64; x64) AppleWebKit/537.36 (KHTML, like Gecko) Chrome/60.0.3112.90 Safari/537.36"
46.183.27.204 - - [01/May/2025:21:21:12 -0400] "POST /wp-login.php HTTP/1.1" 200 4361 "https://acreditrepaircorp.com/wp-login.php" "Mozilla/5.0 (Windows NT 5.1; Win64; x64) AppleWebKit/537.36 (KHTML, like Gecko) Chrome/60.0.3112.90 Safari/537.36"
202.124.241.203 - - [01/May/2025:21:21:13 -0400] "GET /wp-login.php HTTP/1.1" 200 4075 "-" "Mozilla/5.0 (Windows NT 6.1; WOW64; rv:38.0) Gecko/20100101 Firefox/38.0"
202.124.241.203 - - [01/May/2025:21:21:17 -0400] "POST /wp-login.php HTTP/1.1" 200 4361 "https://acreditrepaircorp.com/wp-login.php" "Mozilla/5.0 (Windows NT 6.1; WOW64; rv:38.0) Gecko/20100101 Firefox/38.0"
149.50.130.226 - - [01/May/2025:21:21:31 -0400] "POST /wp-login.php HTTP/1.1" 200 4361 "https://acreditrepaircorp.com/wp-login.php" "Mozilla/5.0 (Windows NT 10.0; Win64; x64) AppleWebKit/537.36 (KHTML, like Gecko) Chrome/65.0.3325.181 Safari/537.36"
188.225.23.146 - - [01/May/2025:21:21:46 -0400] "GET /wp-login.php HTTP/1.1" 200 4075 "-" "Mozilla/5.0 (Windows NT 10.0; Win64; x64) AppleWebKit/537.36 (KHTML, like Gecko) Chrome/69.0.3497.100 Safari/537.36"
188.225.23.146 - - [01/May/2025:21:21:49 -0400] "POST /wp-login.php HTTP/1.1" 200 4361 "https://acreditrepaircorp.com/wp-login.php" "Mozilla/5.0 (Windows NT 10.0; Win64; x64) AppleWebKit/537.36 (KHTML, like Gecko) Chrome/69.0.3497.100 Safari/537.36"
31.220.93.206 - - [01/May/2025:21:21:50 -0400] "GET /wp-login.php HTTP/1.1" 200 4075 "-" "Mozilla/5.0 (Windows NT 5.1; Win64; x64) AppleWebKit/537.36 (KHTML, like Gecko) Chrome/60.0.3112.90 Safari/537.36"
160.251.151.146 - - [01/May/2025:21:22:08 -0400] "GET /wp-login.php HTTP/1.1" 200 4075 "-" "Mozilla/5.0 (Windows NT 10.0; Win64; x64) AppleWebKit/537.36 (KHTML, like Gecko) Chrome/86.0.4240.198 Safari/537.36"
77.238.237.38 - - [01/May/2025:21:31:47 -0400] "GET /myth-or-guideline/ HTTP/1.0" 200 41912 "https://acreditrepaircorp.com/myth-or-guideline/" "Mozilla/5.0 (Windows NT 10.0; Win64; x64) AppleWebKit/537.36 (KHTML, like Gecko) Chrome/131.0.0.0 Safari/537.36"
77.238.237.38 - - [01/May/2025:21:31:51 -0400] "POST /wp-comments-post.php HTTP/1.0" 403 1242 "https://acreditrepaircorp.com/myth-or-guideline/" "Mozilla/5.0 (Windows NT 10.0; Win64; x64) AppleWebKit/537.36 (KHTML, like Gecko) Chrome/131.0.0.0 Safari/537.36"
212.34.141.234 - - [01/May/2025:21:32:08 -0400] "GET /myth-or-guideline/ HTTP/1.0" 200 41913 "https://acreditrepaircorp.com/myth-or-guideline/" "Mozilla/5.0 (Windows NT 10.0; Win64; x64) AppleWebKit/537.36 (KHTML, like Gecko) Chrome/130.0.0.0 Safari/537.36 CCleaner/130.0.0.0"
185.247.137.45 - - [01/May/2025:22:34:55 -0400] "GET / HTTP/1.1" 301 0 "-" "Mozilla/5.0 (compatible; InternetMeasurement/1.0; +https://internet-measurement.com/)"
87.236.176.30 - - [01/May/2025:22:35:01 -0400] "GET /favicon.ico HTTP/1.1" 404 1251 "-" "Mozilla/5.0 (compatible; InternetMeasurement/1.0; +https://internet-measurement.com/)"
87.236.176.160 - - [01/May/2025:22:35:02 -0400] "GET /wp-content/uploads/2021/01/cropped-creditcorp-LOGO-192x192.png HTTP/1.1" 200 35722 "-" "Mozilla/5.0 (compatible; InternetMeasurement/1.0; +https://internet-measurement.com/)"
45.55.158.168 - - [01/May/2025:22:35:02 -0400] "GET /favicon.ico HTTP/1.1" 404 1251 "-" "Mozilla/5.0 (compatible; InternetMeasurement/1.0; +https://internet-measurement.com/)"
138.246.253.24 - - [01/May/2025:22:28:48 -0400] "GET /robots.txt HTTP/1.1" 200 498 "-" "Mozilla/5.0 (Windows NT 10.0; Win64; x64) AppleWebKit/537.36 (KHTML, like Gecko) Chrome/103.0.5060.134 Safari/537.36"
192.64.118.117 - - [01/May/2025:22:34:57 -0400] "POST /wp-cron.php?doing_wp_cron=1746153297.2340049743652343750000 HTTP/1.1" 403 1242 "https://acreditrepaircorp.com/wp-cron.php?doing_wp_cron=1746153297.2340049743652343750000" "WordPress/5.0.18; https://acreditrepaircorp.com"
185.247.137.45 - - [01/May/2025:22:34:58 -0400] "GET / HTTP/1.1" 200 19120 "https://mail.acreditrepaircorp.com" "Mozilla/5.0 (compatible; InternetMeasurement/1.0; +https://internet-measurement.com/)"
87.236.176.186 - - [01/May/2025:22:35:01 -0400] "GET /wp-content/uploads/2021/01/cropped-creditcorp-LOGO-270x270.png HTTP/1.1" 200 58077 "-" "Mozilla/5.0 (compatible; InternetMeasurement/1.0; +https://internet-measurement.com/)"
87.236.176.232 - - [01/May/2025:22:35:01 -0400] "GET /wp-content/uploads/2021/01/cropped-creditcorp-LOGO-32x32.png HTTP/1.1" 200 2340 "-" "Mozilla/5.0 (compatible; InternetMeasurement/1.0; +https://internet-measurement.com/)"
192.64.118.117 - - [01/May/2025:22:45:29 -0400] "POST /wp-cron.php?doing_wp_cron=1746153929.5559999942779541015625 HTTP/1.1" 403 1242 "https://acreditrepaircorp.com/wp-cron.php?doing_wp_cron=1746153929.5559999942779541015625" "WordPress/5.0.18; https://acreditrepaircorp.com"
114.119.153.242 - - [01/May/2025:22:45:27 -0400] "GET /5-easy-ways-to-find-home-loans-for-bad-credit/ HTTP/1.1" 200 13592 "https://acreditrepaircorp.com/author/neil/" "Mozilla/5.0 (Linux; Android 7.0;) AppleWebKit/537.36 (KHTML, like Gecko) Mobile Safari/537.36 (compatible; PetalBot;+https://webmaster.petalsearch.com/site/petalbot)"
107.151.248.161 - - [01/May/2025:22:59:10 -0400] "GET /wp-admin/css/ HTTP/1.1" 200 3804 "binance.com" "Mozilla/5.0 (Windows NT 10.0; Win64; x64) AppleWebKit/537.36 (KHTML, like Gecko) Chrome/90.0.4430.85 Safari/537.36"
107.151.248.161 - - [01/May/2025:22:59:20 -0400] "GET /wp-content/uploads/2025/04/ HTTP/1.1" 200 698 "binance.com" "Mozilla/5.0 (Windows NT 10.0; Win64; x64) AppleWebKit/537.36 (KHTML, like Gecko) Chrome/90.0.4430.85 Safari/537.36"
107.151.248.161 - - [01/May/2025:22:59:27 -0400] "GET /wp-content/uploads/ HTTP/1.1" 200 1496 "binance.com" "Mozilla/5.0 (Windows NT 10.0; Win64; x64) AppleWebKit/537.36 (KHTML, like Gecko) Chrome/90.0.4430.85 Safari/537.36"
107.151.248.161 - - [01/May/2025:22:59:33 -0400] "GET /wp-content/upgrade/ HTTP/1.1" 200 690 "binance.com" "Mozilla/5.0 (Windows NT 10.0; Win64; x64) AppleWebKit/537.36 (KHTML, like Gecko) Chrome/90.0.4430.85 Safari/537.36"
107.151.248.161 - - [01/May/2025:22:59:38 -0400] "GET /wp-content/languages/ HTTP/1.1" 200 0 "binance.com" "Mozilla/5.0 (Windows NT 10.0; Win64; x64) AppleWebKit/537.36 (KHTML, like Gecko) Chrome/90.0.4430.85 Safari/537.36"
107.151.248.161 - - [01/May/2025:22:59:49 -0400] "GET /wp-admin/includes/ HTTP/1.1" 200 4799 "binance.com" "Mozilla/5.0 (Windows NT 10.0; Win64; x64) AppleWebKit/537.36 (KHTML, like Gecko) Chrome/90.0.4430.85 Safari/537.36"
107.151.248.161 - - [01/May/2025:23:00:05 -0400] "GET /wp-admin/network/ HTTP/1.1" 302 0 "binance.com" "Mozilla/5.0 (Windows NT 10.0; Win64; x64) AppleWebKit/537.36 (KHTML, like Gecko) Chrome/90.0.4430.85 Safari/537.36"
107.151.248.161 - - [01/May/2025:23:00:12 -0400] "GET /wp-admin/upgrade.php?_wp_http_referer=%2Fwp-admin%2Fuser%2F HTTP/1.1" 403 1242 "binance.com" "Mozilla/5.0 (Windows NT 10.0; Win64; x64) AppleWebKit/537.36 (KHTML, like Gecko) Chrome/90.0.4430.85 Safari/537.36"
107.151.248.161 - - [01/May/2025:23:00:19 -0400] "GET /wp-admin/css/ HTTP/1.1" 200 3804 "binance.com" "Mozilla/5.0 (Windows NT 10.0; Win64; x64) AppleWebKit/537.36 (KHTML, like Gecko) Chrome/90.0.4430.85 Safari/537.36"
107.151.248.161 - - [01/May/2025:23:00:31 -0400] "GET /wp-admin/css/colors/blue/ HTTP/1.1" 200 939 "binance.com" "Mozilla/5.0 (Windows NT 10.0; Win64; x64) AppleWebKit/537.36 (KHTML, like Gecko) Chrome/90.0.4430.85 Safari/537.36"
107.151.248.161 - - [01/May/2025:23:00:44 -0400] "GET /wp-admin/css/colors/ectoplasm/ HTTP/1.1" 200 943 "binance.com" "Mozilla/5.0 (Windows NT 10.0; Win64; x64) AppleWebKit/537.36 (KHTML, like Gecko) Chrome/90.0.4430.85 Safari/537.36"
107.151.248.161 - - [01/May/2025:23:00:48 -0400] "GET /wp-admin/css/colors/light/ HTTP/1.1" 200 940 "binance.com" "Mozilla/5.0 (Windows NT 10.0; Win64; x64) AppleWebKit/537.36 (KHTML, like Gecko) Chrome/90.0.4430.85 Safari/537.36"
107.151.248.161 - - [01/May/2025:23:00:59 -0400] "GET /wp-admin/css/colors/modern/ HTTP/1.1" 404 1251 "binance.com" "Mozilla/5.0 (Windows NT 10.0; Win64; x64) AppleWebKit/537.36 (KHTML, like Gecko) Chrome/90.0.4430.85 Safari/537.36"
107.151.248.161 - - [01/May/2025:23:01:12 -0400] "GET /wp-admin/css/colors/sunrise/%20 HTTP/1.1" 404 1251 "binance.com" "Mozilla/5.0 (Windows NT 10.0; Win64; x64) AppleWebKit/537.36 (KHTML, like Gecko) Chrome/90.0.4430.85 Safari/537.36"
107.151.248.161 - - [01/May/2025:23:01:28 -0400] "GET /wp-admin/js/widgets/ HTTP/1.1" 200 1577 "binance.com" "Mozilla/5.0 (Windows NT 10.0; Win64; x64) AppleWebKit/537.36 (KHTML, like Gecko) Chrome/90.0.4430.85 Safari/537.36"
107.151.248.161 - - [01/May/2025:23:01:42 -0400] "GET /wp-includes/ HTTP/1.1" 200 8167 "binance.com" "Mozilla/5.0 (Windows NT 10.0; Win64; x64) AppleWebKit/537.36 (KHTML, like Gecko) Chrome/90.0.4430.85 Safari/537.36"
107.151.248.161 - - [01/May/2025:23:01:48 -0400] "GET /wp-includes/framework.php HTTP/1.1" 403 1242 "binance.com" "Mozilla/5.0 (Windows NT 10.0; Win64; x64) AppleWebKit/537.36 (KHTML, like Gecko) Chrome/90.0.4430.85 Safari/537.36"
107.151.248.161 - - [01/May/2025:22:59:15 -0400] "GET /wp-content/uploads/2025/05/ HTTP/1.1" 200 698 "binance.com" "Mozilla/5.0 (Windows NT 10.0; Win64; x64) AppleWebKit/537.36 (KHTML, like Gecko) Chrome/90.0.4430.85 Safari/537.36"
107.151.248.161 - - [01/May/2025:22:59:43 -0400] "GET /wp-admin/includes/ HTTP/1.1" 200 4800 "binance.com" "Mozilla/5.0 (Windows NT 10.0; Win64; x64) AppleWebKit/537.36 (KHTML, like Gecko) Chrome/90.0.4430.85 Safari/537.36"
107.151.248.161 - - [01/May/2025:22:59:54 -0400] "GET /wp-admin/maint/ HTTP/1.1" 200 778 "binance.com" "Mozilla/5.0 (Windows NT 10.0; Win64; x64) AppleWebKit/537.36 (KHTML, like Gecko) Chrome/90.0.4430.85 Safari/537.36"
107.151.248.161 - - [01/May/2025:22:59:58 -0400] "GET /wp-admin/maint/ HTTP/1.1" 200 778 "binance.com" "Mozilla/5.0 (Windows NT 10.0; Win64; x64) AppleWebKit/537.36 (KHTML, like Gecko) Chrome/90.0.4430.85 Safari/537.36"
192.64.118.117 - - [01/May/2025:23:00:06 -0400] "POST /wp-cron.php?doing_wp_cron=1746154806.5805480480194091796875 HTTP/1.1" 403 1242 "https://acreditrepaircorp.com/wp-cron.php?doing_wp_cron=1746154806.5805480480194091796875" "WordPress/5.0.18; http://acreditrepaircorp.com"
107.151.248.161 - - [01/May/2025:23:00:06 -0400] "GET /wp-admin/upgrade.php?_wp_http_referer=%2Fwp-admin%2Fnetwork%2F HTTP/1.1" 403 1242 "binance.com" "Mozilla/5.0 (Windows NT 10.0; Win64; x64) AppleWebKit/537.36 (KHTML, like Gecko) Chrome/90.0.4430.85 Safari/537.36"
107.151.248.161 - - [01/May/2025:23:00:11 -0400] "GET /wp-admin/user/ HTTP/1.1" 302 0 "binance.com" "Mozilla/5.0 (Windows NT 10.0; Win64; x64) AppleWebKit/537.36 (KHTML, like Gecko) Chrome/90.0.4430.85 Safari/537.36"
107.151.248.161 - - [01/May/2025:23:00:25 -0400] "GET /wp-admin/css/colors/ HTTP/1.1" 200 1365 "binance.com" "Mozilla/5.0 (Windows NT 10.0; Win64; x64) AppleWebKit/537.36 (KHTML, like Gecko) Chrome/90.0.4430.85 Safari/537.36"
107.151.248.161 - - [01/May/2025:23:00:38 -0400] "GET /wp-admin/css/colors/coffee/ HTTP/1.1" 200 941 "binance.com" "Mozilla/5.0 (Windows NT 10.0; Win64; x64) AppleWebKit/537.36 (KHTML, like Gecko) Chrome/90.0.4430.85 Safari/537.36"
107.151.248.161 - - [01/May/2025:23:00:53 -0400] "GET /wp-admin/css/colors/midnight/ HTTP/1.1" 200 943 "binance.com" "Mozilla/5.0 (Windows NT 10.0; Win64; x64) AppleWebKit/537.36 (KHTML, like Gecko) Chrome/90.0.4430.85 Safari/537.36"
107.151.248.161 - - [01/May/2025:23:01:07 -0400] "GET /wp-admin/css/colors/ocean/ HTTP/1.1" 200 941 "binance.com" "Mozilla/5.0 (Windows NT 10.0; Win64; x64) AppleWebKit/537.36 (KHTML, like Gecko) Chrome/90.0.4430.85 Safari/537.36"
107.151.248.161 - - [01/May/2025:23:01:18 -0400] "GET /wp-admin/images/ HTTP/1.1" 200 3024 "binance.com" "Mozilla/5.0 (Windows NT 10.0; Win64; x64) AppleWebKit/537.36 (KHTML, like Gecko) Chrome/90.0.4430.85 Safari/537.36"
107.151.248.161 - - [01/May/2025:23:01:23 -0400] "GET /wp-admin/js/ HTTP/1.1" 200 4178 "binance.com" "Mozilla/5.0 (Windows NT 10.0; Win64; x64) AppleWebKit/537.36 (KHTML, like Gecko) Chrome/90.0.4430.85 Safari/537.36"
107.151.248.161 - - [01/May/2025:23:01:36 -0400] "GET /wp-includes/ HTTP/1.1" 200 8190 "binance.com" "Mozilla/5.0 (Windows NT 10.0; Win64; x64) AppleWebKit/537.36 (KHTML, like Gecko) Chrome/90.0.4430.85 Safari/537.36"
107.151.248.161 - - [01/May/2025:23:01:53 -0400] "GET /wp-includes/ID3/ HTTP/1.1" 200 1668 "binance.com" "Mozilla/5.0 (Windows NT 10.0; Win64; x64) AppleWebKit/537.36 (KHTML, like Gecko) Chrome/90.0.4430.85 Safari/537.36"
107.151.248.161 - - [01/May/2025:23:01:59 -0400] "GET /wp-includes/ID3/ HTTP/1.1" 200 1668 "binance.com" "Mozilla/5.0 (Windows NT 10.0; Win64; x64) AppleWebKit/537.36 (KHTML, like Gecko) Chrome/90.0.4430.85 Safari/537.36"
107.151.248.161 - - [01/May/2025:23:02:25 -0400] "GET /wp-includes/Text/ HTTP/1.1" 200 847 "binance.com" "Mozilla/5.0 (Windows NT 10.0; Win64; x64) AppleWebKit/537.36 (KHTML, like Gecko) Chrome/90.0.4430.85 Safari/537.36"
107.151.248.161 - - [01/May/2025:23:02:04 -0400] "GET /wp-includes/IXR/ HTTP/1.1" 200 1371 "binance.com" "Mozilla/5.0 (Windows NT 10.0; Win64; x64) AppleWebKit/537.36 (KHTML, like Gecko) Chrome/90.0.4430.85 Safari/537.36"
107.151.248.161 - - [01/May/2025:23:02:11 -0400] "GET /wp-includes/IXR/ HTTP/1.1" 200 1371 "binance.com" "Mozilla/5.0 (Windows NT 10.0; Win64; x64) AppleWebKit/537.36 (KHTML, like Gecko) Chrome/90.0.4430.85 Safari/537.36"
107.151.248.161 - - [01/May/2025:23:02:19 -0400] "GET /wp-includes/PHPMailer/ HTTP/1.1" 404 1251 "binance.com" "Mozilla/5.0 (Windows NT 10.0; Win64; x64) AppleWebKit/537.36 (KHTML, like Gecko) Chrome/90.0.4430.85 Safari/537.36"
107.151.248.161 - - [01/May/2025:23:02:50 -0400] "GET /wp-includes/Text/Diff/ HTTP/1.1" 200 878 "binance.com" "Mozilla/5.0 (Windows NT 10.0; Win64; x64) AppleWebKit/537.36 (KHTML, like Gecko) Chrome/90.0.4430.85 Safari/537.36"
107.151.248.161 - - [01/May/2025:23:02:57 -0400] "GET /wp-includes/Text/Diff/ HTTP/1.1" 200 878 "binance.com" "Mozilla/5.0 (Windows NT 10.0; Win64; x64) AppleWebKit/537.36 (KHTML, like Gecko) Chrome/90.0.4430.85 Safari/537.36"
107.151.248.161 - - [01/May/2025:23:03:04 -0400] "GET /wp-includes/Text/Diff/Engine/ HTTP/1.1" 200 930 "binance.com" "Mozilla/5.0 (Windows NT 10.0; Win64; x64) AppleWebKit/537.36 (KHTML, like Gecko) Chrome/90.0.4430.85 Safari/537.36"
107.151.248.161 - - [01/May/2025:23:03:35 -0400] "GET /wp-includes/Text/Diff/Renderer/ HTTP/1.1" 200 792 "binance.com" "Mozilla/5.0 (Windows NT 10.0; Win64; x64) AppleWebKit/537.36 (KHTML, like Gecko) Chrome/90.0.4430.85 Safari/537.36"
107.151.248.161 - - [01/May/2025:23:03:44 -0400] "GET /wp-includes/blocks/ HTTP/1.1" 200 1272 "binance.com" "Mozilla/5.0 (Windows NT 10.0; Win64; x64) AppleWebKit/537.36 (KHTML, like Gecko) Chrome/90.0.4430.85 Safari/537.36"
107.151.248.161 - - [01/May/2025:23:03:50 -0400] "GET /wp-includes/blocks/ HTTP/1.1" 200 1272 "binance.com" "Mozilla/5.0 (Windows NT 10.0; Win64; x64) AppleWebKit/537.36 (KHTML, like Gecko) Chrome/90.0.4430.85 Safari/537.36"
107.151.248.161 - - [01/May/2025:23:04:03 -0400] "GET /wp-includes/pomo/ HTTP/1.1" 200 1315 "binance.com" "Mozilla/5.0 (Windows NT 10.0; Win64; x64) AppleWebKit/537.36 (KHTML, like Gecko) Chrome/90.0.4430.85 Safari/537.36"
107.151.248.161 - - [01/May/2025:23:04:09 -0400] "GET /wp-includes/sitemaps/ HTTP/1.1" 404 1251 "binance.com" "Mozilla/5.0 (Windows NT 10.0; Win64; x64) AppleWebKit/537.36 (KHTML, like Gecko) Chrome/90.0.4430.85 Safari/537.36"
107.151.248.161 - - [01/May/2025:23:04:14 -0400] "GET /wp-includes/sitemaps/providers/ HTTP/1.1" 404 1251 "binance.com" "Mozilla/5.0 (Windows NT 10.0; Win64; x64) AppleWebKit/537.36 (KHTML, like Gecko) Chrome/90.0.4430.85 Safari/537.36"
107.151.248.161 - - [01/May/2025:23:04:29 -0400] "GET /wp-includes/widgets/ HTTP/1.1" 200 1749 "binance.com" "Mozilla/5.0 (Windows NT 10.0; Win64; x64) AppleWebKit/537.36 (KHTML, like Gecko) Chrome/90.0.4430.85 Safari/537.36"
107.151.248.161 - - [01/May/2025:23:04:35 -0400] "GET /wp-includes/css/ HTTP/1.1" 200 2320 "binance.com" "Mozilla/5.0 (Windows NT 10.0; Win64; x64) AppleWebKit/537.36 (KHTML, like Gecko) Chrome/90.0.4430.85 Safari/537.36"
107.151.248.161 - - [01/May/2025:23:04:39 -0400] "GET /wp-includes/css/dist/ HTTP/1.1" 200 1212 "binance.com" "Mozilla/5.0 (Windows NT 10.0; Win64; x64) AppleWebKit/537.36 (KHTML, like Gecko) Chrome/90.0.4430.85 Safari/537.36"
107.151.248.161 - - [01/May/2025:23:04:49 -0400] "GET /wp-includes/images/ HTTP/1.1" 200 2065 "binance.com" "Mozilla/5.0 (Windows NT 10.0; Win64; x64) AppleWebKit/537.36 (KHTML, like Gecko) Chrome/90.0.4430.85 Safari/537.36"
107.151.248.161 - - [01/May/2025:23:04:59 -0400] "GET /wp-includes/images/smilies/ HTTP/1.1" 200 1704 "binance.com" "Mozilla/5.0 (Windows NT 10.0; Win64; x64) AppleWebKit/537.36 (KHTML, like Gecko) Chrome/90.0.4430.85 Safari/537.36"
107.151.248.161 - - [01/May/2025:23:05:12 -0400] "GET /wp-includes/js/%20 HTTP/1.1" 404 1251 "binance.com" "Mozilla/5.0 (Windows NT 10.0; Win64; x64) AppleWebKit/537.36 (KHTML, like Gecko) Chrome/90.0.4430.85 Safari/537.36"
107.151.248.161 - - [01/May/2025:23:02:31 -0400] "GET /wp-includes/Text/ HTTP/1.1" 200 847 "binance.com" "Mozilla/5.0 (Windows NT 10.0; Win64; x64) AppleWebKit/537.36 (KHTML, like Gecko) Chrome/90.0.4430.85 Safari/537.36"
107.151.248.161 - - [01/May/2025:23:03:10 -0400] "GET /wp-includes/Text/Diff/Engine/ HTTP/1.1" 200 930 "binance.com" "Mozilla/5.0 (Windows NT 10.0; Win64; x64) AppleWebKit/537.36 (KHTML, like Gecko) Chrome/90.0.4430.85 Safari/537.36"
107.151.248.161 - - [01/May/2025:23:03:21 -0400] "GET /wp-includes/Text/Diff/Renderer/ HTTP/1.1" 200 792 "binance.com" "Mozilla/5.0 (Windows NT 10.0; Win64; x64) AppleWebKit/537.36 (KHTML, like Gecko) Chrome/90.0.4430.85 Safari/537.36"
107.151.248.161 - - [01/May/2025:23:03:57 -0400] "GET /wp-includes/pomo/ HTTP/1.1" 200 1315 "binance.com" "Mozilla/5.0 (Windows NT 10.0; Win64; x64) AppleWebKit/537.36 (KHTML, like Gecko) Chrome/90.0.4430.85 Safari/537.36"
107.151.248.161 - - [01/May/2025:23:04:21 -0400] "GET /wp-includes/widgets/ HTTP/1.1" 200 1749 "binance.com" "Mozilla/5.0 (Windows NT 10.0; Win64; x64) AppleWebKit/537.36 (KHTML, like Gecko) Chrome/90.0.4430.85 Safari/537.36"
107.151.248.161 - - [01/May/2025:23:04:44 -0400] "GET /wp-includes/fonts/ HTTP/1.1" 200 891 "binance.com" "Mozilla/5.0 (Windows NT 10.0; Win64; x64) AppleWebKit/537.36 (KHTML, like Gecko) Chrome/90.0.4430.85 Safari/537.36"
107.151.248.161 - - [01/May/2025:23:04:52 -0400] "GET /wp-includes/images/crystal/ HTTP/1.1" 200 1427 "binance.com" "Mozilla/5.0 (Windows NT 10.0; Win64; x64) AppleWebKit/537.36 (KHTML, like Gecko) Chrome/90.0.4430.85 Safari/537.36"
107.151.248.161 - - [01/May/2025:23:05:05 -0400] "GET /wp-includes/images/wlw/ HTTP/1.1" 200 867 "binance.com" "Mozilla/5.0 (Windows NT 10.0; Win64; x64) AppleWebKit/537.36 (KHTML, like Gecko) Chrome/90.0.4430.85 Safari/537.36"
107.151.248.161 - - [01/May/2025:23:05:20 -0400] "GET /wp-includes/js/codemirror/ HTTP/1.1" 200 1334 "binance.com" "Mozilla/5.0 (Windows NT 10.0; Win64; x64) AppleWebKit/537.36 (KHTML, like Gecko) Chrome/90.0.4430.85 Safari/537.36"
107.151.248.161 - - [01/May/2025:23:05:34 -0400] "GET /.well-known/ HTTP/1.1" 200 771 "binance.com" "Mozilla/5.0 (Windows NT 10.0; Win64; x64) AppleWebKit/537.36 (KHTML, like Gecko) Chrome/90.0.4430.85 Safari/537.36"
107.151.248.161 - - [01/May/2025:23:05:28 -0400] "GET /wp-includes/js/plupload/ HTTP/1.1" 200 1453 "binance.com" "Mozilla/5.0 (Windows NT 10.0; Win64; x64) AppleWebKit/537.36 (KHTML, like Gecko) Chrome/90.0.4430.85 Safari/537.36"
52.167.144.140 - - [01/May/2025:23:07:39 -0400] "GET /3707srqdb17e6144ad7aec3c7e HTTP/1.1" 404 9058 "-" "Mozilla/5.0 AppleWebKit/537.36 (KHTML, like Gecko; compatible; bingbot/2.0; +http://www.bing.com/bingbot.htm) Chrome/116.0.1938.76 Safari/537.36"
192.64.118.117 - - [01/May/2025:23:07:41 -0400] "POST /wp-cron.php?doing_wp_cron=1746155261.4323339462280273437500 HTTP/1.1" 403 1242 "https://acreditrepaircorp.com/wp-cron.php?doing_wp_cron=1746155261.4323339462280273437500" "WordPress/5.0.18; https://acreditrepaircorp.com"
192.64.118.117 - - [01/May/2025:23:47:51 -0400] "POST /wp-cron.php?doing_wp_cron=1746157671.4452099800109863281250 HTTP/1.1" 403 1242 "https://acreditrepaircorp.com/wp-cron.php?doing_wp_cron=1746157671.4452099800109863281250" "WordPress/5.0.18; https://acreditrepaircorp.com"
170.106.165.76 - - [01/May/2025:23:47:49 -0400] "GET / HTTP/1.1" 200 19125 "http://acreditrepaircorp.com" "Mozilla/5.0 (iPhone; CPU iPhone OS 13_2_3 like Mac OS X) AppleWebKit/605.1.15 (KHTML, like Gecko) Version/13.0.3 Mobile/15E148 Safari/604.1"
88.210.52.122 - - [01/May/2025:23:48:33 -0400] "GET /myth-or-guideline/ HTTP/1.0" 200 41912 "https://acreditrepaircorp.com/myth-or-guideline/" "Mozilla/5.0 (Windows NT 10.0; Win64; x64) AppleWebKit/537.36 (KHTML, like Gecko) Chrome/130.0.0.0 Safari/537.36"
192.64.118.117 - - [01/May/2025:23:49:45 -0400] "POST /wp-cron.php?doing_wp_cron=1746157785.3375740051269531250000 HTTP/1.1" 403 1242 "https://acreditrepaircorp.com/wp-cron.php?doing_wp_cron=1746157785.3375740051269531250000" "WordPress/5.0.18; http://acreditrepaircorp.com"
192.64.118.117 - - [01/May/2025:23:49:45 -0400] "POST /wp-cron.php?doing_wp_cron=1746157785.3484499454498291015625 HTTP/1.1" 403 1242 "https://acreditrepaircorp.com/wp-cron.php?doing_wp_cron=1746157785.3484499454498291015625" "WordPress/5.0.18; http://acreditrepaircorp.com"
40.71.236.232 - - [01/May/2025:23:49:43 -0400] "GET /wp-login.php HTTP/1.1" 200 4075 "-" "Mozilla/5.0 (Windows NT 6.2; Win64; x64) AppleWebKit/537.36 (KHTML, like Gecko) Chrome/60.0.3112.90 Safari/537.36"
40.71.236.232 - - [01/May/2025:23:49:46 -0400] "POST /wp-login.php HTTP/1.1" 200 4361 "https://acreditrepaircorp.com/wp-login.php" "Mozilla/5.0 (Windows NT 6.2; Win64; x64) AppleWebKit/537.36 (KHTML, like Gecko) Chrome/60.0.3112.90 Safari/537.36"
51.158.145.134 - - [01/May/2025:23:49:46 -0400] "POST /wp-login.php HTTP/1.1" 200 4361 "https://acreditrepaircorp.com/wp-login.php" "Mozilla/5.0 (Windows NT 10.0; Win64; x64; rv:58.0) Gecko/20100101 Firefox/58.0"
103.153.101.111 - - [01/May/2025:23:49:48 -0400] "GET /wp-login.php HTTP/1.1" 200 4075 "-" "Mozilla/5.0 (Windows NT 10.0; Win64; x64) AppleWebKit/537.36 (KHTML, like Gecko) Chrome/87.0.4280.88 Safari/537.36"
212.105.78.61 - - [01/May/2025:23:50:12 -0400] "POST /wp-login.php HTTP/1.1" 200 4361 "https://acreditrepaircorp.com/wp-login.php" "Mozilla/5.0 (Macintosh; Intel Mac OS X 11_4) AppleWebKit/537.36 (KHTML, like Gecko) Chrome/91.0.4472.114 Safari/537.36"
88.210.52.122 - - [01/May/2025:23:48:34 -0400] "POST /wp-comments-post.php HTTP/1.0" 403 1242 "https://acreditrepaircorp.com/myth-or-guideline/" "Mozilla/5.0 (Windows NT 10.0; Win64; x64) AppleWebKit/537.36 (KHTML, like Gecko) Chrome/130.0.0.0 Safari/537.36"
51.158.145.134 - - [01/May/2025:23:49:42 -0400] "GET /wp-login.php HTTP/1.1" 200 4075 "-" "Mozilla/5.0 (Windows NT 10.0; Win64; x64; rv:58.0) Gecko/20100101 Firefox/58.0"
103.153.101.111 - - [01/May/2025:23:49:53 -0400] "POST /wp-login.php HTTP/1.1" 200 4361 "https://acreditrepaircorp.com/wp-login.php" "Mozilla/5.0 (Windows NT 10.0; Win64; x64) AppleWebKit/537.36 (KHTML, like Gecko) Chrome/87.0.4280.88 Safari/537.36"
212.105.78.61 - - [01/May/2025:23:50:10 -0400] "GET /wp-login.php HTTP/1.1" 200 4075 "-" "Mozilla/5.0 (Macintosh; Intel Mac OS X 11_4) AppleWebKit/537.36 (KHTML, like Gecko) Chrome/91.0.4472.114 Safari/537.36"
167.172.219.235 - - [01/May/2025:23:50:16 -0400] "POST /wp-login.php HTTP/1.1" 200 4361 "https://acreditrepaircorp.com/wp-login.php" "Mozilla/5.0 (iPad; CPU OS 14_6 like Mac OS X) AppleWebKit/605.1.15 (KHTML, like Gecko) CriOS/91.0.4472.80 Mobile/15E148 Safari/604.1"
81.70.217.125 - - [01/May/2025:23:50:17 -0400] "GET /wp-login.php HTTP/1.1" 200 4075 "-" "Mozilla/5.0 (Windows NT 10.0; Win64; x64; rv:85.0) Gecko/20100101 Firefox/85.0"
81.70.217.125 - - [01/May/2025:23:50:19 -0400] "POST /wp-login.php HTTP/1.1" 200 4361 "https://acreditrepaircorp.com/wp-login.php" "Mozilla/5.0 (Windows NT 10.0; Win64; x64; rv:85.0) Gecko/20100101 Firefox/85.0"
109.123.239.198 - - [01/May/2025:23:50:48 -0400] "GET /wp-login.php HTTP/1.1" 200 4075 "-" "Mozilla/5.0 (Windows NT 6.1; WOW64; rv:17.0) Gecko/20100101 Firefox/17.0"
109.123.239.198 - - [01/May/2025:23:50:50 -0400] "POST /wp-login.php HTTP/1.1" 200 4361 "https://acreditrepaircorp.com/wp-login.php" "Mozilla/5.0 (Windows NT 6.1; WOW64; rv:17.0) Gecko/20100101 Firefox/17.0"
167.172.219.235 - - [01/May/2025:23:50:16 -0400] "GET /wp-login.php HTTP/1.1" 200 4075 "-" "Mozilla/5.0 (iPad; CPU OS 14_6 like Mac OS X) AppleWebKit/605.1.15 (KHTML, like Gecko) CriOS/91.0.4472.80 Mobile/15E148 Safari/604.1"
185.107.112.58 - - [01/May/2025:23:50:40 -0400] "GET /wp-login.php HTTP/1.1" 200 4075 "-" "Mozilla/5.0 (Windows NT 10.0; Win64; x64) AppleWebKit/537.36 (KHTML, like Gecko) Chrome/84.0.4147.105 Safari/537.36"
185.107.112.58 - - [01/May/2025:23:50:43 -0400] "POST /wp-login.php HTTP/1.1" 200 4361 "https://acreditrepaircorp.com/wp-login.php" "Mozilla/5.0 (Windows NT 10.0; Win64; x64) AppleWebKit/537.36 (KHTML, like Gecko) Chrome/84.0.4147.105 Safari/537.36"
192.64.118.117 - - [01/May/2025:23:50:49 -0400] "POST /wp-cron.php?doing_wp_cron=1746157849.5555360317230224609375 HTTP/1.1" 403 1242 "https://acreditrepaircorp.com/wp-cron.php?doing_wp_cron=1746157849.5555360317230224609375" "WordPress/5.0.18; http://acreditrepaircorp.com"
192.64.118.117 - - [02/May/2025:00:02:04 -0400] "POST /wp-cron.php?doing_wp_cron=1746158524.3373270034790039062500 HTTP/1.1" 403 1242 "https://acreditrepaircorp.com/wp-cron.php?doing_wp_cron=1746158524.3373270034790039062500" "WordPress/5.0.18; https://acreditrepaircorp.com"
114.119.133.46 - - [02/May/2025:00:01:56 -0400] "GET /how-to-build-credit-in-5-simple-steps/ HTTP/1.1" 200 13767 "https://acreditrepaircorp.com/how-to-build-credit-in-5-simple-steps/" "Mozilla/5.0 (Linux; Android 7.0;) AppleWebKit/537.36 (KHTML, like Gecko) Mobile Safari/537.36 (compatible; PetalBot;+https://webmaster.petalsearch.com/site/petalbot)"