66.249.73.193 - - [01/May/2025:09:21:33 -0400] "POST /get-message-notify HTTP/1.1" 200 20461 "http://www.digitalbusinesscardz.acreditrepaircorp.com/shopdetail/139428952" "Mozilla/5.0 (Linux; Android 6.0.1; Nexus 5X Build/MMB29P) AppleWebKit/537.36 (KHTML, like Gecko) Chrome/134.0.6998.165 Mobile Safari/537.36 (compatible; Googlebot/2.1; +http://www.google.com/bot.html)"
66.249.73.193 - - [01/May/2025:09:21:49 -0400] "GET /shopdetail/87204852 HTTP/1.1" 200 19022 "-" "Mozilla/5.0 (Linux; Android 6.0.1; Nexus 5X Build/MMB29P) AppleWebKit/537.36 (KHTML, like Gecko) Chrome/136.0.7103.59 Mobile Safari/537.36 (compatible; Googlebot/2.1; +http://www.google.com/bot.html)"
66.249.73.193 - - [01/May/2025:09:21:50 -0400] "GET /shopdetail/37302952 HTTP/1.1" 200 18832 "-" "Mozilla/5.0 (Linux; Android 6.0.1; Nexus 5X Build/MMB29P) AppleWebKit/537.36 (KHTML, like Gecko) Chrome/135.0.7049.95 Mobile Safari/537.36 (compatible; Googlebot/2.1; +http://www.google.com/bot.html)"
66.249.73.193 - - [01/May/2025:09:22:03 -0400] "GET /shopdetail/75019652 HTTP/1.1" 200 19547 "-" "Mozilla/5.0 (Linux; Android 6.0.1; Nexus 5X Build/MMB29P) AppleWebKit/537.36 (KHTML, like Gecko) Chrome/135.0.7049.95 Mobile Safari/537.36 (compatible; GoogleOther)"
66.249.73.193 - - [01/May/2025:09:22:09 -0400] "GET /pcmypage?callback=product%2Fdetail%2F04194076 HTTP/1.1" 200 19214 "-" "Mozilla/5.0 (Linux; Android 6.0.1; Nexus 5X Build/MMB29P) AppleWebKit/537.36 (KHTML, like Gecko) Chrome/135.0.7049.95 Mobile Safari/537.36 (compatible; Googlebot/2.1; +http://www.google.com/bot.html)"
66.249.73.193 - - [01/May/2025:09:22:28 -0400] "GET /pcmypage?callback=product%2Fdetail%2F10715847 HTTP/1.1" 200 19604 "-" "Mozilla/5.0 (Linux; Android 6.0.1; Nexus 5X Build/MMB29P) AppleWebKit/537.36 (KHTML, like Gecko) Chrome/135.0.7049.95 Mobile Safari/537.36 (compatible; Googlebot/2.1; +http://www.google.com/bot.html)"
66.249.73.194 - - [01/May/2025:09:23:01 -0400] "GET /pcmypage?callback=product/review/20316996 HTTP/1.1" 200 19304 "-" "Mozilla/5.0 (Linux; Android 6.0.1; Nexus 5X Build/MMB29P) AppleWebKit/537.36 (KHTML, like Gecko) Chrome/135.0.7049.95 Mobile Safari/537.36 (compatible; Googlebot/2.1; +http://www.google.com/bot.html)"
66.249.73.194 - - [01/May/2025:09:22:02 -0400] "POST /get-message-notify HTTP/1.1" 200 20461 "http://www.digitalbusinesscardz.acreditrepaircorp.com/pcmypage?callback=/product%2Fdetail%2F99781420" "Mozilla/5.0 (Linux; Android 6.0.1; Nexus 5X Build/MMB29P) AppleWebKit/537.36 (KHTML, like Gecko) Chrome/134.0.6998.165 Mobile Safari/537.36 (compatible; Googlebot/2.1; +http://www.google.com/bot.html)"
66.249.73.193 - - [01/May/2025:09:22:07 -0400] "POST /get-message-notify HTTP/1.1" 200 20461 "http://www.digitalbusinesscardz.acreditrepaircorp.com/shopdetail/75019652" "Mozilla/5.0 (Linux; Android 6.0.1; Nexus 5X Build/MMB29P) AppleWebKit/537.36 (KHTML, like Gecko) Chrome/134.0.6998.165 Mobile Safari/537.36 (compatible; Googlebot/2.1; +http://www.google.com/bot.html)"
66.249.73.193 - - [01/May/2025:09:22:15 -0400] "GET /shopdetail/116764652 HTTP/1.1" 200 19979 "-" "Mozilla/5.0 (Linux; Android 6.0.1; Nexus 5X Build/MMB29P) AppleWebKit/537.36 (KHTML, like Gecko) Chrome/136.0.7103.59 Mobile Safari/537.36 (compatible; Googlebot/2.1; +http://www.google.com/bot.html)"
66.249.73.193 - - [01/May/2025:09:22:31 -0400] "GET /shopdetail/57244152 HTTP/1.1" 200 19686 "-" "Mozilla/5.0 (Linux; Android 6.0.1; Nexus 5X Build/MMB29P) AppleWebKit/537.36 (KHTML, like Gecko) Chrome/135.0.7049.95 Mobile Safari/537.36 (compatible; GoogleOther)"
66.249.73.193 - - [01/May/2025:09:22:34 -0400] "POST /get-message-notify HTTP/1.1" 200 20461 "http://www.digitalbusinesscardz.acreditrepaircorp.com/shopdetail/57244152" "Mozilla/5.0 (Linux; Android 6.0.1; Nexus 5X Build/MMB29P) AppleWebKit/537.36 (KHTML, like Gecko) Chrome/134.0.6998.165 Mobile Safari/537.36 (compatible; Googlebot/2.1; +http://www.google.com/bot.html)"
66.249.73.193 - - [01/May/2025:09:22:37 -0400] "GET /pcmypage?callback=product/review/51984522 HTTP/1.1" 200 19491 "-" "Mozilla/5.0 (Linux; Android 6.0.1; Nexus 5X Build/MMB29P) AppleWebKit/537.36 (KHTML, like Gecko) Chrome/135.0.7049.95 Mobile Safari/537.36 (compatible; Googlebot/2.1; +http://www.google.com/bot.html)"
66.249.73.193 - - [01/May/2025:09:22:46 -0400] "GET /pcmypage?callback=product/review/37923720 HTTP/1.1" 200 19507 "-" "Mozilla/5.0 (Linux; Android 6.0.1; Nexus 5X Build/MMB29P) AppleWebKit/537.36 (KHTML, like Gecko) Chrome/135.0.7049.95 Mobile Safari/537.36 (compatible; Googlebot/2.1; +http://www.google.com/bot.html)"
66.249.73.193 - - [01/May/2025:09:23:39 -0400] "GET /pcmypage?callback=product/review/16683318 HTTP/1.1" 200 19485 "-" "Mozilla/5.0 (Linux; Android 6.0.1; Nexus 5X Build/MMB29P) AppleWebKit/537.36 (KHTML, like Gecko) Chrome/135.0.7049.95 Mobile Safari/537.36 (compatible; Googlebot/2.1; +http://www.google.com/bot.html)"
66.249.73.193 - - [01/May/2025:09:23:41 -0400] "GET /shopdetail/54744052 HTTP/1.1" 200 19865 "-" "Mozilla/5.0 (Linux; Android 6.0.1; Nexus 5X Build/MMB29P) AppleWebKit/537.36 (KHTML, like Gecko) Chrome/135.0.7049.95 Mobile Safari/537.36 (compatible; GoogleOther)"
66.249.73.193 - - [01/May/2025:09:24:02 -0400] "GET /zhHant/product/surugaya/94667493?campaign_uid=f64d716db5e979ed2f947dbaf4296895b951ae7f HTTP/1.1" 200 19027 "-" "Mozilla/5.0 (Linux; Android 6.0.1; Nexus 5X Build/MMB29P) AppleWebKit/537.36 (KHTML, like Gecko) Chrome/135.0.7049.95 Mobile Safari/537.36 (compatible; GoogleOther)"
66.249.73.194 - - [01/May/2025:09:24:09 -0400] "POST /get-message-notify HTTP/1.1" 200 20460 "http://www.digitalbusinesscardz.acreditrepaircorp.com/zhHant/product/surugaya/94667493?campaign_uid=f64d716db5e979ed2f947dbaf4296895b951ae7f" "Mozilla/5.0 (Linux; Android 6.0.1; Nexus 5X Build/MMB29P) AppleWebKit/537.36 (KHTML, like Gecko) Chrome/134.0.6998.165 Mobile Safari/537.36 (compatible; Googlebot/2.1; +http://www.google.com/bot.html)"
66.249.73.193 - - [01/May/2025:09:23:08 -0400] "GET /shopdetail/100715452 HTTP/1.1" 200 18896 "-" "Mozilla/5.0 (Linux; Android 6.0.1; Nexus 5X Build/MMB29P) AppleWebKit/537.36 (KHTML, like Gecko) Chrome/135.0.7049.95 Mobile Safari/537.36 (compatible; GoogleOther)"
66.249.73.193 - - [01/May/2025:09:23:34 -0400] "POST /get-message-notify HTTP/1.1" 200 20461 "http://www.digitalbusinesscardz.acreditrepaircorp.com/shopdetail/100715452" "Mozilla/5.0 (Linux; Android 6.0.1; Nexus 5X Build/MMB29P) AppleWebKit/537.36 (KHTML, like Gecko) Chrome/134.0.6998.165 Mobile Safari/537.36 (compatible; Googlebot/2.1; +http://www.google.com/bot.html)"
66.249.73.194 - - [01/May/2025:09:24:11 -0400] "GET /shopdetail/136221952 HTTP/1.1" 200 19058 "-" "Mozilla/5.0 (Linux; Android 6.0.1; Nexus 5X Build/MMB29P) AppleWebKit/537.36 (KHTML, like Gecko) Chrome/136.0.7103.59 Mobile Safari/537.36 (compatible; Googlebot/2.1; +http://www.google.com/bot.html)"
66.249.73.193 - - [01/May/2025:09:24:16 -0400] "GET /pcmypage?callback=/product%2Fdetail%2F33850176 HTTP/1.1" 200 20732 "-" "Mozilla/5.0 (Linux; Android 6.0.1; Nexus 5X Build/MMB29P) AppleWebKit/537.36 (KHTML, like Gecko) Chrome/135.0.7049.95 Mobile Safari/537.36 (compatible; Googlebot/2.1; +http://www.google.com/bot.html)"
66.249.73.193 - - [01/May/2025:09:24:19 -0400] "POST /get-message-notify HTTP/1.1" 200 20460 "http://www.digitalbusinesscardz.acreditrepaircorp.com/pcmypage?callback=/product%2Fdetail%2F33850176" "Mozilla/5.0 (Linux; Android 6.0.1; Nexus 5X Build/MMB29P) AppleWebKit/537.36 (KHTML, like Gecko) Chrome/134.0.6998.165 Mobile Safari/537.36 (compatible; Googlebot/2.1; +http://www.google.com/bot.html)"
66.249.73.193 - - [01/May/2025:09:24:40 -0400] "GET /pcmypage?callback=product%2Fdetail%2F10569054 HTTP/1.1" 200 20120 "-" "Mozilla/5.0 (Linux; Android 6.0.1; Nexus 5X Build/MMB29P) AppleWebKit/537.36 (KHTML, like Gecko) Chrome/135.0.7049.95 Mobile Safari/537.36 (compatible; GoogleOther)"
66.249.73.193 - - [01/May/2025:09:25:02 -0400] "GET /shopdetail/114553152 HTTP/1.1" 200 19272 "-" "Mozilla/5.0 (Linux; Android 6.0.1; Nexus 5X Build/MMB29P) AppleWebKit/537.36 (KHTML, like Gecko) Chrome/135.0.7049.95 Mobile Safari/537.36 (compatible; GoogleOther)"
66.249.73.194 - - [01/May/2025:09:25:07 -0400] "POST /get-message-notify HTTP/1.1" 200 20460 "http://www.digitalbusinesscardz.acreditrepaircorp.com/shopdetail/114553152" "Mozilla/5.0 (Linux; Android 6.0.1; Nexus 5X Build/MMB29P) AppleWebKit/537.36 (KHTML, like Gecko) Chrome/134.0.6998.165 Mobile Safari/537.36 (compatible; Googlebot/2.1; +http://www.google.com/bot.html)"
66.249.73.193 - - [01/May/2025:09:25:10 -0400] "GET /shopdetail/160800252 HTTP/1.1" 200 20889 "-" "Mozilla/5.0 (Linux; Android 6.0.1; Nexus 5X Build/MMB29P) AppleWebKit/537.36 (KHTML, like Gecko) Chrome/136.0.7103.59 Mobile Safari/537.36 (compatible; Googlebot/2.1; +http://www.google.com/bot.html)"
66.249.73.193 - - [01/May/2025:09:25:31 -0400] "GET /pcmypage?callback=/product%2Fdetail%2F16683318 HTTP/1.1" 200 20756 "-" "Mozilla/5.0 (Linux; Android 6.0.1; Nexus 5X Build/MMB29P) AppleWebKit/537.36 (KHTML, like Gecko) Chrome/135.0.7049.95 Mobile Safari/537.36 (compatible; Googlebot/2.1; +http://www.google.com/bot.html)"
66.249.73.193 - - [01/May/2025:09:25:32 -0400] "GET /shopdetail/155666852 HTTP/1.1" 200 20349 "-" "Mozilla/5.0 (Linux; Android 6.0.1; Nexus 5X Build/MMB29P) AppleWebKit/537.36 (KHTML, like Gecko) Chrome/135.0.7049.95 Mobile Safari/537.36 (compatible; Googlebot/2.1; +http://www.google.com/bot.html)"
66.249.73.195 - - [01/May/2025:09:26:18 -0400] "GET /pcmypage?callback=product%2Fdetail%2F85705682 HTTP/1.1" 200 19778 "-" "Mozilla/5.0 (Linux; Android 6.0.1; Nexus 5X Build/MMB29P) AppleWebKit/537.36 (KHTML, like Gecko) Chrome/135.0.7049.95 Mobile Safari/537.36 (compatible; Googlebot/2.1; +http://www.google.com/bot.html)"
66.249.73.193 - - [01/May/2025:09:24:43 -0400] "POST /get-message-notify HTTP/1.1" 200 20460 "http://www.digitalbusinesscardz.acreditrepaircorp.com/pcmypage?callback=product%2Fdetail%2F10569054" "Mozilla/5.0 (Linux; Android 6.0.1; Nexus 5X Build/MMB29P) AppleWebKit/537.36 (KHTML, like Gecko) Chrome/134.0.6998.165 Mobile Safari/537.36 (compatible; Googlebot/2.1; +http://www.google.com/bot.html)"
66.249.73.193 - - [01/May/2025:09:25:23 -0400] "GET /index.phpsshopdetail/102209152 HTTP/1.1" 200 19015 "-" "Mozilla/5.0 (Linux; Android 6.0.1; Nexus 5X Build/MMB29P) AppleWebKit/537.36 (KHTML, like Gecko) Chrome/136.0.7103.59 Mobile Safari/537.36 (compatible; Googlebot/2.1; +http://www.google.com/bot.html)"
66.249.73.193 - - [01/May/2025:09:25:38 -0400] "GET /shopdetail/151544852 HTTP/1.1" 200 19138 "-" "Mozilla/5.0 (Linux; Android 6.0.1; Nexus 5X Build/MMB29P) AppleWebKit/537.36 (KHTML, like Gecko) Chrome/135.0.7049.95 Mobile Safari/537.36 (compatible; GoogleOther)"
66.249.73.193 - - [01/May/2025:09:25:41 -0400] "POST /get-message-notify HTTP/1.1" 200 20460 "http://www.digitalbusinesscardz.acreditrepaircorp.com/shopdetail/151544852" "Mozilla/5.0 (Linux; Android 6.0.1; Nexus 5X Build/MMB29P) AppleWebKit/537.36 (KHTML, like Gecko) Chrome/134.0.6998.165 Mobile Safari/537.36 (compatible; Googlebot/2.1; +http://www.google.com/bot.html)"
66.249.73.193 - - [01/May/2025:09:25:50 -0400] "GET /shopdetail/103688752 HTTP/1.1" 200 19535 "-" "Mozilla/5.0 (Linux; Android 6.0.1; Nexus 5X Build/MMB29P) AppleWebKit/537.36 (KHTML, like Gecko) Chrome/135.0.7049.95 Mobile Safari/537.36 (compatible; Googlebot/2.1; +http://www.google.com/bot.html)"
66.249.73.194 - - [01/May/2025:09:26:16 -0400] "GET /zhHant/product/surugaya/12111816?campaign_uid=f64d716db5e979ed2f947dbaf4296895b951ae7f HTTP/1.1" 200 19265 "-" "Mozilla/5.0 (Linux; Android 6.0.1; Nexus 5X Build/MMB29P) AppleWebKit/537.36 (KHTML, like Gecko) Chrome/135.0.7049.95 Mobile Safari/537.36 (compatible; GoogleOther)"
66.249.73.193 - - [01/May/2025:09:26:50 -0400] "GET /index.php/pcmypage/shopdetail/16891852 HTTP/1.1" 200 19151 "-" "Mozilla/5.0 (Linux; Android 6.0.1; Nexus 5X Build/MMB29P) AppleWebKit/537.36 (KHTML, like Gecko) Chrome/135.0.7049.95 Mobile Safari/537.36 (compatible; GoogleOther)"
66.249.73.193 - - [01/May/2025:09:26:55 -0400] "POST /get-message-notify HTTP/1.1" 200 20460 "http://www.digitalbusinesscardz.acreditrepaircorp.com/index.php/pcmypage/shopdetail/16891852" "Mozilla/5.0 (Linux; Android 6.0.1; Nexus 5X Build/MMB29P) AppleWebKit/537.36 (KHTML, like Gecko) Chrome/134.0.6998.165 Mobile Safari/537.36 (compatible; Googlebot/2.1; +http://www.google.com/bot.html)"
66.249.73.194 - - [01/May/2025:09:27:11 -0400] "GET /shopdetail/152629452 HTTP/1.1" 200 21123 "-" "Mozilla/5.0 (Linux; Android 6.0.1; Nexus 5X Build/MMB29P) AppleWebKit/537.36 (KHTML, like Gecko) Chrome/136.0.7103.59 Mobile Safari/537.36 (compatible; Googlebot/2.1; +http://www.google.com/bot.html)"
66.249.73.193 - - [01/May/2025:09:27:21 -0400] "POST /get-message-notify HTTP/1.1" 200 20461 "http://www.digitalbusinesscardz.acreditrepaircorp.com/pcmypage?callback=product%2Fdetail%2F57587914" "Mozilla/5.0 (Linux; Android 6.0.1; Nexus 5X Build/MMB29P) AppleWebKit/537.36 (KHTML, like Gecko) Chrome/134.0.6998.165 Mobile Safari/537.36 (compatible; Googlebot/2.1; +http://www.google.com/bot.html)"
66.249.73.194 - - [01/May/2025:09:27:24 -0400] "GET /pcmypage?callback=product%2Fdetail%2F99781420 HTTP/1.1" 200 20603 "-" "Mozilla/5.0 (Linux; Android 6.0.1; Nexus 5X Build/MMB29P) AppleWebKit/537.36 (KHTML, like Gecko) Chrome/135.0.7049.95 Mobile Safari/537.36 (compatible; Googlebot/2.1; +http://www.google.com/bot.html)"
66.249.73.193 - - [01/May/2025:09:27:28 -0400] "POST /get-message-notify HTTP/1.1" 200 20461 "http://www.digitalbusinesscardz.acreditrepaircorp.com/pcmypage?callback=product%2Fdetail%2F99781420" "Mozilla/5.0 (Linux; Android 6.0.1; Nexus 5X Build/MMB29P) AppleWebKit/537.36 (KHTML, like Gecko) Chrome/134.0.6998.165 Mobile Safari/537.36 (compatible; Googlebot/2.1; +http://www.google.com/bot.html)"
66.249.73.193 - - [01/May/2025:09:26:41 -0400] "POST /get-message-notify HTTP/1.1" 200 20460 "http://www.digitalbusinesscardz.acreditrepaircorp.com/zhHant/product/surugaya/12111816?campaign_uid=f64d716db5e979ed2f947dbaf4296895b951ae7f" "Mozilla/5.0 (Linux; Android 6.0.1; Nexus 5X Build/MMB29P) AppleWebKit/537.36 (KHTML, like Gecko) Chrome/134.0.6998.165 Mobile Safari/537.36 (compatible; Googlebot/2.1; +http://www.google.com/bot.html)"
66.249.73.193 - - [01/May/2025:09:26:47 -0400] "GET /shopdetail/62628252 HTTP/1.1" 200 19519 "-" "Mozilla/5.0 (Linux; Android 6.0.1; Nexus 5X Build/MMB29P) AppleWebKit/537.36 (KHTML, like Gecko) Chrome/135.0.7049.95 Mobile Safari/537.36 (compatible; Googlebot/2.1; +http://www.google.com/bot.html)"
66.249.73.193 - - [01/May/2025:09:26:56 -0400] "GET /pcmypage?callback=product%2Fdetail%2F99947510 HTTP/1.1" 200 19358 "-" "Mozilla/5.0 (Linux; Android 6.0.1; Nexus 5X Build/MMB29P) AppleWebKit/537.36 (KHTML, like Gecko) Chrome/135.0.7049.95 Mobile Safari/537.36 (compatible; Googlebot/2.1; +http://www.google.com/bot.html)"
66.249.73.193 - - [01/May/2025:09:27:15 -0400] "GET /pcmypage?callback=product%2Fdetail%2F57587914 HTTP/1.1" 200 19625 "-" "Mozilla/5.0 (Linux; Android 6.0.1; Nexus 5X Build/MMB29P) AppleWebKit/537.36 (KHTML, like Gecko) Chrome/135.0.7049.95 Mobile Safari/537.36 (compatible; Googlebot/2.1; +http://www.google.com/bot.html)"
66.249.73.193 - - [01/May/2025:09:27:34 -0400] "GET /zhHant/product/surugaya/60934636?campaign_uid=f64d716db5e979ed2f947dbaf4296895b951ae7f HTTP/1.1" 200 18566 "-" "Mozilla/5.0 (Linux; Android 6.0.1; Nexus 5X Build/MMB29P) AppleWebKit/537.36 (KHTML, like Gecko) Chrome/135.0.7049.95 Mobile Safari/537.36 (compatible; GoogleOther)"
66.249.73.193 - - [01/May/2025:09:27:39 -0400] "POST /get-message-notify HTTP/1.1" 200 20461 "http://www.digitalbusinesscardz.acreditrepaircorp.com/zhHant/product/surugaya/60934636?campaign_uid=f64d716db5e979ed2f947dbaf4296895b951ae7f" "Mozilla/5.0 (Linux; Android 6.0.1; Nexus 5X Build/MMB29P) AppleWebKit/537.36 (KHTML, like Gecko) Chrome/134.0.6998.165 Mobile Safari/537.36 (compatible; Googlebot/2.1; +http://www.google.com/bot.html)"
66.249.73.193 - - [01/May/2025:09:27:44 -0400] "GET /pcmypage?callback=/product%2Fdetail%2F85705682 HTTP/1.1" 200 19560 "-" "Mozilla/5.0 (Linux; Android 6.0.1; Nexus 5X Build/MMB29P) AppleWebKit/537.36 (KHTML, like Gecko) Chrome/135.0.7049.95 Mobile Safari/537.36 (compatible; Googlebot/2.1; +http://www.google.com/bot.html)"
66.249.73.193 - - [01/May/2025:09:28:19 -0400] "GET /shopdetail/43578852 HTTP/1.1" 200 19841 "-" "Mozilla/5.0 (Linux; Android 6.0.1; Nexus 5X Build/MMB29P) AppleWebKit/537.36 (KHTML, like Gecko) Chrome/135.0.7049.95 Mobile Safari/537.36 (compatible; GoogleOther)"
66.249.73.193 - - [01/May/2025:09:28:21 -0400] "POST /get-message-notify HTTP/1.1" 200 20461 "http://www.digitalbusinesscardz.acreditrepaircorp.com/shopdetail/43578852" "Mozilla/5.0 (Linux; Android 6.0.1; Nexus 5X Build/MMB29P) AppleWebKit/537.36 (KHTML, like Gecko) Chrome/134.0.6998.165 Mobile Safari/537.36 (compatible; Googlebot/2.1; +http://www.google.com/bot.html)"
66.249.73.193 - - [01/May/2025:09:28:50 -0400] "GET /zhHant/product/surugaya/96483009?campaign_uid=f64d716db5e979ed2f947dbaf4296895b951ae7f HTTP/1.1" 200 19675 "-" "Mozilla/5.0 (Linux; Android 6.0.1; Nexus 5X Build/MMB29P) AppleWebKit/537.36 (KHTML, like Gecko) Chrome/135.0.7049.95 Mobile Safari/537.36 (compatible; GoogleOther)"
66.249.73.194 - - [01/May/2025:09:29:00 -0400] "POST /get-message-notify HTTP/1.1" 200 20461 "http://www.digitalbusinesscardz.acreditrepaircorp.com/shopdetail/7199152" "Mozilla/5.0 (Linux; Android 6.0.1; Nexus 5X Build/MMB29P) AppleWebKit/537.36 (KHTML, like Gecko) Chrome/134.0.6998.165 Mobile Safari/537.36 (compatible; Googlebot/2.1; +http://www.google.com/bot.html)"
66.249.73.193 - - [01/May/2025:09:27:55 -0400] "GET /safe_search/config?return_url=%2Fproduct%2Fdetail%2F99947510 HTTP/1.1" 200 20018 "-" "Mozilla/5.0 (Linux; Android 6.0.1; Nexus 5X Build/MMB29P) AppleWebKit/537.36 (KHTML, like Gecko) Chrome/135.0.7049.95 Mobile Safari/537.36 (compatible; Googlebot/2.1; +http://www.google.com/bot.html)"
66.249.73.193 - - [01/May/2025:09:27:55 -0400] "GET /safe_search/config?return_url=%2Fproduct%2Fdetail%2F36391620 HTTP/1.1" 200 19871 "-" "Mozilla/5.0 (Linux; Android 6.0.1; Nexus 5X Build/MMB29P) AppleWebKit/537.36 (KHTML, like Gecko) Chrome/135.0.7049.95 Mobile Safari/537.36 (compatible; Googlebot/2.1; +http://www.google.com/bot.html)"
66.249.73.194 - - [01/May/2025:09:28:13 -0400] "POST /get-message-notify HTTP/1.1" 200 20461 "http://www.digitalbusinesscardz.acreditrepaircorp.com/safe_search/config?return_url=%2Fproduct%2Fdetail%2F99947510" "Mozilla/5.0 (Linux; Android 6.0.1; Nexus 5X Build/MMB29P) AppleWebKit/537.36 (KHTML, like Gecko) Chrome/134.0.6998.165 Mobile Safari/537.36 (compatible; Googlebot/2.1; +http://www.google.com/bot.html)"
66.249.73.193 - - [01/May/2025:09:28:32 -0400] "GET /pcmypage?callback=/product%2Fdetail%2F60725848 HTTP/1.1" 200 19679 "-" "Mozilla/5.0 (Linux; Android 6.0.1; Nexus 5X Build/MMB29P) AppleWebKit/537.36 (KHTML, like Gecko) Chrome/135.0.7049.95 Mobile Safari/537.36 (compatible; Googlebot/2.1; +http://www.google.com/bot.html)"
66.249.73.193 - - [01/May/2025:09:28:56 -0400] "POST /get-message-notify HTTP/1.1" 200 20461 "http://www.digitalbusinesscardz.acreditrepaircorp.com/zhHant/product/surugaya/96483009?campaign_uid=f64d716db5e979ed2f947dbaf4296895b951ae7f" "Mozilla/5.0 (Linux; Android 6.0.1; Nexus 5X Build/MMB29P) AppleWebKit/537.36 (KHTML, like Gecko) Chrome/134.0.6998.165 Mobile Safari/537.36 (compatible; Googlebot/2.1; +http://www.google.com/bot.html)"
66.249.73.193 - - [01/May/2025:09:28:56 -0400] "GET /shopdetail/7199152 HTTP/1.1" 200 18751 "-" "Mozilla/5.0 (Linux; Android 6.0.1; Nexus 5X Build/MMB29P) AppleWebKit/537.36 (KHTML, like Gecko) Chrome/135.0.7049.95 Mobile Safari/537.36 (compatible; GoogleOther)"
66.249.73.193 - - [01/May/2025:09:29:30 -0400] "POST /get-message-notify HTTP/1.1" 200 20461 "http://www.digitalbusinesscardz.acreditrepaircorp.com/shopdetail/145918252" "Mozilla/5.0 (Linux; Android 6.0.1; Nexus 5X Build/MMB29P) AppleWebKit/537.36 (KHTML, like Gecko) Chrome/134.0.6998.165 Mobile Safari/537.36 (compatible; Googlebot/2.1; +http://www.google.com/bot.html)"
66.249.73.193 - - [01/May/2025:09:29:31 -0400] "GET /shopdetail/100914052 HTTP/1.1" 200 19184 "-" "Mozilla/5.0 (Linux; Android 6.0.1; Nexus 5X Build/MMB29P) AppleWebKit/537.36 (KHTML, like Gecko) Chrome/135.0.7049.95 Mobile Safari/537.36 (compatible; GoogleOther)"
66.249.73.193 - - [01/May/2025:09:29:49 -0400] "GET /index.php/product/edit/70780374/books.html HTTP/1.1" 200 20152 "-" "Mozilla/5.0 (Linux; Android 6.0.1; Nexus 5X Build/MMB29P) AppleWebKit/537.36 (KHTML, like Gecko) Chrome/135.0.7049.95 Mobile Safari/537.36 (compatible; Googlebot/2.1; +http://www.google.com/bot.html)"
66.249.73.193 - - [01/May/2025:09:30:25 -0400] "GET /pcmypage?callback=product%2Fdetail%2F12111816 HTTP/1.1" 200 19667 "-" "Mozilla/5.0 (Linux; Android 6.0.1; Nexus 5X Build/MMB29P) AppleWebKit/537.36 (KHTML, like Gecko) Chrome/135.0.7049.95 Mobile Safari/537.36 (compatible; Googlebot/2.1; +http://www.google.com/bot.html)"
66.249.73.193 - - [01/May/2025:09:30:35 -0400] "GET /shopdetail/135996252 HTTP/1.1" 200 19786 "-" "Mozilla/5.0 (Linux; Android 6.0.1; Nexus 5X Build/MMB29P) AppleWebKit/537.36 (KHTML, like Gecko) Chrome/135.0.7049.95 Mobile Safari/537.36 (compatible; Googlebot/2.1; +http://www.google.com/bot.html)"
66.249.73.193 - - [01/May/2025:09:30:35 -0400] "GET /pcmypage?callback=/product%2Fdetail%2F90192741 HTTP/1.1" 200 19532 "-" "Mozilla/5.0 (Linux; Android 6.0.1; Nexus 5X Build/MMB29P) AppleWebKit/537.36 (KHTML, like Gecko) Chrome/135.0.7049.95 Mobile Safari/537.36 (compatible; Googlebot/2.1; +http://www.google.com/bot.html)"
66.249.73.193 - - [01/May/2025:09:30:38 -0400] "POST /get-message-notify HTTP/1.1" 200 20461 "http://www.digitalbusinesscardz.acreditrepaircorp.com/pcmypage?callback=/product%2Fdetail%2F90192741" "Mozilla/5.0 (Linux; Android 6.0.1; Nexus 5X Build/MMB29P) AppleWebKit/537.36 (KHTML, like Gecko) Chrome/134.0.6998.165 Mobile Safari/537.36 (compatible; Googlebot/2.1; +http://www.google.com/bot.html)"
66.249.73.193 - - [01/May/2025:09:30:43 -0400] "POST /get-message-notify HTTP/1.1" 200 20461 "http://www.digitalbusinesscardz.acreditrepaircorp.com/zhHant/product/surugaya/51440114?campaign_uid=f64d716db5e979ed2f947dbaf4296895b951ae7f" "Mozilla/5.0 (Linux; Android 6.0.1; Nexus 5X Build/MMB29P) AppleWebKit/537.36 (KHTML, like Gecko) Chrome/134.0.6998.165 Mobile Safari/537.36 (compatible; Googlebot/2.1; +http://www.google.com/bot.html)"
66.249.73.193 - - [01/May/2025:09:31:20 -0400] "GET /pcmypage?callback=product%2Fdetail%2F16683318 HTTP/1.1" 200 18979 "-" "Mozilla/5.0 (Linux; Android 6.0.1; Nexus 5X Build/MMB29P) AppleWebKit/537.36 (KHTML, like Gecko) Chrome/135.0.7049.95 Mobile Safari/537.36 (compatible; Googlebot/2.1; +http://www.google.com/bot.html)"
66.249.73.193 - - [01/May/2025:09:31:50 -0400] "GET /shopdetail/135145852 HTTP/1.1" 200 19279 "-" "Mozilla/5.0 (Linux; Android 6.0.1; Nexus 5X Build/MMB29P) AppleWebKit/537.36 (KHTML, like Gecko) Chrome/135.0.7049.95 Mobile Safari/537.36 (compatible; GoogleOther)"
66.249.73.193 - - [01/May/2025:09:31:58 -0400] "POST /get-message-notify HTTP/1.1" 200 20461 "http://www.digitalbusinesscardz.acreditrepaircorp.com/index.php/zhHant/product/surugaya/31382947/shopdetail/104815252/game.html" "Mozilla/5.0 (Linux; Android 6.0.1; Nexus 5X Build/MMB29P) AppleWebKit/537.36 (KHTML, like Gecko) Chrome/134.0.6998.165 Mobile Safari/537.36 (compatible; Googlebot/2.1; +http://www.google.com/bot.html)"
66.249.73.194 - - [01/May/2025:09:32:22 -0400] "GET /zhHant/product/surugaya/61956011?campaign_uid=f64d716db5e979ed2f947dbaf4296895b951ae7f HTTP/1.1" 200 18835 "-" "Mozilla/5.0 (Linux; Android 6.0.1; Nexus 5X Build/MMB29P) AppleWebKit/537.36 (KHTML, like Gecko) Chrome/135.0.7049.95 Mobile Safari/537.36 (compatible; GoogleOther)"
66.249.73.193 - - [01/May/2025:09:32:53 -0400] "POST /get-message-notify HTTP/1.1" 200 20461 "http://www.digitalbusinesscardz.acreditrepaircorp.com/zhHant/product/surugaya/61956011?campaign_uid=f64d716db5e979ed2f947dbaf4296895b951ae7f" "Mozilla/5.0 (Linux; Android 6.0.1; Nexus 5X Build/MMB29P) AppleWebKit/537.36 (KHTML, like Gecko) Chrome/134.0.6998.165 Mobile Safari/537.36 (compatible; Googlebot/2.1; +http://www.google.com/bot.html)"
66.249.73.193 - - [01/May/2025:09:32:54 -0400] "GET /pcmypage?callback=product/review/10749081 HTTP/1.1" 200 20242 "-" "Mozilla/5.0 (Linux; Android 6.0.1; Nexus 5X Build/MMB29P) AppleWebKit/537.36 (KHTML, like Gecko) Chrome/135.0.7049.95 Mobile Safari/537.36 (compatible; Googlebot/2.1; +http://www.google.com/bot.html)"
66.249.73.193 - - [01/May/2025:09:33:37 -0400] "GET /pcmypage?callback=product%2Fdetail%2F42605212 HTTP/1.1" 200 19596 "-" "Mozilla/5.0 (Linux; Android 6.0.1; Nexus 5X Build/MMB29P) AppleWebKit/537.36 (KHTML, like Gecko) Chrome/135.0.7049.95 Mobile Safari/537.36 (compatible; Googlebot/2.1; +http://www.google.com/bot.html)"
66.249.73.194 - - [01/May/2025:09:33:47 -0400] "GET /pcmypage?callback=/product%2Fdetail%2F26998215 HTTP/1.1" 200 19577 "-" "Mozilla/5.0 (Linux; Android 6.0.1; Nexus 5X Build/MMB29P) AppleWebKit/537.36 (KHTML, like Gecko) Chrome/135.0.7049.95 Mobile Safari/537.36 (compatible; Googlebot/2.1; +http://www.google.com/bot.html)"
66.249.73.193 - - [01/May/2025:09:33:50 -0400] "POST /get-message-notify HTTP/1.1" 200 20461 "http://www.digitalbusinesscardz.acreditrepaircorp.com/pcmypage?callback=/product%2Fdetail%2F26998215" "Mozilla/5.0 (Linux; Android 6.0.1; Nexus 5X Build/MMB29P) AppleWebKit/537.36 (KHTML, like Gecko) Chrome/134.0.6998.165 Mobile Safari/537.36 (compatible; Googlebot/2.1; +http://www.google.com/bot.html)"
66.249.73.193 - - [01/May/2025:09:34:12 -0400] "GET /shopdetail/31698952 HTTP/1.1" 200 21720 "-" "Mozilla/5.0 (Linux; Android 6.0.1; Nexus 5X Build/MMB29P) AppleWebKit/537.36 (KHTML, like Gecko) Chrome/136.0.7103.59 Mobile Safari/537.36 (compatible; Googlebot/2.1; +http://www.google.com/bot.html)"
66.249.73.195 - - [01/May/2025:09:33:38 -0400] "GET /shopdetail/82673552 HTTP/1.1" 200 19246 "-" "Mozilla/5.0 (Linux; Android 6.0.1; Nexus 5X Build/MMB29P) AppleWebKit/537.36 (KHTML, like Gecko) Chrome/135.0.7049.95 Mobile Safari/537.36 (compatible; Googlebot/2.1; +http://www.google.com/bot.html)"
66.249.73.193 - - [01/May/2025:09:29:08 -0400] "GET /pcmypage?callback=product%2Fdetail%2F17329538 HTTP/1.1" 200 19894 "-" "Mozilla/5.0 (Linux; Android 6.0.1; Nexus 5X Build/MMB29P) AppleWebKit/537.36 (KHTML, like Gecko) Chrome/135.0.7049.95 Mobile Safari/537.36 (compatible; Googlebot/2.1; +http://www.google.com/bot.html)"
66.249.73.193 - - [01/May/2025:09:29:27 -0400] "GET /shopdetail/145918252 HTTP/1.1" 200 20805 "-" "Mozilla/5.0 (Linux; Android 6.0.1; Nexus 5X Build/MMB29P) AppleWebKit/537.36 (KHTML, like Gecko) Chrome/135.0.7049.95 Mobile Safari/537.36 (compatible; Googlebot/2.1; +http://www.google.com/bot.html)"
66.249.73.193 - - [01/May/2025:09:29:58 -0400] "GET /pcmypage?callback=product/review/99947510 HTTP/1.1" 200 18761 "-" "Mozilla/5.0 (Linux; Android 6.0.1; Nexus 5X Build/MMB29P) AppleWebKit/537.36 (KHTML, like Gecko) Chrome/135.0.7049.95 Mobile Safari/537.36 (compatible; Googlebot/2.1; +http://www.google.com/bot.html)"
66.249.73.194 - - [01/May/2025:09:30:10 -0400] "GET /shopdetail/137715552 HTTP/1.1" 200 19029 "-" "Mozilla/5.0 (Linux; Android 6.0.1; Nexus 5X Build/MMB29P) AppleWebKit/537.36 (KHTML, like Gecko) Chrome/136.0.7103.59 Mobile Safari/537.36 (compatible; Googlebot/2.1; +http://www.google.com/bot.html)"
66.249.73.193 - - [01/May/2025:09:30:38 -0400] "POST /get-message-notify HTTP/1.1" 200 20461 "http://www.digitalbusinesscardz.acreditrepaircorp.com/shopdetail/135996252" "Mozilla/5.0 (Linux; Android 6.0.1; Nexus 5X Build/MMB29P) AppleWebKit/537.36 (KHTML, like Gecko) Chrome/134.0.6998.165 Mobile Safari/537.36 (compatible; Googlebot/2.1; +http://www.google.com/bot.html)"
66.249.73.193 - - [01/May/2025:09:30:40 -0400] "GET /zhHant/product/surugaya/51440114?campaign_uid=f64d716db5e979ed2f947dbaf4296895b951ae7f HTTP/1.1" 200 19405 "-" "Mozilla/5.0 (Linux; Android 6.0.1; Nexus 5X Build/MMB29P) AppleWebKit/537.36 (KHTML, like Gecko) Chrome/135.0.7049.95 Mobile Safari/537.36 (compatible; GoogleOther)"
66.249.73.193 - - [01/May/2025:09:30:48 -0400] "GET /shopdetail/35572252 HTTP/1.1" 200 20453 "-" "Mozilla/5.0 (Linux; Android 6.0.1; Nexus 5X Build/MMB29P) AppleWebKit/537.36 (KHTML, like Gecko) Chrome/136.0.7103.59 Mobile Safari/537.36 (compatible; Googlebot/2.1; +http://www.google.com/bot.html)"
66.249.73.195 - - [01/May/2025:09:31:12 -0400] "GET /shopdetail/25477552 HTTP/1.1" 200 19413 "-" "Mozilla/5.0 (Linux; Android 6.0.1; Nexus 5X Build/MMB29P) AppleWebKit/537.36 (KHTML, like Gecko) Chrome/135.0.7049.95 Mobile Safari/537.36 (compatible; GoogleOther)"
66.249.73.193 - - [01/May/2025:09:32:06 -0400] "GET /pcmypage?callback=/product%2Fdetail%2F17329538 HTTP/1.1" 200 18701 "-" "Mozilla/5.0 (Linux; Android 6.0.1; Nexus 5X Build/MMB29P) AppleWebKit/537.36 (KHTML, like Gecko) Chrome/135.0.7049.95 Mobile Safari/537.36 (compatible; Googlebot/2.1; +http://www.google.com/bot.html)"
66.249.73.195 - - [01/May/2025:09:32:07 -0400] "GET /shopdetail/126950752 HTTP/1.1" 200 19022 "-" "Mozilla/5.0 (Linux; Android 6.0.1; Nexus 5X Build/MMB29P) AppleWebKit/537.36 (KHTML, like Gecko) Chrome/135.0.7049.95 Mobile Safari/537.36 (compatible; Googlebot/2.1; +http://www.google.com/bot.html)"
66.249.73.193 - - [01/May/2025:09:34:35 -0400] "GET /pcmypage?callback=product%2Fdetail%2F26998215 HTTP/1.1" 200 18715 "-" "Mozilla/5.0 (Linux; Android 6.0.1; Nexus 5X Build/MMB29P) AppleWebKit/537.36 (KHTML, like Gecko) Chrome/135.0.7049.95 Mobile Safari/537.36 (compatible; Googlebot/2.1; +http://www.google.com/bot.html)"
66.249.73.193 - - [01/May/2025:09:34:38 -0400] "POST /get-message-notify HTTP/1.1" 200 20460 "http://www.digitalbusinesscardz.acreditrepaircorp.com/pcmypage?callback=product%2Fdetail%2F26998215" "Mozilla/5.0 (Linux; Android 6.0.1; Nexus 5X Build/MMB29P) AppleWebKit/537.36 (KHTML, like Gecko) Chrome/134.0.6998.165 Mobile Safari/537.36 (compatible; Googlebot/2.1; +http://www.google.com/bot.html)"
66.249.73.193 - - [01/May/2025:09:34:43 -0400] "GET /zhHant/product/surugaya/42590811?campaign_uid=f64d716db5e979ed2f947dbaf4296895b951ae7f HTTP/1.1" 200 20812 "-" "Mozilla/5.0 (Linux; Android 6.0.1; Nexus 5X Build/MMB29P) AppleWebKit/537.36 (KHTML, like Gecko) Chrome/135.0.7049.95 Mobile Safari/537.36 (compatible; GoogleOther)"
66.249.73.193 - - [01/May/2025:09:34:58 -0400] "POST /get-message-notify HTTP/1.1" 200 20460 "http://www.digitalbusinesscardz.acreditrepaircorp.com/zhHant/product/surugaya/42590811?campaign_uid=f64d716db5e979ed2f947dbaf4296895b951ae7f" "Mozilla/5.0 (Linux; Android 6.0.1; Nexus 5X Build/MMB29P) AppleWebKit/537.36 (KHTML, like Gecko) Chrome/134.0.6998.165 Mobile Safari/537.36 (compatible; Googlebot/2.1; +http://www.google.com/bot.html)"
66.249.73.193 - - [01/May/2025:09:35:45 -0400] "GET /pcmypage?callback=product/review/67875693 HTTP/1.1" 200 19278 "-" "Mozilla/5.0 (Linux; Android 6.0.1; Nexus 5X Build/MMB29P) AppleWebKit/537.36 (KHTML, like Gecko) Chrome/135.0.7049.95 Mobile Safari/537.36 (compatible; Googlebot/2.1; +http://www.google.com/bot.html)"
66.249.73.193 - - [01/May/2025:09:37:18 -0400] "GET /pcmypage?callback=product%2Fdetail%2F10749081 HTTP/1.1" 200 19546 "-" "Mozilla/5.0 (Linux; Android 6.0.1; Nexus 5X Build/MMB29P) AppleWebKit/537.36 (KHTML, like Gecko) Chrome/135.0.7049.95 Mobile Safari/537.36 (compatible; Googlebot/2.1; +http://www.google.com/bot.html)"
66.249.73.194 - - [01/May/2025:09:37:28 -0400] "GET /shopdetail/135893352 HTTP/1.1" 200 20384 "-" "Mozilla/5.0 (Linux; Android 6.0.1; Nexus 5X Build/MMB29P) AppleWebKit/537.36 (KHTML, like Gecko) Chrome/135.0.7049.95 Mobile Safari/537.36 (compatible; Googlebot/2.1; +http://www.google.com/bot.html)"
66.249.73.195 - - [01/May/2025:09:38:29 -0400] "POST /get-message-notify HTTP/1.1" 200 20461 "http://www.digitalbusinesscardz.acreditrepaircorp.com/pcmypage?callback=product/review/73459440" "Mozilla/5.0 (Linux; Android 6.0.1; Nexus 5X Build/MMB29P) AppleWebKit/537.36 (KHTML, like Gecko) Chrome/134.0.6998.165 Mobile Safari/537.36 (compatible; Googlebot/2.1; +http://www.google.com/bot.html)"
66.249.73.194 - - [01/May/2025:09:38:44 -0400] "GET /index.php/pcmypage/shopdetail/17505752/feature/sale2411-5/index.html HTTP/1.1" 200 19156 "-" "Mozilla/5.0 (Linux; Android 6.0.1; Nexus 5X Build/MMB29P) AppleWebKit/537.36 (KHTML, like Gecko) Chrome/135.0.7049.95 Mobile Safari/537.36 (compatible; Googlebot/2.1; +http://www.google.com/bot.html)"
66.249.73.194 - - [01/May/2025:09:38:45 -0400] "GET /shopdetail/111258652 HTTP/1.1" 200 20374 "-" "Mozilla/5.0 (Linux; Android 6.0.1; Nexus 5X Build/MMB29P) AppleWebKit/537.36 (KHTML, like Gecko) Chrome/135.0.7049.95 Mobile Safari/537.36 (compatible; Googlebot/2.1; +http://www.google.com/bot.html)"
66.249.73.193 - - [01/May/2025:09:38:46 -0400] "GET /pcmypage?callback=/product%2Fdetail%2F24544556 HTTP/1.1" 200 19788 "-" "Mozilla/5.0 (Linux; Android 6.0.1; Nexus 5X Build/MMB29P) AppleWebKit/537.36 (KHTML, like Gecko) Chrome/135.0.7049.95 Mobile Safari/537.36 (compatible; Googlebot/2.1; +http://www.google.com/bot.html)"
66.249.73.193 - - [01/May/2025:09:34:25 -0400] "GET /shopdetail/104248552 HTTP/1.1" 200 18917 "-" "Mozilla/5.0 (Linux; Android 6.0.1; Nexus 5X Build/MMB29P) AppleWebKit/537.36 (KHTML, like Gecko) Chrome/135.0.7049.95 Mobile Safari/537.36 (compatible; Googlebot/2.1; +http://www.google.com/bot.html)"
66.249.73.193 - - [01/May/2025:09:34:37 -0400] "POST /get-message-notify HTTP/1.1" 200 20460 "http://www.digitalbusinesscardz.acreditrepaircorp.com/shopdetail/104248552" "Mozilla/5.0 (Linux; Android 6.0.1; Nexus 5X Build/MMB29P) AppleWebKit/537.36 (KHTML, like Gecko) Chrome/134.0.6998.165 Mobile Safari/537.36 (compatible; Googlebot/2.1; +http://www.google.com/bot.html)"
66.249.73.193 - - [01/May/2025:09:34:45 -0400] "GET /shopdetail/139547052 HTTP/1.1" 200 18780 "-" "Mozilla/5.0 (Linux; Android 6.0.1; Nexus 5X Build/MMB29P) AppleWebKit/537.36 (KHTML, like Gecko) Chrome/135.0.7049.95 Mobile Safari/537.36 (compatible; Googlebot/2.1; +http://www.google.com/bot.html)"
66.249.73.194 - - [01/May/2025:09:36:12 -0400] "GET /pcmypage?callback=/product%2Fdetail%2F99947510 HTTP/1.1" 200 19712 "-" "Mozilla/5.0 (Linux; Android 6.0.1; Nexus 5X Build/MMB29P) AppleWebKit/537.36 (KHTML, like Gecko) Chrome/135.0.7049.95 Mobile Safari/537.36 (compatible; Googlebot/2.1; +http://www.google.com/bot.html)"
66.249.73.193 - - [01/May/2025:09:36:23 -0400] "GET /product/edit/03560938 HTTP/1.1" 200 19838 "-" "Mozilla/5.0 (Linux; Android 6.0.1; Nexus 5X Build/MMB29P) AppleWebKit/537.36 (KHTML, like Gecko) Chrome/135.0.7049.95 Mobile Safari/537.36 (compatible; Googlebot/2.1; +http://www.google.com/bot.html)"
66.249.73.193 - - [01/May/2025:09:37:29 -0400] "GET /shopdetail/42517052 HTTP/1.1" 200 19983 "-" "Mozilla/5.0 (Linux; Android 6.0.1; Nexus 5X Build/MMB29P) AppleWebKit/537.36 (KHTML, like Gecko) Chrome/135.0.7049.95 Mobile Safari/537.36 (compatible; Googlebot/2.1; +http://www.google.com/bot.html)"
66.249.73.193 - - [01/May/2025:09:37:34 -0400] "GET /shopdetail/93187252 HTTP/1.1" 200 19321 "-" "Mozilla/5.0 (Linux; Android 6.0.1; Nexus 5X Build/MMB29P) AppleWebKit/537.36 (KHTML, like Gecko) Chrome/135.0.7049.95 Mobile Safari/537.36 (compatible; GoogleOther)"
66.249.73.193 - - [01/May/2025:09:38:26 -0400] "GET /pcmypage?callback=product/review/73459440 HTTP/1.1" 200 19044 "-" "Mozilla/5.0 (Linux; Android 6.0.1; Nexus 5X Build/MMB29P) AppleWebKit/537.36 (KHTML, like Gecko) Chrome/135.0.7049.95 Mobile Safari/537.36 (compatible; Googlebot/2.1; +http://www.google.com/bot.html)"
66.249.73.193 - - [01/May/2025:09:39:16 -0400] "GET /pcmypage?callback=product%2Fdetail%2F67875693 HTTP/1.1" 200 19674 "-" "Mozilla/5.0 (Linux; Android 6.0.1; Nexus 5X Build/MMB29P) AppleWebKit/537.36 (KHTML, like Gecko) Chrome/135.0.7049.95 Mobile Safari/537.36 (compatible; Googlebot/2.1; +http://www.google.com/bot.html)"
66.249.73.195 - - [01/May/2025:09:39:18 -0400] "POST /get-message-notify HTTP/1.1" 200 20461 "http://www.digitalbusinesscardz.acreditrepaircorp.com/pcmypage?callback=product%2Fdetail%2F67875693" "Mozilla/5.0 (Linux; Android 6.0.1; Nexus 5X Build/MMB29P) AppleWebKit/537.36 (KHTML, like Gecko) Chrome/134.0.6998.165 Mobile Safari/537.36 (compatible; Googlebot/2.1; +http://www.google.com/bot.html)"
66.249.73.194 - - [01/May/2025:09:39:25 -0400] "GET /shopdetail/57032152 HTTP/1.1" 200 18848 "-" "Mozilla/5.0 (Linux; Android 6.0.1; Nexus 5X Build/MMB29P) AppleWebKit/537.36 (KHTML, like Gecko) Chrome/135.0.7049.95 Mobile Safari/537.36 (compatible; Googlebot/2.1; +http://www.google.com/bot.html)"
66.249.73.193 - - [01/May/2025:09:39:57 -0400] "POST /get-message-notify HTTP/1.1" 200 20461 "http://www.digitalbusinesscardz.acreditrepaircorp.com/zhHant/product/surugaya/61465396?campaign_uid=f64d716db5e979ed2f947dbaf4296895b951ae7f" "Mozilla/5.0 (Linux; Android 6.0.1; Nexus 5X Build/MMB29P) AppleWebKit/537.36 (KHTML, like Gecko) Chrome/134.0.6998.165 Mobile Safari/537.36 (compatible; Googlebot/2.1; +http://www.google.com/bot.html)"
66.249.73.193 - - [01/May/2025:09:39:34 -0400] "GET /pcmypage?callback=/product%2Fdetail%2F74450804 HTTP/1.1" 200 19394 "-" "Mozilla/5.0 (Linux; Android 6.0.1; Nexus 5X Build/MMB29P) AppleWebKit/537.36 (KHTML, like Gecko) Chrome/135.0.7049.95 Mobile Safari/537.36 (compatible; Googlebot/2.1; +http://www.google.com/bot.html)"
66.249.73.193 - - [01/May/2025:09:39:53 -0400] "GET /pcmypage?callback=product/review/73032617 HTTP/1.1" 200 19386 "-" "Mozilla/5.0 (Linux; Android 6.0.1; Nexus 5X Build/MMB29P) AppleWebKit/537.36 (KHTML, like Gecko) Chrome/135.0.7049.95 Mobile Safari/537.36 (compatible; Googlebot/2.1; +http://www.google.com/bot.html)"
66.249.73.193 - - [01/May/2025:09:39:54 -0400] "GET /zhHant/product/surugaya/61465396?campaign_uid=f64d716db5e979ed2f947dbaf4296895b951ae7f HTTP/1.1" 200 20471 "-" "Mozilla/5.0 (Linux; Android 6.0.1; Nexus 5X Build/MMB29P) AppleWebKit/537.36 (KHTML, like Gecko) Chrome/135.0.7049.95 Mobile Safari/537.36 (compatible; GoogleOther)"
66.249.73.193 - - [01/May/2025:09:39:55 -0400] "POST /get-message-notify HTTP/1.1" 200 20461 "http://www.digitalbusinesscardz.acreditrepaircorp.com/pcmypage?callback=product/review/73032617" "Mozilla/5.0 (Linux; Android 6.0.1; Nexus 5X Build/MMB29P) AppleWebKit/537.36 (KHTML, like Gecko) Chrome/134.0.6998.165 Mobile Safari/537.36 (compatible; Googlebot/2.1; +http://www.google.com/bot.html)"
66.249.73.194 - - [01/May/2025:09:40:32 -0400] "GET /pcmypage?callback=/product%2Fdetail%2F28618210 HTTP/1.1" 200 18853 "-" "Mozilla/5.0 (Linux; Android 6.0.1; Nexus 5X Build/MMB29P) AppleWebKit/537.36 (KHTML, like Gecko) Chrome/135.0.7049.95 Mobile Safari/537.36 (compatible; Googlebot/2.1; +http://www.google.com/bot.html)"
66.249.73.194 - - [01/May/2025:09:40:51 -0400] "GET /pcmypage?callback=product/review/26998215 HTTP/1.1" 200 18983 "-" "Mozilla/5.0 (Linux; Android 6.0.1; Nexus 5X Build/MMB29P) AppleWebKit/537.36 (KHTML, like Gecko) Chrome/135.0.7049.95 Mobile Safari/537.36 (compatible; Googlebot/2.1; +http://www.google.com/bot.html)"
66.249.73.195 - - [01/May/2025:09:41:21 -0400] "GET /pcmypage?callback=product%2Fdetail%2F73459440 HTTP/1.1" 200 18865 "-" "Mozilla/5.0 (Linux; Android 6.0.1; Nexus 5X Build/MMB29P) AppleWebKit/537.36 (KHTML, like Gecko) Chrome/135.0.7049.95 Mobile Safari/537.36 (compatible; Googlebot/2.1; +http://www.google.com/bot.html)"
66.249.73.194 - - [01/May/2025:09:41:23 -0400] "GET /pcmypage?callback=product%2Fdetail%2F60725848 HTTP/1.1" 200 19901 "-" "Mozilla/5.0 (Linux; Android 6.0.1; Nexus 5X Build/MMB29P) AppleWebKit/537.36 (KHTML, like Gecko) Chrome/135.0.7049.95 Mobile Safari/537.36 (compatible; Googlebot/2.1; +http://www.google.com/bot.html)"
66.249.73.193 - - [01/May/2025:09:41:24 -0400] "GET /pcmypage?callback=/product%2Fdetail%2F20316996 HTTP/1.1" 200 18599 "-" "Mozilla/5.0 (Linux; Android 6.0.1; Nexus 5X Build/MMB29P) AppleWebKit/537.36 (KHTML, like Gecko) Chrome/135.0.7049.95 Mobile Safari/537.36 (compatible; Googlebot/2.1; +http://www.google.com/bot.html)"
66.249.73.193 - - [01/May/2025:09:41:27 -0400] "POST /get-message-notify HTTP/1.1" 200 20461 "http://www.digitalbusinesscardz.acreditrepaircorp.com/pcmypage?callback=product%2Fdetail%2F73459440" "Mozilla/5.0 (Linux; Android 6.0.1; Nexus 5X Build/MMB29P) AppleWebKit/537.36 (KHTML, like Gecko) Chrome/134.0.6998.165 Mobile Safari/537.36 (compatible; Googlebot/2.1; +http://www.google.com/bot.html)"
66.249.73.193 - - [01/May/2025:09:41:33 -0400] "POST /get-message-notify HTTP/1.1" 200 20461 "http://www.digitalbusinesscardz.acreditrepaircorp.com/pcmypage?callback=/product%2Fdetail%2F20316996" "Mozilla/5.0 (Linux; Android 6.0.1; Nexus 5X Build/MMB29P) AppleWebKit/537.36 (KHTML, like Gecko) Chrome/134.0.6998.165 Mobile Safari/537.36 (compatible; Googlebot/2.1; +http://www.google.com/bot.html)"
66.249.73.193 - - [01/May/2025:09:41:51 -0400] "GET /shopdetail/6035052 HTTP/1.1" 200 19033 "-" "Mozilla/5.0 (Linux; Android 6.0.1; Nexus 5X Build/MMB29P) AppleWebKit/537.36 (KHTML, like Gecko) Chrome/135.0.7049.95 Mobile Safari/537.36 (compatible; Googlebot/2.1; +http://www.google.com/bot.html)"
66.249.73.194 - - [01/May/2025:09:41:28 -0400] "POST /get-message-notify HTTP/1.1" 200 20461 "http://www.digitalbusinesscardz.acreditrepaircorp.com/pcmypage?callback=product%2Fdetail%2F60725848" "Mozilla/5.0 (Linux; Android 6.0.1; Nexus 5X Build/MMB29P) AppleWebKit/537.36 (KHTML, like Gecko) Chrome/134.0.6998.165 Mobile Safari/537.36 (compatible; Googlebot/2.1; +http://www.google.com/bot.html)"
66.249.73.194 - - [01/May/2025:09:42:18 -0400] "GET /pcmypage?callback=/product%2Fdetail%2F67875693 HTTP/1.1" 200 19666 "-" "Mozilla/5.0 (Linux; Android 6.0.1; Nexus 5X Build/MMB29P) AppleWebKit/537.36 (KHTML, like Gecko) Chrome/135.0.7049.95 Mobile Safari/537.36 (compatible; Googlebot/2.1; +http://www.google.com/bot.html)"
66.249.73.193 - - [01/May/2025:09:44:20 -0400] "GET /pcmypage?callback=product/review/85812309 HTTP/1.1" 200 20363 "-" "Mozilla/5.0 (Linux; Android 6.0.1; Nexus 5X Build/MMB29P) AppleWebKit/537.36 (KHTML, like Gecko) Chrome/135.0.7049.95 Mobile Safari/537.36 (compatible; Googlebot/2.1; +http://www.google.com/bot.html)"
66.249.73.195 - - [01/May/2025:09:45:00 -0400] "GET /zhHant/product/surugaya/82707775?campaign_uid=f64d716db5e979ed2f947dbaf4296895b951ae7f HTTP/1.1" 200 19155 "-" "Mozilla/5.0 (Linux; Android 6.0.1; Nexus 5X Build/MMB29P) AppleWebKit/537.36 (KHTML, like Gecko) Chrome/135.0.7049.95 Mobile Safari/537.36 (compatible; GoogleOther)"
66.249.73.193 - - [01/May/2025:09:45:50 -0400] "GET /pcmypage?callback=/product%2Fdetail%2F12271067 HTTP/1.1" 200 18939 "-" "Mozilla/5.0 (Linux; Android 6.0.1; Nexus 5X Build/MMB29P) AppleWebKit/537.36 (KHTML, like Gecko) Chrome/135.0.7049.95 Mobile Safari/537.36 (compatible; Googlebot/2.1; +http://www.google.com/bot.html)"
66.249.73.193 - - [01/May/2025:09:45:53 -0400] "GET /shopdetail/116020652 HTTP/1.1" 200 19249 "-" "Mozilla/5.0 (Linux; Android 6.0.1; Nexus 5X Build/MMB29P) AppleWebKit/537.36 (KHTML, like Gecko) Chrome/135.0.7049.95 Mobile Safari/537.36 (compatible; GoogleOther)"
66.249.73.194 - - [01/May/2025:09:46:01 -0400] "POST /get-message-notify HTTP/1.1" 200 20461 "http://www.digitalbusinesscardz.acreditrepaircorp.com/pcmypage?callback=/product%2Fdetail%2F12271067" "Mozilla/5.0 AppleWebKit/537.36 (KHTML, like Gecko; compatible; Googlebot/2.1; +http://www.google.com/bot.html) Chrome/134.0.6998.165 Safari/537.36"
66.249.73.193 - - [01/May/2025:09:46:46 -0400] "GET /pcmypage?callback=/product%2Fdetail%2F06590739 HTTP/1.1" 200 19551 "-" "Mozilla/5.0 (Linux; Android 6.0.1; Nexus 5X Build/MMB29P) AppleWebKit/537.36 (KHTML, like Gecko) Chrome/135.0.7049.95 Mobile Safari/537.36 (compatible; Googlebot/2.1; +http://www.google.com/bot.html)"
66.249.73.193 - - [01/May/2025:09:46:49 -0400] "GET /shopdetail/138236852 HTTP/1.1" 200 18881 "-" "Mozilla/5.0 (Linux; Android 6.0.1; Nexus 5X Build/MMB29P) AppleWebKit/537.36 (KHTML, like Gecko) Chrome/135.0.7049.95 Mobile Safari/537.36 (compatible; Googlebot/2.1; +http://www.google.com/bot.html)"
66.249.73.194 - - [01/May/2025:09:47:28 -0400] "GET /pcmypage?callback=/product%2Fdetail%2F17840937 HTTP/1.1" 200 20399 "-" "Mozilla/5.0 (Linux; Android 6.0.1; Nexus 5X Build/MMB29P) AppleWebKit/537.36 (KHTML, like Gecko) Chrome/135.0.7049.95 Mobile Safari/537.36 (compatible; Googlebot/2.1; +http://www.google.com/bot.html)"
66.249.73.193 - - [01/May/2025:09:47:33 -0400] "GET /pcmypage?callback=/product%2Fdetail%2F73911086 HTTP/1.1" 200 19390 "-" "Mozilla/5.0 (Linux; Android 6.0.1; Nexus 5X Build/MMB29P) AppleWebKit/537.36 (KHTML, like Gecko) Chrome/135.0.7049.95 Mobile Safari/537.36 (compatible; Googlebot/2.1; +http://www.google.com/bot.html)"
66.249.73.193 - - [01/May/2025:09:47:40 -0400] "POST /get-message-notify HTTP/1.1" 200 20461 "http://www.digitalbusinesscardz.acreditrepaircorp.com/pcmypage?callback=/product%2Fdetail%2F73911086" "Mozilla/5.0 (Linux; Android 6.0.1; Nexus 5X Build/MMB29P) AppleWebKit/537.36 (KHTML, like Gecko) Chrome/134.0.6998.165 Mobile Safari/537.36 (compatible; Googlebot/2.1; +http://www.google.com/bot.html)"
66.249.73.194 - - [01/May/2025:09:42:09 -0400] "GET /pcmypage?callback=product%2Fdetail%2F39019629 HTTP/1.1" 200 21012 "-" "Mozilla/5.0 (Linux; Android 6.0.1; Nexus 5X Build/MMB29P) AppleWebKit/537.36 (KHTML, like Gecko) Chrome/135.0.7049.95 Mobile Safari/537.36 (compatible; Googlebot/2.1; +http://www.google.com/bot.html)"
66.249.73.194 - - [01/May/2025:09:42:12 -0400] "POST /get-message-notify HTTP/1.1" 200 20461 "http://www.digitalbusinesscardz.acreditrepaircorp.com/pcmypage?callback=product%2Fdetail%2F39019629" "Mozilla/5.0 (Linux; Android 6.0.1; Nexus 5X Build/MMB29P) AppleWebKit/537.36 (KHTML, like Gecko) Chrome/134.0.6998.165 Mobile Safari/537.36 (compatible; Googlebot/2.1; +http://www.google.com/bot.html)"
66.249.73.193 - - [01/May/2025:09:42:23 -0400] "POST /get-message-notify HTTP/1.1" 200 20461 "http://www.digitalbusinesscardz.acreditrepaircorp.com/pcmypage?callback=/product%2Fdetail%2F67875693" "Mozilla/5.0 (Linux; Android 6.0.1; Nexus 5X Build/MMB29P) AppleWebKit/537.36 (KHTML, like Gecko) Chrome/134.0.6998.165 Mobile Safari/537.36 (compatible; Googlebot/2.1; +http://www.google.com/bot.html)"
66.249.73.193 - - [01/May/2025:09:42:56 -0400] "GET /pcmypage?callback=/product%2Fdetail%2F73032617 HTTP/1.1" 200 20067 "-" "Mozilla/5.0 (Linux; Android 6.0.1; Nexus 5X Build/MMB29P) AppleWebKit/537.36 (KHTML, like Gecko) Chrome/135.0.7049.95 Mobile Safari/537.36 (compatible; Googlebot/2.1; +http://www.google.com/bot.html)"
66.249.73.193 - - [01/May/2025:09:44:08 -0400] "GET /pcmypage?callback=/product%2Fdetail%2F10749081 HTTP/1.1" 200 20901 "-" "Mozilla/5.0 (Linux; Android 6.0.1; Nexus 5X Build/MMB29P) AppleWebKit/537.36 (KHTML, like Gecko) Chrome/135.0.7049.95 Mobile Safari/537.36 (compatible; Googlebot/2.1; +http://www.google.com/bot.html)"
66.249.73.194 - - [01/May/2025:09:45:07 -0400] "POST /get-message-notify HTTP/1.1" 200 20461 "http://www.digitalbusinesscardz.acreditrepaircorp.com/zhHant/product/surugaya/82707775?campaign_uid=f64d716db5e979ed2f947dbaf4296895b951ae7f" "Mozilla/5.0 (Linux; Android 6.0.1; Nexus 5X Build/MMB29P) AppleWebKit/537.36 (KHTML, like Gecko) Chrome/134.0.6998.165 Mobile Safari/537.36 (compatible; Googlebot/2.1; +http://www.google.com/bot.html)"
66.249.73.193 - - [01/May/2025:09:45:53 -0400] "GET /pcmypage?callback=product/review/52518725 HTTP/1.1" 200 18999 "-" "Mozilla/5.0 (Linux; Android 6.0.1; Nexus 5X Build/MMB29P) AppleWebKit/537.36 (KHTML, like Gecko) Chrome/135.0.7049.95 Mobile Safari/537.36 (compatible; Googlebot/2.1; +http://www.google.com/bot.html)"
66.249.73.193 - - [01/May/2025:09:45:54 -0400] "POST /get-message-notify HTTP/1.1" 200 20461 "http://www.digitalbusinesscardz.acreditrepaircorp.com/pcmypage?callback=/product%2Fdetail%2F12271067" "Mozilla/5.0 (Linux; Android 6.0.1; Nexus 5X Build/MMB29P) AppleWebKit/537.36 (KHTML, like Gecko) Chrome/134.0.6998.165 Mobile Safari/537.36 (compatible; Googlebot/2.1; +http://www.google.com/bot.html)"
66.249.73.193 - - [01/May/2025:09:46:31 -0400] "POST /get-message-notify HTTP/1.1" 200 20463 "http://www.digitalbusinesscardz.acreditrepaircorp.com/shopdetail/116020652" "Mozilla/5.0 (Linux; Android 6.0.1; Nexus 5X Build/MMB29P) AppleWebKit/537.36 (KHTML, like Gecko) Chrome/134.0.6998.165 Mobile Safari/537.36 (compatible; Googlebot/2.1; +http://www.google.com/bot.html)"
66.249.73.194 - - [01/May/2025:09:47:35 -0400] "GET /pcmypage?callback=product%2Fdetail%2F07523893 HTTP/1.1" 200 19532 "-" "Mozilla/5.0 (Linux; Android 6.0.1; Nexus 5X Build/MMB29P) AppleWebKit/537.36 (KHTML, like Gecko) Chrome/135.0.7049.95 Mobile Safari/537.36 (compatible; Googlebot/2.1; +http://www.google.com/bot.html)"
66.249.73.194 - - [01/May/2025:09:48:16 -0400] "GET /pcmypage?callback=product/review/67404201 HTTP/1.1" 200 18988 "-" "Mozilla/5.0 (Linux; Android 6.0.1; Nexus 5X Build/MMB29P) AppleWebKit/537.36 (KHTML, like Gecko) Chrome/135.0.7049.95 Mobile Safari/537.36 (compatible; Googlebot/2.1; +http://www.google.com/bot.html)"
66.249.73.193 - - [01/May/2025:09:47:43 -0400] "POST /get-message-notify HTTP/1.1" 200 20461 "http://www.digitalbusinesscardz.acreditrepaircorp.com/pcmypage?callback=product%2Fdetail%2F07523893" "Mozilla/5.0 (Linux; Android 6.0.1; Nexus 5X Build/MMB29P) AppleWebKit/537.36 (KHTML, like Gecko) Chrome/134.0.6998.165 Mobile Safari/537.36 (compatible; Googlebot/2.1; +http://www.google.com/bot.html)"
66.249.73.193 - - [01/May/2025:09:47:50 -0400] "POST /get-message-notify HTTP/1.1" 200 20461 "http://www.digitalbusinesscardz.acreditrepaircorp.com/pcmypage?callback=/product%2Fdetail%2F17840937" "Mozilla/5.0 (Linux; Android 6.0.1; Nexus 5X Build/MMB29P) AppleWebKit/537.36 (KHTML, like Gecko) Chrome/134.0.6998.165 Mobile Safari/537.36 (compatible; Googlebot/2.1; +http://www.google.com/bot.html)"
