182.6.6.107 - - [14/May/2025:14:49:37 -0400] "GET /wp-content/plugins/youtube-embed-plus/scripts/ytprefs.min.js?ver=13.0 HTTP/1.1" 200 2489 "https://acreditrepaircorp.com/" "Mozilla/5.0 (iPhone; CPU iPhone OS 17_2_1 like Mac OS X) AppleWebKit/605.1.15 (KHTML, like Gecko) Version/17.2 Mobile/15E148 Safari/604.1"
182.6.6.107 - - [14/May/2025:14:49:37 -0400] "GET /wp-content/plugins/elfsight-social-media-icons-cc/assets/elfsight-social-media-icons.js?ver=1.1.0 HTTP/1.1" 200 37980 "https://acreditrepaircorp.com/" "Mozilla/5.0 (iPhone; CPU iPhone OS 17_2_1 like Mac OS X) AppleWebKit/605.1.15 (KHTML, like Gecko) Version/17.2 Mobile/15E148 Safari/604.1"
182.6.6.107 - - [14/May/2025:14:49:37 -0400] "GET /wp-content/plugins/contact-form-7/includes/js/scripts.js?ver=4.7 HTTP/1.1" 200 3452 "https://acreditrepaircorp.com/" "Mozilla/5.0 (iPhone; CPU iPhone OS 17_2_1 like Mac OS X) AppleWebKit/605.1.15 (KHTML, like Gecko) Version/17.2 Mobile/15E148 Safari/604.1"
182.6.6.107 - - [14/May/2025:14:49:37 -0400] "GET /wp-content/plugins/youtube-embed-plus/scripts/fitvids.min.js?ver=13.0 HTTP/1.1" 200 681 "https://acreditrepaircorp.com/" "Mozilla/5.0 (iPhone; CPU iPhone OS 17_2_1 like Mac OS X) AppleWebKit/605.1.15 (KHTML, like Gecko) Version/17.2 Mobile/15E148 Safari/604.1"
182.6.6.107 - - [14/May/2025:14:49:37 -0400] "GET /wp-content/themes/TESSERACT/js/helpers-functions.js?ver=1.0.0 HTTP/1.1" 200 363 "https://acreditrepaircorp.com/" "Mozilla/5.0 (iPhone; CPU iPhone OS 17_2_1 like Mac OS X) AppleWebKit/605.1.15 (KHTML, like Gecko) Version/17.2 Mobile/15E148 Safari/604.1"
182.6.6.107 - - [14/May/2025:14:49:37 -0400] "GET /wp-content/themes/TESSERACT/js/helpers-beaver.js?ver=1.0.0 HTTP/1.1" 200 534 "https://acreditrepaircorp.com/" "Mozilla/5.0 (iPhone; CPU iPhone OS 17_2_1 like Mac OS X) AppleWebKit/605.1.15 (KHTML, like Gecko) Version/17.2 Mobile/15E148 Safari/604.1"
182.6.6.107 - - [14/May/2025:14:49:38 -0400] "GET /wp-content/uploads/2019/01/1.jpg HTTP/1.1" 200 228881 "https://acreditrepaircorp.com/" "Mozilla/5.0 (iPhone; CPU iPhone OS 17_2_1 like Mac OS X) AppleWebKit/605.1.15 (KHTML, like Gecko) Version/17.2 Mobile/15E148 Safari/604.1"
182.6.6.107 - - [14/May/2025:14:49:38 -0400] "GET /wp-content/uploads/2019/01/2.jpg HTTP/1.1" 200 237486 "https://acreditrepaircorp.com/" "Mozilla/5.0 (iPhone; CPU iPhone OS 17_2_1 like Mac OS X) AppleWebKit/605.1.15 (KHTML, like Gecko) Version/17.2 Mobile/15E148 Safari/604.1"
182.6.6.107 - - [14/May/2025:14:49:38 -0400] "GET /wp-content/plugins/revslider/public/assets/js/extensions/revolution.extension.slideanims.min.js?version=5.4.6.3 HTTP/1.1" 200 6656 "https://acreditrepaircorp.com/" "Mozilla/5.0 (iPhone; CPU iPhone OS 17_2_1 like Mac OS X) AppleWebKit/605.1.15 (KHTML, like Gecko) Version/17.2 Mobile/15E148 Safari/604.1"
182.6.6.107 - - [14/May/2025:14:49:38 -0400] "GET /wp-content/plugins/revslider/public/assets/js/extensions/revolution.extension.layeranimation.min.js?version=5.4.6.3 HTTP/1.1" 200 13832 "https://acreditrepaircorp.com/" "Mozilla/5.0 (iPhone; CPU iPhone OS 17_2_1 like Mac OS X) AppleWebKit/605.1.15 (KHTML, like Gecko) Version/17.2 Mobile/15E148 Safari/604.1"
182.6.6.107 - - [14/May/2025:14:49:38 -0400] "GET /wp-content/uploads/2019/01/4.jpg HTTP/1.1" 200 322849 "https://acreditrepaircorp.com/" "Mozilla/5.0 (iPhone; CPU iPhone OS 17_2_1 like Mac OS X) AppleWebKit/605.1.15 (KHTML, like Gecko) Version/17.2 Mobile/15E148 Safari/604.1"
182.6.6.107 - - [14/May/2025:14:49:38 -0400] "GET /wp-content/plugins/revslider/public/assets/js/extensions/revolution.extension.navigation.min.js?version=5.4.6.3 HTTP/1.1" 200 6678 "https://acreditrepaircorp.com/" "Mozilla/5.0 (iPhone; CPU iPhone OS 17_2_1 like Mac OS X) AppleWebKit/605.1.15 (KHTML, like Gecko) Version/17.2 Mobile/15E148 Safari/604.1"
182.6.6.107 - - [14/May/2025:14:49:39 -0400] "GET /wp-content/plugins/revslider/public/assets/fonts/revicons/revicons.woff?5510888 HTTP/1.1" 200 7536 "https://acreditrepaircorp.com/" "Mozilla/5.0 (iPhone; CPU iPhone OS 17_2_1 like Mac OS X) AppleWebKit/605.1.15 (KHTML, like Gecko) Version/17.2 Mobile/15E148 Safari/604.1"
182.6.6.107 - - [14/May/2025:14:49:39 -0400] "GET /wp-content/plugins/revslider/public/assets/assets/loader.gif HTTP/1.1" 200 2545 "https://acreditrepaircorp.com/" "Mozilla/5.0 (iPhone; CPU iPhone OS 17_2_1 like Mac OS X) AppleWebKit/605.1.15 (KHTML, like Gecko) Version/17.2 Mobile/15E148 Safari/604.1"
182.6.6.107 - - [14/May/2025:14:49:40 -0400] "GET /wp-content/uploads/2021/01/cropped-creditcorp-LOGO-32x32.png HTTP/1.1" 200 2340 "https://acreditrepaircorp.com/" "Mozilla/5.0 (iPhone; CPU iPhone OS 17_2_1 like Mac OS X) AppleWebKit/605.1.15 (KHTML, like Gecko) Version/17.2 Mobile/15E148 Safari/604.1"
182.6.6.107 - - [14/May/2025:14:49:40 -0400] "GET /wp-content/uploads/2021/01/cropped-creditcorp-LOGO-192x192.png HTTP/1.1" 200 35722 "https://acreditrepaircorp.com/" "Mozilla/5.0 (iPhone; CPU iPhone OS 17_2_1 like Mac OS X) AppleWebKit/605.1.15 (KHTML, like Gecko) Version/17.2 Mobile/15E148 Safari/604.1"
182.6.6.107 - - [14/May/2025:14:49:38 -0400] "GET /wp-content/plugins/revslider/public/assets/js/extensions/revolution.extension.actions.min.js?version=5.4.6.3 HTTP/1.1" 200 2400 "https://acreditrepaircorp.com/" "Mozilla/5.0 (iPhone; CPU iPhone OS 17_2_1 like Mac OS X) AppleWebKit/605.1.15 (KHTML, like Gecko) Version/17.2 Mobile/15E148 Safari/604.1"
182.6.6.107 - - [14/May/2025:14:49:38 -0400] "POST /wp-admin/admin-ajax.php HTTP/1.1" 403 1242 "https://acreditrepaircorp.com/" "Mozilla/5.0 (iPhone; CPU iPhone OS 17_2_1 like Mac OS X) AppleWebKit/605.1.15 (KHTML, like Gecko) Version/17.2 Mobile/15E148 Safari/604.1"
182.6.6.107 - - [14/May/2025:14:49:39 -0400] "GET /wp-content/uploads/2019/01/3.jpg HTTP/1.1" 200 99473 "https://acreditrepaircorp.com/" "Mozilla/5.0 (iPhone; CPU iPhone OS 17_2_1 like Mac OS X) AppleWebKit/605.1.15 (KHTML, like Gecko) Version/17.2 Mobile/15E148 Safari/604.1"
182.6.6.107 - - [14/May/2025:14:49:38 -0400] "POST /?ga_action=googleanalytics_get_script HTTP/1.1" 200 296 "https://acreditrepaircorp.com/" "Mozilla/5.0 (iPhone; CPU iPhone OS 17_2_1 like Mac OS X) AppleWebKit/605.1.15 (KHTML, like Gecko) Version/17.2 Mobile/15E148 Safari/604.1"
182.6.6.107 - - [14/May/2025:14:49:39 -0400] "GET /wp-content/uploads/2019/01/good-credit-vs-bad-3-1-853x1024.jpg HTTP/1.1" 200 124764 "https://acreditrepaircorp.com/" "Mozilla/5.0 (iPhone; CPU iPhone OS 17_2_1 like Mac OS X) AppleWebKit/605.1.15 (KHTML, like Gecko) Version/17.2 Mobile/15E148 Safari/604.1"
182.6.6.107 - - [14/May/2025:14:51:40 -0400] "GET /wp-content/plugins/gtranslate/gtranslate-style24.css?ver=5.0.18 HTTP/1.1" 200 237 "https://acreditrepaircorp.com/" "Mozilla/5.0 (iPhone; CPU iPhone OS 17_2_1 like Mac OS X) AppleWebKit/605.1.15 (KHTML, like Gecko) Version/17.2 Mobile/15E148 Safari/604.1"
182.6.6.107 - - [14/May/2025:14:51:40 -0400] "GET /wp-content/plugins/beaver-builder-lite-version/css/jquery.magnificpopup.css?ver=1.9.4 HTTP/1.1" 200 1749 "https://acreditrepaircorp.com/" "Mozilla/5.0 (iPhone; CPU iPhone OS 17_2_1 like Mac OS X) AppleWebKit/605.1.15 (KHTML, like Gecko) Version/17.2 Mobile/15E148 Safari/604.1"
182.6.6.107 - - [14/May/2025:14:51:40 -0400] "GET /wp-content/plugins/revslider/public/assets/css/settings.css?ver=5.4.6.3.1 HTTP/1.1" 200 6856 "https://acreditrepaircorp.com/" "Mozilla/5.0 (iPhone; CPU iPhone OS 17_2_1 like Mac OS X) AppleWebKit/605.1.15 (KHTML, like Gecko) Version/17.2 Mobile/15E148 Safari/604.1"
182.6.6.107 - - [14/May/2025:14:51:40 -0400] "GET /wp-content/themes/TESSERACT/style.css?ver=1.0.0 HTTP/1.1" 200 10905 "https://acreditrepaircorp.com/" "Mozilla/5.0 (iPhone; CPU iPhone OS 17_2_1 like Mac OS X) AppleWebKit/605.1.15 (KHTML, like Gecko) Version/17.2 Mobile/15E148 Safari/604.1"
182.6.6.107 - - [14/May/2025:14:51:40 -0400] "GET /wp-includes/css/dist/block-library/style.min.css?ver=5.0.18 HTTP/1.1" 200 3971 "https://acreditrepaircorp.com/" "Mozilla/5.0 (iPhone; CPU iPhone OS 17_2_1 like Mac OS X) AppleWebKit/605.1.15 (KHTML, like Gecko) Version/17.2 Mobile/15E148 Safari/604.1"
182.6.6.107 - - [14/May/2025:14:51:40 -0400] "GET /wp-content/uploads/bb-plugin/cache/7-layout.css?ver=d95d182268e2ff4ac0174b47167b7f24 HTTP/1.1" 200 3948 "https://acreditrepaircorp.com/" "Mozilla/5.0 (iPhone; CPU iPhone OS 17_2_1 like Mac OS X) AppleWebKit/605.1.15 (KHTML, like Gecko) Version/17.2 Mobile/15E148 Safari/604.1"
182.6.6.107 - - [14/May/2025:14:51:40 -0400] "GET /wp-content/plugins/contact-form-7/includes/css/styles.css?ver=4.7 HTTP/1.1" 200 539 "https://acreditrepaircorp.com/" "Mozilla/5.0 (iPhone; CPU iPhone OS 17_2_1 like Mac OS X) AppleWebKit/605.1.15 (KHTML, like Gecko) Version/17.2 Mobile/15E148 Safari/604.1"
182.6.6.107 - - [14/May/2025:14:51:40 -0400] "GET /wp-content/plugins/revslider/public/assets/js/jquery.themepunch.tools.min.js?ver=5.4.6.3.1 HTTP/1.1" 200 37077 "https://acreditrepaircorp.com/" "Mozilla/5.0 (iPhone; CPU iPhone OS 17_2_1 like Mac OS X) AppleWebKit/605.1.15 (KHTML, like Gecko) Version/17.2 Mobile/15E148 Safari/604.1"
182.6.6.107 - - [14/May/2025:14:51:40 -0400] "GET /wp-content/plugins/wonderplugin-gallery/engine/wonderplugingallery.js?ver=3.9C HTTP/1.1" 200 27407 "https://acreditrepaircorp.com/" "Mozilla/5.0 (iPhone; CPU iPhone OS 17_2_1 like Mac OS X) AppleWebKit/605.1.15 (KHTML, like Gecko) Version/17.2 Mobile/15E148 Safari/604.1"
182.6.6.107 - - [14/May/2025:14:51:40 -0400] "GET /wp-content/plugins/beaver-builder-lite-version/js/jquery.fitvids.js?ver=1.9.4 HTTP/1.1" 200 1135 "https://acreditrepaircorp.com/" "Mozilla/5.0 (iPhone; CPU iPhone OS 17_2_1 like Mac OS X) AppleWebKit/605.1.15 (KHTML, like Gecko) Version/17.2 Mobile/15E148 Safari/604.1"
182.6.6.107 - - [14/May/2025:14:51:40 -0400] "GET /wp-content/plugins/contact-form-7/includes/js/jquery.form.min.js?ver=3.51.0-2014.06.20 HTTP/1.1" 200 5539 "https://acreditrepaircorp.com/" "Mozilla/5.0 (iPhone; CPU iPhone OS 17_2_1 like Mac OS X) AppleWebKit/605.1.15 (KHTML, like Gecko) Version/17.2 Mobile/15E148 Safari/604.1"
182.6.6.107 - - [14/May/2025:14:51:40 -0400] "GET /wp-content/themes/TESSERACT/js/jquery.sidr.min.js?ver=1.0.0 HTTP/1.1" 200 1450 "https://acreditrepaircorp.com/" "Mozilla/5.0 (iPhone; CPU iPhone OS 17_2_1 like Mac OS X) AppleWebKit/605.1.15 (KHTML, like Gecko) Version/17.2 Mobile/15E148 Safari/604.1"
182.6.6.107 - - [14/May/2025:14:51:40 -0400] "GET /wp-content/themes/TESSERACT/js/helpers.js?ver=1.0.0 HTTP/1.1" 200 942 "https://acreditrepaircorp.com/" "Mozilla/5.0 (iPhone; CPU iPhone OS 17_2_1 like Mac OS X) AppleWebKit/605.1.15 (KHTML, like Gecko) Version/17.2 Mobile/15E148 Safari/604.1"
192.64.118.117 - - [14/May/2025:14:51:39 -0400] "POST /wp-cron.php?doing_wp_cron=1747248699.8989911079406738281250 HTTP/1.1" 403 1242 "https://acreditrepaircorp.com/wp-cron.php?doing_wp_cron=1747248699.8989911079406738281250" "WordPress/5.0.18; https://acreditrepaircorp.com"
182.6.6.107 - - [14/May/2025:14:51:39 -0400] "GET / HTTP/1.1" 200 19154 "-" "Mozilla/5.0 (iPhone; CPU iPhone OS 17_2_1 like Mac OS X) AppleWebKit/605.1.15 (KHTML, like Gecko) Version/17.2 Mobile/15E148 Safari/604.1"
182.6.6.107 - - [14/May/2025:14:51:40 -0400] "GET /wp-content/plugins/builder-responsive-pricing-tables/assets/css/pricing-tables.css?ver=5.0.18 HTTP/1.1" 200 2444 "https://acreditrepaircorp.com/" "Mozilla/5.0 (iPhone; CPU iPhone OS 17_2_1 like Mac OS X) AppleWebKit/605.1.15 (KHTML, like Gecko) Version/17.2 Mobile/15E148 Safari/604.1"
182.6.6.107 - - [14/May/2025:14:51:40 -0400] "GET /wp-includes/js/jquery/jquery.js?ver=1.12.4 HTTP/1.1" 200 32854 "https://acreditrepaircorp.com/" "Mozilla/5.0 (iPhone; CPU iPhone OS 17_2_1 like Mac OS X) AppleWebKit/605.1.15 (KHTML, like Gecko) Version/17.2 Mobile/15E148 Safari/604.1"
182.6.6.107 - - [14/May/2025:14:51:40 -0400] "GET /wp-content/plugins/beaver-builder-lite-version/js/jquery.waypoints.min.js?ver=1.9.4 HTTP/1.1" 200 2540 "https://acreditrepaircorp.com/" "Mozilla/5.0 (iPhone; CPU iPhone OS 17_2_1 like Mac OS X) AppleWebKit/605.1.15 (KHTML, like Gecko) Version/17.2 Mobile/15E148 Safari/604.1"
182.6.6.107 - - [14/May/2025:14:51:40 -0400] "GET /wp-content/plugins/youtube-embed-plus/scripts/fitvids.min.js?ver=13.0 HTTP/1.1" 200 681 "https://acreditrepaircorp.com/" "Mozilla/5.0 (iPhone; CPU iPhone OS 17_2_1 like Mac OS X) AppleWebKit/605.1.15 (KHTML, like Gecko) Version/17.2 Mobile/15E148 Safari/604.1"
182.6.6.107 - - [14/May/2025:14:51:40 -0400] "GET /wp-content/themes/TESSERACT/css/footer-banner.css?ver=1.0.0 HTTP/1.1" 200 1177 "https://acreditrepaircorp.com/" "Mozilla/5.0 (iPhone; CPU iPhone OS 17_2_1 like Mac OS X) AppleWebKit/605.1.15 (KHTML, like Gecko) Version/17.2 Mobile/15E148 Safari/604.1"
182.6.6.107 - - [14/May/2025:14:51:40 -0400] "GET /wp-includes/css/dashicons.min.css?ver=5.0.18 HTTP/1.1" 200 28437 "https://acreditrepaircorp.com/" "Mozilla/5.0 (iPhone; CPU iPhone OS 17_2_1 like Mac OS X) AppleWebKit/605.1.15 (KHTML, like Gecko) Version/17.2 Mobile/15E148 Safari/604.1"
182.6.6.107 - - [14/May/2025:14:51:41 -0400] "GET /wp-content/plugins/revslider/public/assets/js/extensions/revolution.extension.layeranimation.min.js?version=5.4.6.3 HTTP/1.1" 200 13832 "https://acreditrepaircorp.com/" "Mozilla/5.0 (iPhone; CPU iPhone OS 17_2_1 like Mac OS X) AppleWebKit/605.1.15 (KHTML, like Gecko) Version/17.2 Mobile/15E148 Safari/604.1"
182.6.6.107 - - [14/May/2025:14:51:41 -0400] "POST /wp-admin/admin-ajax.php HTTP/1.1" 403 1242 "https://acreditrepaircorp.com/" "Mozilla/5.0 (iPhone; CPU iPhone OS 17_2_1 like Mac OS X) AppleWebKit/605.1.15 (KHTML, like Gecko) Version/17.2 Mobile/15E148 Safari/604.1"
182.6.6.107 - - [14/May/2025:14:51:41 -0400] "GET /wp-content/uploads/2019/01/good-credit-vs-bad-3-1-853x1024.jpg HTTP/1.1" 200 124764 "https://acreditrepaircorp.com/" "Mozilla/5.0 (iPhone; CPU iPhone OS 17_2_1 like Mac OS X) AppleWebKit/605.1.15 (KHTML, like Gecko) Version/17.2 Mobile/15E148 Safari/604.1"
182.6.6.107 - - [14/May/2025:14:51:41 -0400] "GET /wp-content/uploads/2021/02/Acredit-logo-1.png HTTP/1.1" 200 44611 "https://acreditrepaircorp.com/" "Mozilla/5.0 (iPhone; CPU iPhone OS 17_2_1 like Mac OS X) AppleWebKit/605.1.15 (KHTML, like Gecko) Version/17.2 Mobile/15E148 Safari/604.1"
182.6.6.107 - - [14/May/2025:14:51:41 -0400] "GET /wp-content/uploads/2019/01/1.jpg HTTP/1.1" 200 228881 "https://acreditrepaircorp.com/" "Mozilla/5.0 (iPhone; CPU iPhone OS 17_2_1 like Mac OS X) AppleWebKit/605.1.15 (KHTML, like Gecko) Version/17.2 Mobile/15E148 Safari/604.1"
182.6.6.107 - - [14/May/2025:14:51:41 -0400] "GET /wp-content/plugins/revslider/public/assets/js/extensions/revolution.extension.slideanims.min.js?version=5.4.6.3 HTTP/1.1" 200 6656 "https://acreditrepaircorp.com/" "Mozilla/5.0 (iPhone; CPU iPhone OS 17_2_1 like Mac OS X) AppleWebKit/605.1.15 (KHTML, like Gecko) Version/17.2 Mobile/15E148 Safari/604.1"
182.6.6.107 - - [14/May/2025:14:51:41 -0400] "POST /?ga_action=googleanalytics_get_script HTTP/1.1" 200 296 "https://acreditrepaircorp.com/" "Mozilla/5.0 (iPhone; CPU iPhone OS 17_2_1 like Mac OS X) AppleWebKit/605.1.15 (KHTML, like Gecko) Version/17.2 Mobile/15E148 Safari/604.1"
207.46.13.155 - - [14/May/2025:15:00:42 -0400] "GET /20820vfqdc4fv17c HTTP/1.1" 404 9054 "-" "Mozilla/5.0 AppleWebKit/537.36 (KHTML, like Gecko; compatible; bingbot/2.0; +http://www.bing.com/bingbot.htm) Chrome/116.0.1938.76 Safari/537.36"
192.64.118.117 - - [14/May/2025:15:00:43 -0400] "POST /wp-cron.php?doing_wp_cron=1747249243.2571439743041992187500 HTTP/1.1" 403 1242 "https://acreditrepaircorp.com/wp-cron.php?doing_wp_cron=1747249243.2571439743041992187500" "WordPress/5.0.18; https://acreditrepaircorp.com"
192.64.118.117 - - [14/May/2025:15:36:39 -0400] "POST /wp-cron.php?doing_wp_cron=1747251399.8913791179656982421875 HTTP/1.1" 403 1242 "https://acreditrepaircorp.com/wp-cron.php?doing_wp_cron=1747251399.8913791179656982421875" "WordPress/5.0.18; https://acreditrepaircorp.com"
207.180.215.210 - - [14/May/2025:15:42:48 -0400] "GET /wp-content/plugins/order-delivery-date/readme.txt HTTP/1.1" 200 0 "-" "Mozilla/5.0 (Macintosh; Intel Mac OS X 10_15_7) AppleWebKit/537.36 (KHTML, like Gecko) Chrome/124.0.0.0 Safari/537.36"
207.180.215.210 - - [14/May/2025:15:42:50 -0400] "GET /wp-content/themes/foodbakery/style.css HTTP/1.1" 200 0 "-" "Mozilla/5.0 (Macintosh; Intel Mac OS X 10_15_7) AppleWebKit/537.36 (KHTML, like Gecko) Chrome/124.0.0.0 Safari/537.36"
207.180.215.210 - - [14/May/2025:15:42:52 -0400] "GET /wp-content/themes/javo-directory/style.css HTTP/1.1" 200 0 "-" "Mozilla/5.0 (Windows NT 10.0; Win64; x64) AppleWebKit/537.36 (KHTML, like Gecko) Chrome/101.0.4951.64 Safari/537.36 Edg/101.0.1210.47"
114.119.145.154 - - [14/May/2025:15:36:38 -0400] "GET /5-easy-ways-to-find-home-loans-for-bad-credit/ HTTP/1.1" 200 13584 "https://acreditrepaircorp.com/author/neil/" "Mozilla/5.0 (Linux; Android 7.0;) AppleWebKit/537.36 (KHTML, like Gecko) Mobile Safari/537.36 (compatible; PetalBot;+https://webmaster.petalsearch.com/site/petalbot)"
207.180.215.210 - - [14/May/2025:15:42:49 -0400] "GET /wp-content/plugins/suretriggers/readme.txt HTTP/1.1" 200 0 "-" "Mozilla/5.0 (Macintosh; Intel Mac OS X 10_15_7) AppleWebKit/605.1.15 (KHTML, like Gecko) Version/18.0 Safari/605.1.15"
207.180.215.210 - - [14/May/2025:15:42:51 -0400] "GET /wp-content/plugins/whmpress/history.txt HTTP/1.1" 200 0 "-" "Mozilla/5.0 (Linux; Android 10; K) AppleWebKit/537.36 (KHTML, like Gecko) Chrome/131.0.0.0 Mobile Safari/537.36"
198.54.114.42 - - [14/May/2025:16:06:34 -0400] "GET /author/neil/ HTTP/1.1" 200 12134 "https://acreditrepaircorp.com" "Mozilla/5.0 (Macintosh; Intel Mac OS X 13.3; rv:126.0) Gecko/20100101 Firefox/126.0"
198.54.114.42 - - [14/May/2025:16:06:36 -0400] "GET /?author=3 HTTP/1.1" 404 9063 "https://acreditrepaircorp.com" "Mozilla/5.0 (Windows NT 10.0; Win64; x64; rv:128.0) Gecko/20100101 Firefox/128.0"
192.64.118.117 - - [14/May/2025:16:06:34 -0400] "POST /wp-cron.php?doing_wp_cron=1747253194.0874140262603759765625 HTTP/1.1" 403 1242 "https://acreditrepaircorp.com/wp-cron.php?doing_wp_cron=1747253194.0874140262603759765625" "WordPress/5.0.18; https://acreditrepaircorp.com"
198.54.114.42 - - [14/May/2025:16:06:33 -0400] "GET / HTTP/1.1" 200 15687 "http://acreditrepaircorp.com" "Mozilla/5.0 (Macintosh; Intel Mac OS X 13.3; rv:126.0) Gecko/20100101 Firefox/126.0"
198.54.114.42 - - [14/May/2025:16:06:34 -0400] "GET /index.php?author=1 HTTP/1.1" 301 0 "https://acreditrepaircorp.com" "Mozilla/5.0 (Macintosh; Intel Mac OS X 13.3; rv:126.0) Gecko/20100101 Firefox/126.0"
198.54.114.42 - - [14/May/2025:16:06:35 -0400] "GET /index.php?author=2 HTTP/1.1" 301 0 "https://acreditrepaircorp.com" "Mozilla/5.0 (Macintosh; Intel Mac OS X 10_15_7) AppleWebKit/537.36 (KHTML, like Gecko) Chrome/116.0.5845.96 Safari/537.36"
198.54.114.42 - - [14/May/2025:16:06:35 -0400] "GET /?author=2 HTTP/1.1" 404 9063 "https://acreditrepaircorp.com" "Mozilla/5.0 (Macintosh; Intel Mac OS X 10_15_7) AppleWebKit/537.36 (KHTML, like Gecko) Chrome/116.0.5845.96 Safari/537.36"
198.54.114.42 - - [14/May/2025:16:06:35 -0400] "GET /index.php?author=3 HTTP/1.1" 301 0 "https://acreditrepaircorp.com" "Mozilla/5.0 (Windows NT 10.0; Win64; x64; rv:128.0) Gecko/20100101 Firefox/128.0"
192.64.118.117 - - [14/May/2025:16:20:20 -0400] "POST /wp-cron.php?doing_wp_cron=1747254020.4403159618377685546875 HTTP/1.1" 403 1242 "https://acreditrepaircorp.com/wp-cron.php?doing_wp_cron=1747254020.4403159618377685546875" "WordPress/5.0.18; https://acreditrepaircorp.com"
157.55.39.56 - - [14/May/2025:16:20:20 -0400] "GET /5446oust7213a22xs5d8fc0b4 HTTP/1.1" 404 9057 "-" "Mozilla/5.0 AppleWebKit/537.36 (KHTML, like Gecko; compatible; bingbot/2.0; +http://www.bing.com/bingbot.htm) Chrome/116.0.1938.76 Safari/537.36"
192.64.118.117 - - [14/May/2025:16:50:05 -0400] "POST /wp-cron.php?doing_wp_cron=1747255805.0591099262237548828125 HTTP/1.1" 403 1242 "https://acreditrepaircorp.com/wp-cron.php?doing_wp_cron=1747255805.0591099262237548828125" "WordPress/5.0.18; https://acreditrepaircorp.com"
43.131.243.61 - - [14/May/2025:16:50:04 -0400] "GET / HTTP/1.1" 301 0 "http://www.acreditrepaircorp.com" "Mozilla/5.0 (iPhone; CPU iPhone OS 13_2_3 like Mac OS X) AppleWebKit/605.1.15 (KHTML, like Gecko) Version/13.0.3 Mobile/15E148 Safari/604.1"
43.131.243.61 - - [14/May/2025:16:50:07 -0400] "GET / HTTP/1.1" 200 19143 "https://www.acreditrepaircorp.com/" "Mozilla/5.0 (iPhone; CPU iPhone OS 13_2_3 like Mac OS X) AppleWebKit/605.1.15 (KHTML, like Gecko) Version/13.0.3 Mobile/15E148 Safari/604.1"
192.64.118.117 - - [14/May/2025:17:07:50 -0400] "POST /wp-cron.php?doing_wp_cron=1747256870.4258670806884765625000 HTTP/1.1" 403 1242 "https://acreditrepaircorp.com/wp-cron.php?doing_wp_cron=1747256870.4258670806884765625000" "WordPress/5.0.18; https://acreditrepaircorp.com"
114.119.158.156 - - [14/May/2025:17:07:50 -0400] "GET /education/ HTTP/1.1" 200 12419 "https://acreditrepaircorp.com/qa/" "Mozilla/5.0 (Linux; Android 7.0;) AppleWebKit/537.36 (KHTML, like Gecko) Mobile Safari/537.36 (compatible; PetalBot;+https://webmaster.petalsearch.com/site/petalbot)"
162.0.209.9 - - [14/May/2025:17:16:07 -0400] "GET /author/neil/ HTTP/1.1" 200 10576 "https://acreditrepaircorp.com" "Mozilla/5.0 (Windows NT 10.0; Win64; x64) AppleWebKit/537.36 (KHTML, like Gecko) Chrome/113.0.5672.93 Safari/537.36"
162.0.209.9 - - [14/May/2025:17:16:08 -0400] "GET /index.php?author=2 HTTP/1.1" 301 0 "https://acreditrepaircorp.com" "Mozilla/5.0 (Windows NT 11.0; Win64; x64) AppleWebKit/537.36 (KHTML, like Gecko) Chrome/126.0.0.0 Safari/537.36 Edg/126.0.0.0"
162.0.209.9 - - [14/May/2025:17:16:08 -0400] "GET /index.php?author=3 HTTP/1.1" 301 0 "https://acreditrepaircorp.com" "Mozilla/5.0 (Windows NT 10.0; Win64; x64; rv:125.0.1) Gecko/20100101 Firefox/125.0.1"
162.0.209.9 - - [14/May/2025:17:16:06 -0400] "GET / HTTP/1.1" 200 15732 "http://acreditrepaircorp.com/" "Mozilla/5.0 (Macintosh; Intel Mac OS X 10.15; rv:126.0) Gecko/20100101 Firefox/126.0"
162.0.209.9 - - [14/May/2025:17:16:07 -0400] "GET /index.php?author=1 HTTP/1.1" 301 0 "https://acreditrepaircorp.com" "Mozilla/5.0 (Windows NT 10.0; Win64; x64) AppleWebKit/537.36 (KHTML, like Gecko) Chrome/113.0.5672.93 Safari/537.36"
162.0.209.9 - - [14/May/2025:17:16:08 -0400] "GET /?author=2 HTTP/1.1" 404 9064 "https://acreditrepaircorp.com" "Mozilla/5.0 (Windows NT 11.0; Win64; x64) AppleWebKit/537.36 (KHTML, like Gecko) Chrome/126.0.0.0 Safari/537.36 Edg/126.0.0.0"
162.0.209.9 - - [14/May/2025:17:16:09 -0400] "GET /?author=3 HTTP/1.1" 404 9064 "https://acreditrepaircorp.com" "Mozilla/5.0 (Windows NT 10.0; Win64; x64; rv:125.0.1) Gecko/20100101 Firefox/125.0.1"
192.64.118.117 - - [14/May/2025:17:28:47 -0400] "POST /wp-cron.php?doing_wp_cron=1747258127.3566889762878417968750 HTTP/1.1" 403 1242 "https://acreditrepaircorp.com/wp-cron.php?doing_wp_cron=1747258127.3566889762878417968750" "WordPress/5.0.18; https://acreditrepaircorp.com"
157.55.39.58 - - [14/May/2025:17:28:46 -0400] "GET /6905ufgw68241afb8dd9 HTTP/1.1" 404 9059 "-" "Mozilla/5.0 AppleWebKit/537.36 (KHTML, like Gecko; compatible; bingbot/2.0; +http://www.bing.com/bingbot.htm) Chrome/116.0.1938.76 Safari/537.36"
192.64.118.117 - - [14/May/2025:17:48:25 -0400] "POST /wp-cron.php?doing_wp_cron=1747259305.0632059574127197265625 HTTP/1.1" 403 1242 "https://acreditrepaircorp.com/wp-cron.php?doing_wp_cron=1747259305.0632059574127197265625" "WordPress/5.0.18; https://acreditrepaircorp.com"
192.64.118.117 - - [14/May/2025:17:52:19 -0400] "POST /wp-cron.php?doing_wp_cron=1747259539.0662920475006103515625 HTTP/1.1" 403 1242 "https://acreditrepaircorp.com/wp-cron.php?doing_wp_cron=1747259539.0662920475006103515625" "WordPress/5.0.18; https://acreditrepaircorp.com"
157.55.39.63 - - [14/May/2025:17:48:24 -0400] "GET /24509mjmsdaabecjb6896 HTTP/1.1" 404 9060 "-" "Mozilla/5.0 AppleWebKit/537.36 (KHTML, like Gecko; compatible; bingbot/2.0; +http://www.bing.com/bingbot.htm) Chrome/116.0.1938.76 Safari/537.36"
157.55.39.201 - - [14/May/2025:17:52:18 -0400] "GET /7423ibicd449e5yc207218 HTTP/1.1" 404 9055 "-" "Mozilla/5.0 AppleWebKit/537.36 (KHTML, like Gecko; compatible; bingbot/2.0; +http://www.bing.com/bingbot.htm) Chrome/116.0.1938.76 Safari/537.36"
192.64.118.117 - - [14/May/2025:18:22:48 -0400] "POST /wp-cron.php?doing_wp_cron=1747261368.0883190631866455078125 HTTP/1.1" 403 1242 "https://acreditrepaircorp.com/wp-cron.php?doing_wp_cron=1747261368.0883190631866455078125" "WordPress/5.0.18; https://acreditrepaircorp.com"
91.151.95.70 - - [14/May/2025:18:22:47 -0400] "GET / HTTP/1.1" 301 0 "http://www.acreditrepaircorp.com" "Mozilla/5.0 (Windows NT 10.0; Win64; x64) AppleWebKit/537.36 (KHTML, like Gecko) Chrome/126.0.0.0 Safari/537.36 Edg/126.0.0.0"
91.151.95.70 - - [14/May/2025:18:22:52 -0400] "GET /?author=2 HTTP/1.1" 404 9045 "https://acreditrepaircorp.com" "Mozilla/5.0 (Windows NT 10.0; Win64; x64; rv:126.0) Gecko/20100101 Firefox/126.0"
91.151.95.70 - - [14/May/2025:18:22:53 -0400] "GET /?author=3 HTTP/1.1" 404 9045 "https://acreditrepaircorp.com" "Mozilla/5.0 (Macintosh; Intel Mac OS X 14_6) AppleWebKit/605.1.15 (KHTML, like Gecko) Version/17.5 Safari/605.1.15"
206.189.139.89 - - [14/May/2025:18:32:51 -0400] "GET /wp-admin/css/ HTTP/1.1" 200 3837 "binance.com" "Mozilla/5.0 (Windows NT 10.0; Win64; x64) AppleWebKit/537.36 (KHTML, like Gecko) Chrome/90.0.4430.85 Safari/537.36"
206.189.139.89 - - [14/May/2025:18:33:03 -0400] "GET /wp-content/uploads/2025/05/ HTTP/1.1" 200 698 "binance.com" "Mozilla/5.0 (Windows NT 10.0; Win64; x64) AppleWebKit/537.36 (KHTML, like Gecko) Chrome/90.0.4430.85 Safari/537.36"
206.189.139.89 - - [14/May/2025:18:33:27 -0400] "GET /wp-content/uploads/ HTTP/1.1" 200 1496 "binance.com" "Mozilla/5.0 (Windows NT 10.0; Win64; x64) AppleWebKit/537.36 (KHTML, like Gecko) Chrome/90.0.4430.85 Safari/537.36"
91.151.95.70 - - [14/May/2025:18:22:48 -0400] "GET / HTTP/1.1" 200 15713 "https://www.acreditrepaircorp.com/" "Mozilla/5.0 (Windows NT 10.0; Win64; x64) AppleWebKit/537.36 (KHTML, like Gecko) Chrome/126.0.0.0 Safari/537.36 Edg/126.0.0.0"
91.151.95.70 - - [14/May/2025:18:22:50 -0400] "GET /index.php?author=1 HTTP/1.1" 301 0 "https://acreditrepaircorp.com" "Mozilla/5.0 (Macintosh; Intel Mac OS X 14.5) AppleWebKit/618.3.5 (KHTML, like Gecko) Version/17.4 Safari/618.3.5"
91.151.95.70 - - [14/May/2025:18:22:50 -0400] "GET /author/neil/ HTTP/1.1" 200 10585 "https://acreditrepaircorp.com" "Mozilla/5.0 (Macintosh; Intel Mac OS X 14.5) AppleWebKit/618.3.5 (KHTML, like Gecko) Version/17.4 Safari/618.3.5"
91.151.95.70 - - [14/May/2025:18:22:51 -0400] "GET /index.php?author=2 HTTP/1.1" 301 0 "https://acreditrepaircorp.com" "Mozilla/5.0 (Windows NT 10.0; Win64; x64; rv:126.0) Gecko/20100101 Firefox/126.0"
91.151.95.70 - - [14/May/2025:18:22:52 -0400] "GET /index.php?author=3 HTTP/1.1" 301 0 "https://acreditrepaircorp.com" "Mozilla/5.0 (Macintosh; Intel Mac OS X 14_6) AppleWebKit/605.1.15 (KHTML, like Gecko) Version/17.5 Safari/605.1.15"
206.189.139.89 - - [14/May/2025:18:33:15 -0400] "GET /wp-content/uploads/2025/04/ HTTP/1.1" 200 698 "binance.com" "Mozilla/5.0 (Windows NT 10.0; Win64; x64) AppleWebKit/537.36 (KHTML, like Gecko) Chrome/90.0.4430.85 Safari/537.36"
206.189.139.89 - - [14/May/2025:18:33:45 -0400] "GET /wp-content/upgrade/ HTTP/1.1" 200 690 "binance.com" "Mozilla/5.0 (Windows NT 10.0; Win64; x64) AppleWebKit/537.36 (KHTML, like Gecko) Chrome/90.0.4430.85 Safari/537.36"
206.189.139.89 - - [14/May/2025:18:34:02 -0400] "GET /wp-content/languages/ HTTP/1.1" 200 0 "binance.com" "Mozilla/5.0 (Windows NT 10.0; Win64; x64) AppleWebKit/537.36 (KHTML, like Gecko) Chrome/90.0.4430.85 Safari/537.36"
206.189.139.89 - - [14/May/2025:18:34:16 -0400] "GET /wp-admin/includes/ HTTP/1.1" 200 4819 "binance.com" "Mozilla/5.0 (Windows NT 10.0; Win64; x64) AppleWebKit/537.36 (KHTML, like Gecko) Chrome/90.0.4430.85 Safari/537.36"
206.189.139.89 - - [14/May/2025:18:34:30 -0400] "GET /wp-admin/includes/ HTTP/1.1" 200 4819 "binance.com" "Mozilla/5.0 (Windows NT 10.0; Win64; x64) AppleWebKit/537.36 (KHTML, like Gecko) Chrome/90.0.4430.85 Safari/537.36"
206.189.139.89 - - [14/May/2025:18:34:44 -0400] "GET /wp-admin/maint/ HTTP/1.1" 200 778 "binance.com" "Mozilla/5.0 (Windows NT 10.0; Win64; x64) AppleWebKit/537.36 (KHTML, like Gecko) Chrome/90.0.4430.85 Safari/537.36"
206.189.139.89 - - [14/May/2025:18:35:01 -0400] "GET /wp-admin/maint/ HTTP/1.1" 200 778 "binance.com" "Mozilla/5.0 (Windows NT 10.0; Win64; x64) AppleWebKit/537.36 (KHTML, like Gecko) Chrome/90.0.4430.85 Safari/537.36"
192.64.118.117 - - [14/May/2025:18:35:20 -0400] "POST /wp-cron.php?doing_wp_cron=1747262120.4228050708770751953125 HTTP/1.1" 403 1242 "https://acreditrepaircorp.com/wp-cron.php?doing_wp_cron=1747262120.4228050708770751953125" "WordPress/5.0.18; http://acreditrepaircorp.com"
206.189.139.89 - - [14/May/2025:18:35:20 -0400] "GET /wp-admin/upgrade.php?_wp_http_referer=%2Fwp-admin%2Fnetwork%2F HTTP/1.1" 403 1242 "binance.com" "Mozilla/5.0 (Windows NT 10.0; Win64; x64) AppleWebKit/537.36 (KHTML, like Gecko) Chrome/90.0.4430.85 Safari/537.36"
206.189.139.89 - - [14/May/2025:18:35:37 -0400] "GET /wp-admin/user/ HTTP/1.1" 302 0 "binance.com" "Mozilla/5.0 (Windows NT 10.0; Win64; x64) AppleWebKit/537.36 (KHTML, like Gecko) Chrome/90.0.4430.85 Safari/537.36"
206.189.139.89 - - [14/May/2025:18:35:53 -0400] "GET /wp-admin/css/ HTTP/1.1" 200 3856 "binance.com" "Mozilla/5.0 (Windows NT 10.0; Win64; x64) AppleWebKit/537.36 (KHTML, like Gecko) Chrome/90.0.4430.85 Safari/537.36"
206.189.139.89 - - [14/May/2025:18:36:24 -0400] "GET /wp-admin/css/colors/blue/ HTTP/1.1" 200 939 "binance.com" "Mozilla/5.0 (Windows NT 10.0; Win64; x64) AppleWebKit/537.36 (KHTML, like Gecko) Chrome/90.0.4430.85 Safari/537.36"
206.189.139.89 - - [14/May/2025:18:36:37 -0400] "GET /wp-admin/css/colors/coffee/ HTTP/1.1" 200 941 "binance.com" "Mozilla/5.0 (Windows NT 10.0; Win64; x64) AppleWebKit/537.36 (KHTML, like Gecko) Chrome/90.0.4430.85 Safari/537.36"
206.189.139.89 - - [14/May/2025:18:36:44 -0400] "GET /wp-admin/css/colors/ectoplasm/ HTTP/1.1" 200 943 "binance.com" "Mozilla/5.0 (Windows NT 10.0; Win64; x64) AppleWebKit/537.36 (KHTML, like Gecko) Chrome/90.0.4430.85 Safari/537.36"
206.189.139.89 - - [14/May/2025:18:37:09 -0400] "GET /wp-admin/css/colors/midnight/ HTTP/1.1" 200 943 "binance.com" "Mozilla/5.0 (Windows NT 10.0; Win64; x64) AppleWebKit/537.36 (KHTML, like Gecko) Chrome/90.0.4430.85 Safari/537.36"
206.189.139.89 - - [14/May/2025:18:37:20 -0400] "GET /wp-admin/css/colors/modern/ HTTP/1.1" 404 1251 "binance.com" "Mozilla/5.0 (Windows NT 10.0; Win64; x64) AppleWebKit/537.36 (KHTML, like Gecko) Chrome/90.0.4430.85 Safari/537.36"
206.189.139.89 - - [14/May/2025:18:37:35 -0400] "GET /wp-admin/css/colors/ocean/ HTTP/1.1" 200 941 "binance.com" "Mozilla/5.0 (Windows NT 10.0; Win64; x64) AppleWebKit/537.36 (KHTML, like Gecko) Chrome/90.0.4430.85 Safari/537.36"
206.189.139.89 - - [14/May/2025:18:37:50 -0400] "GET /wp-admin/css/colors/sunrise/%20 HTTP/1.1" 404 1251 "binance.com" "Mozilla/5.0 (Windows NT 10.0; Win64; x64) AppleWebKit/537.36 (KHTML, like Gecko) Chrome/90.0.4430.85 Safari/537.36"
206.189.139.89 - - [14/May/2025:18:38:06 -0400] "GET /wp-admin/images/ HTTP/1.1" 200 3024 "binance.com" "Mozilla/5.0 (Windows NT 10.0; Win64; x64) AppleWebKit/537.36 (KHTML, like Gecko) Chrome/90.0.4430.85 Safari/537.36"
206.189.139.89 - - [14/May/2025:18:39:12 -0400] "GET /wp-includes/ HTTP/1.1" 200 8133 "binance.com" "Mozilla/5.0 (Windows NT 10.0; Win64; x64) AppleWebKit/537.36 (KHTML, like Gecko) Chrome/90.0.4430.85 Safari/537.36"
206.189.139.89 - - [14/May/2025:18:39:32 -0400] "GET /wp-includes/framework.php HTTP/1.1" 403 1242 "binance.com" "Mozilla/5.0 (Windows NT 10.0; Win64; x64) AppleWebKit/537.36 (KHTML, like Gecko) Chrome/90.0.4430.85 Safari/537.36"
206.189.139.89 - - [14/May/2025:18:35:19 -0400] "GET /wp-admin/network/ HTTP/1.1" 302 0 "binance.com" "Mozilla/5.0 (Windows NT 10.0; Win64; x64) AppleWebKit/537.36 (KHTML, like Gecko) Chrome/90.0.4430.85 Safari/537.36"
206.189.139.89 - - [14/May/2025:18:35:37 -0400] "GET /wp-admin/upgrade.php?_wp_http_referer=%2Fwp-admin%2Fuser%2F HTTP/1.1" 403 1242 "binance.com" "Mozilla/5.0 (Windows NT 10.0; Win64; x64) AppleWebKit/537.36 (KHTML, like Gecko) Chrome/90.0.4430.85 Safari/537.36"
206.189.139.89 - - [14/May/2025:18:36:11 -0400] "GET /wp-admin/css/colors/ HTTP/1.1" 200 1365 "binance.com" "Mozilla/5.0 (Windows NT 10.0; Win64; x64) AppleWebKit/537.36 (KHTML, like Gecko) Chrome/90.0.4430.85 Safari/537.36"
192.64.118.117 - - [14/May/2025:18:36:41 -0400] "POST /wp-cron.php?doing_wp_cron=1747262201.4677710533142089843750 HTTP/1.1" 403 1242 "https://acreditrepaircorp.com/wp-cron.php?doing_wp_cron=1747262201.4677710533142089843750" "WordPress/5.0.18; https://acreditrepaircorp.com"
3.213.85.234 - - [14/May/2025:18:36:41 -0400] "GET /how-to-build-credit-in-5-simple-steps/ HTTP/1.1" 200 13769 "-" "Mozilla/5.0 AppleWebKit/537.36 (KHTML, like Gecko; compatible; Amazonbot/0.1; +https://developer.amazon.com/support/amazonbot) Chrome/119.0.6045.214 Safari/537.36"
52.2.58.41 - - [14/May/2025:18:36:46 -0400] "GET /price/ HTTP/1.1" 200 14138 "-" "Mozilla/5.0 AppleWebKit/537.36 (KHTML, like Gecko; compatible; Amazonbot/0.1; +https://developer.amazon.com/support/amazonbot) Chrome/119.0.6045.214 Safari/537.36"
206.189.139.89 - - [14/May/2025:18:36:55 -0400] "GET /wp-admin/css/colors/light/ HTTP/1.1" 200 940 "binance.com" "Mozilla/5.0 (Windows NT 10.0; Win64; x64) AppleWebKit/537.36 (KHTML, like Gecko) Chrome/90.0.4430.85 Safari/537.36"
206.189.139.89 - - [14/May/2025:18:38:20 -0400] "GET /wp-admin/js/ HTTP/1.1" 200 4178 "binance.com" "Mozilla/5.0 (Windows NT 10.0; Win64; x64) AppleWebKit/537.36 (KHTML, like Gecko) Chrome/90.0.4430.85 Safari/537.36"
206.189.139.89 - - [14/May/2025:18:38:40 -0400] "GET /wp-admin/js/widgets/ HTTP/1.1" 200 1577 "binance.com" "Mozilla/5.0 (Windows NT 10.0; Win64; x64) AppleWebKit/537.36 (KHTML, like Gecko) Chrome/90.0.4430.85 Safari/537.36"
206.189.139.89 - - [14/May/2025:18:39:02 -0400] "GET /wp-includes/ HTTP/1.1" 200 8167 "binance.com" "Mozilla/5.0 (Windows NT 10.0; Win64; x64) AppleWebKit/537.36 (KHTML, like Gecko) Chrome/90.0.4430.85 Safari/537.36"
206.189.139.89 - - [14/May/2025:18:40:02 -0400] "GET /wp-includes/ID3/ HTTP/1.1" 200 1668 "binance.com" "Mozilla/5.0 (Windows NT 10.0; Win64; x64) AppleWebKit/537.36 (KHTML, like Gecko) Chrome/90.0.4430.85 Safari/537.36"
206.189.139.89 - - [14/May/2025:18:40:14 -0400] "GET /wp-includes/IXR/ HTTP/1.1" 200 1371 "binance.com" "Mozilla/5.0 (Windows NT 10.0; Win64; x64) AppleWebKit/537.36 (KHTML, like Gecko) Chrome/90.0.4430.85 Safari/537.36"
206.189.139.89 - - [14/May/2025:18:40:50 -0400] "GET /wp-includes/Text/ HTTP/1.1" 200 847 "binance.com" "Mozilla/5.0 (Windows NT 10.0; Win64; x64) AppleWebKit/537.36 (KHTML, like Gecko) Chrome/90.0.4430.85 Safari/537.36"
206.189.139.89 - - [14/May/2025:18:41:17 -0400] "GET /wp-includes/Text/Diff/ HTTP/1.1" 200 878 "binance.com" "Mozilla/5.0 (Windows NT 10.0; Win64; x64) AppleWebKit/537.36 (KHTML, like Gecko) Chrome/90.0.4430.85 Safari/537.36"
206.189.139.89 - - [14/May/2025:18:41:27 -0400] "GET /wp-includes/Text/Diff/ HTTP/1.1" 200 878 "binance.com" "Mozilla/5.0 (Windows NT 10.0; Win64; x64) AppleWebKit/537.36 (KHTML, like Gecko) Chrome/90.0.4430.85 Safari/537.36"
206.189.139.89 - - [14/May/2025:18:41:49 -0400] "GET /wp-includes/Text/Diff/Engine/ HTTP/1.1" 200 930 "binance.com" "Mozilla/5.0 (Windows NT 10.0; Win64; x64) AppleWebKit/537.36 (KHTML, like Gecko) Chrome/90.0.4430.85 Safari/537.36"
206.189.139.89 - - [14/May/2025:18:42:19 -0400] "GET /wp-includes/Text/Diff/Renderer/ HTTP/1.1" 200 792 "binance.com" "Mozilla/5.0 (Windows NT 10.0; Win64; x64) AppleWebKit/537.36 (KHTML, like Gecko) Chrome/90.0.4430.85 Safari/537.36"
206.189.139.89 - - [14/May/2025:18:42:35 -0400] "GET /wp-includes/blocks/ HTTP/1.1" 200 1272 "binance.com" "Mozilla/5.0 (Windows NT 10.0; Win64; x64) AppleWebKit/537.36 (KHTML, like Gecko) Chrome/90.0.4430.85 Safari/537.36"
206.189.139.89 - - [14/May/2025:18:42:54 -0400] "GET /wp-includes/blocks/ HTTP/1.1" 200 1272 "binance.com" "Mozilla/5.0 (Windows NT 10.0; Win64; x64) AppleWebKit/537.36 (KHTML, like Gecko) Chrome/90.0.4430.85 Safari/537.36"
206.189.139.89 - - [14/May/2025:18:43:59 -0400] "GET /wp-includes/sitemaps/ HTTP/1.1" 404 1251 "binance.com" "Mozilla/5.0 (Windows NT 10.0; Win64; x64) AppleWebKit/537.36 (KHTML, like Gecko) Chrome/90.0.4430.85 Safari/537.36"
206.189.139.89 - - [14/May/2025:18:44:11 -0400] "GET /wp-includes/sitemaps/providers/ HTTP/1.1" 404 1251 "binance.com" "Mozilla/5.0 (Windows NT 10.0; Win64; x64) AppleWebKit/537.36 (KHTML, like Gecko) Chrome/90.0.4430.85 Safari/537.36"
206.189.139.89 - - [14/May/2025:18:44:57 -0400] "GET /wp-includes/css/ HTTP/1.1" 200 2320 "binance.com" "Mozilla/5.0 (Windows NT 10.0; Win64; x64) AppleWebKit/537.36 (KHTML, like Gecko) Chrome/90.0.4430.85 Safari/537.36"
206.189.139.89 - - [14/May/2025:18:45:31 -0400] "GET /wp-includes/fonts/ HTTP/1.1" 200 891 "binance.com" "Mozilla/5.0 (Windows NT 10.0; Win64; x64) AppleWebKit/537.36 (KHTML, like Gecko) Chrome/90.0.4430.85 Safari/537.36"
206.189.139.89 - - [14/May/2025:18:46:50 -0400] "GET /wp-includes/images/wlw/ HTTP/1.1" 200 867 "binance.com" "Mozilla/5.0 (Windows NT 10.0; Win64; x64) AppleWebKit/537.36 (KHTML, like Gecko) Chrome/90.0.4430.85 Safari/537.36"
206.189.139.89 - - [14/May/2025:18:47:14 -0400] "GET /wp-includes/js/codemirror/ HTTP/1.1" 200 1334 "binance.com" "Mozilla/5.0 (Windows NT 10.0; Win64; x64) AppleWebKit/537.36 (KHTML, like Gecko) Chrome/90.0.4430.85 Safari/537.36"
206.189.139.89 - - [14/May/2025:18:39:46 -0400] "GET /wp-includes/ID3/ HTTP/1.1" 200 1668 "binance.com" "Mozilla/5.0 (Windows NT 10.0; Win64; x64) AppleWebKit/537.36 (KHTML, like Gecko) Chrome/90.0.4430.85 Safari/537.36"
206.189.139.89 - - [14/May/2025:18:40:29 -0400] "GET /wp-includes/IXR/ HTTP/1.1" 200 1371 "binance.com" "Mozilla/5.0 (Windows NT 10.0; Win64; x64) AppleWebKit/537.36 (KHTML, like Gecko) Chrome/90.0.4430.85 Safari/537.36"
206.189.139.89 - - [14/May/2025:18:40:40 -0400] "GET /wp-includes/PHPMailer/ HTTP/1.1" 404 1251 "binance.com" "Mozilla/5.0 (Windows NT 10.0; Win64; x64) AppleWebKit/537.36 (KHTML, like Gecko) Chrome/90.0.4430.85 Safari/537.36"
206.189.139.89 - - [14/May/2025:18:41:03 -0400] "GET /wp-includes/Text/ HTTP/1.1" 200 847 "binance.com" "Mozilla/5.0 (Windows NT 10.0; Win64; x64) AppleWebKit/537.36 (KHTML, like Gecko) Chrome/90.0.4430.85 Safari/537.36"
206.189.139.89 - - [14/May/2025:18:41:36 -0400] "GET /wp-includes/Text/Diff/Engine/ HTTP/1.1" 200 930 "binance.com" "Mozilla/5.0 (Windows NT 10.0; Win64; x64) AppleWebKit/537.36 (KHTML, like Gecko) Chrome/90.0.4430.85 Safari/537.36"
206.189.139.89 - - [14/May/2025:18:42:05 -0400] "GET /wp-includes/Text/Diff/Renderer/ HTTP/1.1" 200 792 "binance.com" "Mozilla/5.0 (Windows NT 10.0; Win64; x64) AppleWebKit/537.36 (KHTML, like Gecko) Chrome/90.0.4430.85 Safari/537.36"
206.189.139.89 - - [14/May/2025:18:43:15 -0400] "GET /wp-includes/pomo/ HTTP/1.1" 200 1315 "binance.com" "Mozilla/5.0 (Windows NT 10.0; Win64; x64) AppleWebKit/537.36 (KHTML, like Gecko) Chrome/90.0.4430.85 Safari/537.36"
206.189.139.89 - - [14/May/2025:18:43:29 -0400] "GET /wp-includes/pomo/ HTTP/1.1" 200 1315 "binance.com" "Mozilla/5.0 (Windows NT 10.0; Win64; x64) AppleWebKit/537.36 (KHTML, like Gecko) Chrome/90.0.4430.85 Safari/537.36"
206.189.139.89 - - [14/May/2025:18:44:29 -0400] "GET /wp-includes/widgets/ HTTP/1.1" 200 1749 "binance.com" "Mozilla/5.0 (Windows NT 10.0; Win64; x64) AppleWebKit/537.36 (KHTML, like Gecko) Chrome/90.0.4430.85 Safari/537.36"
206.189.139.89 - - [14/May/2025:18:44:43 -0400] "GET /wp-includes/widgets/ HTTP/1.1" 200 1749 "binance.com" "Mozilla/5.0 (Windows NT 10.0; Win64; x64) AppleWebKit/537.36 (KHTML, like Gecko) Chrome/90.0.4430.85 Safari/537.36"
206.189.139.89 - - [14/May/2025:18:45:14 -0400] "GET /wp-includes/css/dist/ HTTP/1.1" 200 1212 "binance.com" "Mozilla/5.0 (Windows NT 10.0; Win64; x64) AppleWebKit/537.36 (KHTML, like Gecko) Chrome/90.0.4430.85 Safari/537.36"
206.189.139.89 - - [14/May/2025:18:45:47 -0400] "GET /wp-includes/images/ HTTP/1.1" 200 2083 "binance.com" "Mozilla/5.0 (Windows NT 10.0; Win64; x64) AppleWebKit/537.36 (KHTML, like Gecko) Chrome/90.0.4430.85 Safari/537.36"
206.189.139.89 - - [14/May/2025:18:46:08 -0400] "GET /wp-includes/images/crystal/ HTTP/1.1" 200 1427 "binance.com" "Mozilla/5.0 (Windows NT 10.0; Win64; x64) AppleWebKit/537.36 (KHTML, like Gecko) Chrome/90.0.4430.85 Safari/537.36"
206.189.139.89 - - [14/May/2025:18:46:19 -0400] "GET /wp-includes/images/media/ HTTP/1.1" 200 1290 "binance.com" "Mozilla/5.0 (Windows NT 10.0; Win64; x64) AppleWebKit/537.36 (KHTML, like Gecko) Chrome/90.0.4430.85 Safari/537.36"
206.189.139.89 - - [14/May/2025:18:46:33 -0400] "GET /wp-includes/images/smilies/ HTTP/1.1" 200 1728 "binance.com" "Mozilla/5.0 (Windows NT 10.0; Win64; x64) AppleWebKit/537.36 (KHTML, like Gecko) Chrome/90.0.4430.85 Safari/537.36"
206.189.139.89 - - [14/May/2025:18:47:03 -0400] "GET /wp-includes/js/%20 HTTP/1.1" 404 1251 "binance.com" "Mozilla/5.0 (Windows NT 10.0; Win64; x64) AppleWebKit/537.36 (KHTML, like Gecko) Chrome/90.0.4430.85 Safari/537.36"
206.189.139.89 - - [14/May/2025:18:47:27 -0400] "GET /wp-includes/js/plupload/ HTTP/1.1" 200 1453 "binance.com" "Mozilla/5.0 (Windows NT 10.0; Win64; x64) AppleWebKit/537.36 (KHTML, like Gecko) Chrome/90.0.4430.85 Safari/537.36"
206.189.139.89 - - [14/May/2025:18:47:43 -0400] "GET /.well-known/ HTTP/1.1" 200 771 "binance.com" "Mozilla/5.0 (Windows NT 10.0; Win64; x64) AppleWebKit/537.36 (KHTML, like Gecko) Chrome/90.0.4430.85 Safari/537.36"
185.191.171.16 - - [14/May/2025:18:53:31 -0400] "GET /robots.txt HTTP/1.1" 200 118 "-" "Mozilla/5.0 (compatible; SemrushBot/7~bl; +http://www.semrush.com/bot.html)"
192.64.118.117 - - [14/May/2025:18:53:36 -0400] "POST /wp-cron.php?doing_wp_cron=1747263216.8384449481964111328125 HTTP/1.1" 403 1242 "https://acreditrepaircorp.com/wp-cron.php?doing_wp_cron=1747263216.8384449481964111328125" "WordPress/5.0.18; https://acreditrepaircorp.com"
85.208.96.210 - - [14/May/2025:18:53:36 -0400] "GET /how-its-work/ HTTP/1.1" 200 14078 "-" "Mozilla/5.0 (compatible; SemrushBot/7~bl; +http://www.semrush.com/bot.html)"
77.238.237.38 - - [14/May/2025:19:18:22 -0400] "GET /myth-or-guideline/ HTTP/1.0" 200 41913 "https://acreditrepaircorp.com/myth-or-guideline/" "Mozilla/5.0 (Windows NT 10.0; Win64; x64) AppleWebKit/537.36 (KHTML, like Gecko) Chrome/131.0.0.0 Safari/537.36 Avast/131.0.0.0"
192.64.118.117 - - [14/May/2025:19:18:22 -0400] "POST /wp-cron.php?doing_wp_cron=1747264702.5734438896179199218750 HTTP/1.1" 403 1242 "https://acreditrepaircorp.com/wp-cron.php?doing_wp_cron=1747264702.5734438896179199218750" "WordPress/5.0.18; https://acreditrepaircorp.com"
77.238.237.38 - - [14/May/2025:19:18:23 -0400] "POST /wp-comments-post.php HTTP/1.0" 403 1242 "https://acreditrepaircorp.com/myth-or-guideline/" "Mozilla/5.0 (Windows NT 10.0; Win64; x64) AppleWebKit/537.36 (KHTML, like Gecko) Chrome/131.0.0.0 Safari/537.36 Avast/131.0.0.0"
207.46.13.124 - - [14/May/2025:19:32:18 -0400] "GET /29150swcf515pc81fb HTTP/1.1" 404 9052 "-" "Mozilla/5.0 AppleWebKit/537.36 (KHTML, like Gecko; compatible; bingbot/2.0; +http://www.bing.com/bingbot.htm) Chrome/116.0.1938.76 Safari/537.36"
54.156.248.117 - - [14/May/2025:19:36:14 -0400] "GET /qa/ HTTP/1.1" 200 13146 "-" "Mozilla/5.0 AppleWebKit/537.36 (KHTML, like Gecko; compatible; Amazonbot/0.1; +https://developer.amazon.com/support/amazonbot) Chrome/119.0.6045.214 Safari/537.36"
51.195.36.135 - - [14/May/2025:19:40:54 -0400] "GET /wp-content/uploads/wp-cached-1c213e42/wp-cached-1c213e422.php HTTP/1.1" 404 1251 "-" "Mozilla/5.0 (Windows NT 10.0; Win64; x64) AppleWebKit/537.36 (KHTML, like Gecko) Chrome/127.0.0.0 Safari/537.36"
192.64.118.117 - - [14/May/2025:19:32:18 -0400] "POST /wp-cron.php?doing_wp_cron=1747265538.5903429985046386718750 HTTP/1.1" 403 1242 "https://acreditrepaircorp.com/wp-cron.php?doing_wp_cron=1747265538.5903429985046386718750" "WordPress/5.0.18; https://acreditrepaircorp.com"
192.64.118.117 - - [14/May/2025:19:36:15 -0400] "POST /wp-cron.php?doing_wp_cron=1747265775.1990520954132080078125 HTTP/1.1" 403 1242 "https://acreditrepaircorp.com/wp-cron.php?doing_wp_cron=1747265775.1990520954132080078125" "WordPress/5.0.18; https://acreditrepaircorp.com"
192.64.118.117 - - [14/May/2025:19:46:19 -0400] "POST /wp-cron.php?doing_wp_cron=1747266379.6434099674224853515625 HTTP/1.1" 403 1242 "https://acreditrepaircorp.com/wp-cron.php?doing_wp_cron=1747266379.6434099674224853515625" "WordPress/5.0.18; https://acreditrepaircorp.com"
43.157.170.126 - - [14/May/2025:19:46:19 -0400] "GET / HTTP/1.1" 200 19128 "http://acreditrepaircorp.com" "Mozilla/5.0 (iPhone; CPU iPhone OS 13_2_3 like Mac OS X) AppleWebKit/605.1.15 (KHTML, like Gecko) Version/13.0.3 Mobile/15E148 Safari/604.1"
192.64.118.117 - - [14/May/2025:19:54:28 -0400] "POST /wp-cron.php?doing_wp_cron=1747266868.6055159568786621093750 HTTP/1.1" 403 1242 "https://acreditrepaircorp.com/wp-cron.php?doing_wp_cron=1747266868.6055159568786621093750" "WordPress/5.0.18; http://acreditrepaircorp.com"
198.54.114.49 - - [14/May/2025:19:54:28 -0400] "POST /wp-login.php HTTP/1.1" 200 1592 "https://acreditrepaircorp.com" "Mozilla/5.0 (Macintosh; Intel Mac OS X 14.5) AppleWebKit/618.3.5 (KHTML, like Gecko) Version/17.4 Safari/618.3.5"
192.64.118.117 - - [14/May/2025:19:57:32 -0400] "POST /wp-cron.php?doing_wp_cron=1747267052.4374549388885498046875 HTTP/1.1" 403 1242 "https://acreditrepaircorp.com/wp-cron.php?doing_wp_cron=1747267052.4374549388885498046875" "WordPress/5.0.18; http://acreditrepaircorp.com"
68.65.123.222 - - [14/May/2025:19:57:32 -0400] "POST /wp-login.php HTTP/1.1" 200 1592 "https://acreditrepaircorp.com" "Mozilla/5.0 (Windows NT 10.0; Win64; x64) AppleWebKit/537.36 (KHTML, like Gecko) Chrome/113.0.5672.93 Safari/537.36"
192.64.118.117 - - [14/May/2025:20:09:23 -0400] "POST /wp-cron.php?doing_wp_cron=1747267763.5188798904418945312500 HTTP/1.1" 403 1242 "https://acreditrepaircorp.com/wp-cron.php?doing_wp_cron=1747267763.5188798904418945312500" "WordPress/5.0.18; http://acreditrepaircorp.com"
192.64.117.2 - - [14/May/2025:20:09:23 -0400] "POST /wp-login.php HTTP/1.1" 200 1592 "https://acreditrepaircorp.com" "Mozilla/5.0 (Macintosh; Intel Mac OS X 10_15_7; rv:129.0) Gecko/20100101 Firefox/129.0"
192.64.118.117 - - [14/May/2025:20:18:28 -0400] "POST /wp-cron.php?doing_wp_cron=1747268308.5463678836822509765625 HTTP/1.1" 403 1242 "https://acreditrepaircorp.com/wp-cron.php?doing_wp_cron=1747268308.5463678836822509765625" "WordPress/5.0.18; https://acreditrepaircorp.com"
51.222.253.15 - - [14/May/2025:20:18:28 -0400] "GET /credit-cards-for-bad-credit-5-things-you-should-know/feed/ HTTP/1.1" 200 460 "-" "Mozilla/5.0 (compatible; AhrefsBot/7.0; +http://ahrefs.com/robot/)"
199.188.200.34 - - [14/May/2025:20:21:07 -0400] "POST /wp-login.php HTTP/1.1" 200 1592 "https://acreditrepaircorp.com" "Mozilla/5.0 (Macintosh; Intel Mac OS X 13.3; rv:126.0) Gecko/20100101 Firefox/126.0"
192.64.118.117 - - [14/May/2025:20:23:31 -0400] "POST /wp-cron.php?doing_wp_cron=1747268611.4300460815429687500000 HTTP/1.1" 403 1242 "https://acreditrepaircorp.com/wp-cron.php?doing_wp_cron=1747268611.4300460815429687500000" "WordPress/5.0.18; http://acreditrepaircorp.com"
192.64.118.117 - - [14/May/2025:20:21:07 -0400] "POST /wp-cron.php?doing_wp_cron=1747268467.9633719921112060546875 HTTP/1.1" 403 1242 "https://acreditrepaircorp.com/wp-cron.php?doing_wp_cron=1747268467.9633719921112060546875" "WordPress/5.0.18; http://acreditrepaircorp.com"
198.187.29.206 - - [14/May/2025:20:23:31 -0400] "POST /wp-login.php HTTP/1.1" 200 1592 "https://acreditrepaircorp.com" "Mozilla/5.0 (Windows NT 10.0; Win64; x64; rv:128.0) Gecko/20100101 Firefox/128.0"
192.64.118.117 - - [14/May/2025:20:35:02 -0400] "POST /wp-cron.php?doing_wp_cron=1747269302.1394610404968261718750 HTTP/1.1" 403 1242 "https://acreditrepaircorp.com/wp-cron.php?doing_wp_cron=1747269302.1394610404968261718750" "WordPress/5.0.18; https://acreditrepaircorp.com"
132.232.165.4 - - [14/May/2025:20:35:01 -0400] "GET / HTTP/1.1" 301 0 "http://www.acreditrepaircorp.com" "Mozilla/5.0 (iPhone; CPU iPhone OS 13_2_3 like Mac OS X) AppleWebKit/605.1.15 (KHTML, like Gecko) Version/13.0.3 Mobile/15E148 Safari/604.1"
192.64.118.117 - - [14/May/2025:20:46:45 -0400] "POST /wp-cron.php?doing_wp_cron=1747270005.0881900787353515625000 HTTP/1.1" 403 1242 "https://acreditrepaircorp.com/wp-cron.php?doing_wp_cron=1747270005.0881900787353515625000" "WordPress/5.0.18; http://acreditrepaircorp.com"
132.232.165.4 - - [14/May/2025:20:35:09 -0400] "GET / HTTP/1.1" 200 19129 "https://www.acreditrepaircorp.com/" "Mozilla/5.0 (iPhone; CPU iPhone OS 13_2_3 like Mac OS X) AppleWebKit/605.1.15 (KHTML, like Gecko) Version/13.0.3 Mobile/15E148 Safari/604.1"
198.54.120.87 - - [14/May/2025:20:46:44 -0400] "POST /wp-login.php HTTP/1.1" 200 1592 "https://acreditrepaircorp.com" "Mozilla/5.0 (Macintosh; Intel Mac OS X 10_15_7) AppleWebKit/537.36 (KHTML, like Gecko) Chrome/113.0.5672.93 Safari/537.36"
192.64.118.117 - - [14/May/2025:20:53:03 -0400] "POST /wp-cron.php?doing_wp_cron=1747270383.0553469657897949218750 HTTP/1.1" 403 1242 "https://acreditrepaircorp.com/wp-cron.php?doing_wp_cron=1747270383.0553469657897949218750" "WordPress/5.0.18; http://acreditrepaircorp.com"
198.187.29.206 - - [14/May/2025:20:53:02 -0400] "POST /wp-login.php HTTP/1.1" 200 1850 "https://acreditrepaircorp.com" "Mozilla/5.0 (Macintosh; Intel Mac OS X 10_15_7; rv:129.0) Gecko/20100101 Firefox/129.0"
138.246.253.24 - - [14/May/2025:20:58:01 -0400] "GET /robots.txt HTTP/1.1" 200 498 "-" "Mozilla/5.0 (Windows NT 10.0; Win64; x64) AppleWebKit/537.36 (KHTML, like Gecko) Chrome/103.0.5060.134 Safari/537.36"
