52.138.137.0 - - [14/May/2025:09:41:40 -0400] "GET /wp-admin/css/colors/ocean/admiin.php HTTP/1.1" 404 1251 "-" "-"
52.138.137.0 - - [14/May/2025:09:41:41 -0400] "GET /wp-admin/maint/edit.php HTTP/1.1" 404 1251 "-" "-"
52.138.137.0 - - [14/May/2025:09:41:41 -0400] "GET /wp-includes/Text/Diff/Engine.php HTTP/1.1" 404 1251 "-" "-"
52.138.137.0 - - [14/May/2025:09:41:42 -0400] "GET /wp-content/uploads/wpr-addons/forms/RxRzhwix.php HTTP/1.1" 404 1251 "-" "-"
52.138.137.0 - - [14/May/2025:09:41:42 -0400] "GET /wp-admin/css/colors/midnight/colors.php HTTP/1.1" 404 1251 "-" "-"
52.138.137.0 - - [14/May/2025:09:41:42 -0400] "GET /wp-content/db-cache.php HTTP/1.1" 200 0 "-" "-"
52.138.137.0 - - [14/May/2025:09:41:43 -0400] "GET /hinfofuns.php HTTP/1.1" 404 35420 "-" "-"
52.138.137.0 - - [14/May/2025:09:41:44 -0400] "GET /repeater.php HTTP/1.1" 404 35420 "-" "-"
52.138.137.0 - - [14/May/2025:09:41:45 -0400] "GET /wp-content/uploads/2023/08/admiin.php HTTP/1.1" 404 1251 "-" "-"
52.138.137.0 - - [14/May/2025:09:41:46 -0400] "GET /wp-includes/js/tinymce/utils/ HTTP/1.1" 200 2492 "-" "-"
52.138.137.0 - - [14/May/2025:09:41:46 -0400] "GET /lol.php HTTP/1.1" 404 35420 "-" "-"
52.138.137.0 - - [14/May/2025:09:41:47 -0400] "GET /shx.php HTTP/1.1" 404 35420 "-" "-"
52.138.137.0 - - [14/May/2025:09:41:48 -0400] "GET /mari.php HTTP/1.1" 404 35420 "-" "-"
52.138.137.0 - - [14/May/2025:09:41:49 -0400] "GET /vv.php HTTP/1.1" 404 35420 "-" "-"
52.138.137.0 - - [14/May/2025:09:41:52 -0400] "GET /filemanager/dialog.php HTTP/1.1" 404 35420 "-" "-"
52.138.137.0 - - [14/May/2025:09:41:53 -0400] "GET /setup-config.php HTTP/1.1" 404 35420 "-" "-"
52.138.137.0 - - [14/May/2025:09:41:54 -0400] "GET /wp-admin/style.php HTTP/1.1" 302 0 "-" "-"
52.138.137.0 - - [14/May/2025:09:41:54 -0400] "GET /wp-admin/upgrade.php?_wp_http_referer=%2Fwp-admin%2Fstyle.php HTTP/1.1" 403 1242 "-" "-"
52.138.137.0 - - [14/May/2025:09:41:55 -0400] "GET /wp-api.php HTTP/1.1" 404 35420 "-" "-"
114.119.145.154 - - [14/May/2025:09:43:01 -0400] "GET /how-its-work/ HTTP/1.1" 200 14080 "https://acreditrepaircorp.com/qa/" "Mozilla/5.0 (Linux; Android 7.0;) AppleWebKit/537.36 (KHTML, like Gecko) Mobile Safari/537.36 (compatible; PetalBot;+https://webmaster.petalsearch.com/site/petalbot)"
49.51.183.15 - - [14/May/2025:09:43:55 -0400] "GET / HTTP/1.1" 301 0 "http://www.acreditrepaircorp.com" "Mozilla/5.0 (iPhone; CPU iPhone OS 13_2_3 like Mac OS X) AppleWebKit/605.1.15 (KHTML, like Gecko) Version/13.0.3 Mobile/15E148 Safari/604.1"
49.51.183.15 - - [14/May/2025:09:43:56 -0400] "GET / HTTP/1.1" 200 19125 "https://www.acreditrepaircorp.com/" "Mozilla/5.0 (iPhone; CPU iPhone OS 13_2_3 like Mac OS X) AppleWebKit/605.1.15 (KHTML, like Gecko) Version/13.0.3 Mobile/15E148 Safari/604.1"
52.138.137.0 - - [14/May/2025:09:41:29 -0400] "GET /wp-content/uploads/2025/03/themes.php HTTP/1.1" 404 1251 "-" "-"
52.138.137.0 - - [14/May/2025:09:41:29 -0400] "GET /wp-content/uploads/2023/08/ HTTP/1.1" 200 1397 "-" "-"
52.138.137.0 - - [14/May/2025:09:41:30 -0400] "GET /g.php HTTP/1.1" 404 35420 "-" "-"
52.138.137.0 - - [14/May/2025:09:41:32 -0400] "GET /wp-login.php HTTP/1.1" 200 4075 "-" "-"
52.138.137.0 - - [14/May/2025:09:41:33 -0400] "GET /wp-content/themes/sky-pro/js.php HTTP/1.1" 200 0 "-" "-"
52.138.137.0 - - [14/May/2025:09:41:33 -0400] "GET /gzak2w.php HTTP/1.1" 404 35420 "-" "-"
52.138.137.0 - - [14/May/2025:09:41:34 -0400] "GET /wp-admin/css/fw.php HTTP/1.1" 404 1251 "-" "-"
52.138.137.0 - - [14/May/2025:09:41:34 -0400] "GET /wp-class.php HTTP/1.1" 404 35420 "-" "-"
52.138.137.0 - - [14/May/2025:09:41:37 -0400] "GET /templates/beez3/ HTTP/1.1" 404 35420 "-" "-"
52.138.137.0 - - [14/May/2025:09:41:38 -0400] "GET /wp-includes/css/dist/block-library/ HTTP/1.1" 200 5422 "-" "-"
52.138.137.0 - - [14/May/2025:09:41:38 -0400] "GET /wp-content/upgrade/ HTTP/1.1" 200 1368 "-" "-"
52.138.137.0 - - [14/May/2025:09:41:39 -0400] "GET /wp-includes/css/dist/block-library/admin.php HTTP/1.1" 404 1251 "-" "-"
52.138.137.0 - - [14/May/2025:09:41:40 -0400] "GET /wp-admin/css/colors/ocean/index.php HTTP/1.1" 404 1251 "-" "-"
52.138.137.0 - - [14/May/2025:09:41:41 -0400] "GET /wp-admin/includes/users.php HTTP/1.1" 404 1251 "-" "-"
52.138.137.0 - - [14/May/2025:09:41:41 -0400] "GET /wp-includes/blocks/button/index.php HTTP/1.1" 404 1251 "-" "-"
52.138.137.0 - - [14/May/2025:09:41:43 -0400] "GET /wp-content/uploads/setup HTTP/1.1" 404 1251 "-" "-"
52.138.137.0 - - [14/May/2025:09:41:45 -0400] "GET /server.php HTTP/1.1" 404 35420 "-" "-"
52.138.137.0 - - [14/May/2025:09:41:50 -0400] "GET /delpaths.php HTTP/1.1" 404 35420 "-" "-"
52.138.137.0 - - [14/May/2025:09:41:51 -0400] "GET /cc.php HTTP/1.1" 404 35420 "-" "-"
52.138.137.0 - - [14/May/2025:09:41:54 -0400] "GET /network.php HTTP/1.1" 404 35420 "-" "-"
52.138.137.0 - - [14/May/2025:09:41:56 -0400] "GET /wp-content/uploads/2014/03/smile.php HTTP/1.1" 404 1251 "-" "-"
192.64.118.117 - - [14/May/2025:09:43:01 -0400] "POST /wp-cron.php?doing_wp_cron=1747230181.9504570960998535156250 HTTP/1.1" 403 1242 "https://acreditrepaircorp.com/wp-cron.php?doing_wp_cron=1747230181.9504570960998535156250" "WordPress/5.0.18; https://acreditrepaircorp.com"
192.64.118.117 - - [14/May/2025:09:45:44 -0400] "POST /wp-cron.php?doing_wp_cron=1747230344.1772189140319824218750 HTTP/1.1" 403 1242 "https://acreditrepaircorp.com/wp-cron.php?doing_wp_cron=1747230344.1772189140319824218750" "WordPress/5.0.18; http://acreditrepaircorp.com"
162.0.215.232 - - [14/May/2025:09:45:43 -0400] "POST /wp-login.php HTTP/1.1" 200 1592 "https://acreditrepaircorp.com" "Mozilla/5.0 (Windows NT 10.0; Win64; x64; rv:125.0.1) Gecko/20100101 Firefox/125.0.1"
192.64.118.117 - - [14/May/2025:10:00:44 -0400] "POST /wp-cron.php?doing_wp_cron=1747231244.2754800319671630859375 HTTP/1.1" 403 1242 "https://acreditrepaircorp.com/wp-cron.php?doing_wp_cron=1747231244.2754800319671630859375" "WordPress/5.0.18; https://acreditrepaircorp.com"
192.64.118.117 - - [14/May/2025:09:49:28 -0400] "POST /wp-cron.php?doing_wp_cron=1747230568.6225130558013916015625 HTTP/1.1" 403 1242 "https://acreditrepaircorp.com/wp-cron.php?doing_wp_cron=1747230568.6225130558013916015625" "WordPress/5.0.18; http://acreditrepaircorp.com"
199.188.200.139 - - [14/May/2025:09:49:28 -0400] "POST /wp-login.php HTTP/1.1" 200 1592 "https://acreditrepaircorp.com" "Mozilla/5.0 (Macintosh; Intel Mac OS X 10_15_7) AppleWebKit/537.36 (KHTML, like Gecko) Chrome/114.0.5735.134 Safari/537.36"
192.64.118.117 - - [14/May/2025:09:54:54 -0400] "POST /wp-cron.php?doing_wp_cron=1747230894.1047151088714599609375 HTTP/1.1" 403 1242 "https://acreditrepaircorp.com/wp-cron.php?doing_wp_cron=1747230894.1047151088714599609375" "WordPress/5.0.18; https://acreditrepaircorp.com"
207.46.13.130 - - [14/May/2025:09:54:53 -0400] "GET /24509lqeydaabecqb6896 HTTP/1.1" 404 9054 "-" "Mozilla/5.0 AppleWebKit/537.36 (KHTML, like Gecko; compatible; bingbot/2.0; +http://www.bing.com/bingbot.htm) Chrome/116.0.1938.76 Safari/537.36"
207.46.13.51 - - [14/May/2025:10:00:43 -0400] "GET /4344inarb9ni112 HTTP/1.1" 404 9058 "-" "Mozilla/5.0 AppleWebKit/537.36 (KHTML, like Gecko; compatible; bingbot/2.0; +http://www.bing.com/bingbot.htm) Chrome/116.0.1938.76 Safari/537.36"
192.64.118.117 - - [14/May/2025:10:14:32 -0400] "POST /wp-cron.php?doing_wp_cron=1747232072.5107910633087158203125 HTTP/1.1" 403 1242 "https://acreditrepaircorp.com/wp-cron.php?doing_wp_cron=1747232072.5107910633087158203125" "WordPress/5.0.18; http://acreditrepaircorp.com"
68.65.122.34 - - [14/May/2025:10:14:32 -0400] "POST /wp-login.php HTTP/1.1" 200 1592 "https://acreditrepaircorp.com" "Mozilla/5.0 (Windows NT 10.0; Win64; x64) AppleWebKit/537.36 (KHTML, like Gecko) Chrome/115.0.5790.171 Safari/537.36 Edg/115.0.1901.203"
192.64.118.117 - - [14/May/2025:10:16:17 -0400] "POST /wp-cron.php?doing_wp_cron=1747232177.1180050373077392578125 HTTP/1.1" 403 1242 "https://acreditrepaircorp.com/wp-cron.php?doing_wp_cron=1747232177.1180050373077392578125" "WordPress/5.0.18; https://acreditrepaircorp.com"
207.46.13.116 - - [14/May/2025:10:16:16 -0400] "GET /29680ufgw0a56zu2352e HTTP/1.1" 404 9053 "-" "Mozilla/5.0 AppleWebKit/537.36 (KHTML, like Gecko; compatible; bingbot/2.0; +http://www.bing.com/bingbot.htm) Chrome/116.0.1938.76 Safari/537.36"
192.64.118.117 - - [14/May/2025:11:11:49 -0400] "POST /wp-cron.php?doing_wp_cron=1747235509.0998969078063964843750 HTTP/1.1" 403 1242 "https://acreditrepaircorp.com/wp-cron.php?doing_wp_cron=1747235509.0998969078063964843750" "WordPress/5.0.18; https://acreditrepaircorp.com"
110.249.202.118 - - [14/May/2025:11:11:50 -0400] "GET /wp-content/plugins/builder-responsive-pricing-tables/assets/css/pricing-tables.css?ver=5.0.18 HTTP/1.1" 200 2444 "https://acreditrepaircorp.com/" "Mozilla/5.0 (Linux; Android 5.0) AppleWebKit/537.36 (KHTML, like Gecko) Mobile Safari/537.36 (compatible; Bytespider; https://zhanzhang.toutiao.com/)"
110.249.202.118 - - [14/May/2025:11:11:50 -0400] "GET /wp-includes/css/dist/block-library/style.min.css?ver=5.0.18 HTTP/1.1" 200 3971 "https://acreditrepaircorp.com/" "Mozilla/5.0 (Linux; Android 5.0) AppleWebKit/537.36 (KHTML, like Gecko) Mobile Safari/537.36 (compatible; Bytespider; https://zhanzhang.toutiao.com/)"
110.249.202.118 - - [14/May/2025:11:11:50 -0400] "GET /wp-content/plugins/revslider/public/assets/css/settings.css?ver=5.4.6.3.1 HTTP/1.1" 200 6856 "https://acreditrepaircorp.com/" "Mozilla/5.0 (Linux; Android 5.0) AppleWebKit/537.36 (KHTML, like Gecko) Mobile Safari/537.36 (compatible; Bytespider; https://zhanzhang.toutiao.com/)"
110.249.202.118 - - [14/May/2025:11:11:50 -0400] "GET /wp-content/plugins/beaver-builder-lite-version/css/jquery.magnificpopup.css?ver=1.9.4 HTTP/1.1" 200 1749 "https://acreditrepaircorp.com/" "Mozilla/5.0 (Linux; Android 5.0) AppleWebKit/537.36 (KHTML, like Gecko) Mobile Safari/537.36 (compatible; Bytespider; https://zhanzhang.toutiao.com/)"
110.249.202.118 - - [14/May/2025:11:11:50 -0400] "GET /wp-content/themes/TESSERACT/css/footer-banner.css?ver=1.0.0 HTTP/1.1" 200 1177 "https://acreditrepaircorp.com/" "Mozilla/5.0 (Linux; Android 5.0) AppleWebKit/537.36 (KHTML, like Gecko) Mobile Safari/537.36 (compatible; Bytespider; https://zhanzhang.toutiao.com/)"
110.249.202.118 - - [14/May/2025:11:11:50 -0400] "GET /wp-content/plugins/contact-form-7/includes/css/styles.css?ver=4.7 HTTP/1.1" 200 539 "https://acreditrepaircorp.com/" "Mozilla/5.0 (Linux; Android 5.0) AppleWebKit/537.36 (KHTML, like Gecko) Mobile Safari/537.36 (compatible; Bytespider; https://zhanzhang.toutiao.com/)"
110.249.202.118 - - [14/May/2025:11:11:50 -0400] "GET /wp-content/plugins/leads//shared/shortcodes/css/frontend-render.css?ver=5.0.18 HTTP/1.1" 200 11015 "https://acreditrepaircorp.com/" "Mozilla/5.0 (Linux; Android 5.0) AppleWebKit/537.36 (KHTML, like Gecko) Mobile Safari/537.36 (compatible; Bytespider; https://zhanzhang.toutiao.com/)"
110.249.202.118 - - [14/May/2025:11:11:50 -0400] "GET /wp-content/themes/TESSERACT/style.css?ver=1.0.0 HTTP/1.1" 200 10905 "https://acreditrepaircorp.com/" "Mozilla/5.0 (Linux; Android 5.0) AppleWebKit/537.36 (KHTML, like Gecko) Mobile Safari/537.36 (compatible; Bytespider; https://zhanzhang.toutiao.com/)"
110.249.202.118 - - [14/May/2025:11:11:50 -0400] "GET /wp-content/themes/TESSERACT/css/site-banner.css?ver=1.0.0 HTTP/1.1" 200 1591 "https://acreditrepaircorp.com/" "Mozilla/5.0 (Linux; Android 5.0) AppleWebKit/537.36 (KHTML, like Gecko) Mobile Safari/537.36 (compatible; Bytespider; https://zhanzhang.toutiao.com/)"
110.249.202.118 - - [14/May/2025:11:11:50 -0400] "GET /wp-content/themes/TESSERACT/js/helpers.js?ver=5.0.18 HTTP/1.1" 200 942 "https://acreditrepaircorp.com/" "Mozilla/5.0 (Linux; Android 5.0) AppleWebKit/537.36 (KHTML, like Gecko) Mobile Safari/537.36 (compatible; Bytespider; https://zhanzhang.toutiao.com/)"
110.249.202.118 - - [14/May/2025:11:11:50 -0400] "GET /wp-content/plugins/youtube-embed-plus/styles/ytprefs.min.css?ver=13.0 HTTP/1.1" 200 1180 "https://acreditrepaircorp.com/" "Mozilla/5.0 (Linux; Android 5.0) AppleWebKit/537.36 (KHTML, like Gecko) Mobile Safari/537.36 (compatible; Bytespider; https://zhanzhang.toutiao.com/)"
110.249.202.118 - - [14/May/2025:11:11:50 -0400] "GET /wp-includes/js/jquery/jquery.js?ver=1.12.4 HTTP/1.1" 200 32854 "https://acreditrepaircorp.com/" "Mozilla/5.0 (Linux; Android 5.0) AppleWebKit/537.36 (KHTML, like Gecko) Mobile Safari/537.36 (compatible; Bytespider; https://zhanzhang.toutiao.com/)"
110.249.202.118 - - [14/May/2025:11:11:50 -0400] "GET /wp-content/plugins/revslider/public/assets/js/jquery.themepunch.revolution.min.js?ver=5.4.6.3.1 HTTP/1.1" 200 17231 "https://acreditrepaircorp.com/" "Mozilla/5.0 (Linux; Android 5.0) AppleWebKit/537.36 (KHTML, like Gecko) Mobile Safari/537.36 (compatible; Bytespider; https://zhanzhang.toutiao.com/)"
110.249.202.118 - - [14/May/2025:11:11:50 -0400] "GET /wp-content/plugins/youtube-embed-plus/scripts/ytprefs.min.js?ver=13.0 HTTP/1.1" 200 2489 "https://acreditrepaircorp.com/" "Mozilla/5.0 (Linux; Android 5.0) AppleWebKit/537.36 (KHTML, like Gecko) Mobile Safari/537.36 (compatible; Bytespider; https://zhanzhang.toutiao.com/)"
110.249.202.118 - - [14/May/2025:11:11:50 -0400] "GET /wp-content/plugins/revslider/public/assets/js/jquery.themepunch.tools.min.js?ver=5.4.6.3.1 HTTP/1.1" 200 37077 "https://acreditrepaircorp.com/" "Mozilla/5.0 (Linux; Android 5.0) AppleWebKit/537.36 (KHTML, like Gecko) Mobile Safari/537.36 (compatible; Bytespider; https://zhanzhang.toutiao.com/)"
110.249.202.118 - - [14/May/2025:11:11:50 -0400] "GET /wp-content/themes/TESSERACT/js/modernizr.custom.min.js?ver=1.0.0 HTTP/1.1" 200 3260 "https://acreditrepaircorp.com/" "Mozilla/5.0 (Linux; Android 5.0) AppleWebKit/537.36 (KHTML, like Gecko) Mobile Safari/537.36 (compatible; Bytespider; https://zhanzhang.toutiao.com/)"
110.249.202.118 - - [14/May/2025:11:11:50 -0400] "GET /wp-includes/css/dashicons.min.css?ver=5.0.18 HTTP/1.1" 200 28437 "https://acreditrepaircorp.com/" "Mozilla/5.0 (Linux; Android 5.0) AppleWebKit/537.36 (KHTML, like Gecko) Mobile Safari/537.36 (compatible; Bytespider; https://zhanzhang.toutiao.com/)"
110.249.202.118 - - [14/May/2025:11:11:51 -0400] "GET /wp-content/plugins/elfsight-social-media-icons-cc/assets/elfsight-social-media-icons.js?ver=1.1.0 HTTP/1.1" 200 37980 "https://acreditrepaircorp.com/" "Mozilla/5.0 (Linux; Android 5.0) AppleWebKit/537.36 (KHTML, like Gecko) Mobile Safari/537.36 (compatible; Bytespider; https://zhanzhang.toutiao.com/)"
110.249.202.118 - - [14/May/2025:11:11:51 -0400] "GET /wp-content/plugins/beaver-builder-lite-version/js/jquery.fitvids.js?ver=1.9.4 HTTP/1.1" 200 1135 "https://acreditrepaircorp.com/" "Mozilla/5.0 (Linux; Android 5.0) AppleWebKit/537.36 (KHTML, like Gecko) Mobile Safari/537.36 (compatible; Bytespider; https://zhanzhang.toutiao.com/)"
110.249.202.118 - - [14/May/2025:11:11:51 -0400] "GET /wp-content/plugins/beaver-builder-lite-version/js/jquery.magnificpopup.min.js?ver=1.9.4 HTTP/1.1" 200 7280 "https://acreditrepaircorp.com/" "Mozilla/5.0 (Linux; Android 5.0) AppleWebKit/537.36 (KHTML, like Gecko) Mobile Safari/537.36 (compatible; Bytespider; https://zhanzhang.toutiao.com/)"
110.249.202.118 - - [14/May/2025:11:11:51 -0400] "GET /wp-content/plugins/beaver-builder-lite-version/js/jquery.waypoints.min.js?ver=1.9.4 HTTP/1.1" 200 2540 "https://acreditrepaircorp.com/" "Mozilla/5.0 (Linux; Android 5.0) AppleWebKit/537.36 (KHTML, like Gecko) Mobile Safari/537.36 (compatible; Bytespider; https://zhanzhang.toutiao.com/)"
110.249.202.118 - - [14/May/2025:11:11:51 -0400] "GET /wp-content/themes/TESSERACT/js/helpers.js?ver=1.0.0 HTTP/1.1" 200 942 "https://acreditrepaircorp.com/" "Mozilla/5.0 (Linux; Android 5.0) AppleWebKit/537.36 (KHTML, like Gecko) Mobile Safari/537.36 (compatible; Bytespider; https://zhanzhang.toutiao.com/)"
110.249.202.118 - - [14/May/2025:11:11:51 -0400] "GET /wp-content/uploads/bb-plugin/cache/7-layout.js?ver=d95d182268e2ff4ac0174b47167b7f24 HTTP/1.1" 200 4103 "https://acreditrepaircorp.com/" "Mozilla/5.0 (Linux; Android 5.0) AppleWebKit/537.36 (KHTML, like Gecko) Mobile Safari/537.36 (compatible; Bytespider; https://zhanzhang.toutiao.com/)"
110.249.202.118 - - [14/May/2025:11:11:48 -0400] "GET / HTTP/1.1" 200 15715 "-" "Mozilla/5.0 (Linux; Android 5.0) AppleWebKit/537.36 (KHTML, like Gecko) Mobile Safari/537.36 (compatible; Bytespider; https://zhanzhang.toutiao.com/)"
110.249.202.118 - - [14/May/2025:11:11:50 -0400] "GET /wp-content/themes/TESSERACT/css/font-awesome.min.css?ver=4.4.0 HTTP/1.1" 200 5723 "https://acreditrepaircorp.com/" "Mozilla/5.0 (Linux; Android 5.0) AppleWebKit/537.36 (KHTML, like Gecko) Mobile Safari/537.36 (compatible; Bytespider; https://zhanzhang.toutiao.com/)"
110.249.202.118 - - [14/May/2025:11:11:50 -0400] "GET /wp-content/plugins/gtranslate/gtranslate-style24.css?ver=5.0.18 HTTP/1.1" 200 237 "https://acreditrepaircorp.com/" "Mozilla/5.0 (Linux; Android 5.0) AppleWebKit/537.36 (KHTML, like Gecko) Mobile Safari/537.36 (compatible; Bytespider; https://zhanzhang.toutiao.com/)"
110.249.202.118 - - [14/May/2025:11:11:50 -0400] "GET /wp-content/themes/TESSERACT/css/typicons.css?ver=1.0.0 HTTP/1.1" 200 2649 "https://acreditrepaircorp.com/" "Mozilla/5.0 (Linux; Android 5.0) AppleWebKit/537.36 (KHTML, like Gecko) Mobile Safari/537.36 (compatible; Bytespider; https://zhanzhang.toutiao.com/)"
110.249.202.118 - - [14/May/2025:11:11:50 -0400] "GET /wp-content/plugins/go_pricing/assets/css/go_pricing_styles.css?ver=3.3.12 HTTP/1.1" 200 7801 "https://acreditrepaircorp.com/" "Mozilla/5.0 (Linux; Android 5.0) AppleWebKit/537.36 (KHTML, like Gecko) Mobile Safari/537.36 (compatible; Bytespider; https://zhanzhang.toutiao.com/)"
110.249.202.118 - - [14/May/2025:11:11:50 -0400] "GET /wp-content/uploads/bb-plugin/cache/7-layout.css?ver=d95d182268e2ff4ac0174b47167b7f24 HTTP/1.1" 200 3948 "https://acreditrepaircorp.com/" "Mozilla/5.0 (Linux; Android 5.0) AppleWebKit/537.36 (KHTML, like Gecko) Mobile Safari/537.36 (compatible; Bytespider; https://zhanzhang.toutiao.com/)"
110.249.202.118 - - [14/May/2025:11:11:50 -0400] "GET /wp-content/plugins/leads//shared/assets/js/frontend/analytics/inboundAnalytics.min.js HTTP/1.1" 200 11696 "https://acreditrepaircorp.com/" "Mozilla/5.0 (Linux; Android 5.0) AppleWebKit/537.36 (KHTML, like Gecko) Mobile Safari/537.36 (compatible; Bytespider; https://zhanzhang.toutiao.com/)"
110.249.202.118 - - [14/May/2025:11:11:50 -0400] "GET /wp-content/themes/TESSERACT/css/jquery.sidr.css?ver=1.0.0 HTTP/1.1" 200 1506 "https://acreditrepaircorp.com/" "Mozilla/5.0 (Linux; Android 5.0) AppleWebKit/537.36 (KHTML, like Gecko) Mobile Safari/537.36 (compatible; Bytespider; https://zhanzhang.toutiao.com/)"
110.249.202.118 - - [14/May/2025:11:11:50 -0400] "GET /wp-includes/js/jquery/jquery-migrate.min.js?ver=1.4.1 HTTP/1.1" 200 3823 "https://acreditrepaircorp.com/" "Mozilla/5.0 (Linux; Android 5.0) AppleWebKit/537.36 (KHTML, like Gecko) Mobile Safari/537.36 (compatible; Bytespider; https://zhanzhang.toutiao.com/)"
110.249.202.118 - - [14/May/2025:11:11:50 -0400] "GET /wp-content/plugins/wonderplugin-gallery/engine/wonderplugingallery.js?ver=3.9C HTTP/1.1" 200 27407 "https://acreditrepaircorp.com/" "Mozilla/5.0 (Linux; Android 5.0) AppleWebKit/537.36 (KHTML, like Gecko) Mobile Safari/537.36 (compatible; Bytespider; https://zhanzhang.toutiao.com/)"
110.249.202.118 - - [14/May/2025:11:11:51 -0400] "GET /wp-content/plugins/leads//shared//shortcodes/js/spin.min.js HTTP/1.1" 200 1934 "https://acreditrepaircorp.com/" "Mozilla/5.0 (Linux; Android 5.0) AppleWebKit/537.36 (KHTML, like Gecko) Mobile Safari/537.36 (compatible; Bytespider; https://zhanzhang.toutiao.com/)"
110.249.202.118 - - [14/May/2025:11:11:51 -0400] "GET /wp-content/plugins/youtube-embed-plus/scripts/fitvids.min.js?ver=13.0 HTTP/1.1" 200 681 "https://acreditrepaircorp.com/" "Mozilla/5.0 (Linux; Android 5.0) AppleWebKit/537.36 (KHTML, like Gecko) Mobile Safari/537.36 (compatible; Bytespider; https://zhanzhang.toutiao.com/)"
110.249.202.118 - - [14/May/2025:11:11:51 -0400] "GET /wp-content/plugins/go_pricing/assets/js/go_pricing_scripts.js?ver=3.3.12 HTTP/1.1" 200 5244 "https://acreditrepaircorp.com/" "Mozilla/5.0 (Linux; Android 5.0) AppleWebKit/537.36 (KHTML, like Gecko) Mobile Safari/537.36 (compatible; Bytespider; https://zhanzhang.toutiao.com/)"
110.249.202.118 - - [14/May/2025:11:11:51 -0400] "GET /wp-content/themes/TESSERACT/js/skip-link-focus-fix.js?ver=1.0.0 HTTP/1.1" 200 258 "https://acreditrepaircorp.com/" "Mozilla/5.0 (Linux; Android 5.0) AppleWebKit/537.36 (KHTML, like Gecko) Mobile Safari/537.36 (compatible; Bytespider; https://zhanzhang.toutiao.com/)"
110.249.202.118 - - [14/May/2025:11:11:51 -0400] "GET /wp-content/plugins/contact-form-7/includes/js/jquery.form.min.js?ver=3.51.0-2014.06.20 HTTP/1.1" 200 5539 "https://acreditrepaircorp.com/" "Mozilla/5.0 (Linux; Android 5.0) AppleWebKit/537.36 (KHTML, like Gecko) Mobile Safari/537.36 (compatible; Bytespider; https://zhanzhang.toutiao.com/)"
110.249.202.118 - - [14/May/2025:11:11:51 -0400] "GET /wp-content/uploads/2019/01/2.jpg HTTP/1.1" 206 500 "https://acreditrepaircorp.com/" "Mozilla/5.0 (Linux; Android 5.0) AppleWebKit/537.36 (KHTML, like Gecko) Mobile Safari/537.36 (compatible; Bytespider; https://zhanzhang.toutiao.com/)"
110.249.202.118 - - [14/May/2025:11:11:51 -0400] "GET /wp-content/uploads/2019/01/good-credit-vs-bad-3-1-768x922.jpg HTTP/1.1" 206 500 "https://acreditrepaircorp.com/" "Mozilla/5.0 (Linux; Android 5.0) AppleWebKit/537.36 (KHTML, like Gecko) Mobile Safari/537.36 (compatible; Bytespider; https://zhanzhang.toutiao.com/)"
110.249.202.118 - - [14/May/2025:11:11:51 -0400] "GET /wp-content/uploads/2019/01/1.jpg HTTP/1.1" 206 500 "https://acreditrepaircorp.com/" "Mozilla/5.0 (Linux; Android 5.0) AppleWebKit/537.36 (KHTML, like Gecko) Mobile Safari/537.36 (compatible; Bytespider; https://zhanzhang.toutiao.com/)"
110.249.202.118 - - [14/May/2025:11:11:52 -0400] "GET /wp-content/plugins/revslider/public/assets/js/extensions/revolution.extension.layeranimation.min.js?version=5.4.6.3 HTTP/1.1" 200 13832 "https://acreditrepaircorp.com/" "Mozilla/5.0 (Linux; Android 5.0) AppleWebKit/537.36 (KHTML, like Gecko) Mobile Safari/537.36 (compatible; Bytespider; https://zhanzhang.toutiao.com/)"
110.249.202.118 - - [14/May/2025:11:11:52 -0400] "GET /wp-content/plugins/revslider/public/assets/js/extensions/revolution.extension.navigation.min.js?version=5.4.6.3 HTTP/1.1" 200 6678 "https://acreditrepaircorp.com/" "Mozilla/5.0 (Linux; Android 5.0) AppleWebKit/537.36 (KHTML, like Gecko) Mobile Safari/537.36 (compatible; Bytespider; https://zhanzhang.toutiao.com/)"
110.249.202.118 - - [14/May/2025:11:11:52 -0400] "POST /wp-admin/admin-ajax.php HTTP/1.1" 403 1242 "https://acreditrepaircorp.com/" "Mozilla/5.0 (Linux; Android 5.0) AppleWebKit/537.36 (KHTML, like Gecko) Mobile Safari/537.36 (compatible; Bytespider; https://zhanzhang.toutiao.com/)"
110.249.202.118 - - [14/May/2025:11:11:52 -0400] "POST /?ga_action=googleanalytics_get_script HTTP/1.1" 200 296 "https://acreditrepaircorp.com/" "Mozilla/5.0 (Linux; Android 5.0) AppleWebKit/537.36 (KHTML, like Gecko) Mobile Safari/537.36 (compatible; Bytespider; https://zhanzhang.toutiao.com/)"
110.249.202.118 - - [14/May/2025:11:11:52 -0400] "GET /wp-content/plugins/revslider/public/assets/assets/loader.gif HTTP/1.1" 206 500 "https://acreditrepaircorp.com/wp-content/plugins/revslider/public/assets/css/settings.css?ver=5.4.6.3.1" "Mozilla/5.0 (Linux; Android 5.0) AppleWebKit/537.36 (KHTML, like Gecko) Mobile Safari/537.36 (compatible; Bytespider; https://zhanzhang.toutiao.com/)"
110.249.201.104 - - [14/May/2025:11:15:47 -0400] "GET /robots.txt HTTP/1.1" 200 118 "-" "Mozilla/5.0 (Linux; Android 5.0) AppleWebKit/537.36 (KHTML, like Gecko) Mobile Safari/537.36 (compatible; Bytespider; https://zhanzhang.toutiao.com/)"
110.249.202.118 - - [14/May/2025:11:11:51 -0400] "GET /wp-content/uploads/2021/02/Acredit-logo-1.png HTTP/1.1" 206 500 "https://acreditrepaircorp.com/" "Mozilla/5.0 (Linux; Android 5.0) AppleWebKit/537.36 (KHTML, like Gecko) Mobile Safari/537.36 (compatible; Bytespider; https://zhanzhang.toutiao.com/)"
110.249.202.118 - - [14/May/2025:11:11:51 -0400] "GET /wp-content/themes/TESSERACT/js/jquery.sidr.min.js?ver=1.0.0 HTTP/1.1" 200 1450 "https://acreditrepaircorp.com/" "Mozilla/5.0 (Linux; Android 5.0) AppleWebKit/537.36 (KHTML, like Gecko) Mobile Safari/537.36 (compatible; Bytespider; https://zhanzhang.toutiao.com/)"
110.249.202.118 - - [14/May/2025:11:11:51 -0400] "GET /wp-includes/js/wp-embed.min.js?ver=5.0.18 HTTP/1.1" 200 638 "https://acreditrepaircorp.com/" "Mozilla/5.0 (Linux; Android 5.0) AppleWebKit/537.36 (KHTML, like Gecko) Mobile Safari/537.36 (compatible; Bytespider; https://zhanzhang.toutiao.com/)"
110.249.202.118 - - [14/May/2025:11:11:51 -0400] "GET /wp-content/themes/TESSERACT/js/jquery.fittext.js?ver=1.0.0 HTTP/1.1" 200 521 "https://acreditrepaircorp.com/" "Mozilla/5.0 (Linux; Android 5.0) AppleWebKit/537.36 (KHTML, like Gecko) Mobile Safari/537.36 (compatible; Bytespider; https://zhanzhang.toutiao.com/)"
110.249.202.118 - - [14/May/2025:11:11:51 -0400] "GET /wp-content/themes/TESSERACT/js/helpers-beaver.js?ver=1.0.0 HTTP/1.1" 200 534 "https://acreditrepaircorp.com/" "Mozilla/5.0 (Linux; Android 5.0) AppleWebKit/537.36 (KHTML, like Gecko) Mobile Safari/537.36 (compatible; Bytespider; https://zhanzhang.toutiao.com/)"
110.249.202.118 - - [14/May/2025:11:11:51 -0400] "GET /wp-content/plugins/contact-form-7/includes/js/scripts.js?ver=4.7 HTTP/1.1" 200 3452 "https://acreditrepaircorp.com/" "Mozilla/5.0 (Linux; Android 5.0) AppleWebKit/537.36 (KHTML, like Gecko) Mobile Safari/537.36 (compatible; Bytespider; https://zhanzhang.toutiao.com/)"
110.249.202.118 - - [14/May/2025:11:11:51 -0400] "GET /wp-content/themes/TESSERACT/js/helpers-functions.js?ver=1.0.0 HTTP/1.1" 200 363 "https://acreditrepaircorp.com/" "Mozilla/5.0 (Linux; Android 5.0) AppleWebKit/537.36 (KHTML, like Gecko) Mobile Safari/537.36 (compatible; Bytespider; https://zhanzhang.toutiao.com/)"
110.249.202.118 - - [14/May/2025:11:11:51 -0400] "GET /wp-content/uploads/2019/01/3.jpg HTTP/1.1" 206 500 "https://acreditrepaircorp.com/" "Mozilla/5.0 (Linux; Android 5.0) AppleWebKit/537.36 (KHTML, like Gecko) Mobile Safari/537.36 (compatible; Bytespider; https://zhanzhang.toutiao.com/)"
110.249.202.118 - - [14/May/2025:11:11:51 -0400] "GET /wp-content/uploads/2019/01/4.jpg HTTP/1.1" 206 500 "https://acreditrepaircorp.com/" "Mozilla/5.0 (Linux; Android 5.0) AppleWebKit/537.36 (KHTML, like Gecko) Mobile Safari/537.36 (compatible; Bytespider; https://zhanzhang.toutiao.com/)"
110.249.202.118 - - [14/May/2025:11:11:52 -0400] "GET /wp-content/plugins/revslider/public/assets/js/extensions/revolution.extension.actions.min.js?version=5.4.6.3 HTTP/1.1" 200 2400 "https://acreditrepaircorp.com/" "Mozilla/5.0 (Linux; Android 5.0) AppleWebKit/537.36 (KHTML, like Gecko) Mobile Safari/537.36 (compatible; Bytespider; https://zhanzhang.toutiao.com/)"
110.249.202.118 - - [14/May/2025:11:11:52 -0400] "GET /wp-content/plugins/revslider/public/assets/js/extensions/revolution.extension.slideanims.min.js?version=5.4.6.3 HTTP/1.1" 200 6656 "https://acreditrepaircorp.com/" "Mozilla/5.0 (Linux; Android 5.0) AppleWebKit/537.36 (KHTML, like Gecko) Mobile Safari/537.36 (compatible; Bytespider; https://zhanzhang.toutiao.com/)"
207.46.13.153 - - [14/May/2025:11:24:40 -0400] "GET /4723nwxzc549d3cz6276cf HTTP/1.1" 404 9053 "-" "Mozilla/5.0 AppleWebKit/537.36 (KHTML, like Gecko; compatible; bingbot/2.0; +http://www.bing.com/bingbot.htm) Chrome/116.0.1938.76 Safari/537.36"
192.64.118.117 - - [14/May/2025:11:24:40 -0400] "POST /wp-cron.php?doing_wp_cron=1747236280.5895481109619140625000 HTTP/1.1" 403 1242 "https://acreditrepaircorp.com/wp-cron.php?doing_wp_cron=1747236280.5895481109619140625000" "WordPress/5.0.18; https://acreditrepaircorp.com"
207.46.13.107 - - [14/May/2025:11:40:34 -0400] "GET /19536fkns71vfb54 HTTP/1.1" 404 9052 "-" "Mozilla/5.0 AppleWebKit/537.36 (KHTML, like Gecko; compatible; bingbot/2.0; +http://www.bing.com/bingbot.htm) Chrome/116.0.1938.76 Safari/537.36"
18.204.89.56 - - [14/May/2025:11:40:47 -0400] "GET /myth-or-guideline/ HTTP/1.1" 200 12891 "-" "Mozilla/5.0 AppleWebKit/537.36 (KHTML, like Gecko; compatible; Amazonbot/0.1; +https://developer.amazon.com/support/amazonbot) Chrome/119.0.6045.214 Safari/537.36"
192.64.118.117 - - [14/May/2025:11:43:11 -0400] "POST /wp-cron.php?doing_wp_cron=1747237391.6956260204315185546875 HTTP/1.1" 403 1242 "https://acreditrepaircorp.com/wp-cron.php?doing_wp_cron=1747237391.6956260204315185546875" "WordPress/5.0.18; https://acreditrepaircorp.com"
87.236.176.169 - - [14/May/2025:11:43:14 -0400] "GET /wp-content/uploads/2021/01/cropped-creditcorp-LOGO-270x270.png HTTP/1.1" 200 58077 "-" "Mozilla/5.0 (compatible; InternetMeasurement/1.0; +https://internet-measurement.com/)"
87.236.176.65 - - [14/May/2025:11:43:14 -0400] "GET /wp-content/uploads/2021/01/cropped-creditcorp-LOGO-32x32.png HTTP/1.1" 200 2340 "-" "Mozilla/5.0 (compatible; InternetMeasurement/1.0; +https://internet-measurement.com/)"
192.64.118.117 - - [14/May/2025:11:40:34 -0400] "POST /wp-cron.php?doing_wp_cron=1747237234.9606649875640869140625 HTTP/1.1" 403 1242 "https://acreditrepaircorp.com/wp-cron.php?doing_wp_cron=1747237234.9606649875640869140625" "WordPress/5.0.18; https://acreditrepaircorp.com"
87.236.176.69 - - [14/May/2025:11:43:11 -0400] "GET / HTTP/1.1" 200 19133 "-" "Mozilla/5.0 (compatible; InternetMeasurement/1.0; +https://internet-measurement.com/)"
87.236.176.194 - - [14/May/2025:11:43:14 -0400] "GET /wp-content/uploads/2021/01/cropped-creditcorp-LOGO-192x192.png HTTP/1.1" 200 35722 "-" "Mozilla/5.0 (compatible; InternetMeasurement/1.0; +https://internet-measurement.com/)"
192.64.118.117 - - [14/May/2025:11:44:24 -0400] "POST /wp-cron.php?doing_wp_cron=1747237464.6099660396575927734375 HTTP/1.1" 403 1242 "https://acreditrepaircorp.com/wp-cron.php?doing_wp_cron=1747237464.6099660396575927734375" "WordPress/5.0.18; https://acreditrepaircorp.com"
207.46.13.124 - - [14/May/2025:11:44:24 -0400] "GET /sitemaps.xml HTTP/1.1" 404 9050 "-" "Mozilla/5.0 AppleWebKit/537.36 (KHTML, like Gecko; compatible; bingbot/2.0; +http://www.bing.com/bingbot.htm) Chrome/116.0.1938.76 Safari/537.36"
192.64.118.117 - - [14/May/2025:11:51:16 -0400] "POST /wp-cron.php?doing_wp_cron=1747237876.6249380111694335937500 HTTP/1.1" 403 1242 "https://acreditrepaircorp.com/wp-cron.php?doing_wp_cron=1747237876.6249380111694335937500" "WordPress/5.0.18; https://acreditrepaircorp.com"
207.46.13.87 - - [14/May/2025:11:51:16 -0400] "GET /8223tobz51a4sz0c2d HTTP/1.1" 404 9057 "-" "Mozilla/5.0 AppleWebKit/537.36 (KHTML, like Gecko; compatible; bingbot/2.0; +http://www.bing.com/bingbot.htm) Chrome/116.0.1938.76 Safari/537.36"
192.64.118.117 - - [14/May/2025:11:52:17 -0400] "POST /wp-cron.php?doing_wp_cron=1747237937.0112869739532470703125 HTTP/1.1" 403 1242 "https://acreditrepaircorp.com/wp-cron.php?doing_wp_cron=1747237937.0112869739532470703125" "WordPress/5.0.18; https://acreditrepaircorp.com"
194.145.227.125 - - [14/May/2025:11:52:16 -0400] "GET /elfinder/php/connector.minimal.php HTTP/1.1" 404 35426 "-" "ALittle Client"
207.46.13.107 - - [14/May/2025:12:11:57 -0400] "GET /27763lbgyb1e1a6gyfab327 HTTP/1.1" 404 9054 "-" "Mozilla/5.0 AppleWebKit/537.36 (KHTML, like Gecko; compatible; bingbot/2.0; +http://www.bing.com/bingbot.htm) Chrome/116.0.1938.76 Safari/537.36"
192.64.118.117 - - [14/May/2025:12:11:57 -0400] "POST /wp-cron.php?doing_wp_cron=1747239117.6648070812225341796875 HTTP/1.1" 403 1242 "https://acreditrepaircorp.com/wp-cron.php?doing_wp_cron=1747239117.6648070812225341796875" "WordPress/5.0.18; https://acreditrepaircorp.com"
192.64.118.117 - - [14/May/2025:12:27:41 -0400] "POST /wp-cron.php?doing_wp_cron=1747240061.7238869667053222656250 HTTP/1.1" 403 1242 "https://acreditrepaircorp.com/wp-cron.php?doing_wp_cron=1747240061.7238869667053222656250" "WordPress/5.0.18; https://acreditrepaircorp.com"
157.55.39.53 - - [14/May/2025:12:27:41 -0400] "GET /28100tumdae6117ft6764e01 HTTP/1.1" 404 9061 "-" "Mozilla/5.0 AppleWebKit/537.36 (KHTML, like Gecko; compatible; bingbot/2.0; +http://www.bing.com/bingbot.htm) Chrome/116.0.1938.76 Safari/537.36"
192.64.118.117 - - [14/May/2025:12:43:26 -0400] "POST /wp-cron.php?doing_wp_cron=1747241006.7962090969085693359375 HTTP/1.1" 403 1242 "https://acreditrepaircorp.com/wp-cron.php?doing_wp_cron=1747241006.7962090969085693359375" "WordPress/5.0.18; https://acreditrepaircorp.com"
207.46.13.130 - - [14/May/2025:12:43:26 -0400] "GET /sitemaps.xml HTTP/1.1" 404 9054 "-" "Mozilla/5.0 AppleWebKit/537.36 (KHTML, like Gecko; compatible; bingbot/2.0; +http://www.bing.com/bingbot.htm) Chrome/116.0.1938.76 Safari/537.36"
192.64.118.117 - - [14/May/2025:12:50:57 -0400] "POST /wp-cron.php?doing_wp_cron=1747241457.2894101142883300781250 HTTP/1.1" 403 1242 "https://acreditrepaircorp.com/wp-cron.php?doing_wp_cron=1747241457.2894101142883300781250" "WordPress/5.0.18; https://acreditrepaircorp.com"
43.157.172.39 - - [14/May/2025:12:50:56 -0400] "GET / HTTP/1.1" 200 19127 "http://acreditrepaircorp.com" "Mozilla/5.0 (iPhone; CPU iPhone OS 13_2_3 like Mac OS X) AppleWebKit/605.1.15 (KHTML, like Gecko) Version/13.0.3 Mobile/15E148 Safari/604.1"
192.64.118.117 - - [14/May/2025:13:03:24 -0400] "POST /wp-cron.php?doing_wp_cron=1747242204.0631980895996093750000 HTTP/1.1" 403 1242 "https://acreditrepaircorp.com/wp-cron.php?doing_wp_cron=1747242204.0631980895996093750000" "WordPress/5.0.18; https://acreditrepaircorp.com"
51.222.253.13 - - [14/May/2025:13:03:23 -0400] "GET / HTTP/1.1" 200 15686 "-" "Mozilla/5.0 (compatible; AhrefsBot/7.0; +http://ahrefs.com/robot/)"
54.36.148.225 - - [14/May/2025:13:03:22 -0400] "GET /robots.txt HTTP/1.1" 200 94 "-" "Mozilla/5.0 (compatible; AhrefsBot/7.0; +http://ahrefs.com/robot/)"
192.64.118.117 - - [14/May/2025:13:24:42 -0400] "POST /wp-cron.php?doing_wp_cron=1747243482.5424180030822753906250 HTTP/1.1" 403 1242 "https://acreditrepaircorp.com/wp-cron.php?doing_wp_cron=1747243482.5424180030822753906250" "WordPress/5.0.18; https://acreditrepaircorp.com"
157.55.39.52 - - [14/May/2025:13:24:41 -0400] "GET /13058wllb80crl814c HTTP/1.1" 404 9058 "-" "Mozilla/5.0 AppleWebKit/537.36 (KHTML, like Gecko; compatible; bingbot/2.0; +http://www.bing.com/bingbot.htm) Chrome/116.0.1938.76 Safari/537.36"
192.64.118.117 - - [14/May/2025:13:44:58 -0400] "POST /wp-cron.php?doing_wp_cron=1747244698.4069600105285644531250 HTTP/1.1" 403 1242 "https://acreditrepaircorp.com/wp-cron.php?doing_wp_cron=1747244698.4069600105285644531250" "WordPress/5.0.18; https://acreditrepaircorp.com"
98.82.214.73 - - [14/May/2025:13:44:57 -0400] "GET /blog/ HTTP/1.1" 200 11900 "-" "Mozilla/5.0 AppleWebKit/537.36 (KHTML, like Gecko; compatible; Amazonbot/0.1; +https://developer.amazon.com/support/amazonbot) Chrome/119.0.6045.214 Safari/537.36"
207.46.13.124 - - [14/May/2025:13:54:52 -0400] "GET /10935obsyee86ayde9c HTTP/1.1" 404 9054 "-" "Mozilla/5.0 AppleWebKit/537.36 (KHTML, like Gecko; compatible; bingbot/2.0; +http://www.bing.com/bingbot.htm) Chrome/116.0.1938.76 Safari/537.36"
52.202.233.37 - - [14/May/2025:13:45:06 -0400] "GET /terms-of-use/ HTTP/1.1" 200 21548 "-" "Mozilla/5.0 AppleWebKit/537.36 (KHTML, like Gecko; compatible; Amazonbot/0.1; +https://developer.amazon.com/support/amazonbot) Chrome/119.0.6045.214 Safari/537.36"
192.64.118.117 - - [14/May/2025:13:54:52 -0400] "POST /wp-cron.php?doing_wp_cron=1747245292.7230989933013916015625 HTTP/1.1" 403 1242 "https://acreditrepaircorp.com/wp-cron.php?doing_wp_cron=1747245292.7230989933013916015625" "WordPress/5.0.18; https://acreditrepaircorp.com"
45.82.255.188 - - [14/May/2025:14:09:56 -0400] "GET / HTTP/1.1" 200 19126 "-" "Mozilla/5.0 (Windows NT 10.0; Win64; x64) AppleWebKit/537.36 (KHTML, like Gecko) Chrome/91.0.4472.124 Safari/537.36"
192.64.118.117 - - [14/May/2025:14:09:57 -0400] "POST /wp-cron.php?doing_wp_cron=1747246197.5457820892333984375000 HTTP/1.1" 403 1242 "https://acreditrepaircorp.com/wp-cron.php?doing_wp_cron=1747246197.5457820892333984375000" "WordPress/5.0.18; https://acreditrepaircorp.com"
119.45.20.16 - - [14/May/2025:14:18:56 -0400] "GET / HTTP/1.1" 301 0 "http://www.acreditrepaircorp.com" "Mozilla/5.0 (iPhone; CPU iPhone OS 13_2_3 like Mac OS X) AppleWebKit/605.1.15 (KHTML, like Gecko) Version/13.0.3 Mobile/15E148 Safari/604.1"
119.45.20.16 - - [14/May/2025:14:18:57 -0400] "GET / HTTP/1.1" 200 19122 "https://www.acreditrepaircorp.com/" "Mozilla/5.0 (iPhone; CPU iPhone OS 13_2_3 like Mac OS X) AppleWebKit/605.1.15 (KHTML, like Gecko) Version/13.0.3 Mobile/15E148 Safari/604.1"
192.64.118.117 - - [14/May/2025:14:18:56 -0400] "POST /wp-cron.php?doing_wp_cron=1747246736.4402759075164794921875 HTTP/1.1" 403 1242 "https://acreditrepaircorp.com/wp-cron.php?doing_wp_cron=1747246736.4402759075164794921875" "WordPress/5.0.18; https://acreditrepaircorp.com"
182.6.6.107 - - [14/May/2025:14:49:37 -0400] "GET /wp-content/plugins/gtranslate/gtranslate-style24.css?ver=5.0.18 HTTP/1.1" 200 237 "https://acreditrepaircorp.com/" "Mozilla/5.0 (iPhone; CPU iPhone OS 17_2_1 like Mac OS X) AppleWebKit/605.1.15 (KHTML, like Gecko) Version/17.2 Mobile/15E148 Safari/604.1"
182.6.6.107 - - [14/May/2025:14:49:37 -0400] "GET /wp-includes/css/dist/block-library/style.min.css?ver=5.0.18 HTTP/1.1" 200 3971 "https://acreditrepaircorp.com/" "Mozilla/5.0 (iPhone; CPU iPhone OS 17_2_1 like Mac OS X) AppleWebKit/605.1.15 (KHTML, like Gecko) Version/17.2 Mobile/15E148 Safari/604.1"
182.6.6.107 - - [14/May/2025:14:49:37 -0400] "GET /wp-content/uploads/bb-plugin/cache/7-layout.css?ver=d95d182268e2ff4ac0174b47167b7f24 HTTP/1.1" 200 3948 "https://acreditrepaircorp.com/" "Mozilla/5.0 (iPhone; CPU iPhone OS 17_2_1 like Mac OS X) AppleWebKit/605.1.15 (KHTML, like Gecko) Version/17.2 Mobile/15E148 Safari/604.1"
182.6.6.107 - - [14/May/2025:14:49:37 -0400] "GET /wp-content/plugins/contact-form-7/includes/css/styles.css?ver=4.7 HTTP/1.1" 200 539 "https://acreditrepaircorp.com/" "Mozilla/5.0 (iPhone; CPU iPhone OS 17_2_1 like Mac OS X) AppleWebKit/605.1.15 (KHTML, like Gecko) Version/17.2 Mobile/15E148 Safari/604.1"
182.6.6.107 - - [14/May/2025:14:49:37 -0400] "GET /wp-content/themes/TESSERACT/css/font-awesome.min.css?ver=4.4.0 HTTP/1.1" 200 5723 "https://acreditrepaircorp.com/" "Mozilla/5.0 (iPhone; CPU iPhone OS 17_2_1 like Mac OS X) AppleWebKit/605.1.15 (KHTML, like Gecko) Version/17.2 Mobile/15E148 Safari/604.1"
182.6.6.107 - - [14/May/2025:14:49:37 -0400] "GET /wp-content/plugins/go_pricing/assets/css/go_pricing_styles.css?ver=3.3.12 HTTP/1.1" 200 7801 "https://acreditrepaircorp.com/" "Mozilla/5.0 (iPhone; CPU iPhone OS 17_2_1 like Mac OS X) AppleWebKit/605.1.15 (KHTML, like Gecko) Version/17.2 Mobile/15E148 Safari/604.1"
182.6.6.107 - - [14/May/2025:14:49:37 -0400] "GET /wp-content/themes/TESSERACT/css/typicons.css?ver=1.0.0 HTTP/1.1" 200 2649 "https://acreditrepaircorp.com/" "Mozilla/5.0 (iPhone; CPU iPhone OS 17_2_1 like Mac OS X) AppleWebKit/605.1.15 (KHTML, like Gecko) Version/17.2 Mobile/15E148 Safari/604.1"
182.6.6.107 - - [14/May/2025:14:49:37 -0400] "GET /wp-includes/js/jquery/jquery.js?ver=1.12.4 HTTP/1.1" 200 32854 "https://acreditrepaircorp.com/" "Mozilla/5.0 (iPhone; CPU iPhone OS 17_2_1 like Mac OS X) AppleWebKit/605.1.15 (KHTML, like Gecko) Version/17.2 Mobile/15E148 Safari/604.1"
182.6.6.107 - - [14/May/2025:14:49:37 -0400] "GET /wp-content/themes/TESSERACT/css/jquery.sidr.css?ver=1.0.0 HTTP/1.1" 200 1506 "https://acreditrepaircorp.com/" "Mozilla/5.0 (iPhone; CPU iPhone OS 17_2_1 like Mac OS X) AppleWebKit/605.1.15 (KHTML, like Gecko) Version/17.2 Mobile/15E148 Safari/604.1"
182.6.6.107 - - [14/May/2025:14:49:37 -0400] "GET /wp-content/plugins/leads//shared//shortcodes/js/spin.min.js HTTP/1.1" 200 1934 "https://acreditrepaircorp.com/" "Mozilla/5.0 (iPhone; CPU iPhone OS 17_2_1 like Mac OS X) AppleWebKit/605.1.15 (KHTML, like Gecko) Version/17.2 Mobile/15E148 Safari/604.1"
182.6.6.107 - - [14/May/2025:14:49:37 -0400] "GET /wp-content/plugins/youtube-embed-plus/styles/ytprefs.min.css?ver=13.0 HTTP/1.1" 200 1180 "https://acreditrepaircorp.com/" "Mozilla/5.0 (iPhone; CPU iPhone OS 17_2_1 like Mac OS X) AppleWebKit/605.1.15 (KHTML, like Gecko) Version/17.2 Mobile/15E148 Safari/604.1"
182.6.6.107 - - [14/May/2025:14:49:37 -0400] "GET /wp-content/uploads/bb-plugin/cache/7-layout.js?ver=d95d182268e2ff4ac0174b47167b7f24 HTTP/1.1" 200 4103 "https://acreditrepaircorp.com/" "Mozilla/5.0 (iPhone; CPU iPhone OS 17_2_1 like Mac OS X) AppleWebKit/605.1.15 (KHTML, like Gecko) Version/17.2 Mobile/15E148 Safari/604.1"
182.6.6.107 - - [14/May/2025:14:49:37 -0400] "GET /wp-content/plugins/beaver-builder-lite-version/js/jquery.waypoints.min.js?ver=1.9.4 HTTP/1.1" 200 2540 "https://acreditrepaircorp.com/" "Mozilla/5.0 (iPhone; CPU iPhone OS 17_2_1 like Mac OS X) AppleWebKit/605.1.15 (KHTML, like Gecko) Version/17.2 Mobile/15E148 Safari/604.1"
182.6.6.107 - - [14/May/2025:14:49:35 -0400] "GET / HTTP/1.1" 200 0 "-" "Mozilla/5.0 (iPhone; CPU iPhone OS 17_2_1 like Mac OS X) AppleWebKit/605.1.15 (KHTML, like Gecko) Version/17.2 Mobile/15E148 Safari/604.1"
192.64.118.117 - - [14/May/2025:14:49:36 -0400] "POST /wp-cron.php?doing_wp_cron=1747248576.4625999927520751953125 HTTP/1.1" 403 1242 "https://acreditrepaircorp.com/wp-cron.php?doing_wp_cron=1747248576.4625999927520751953125" "WordPress/5.0.18; https://acreditrepaircorp.com"
192.64.118.117 - - [14/May/2025:14:49:36 -0400] "POST /wp-cron.php?doing_wp_cron=1747248576.7797710895538330078125 HTTP/1.1" 403 1242 "https://acreditrepaircorp.com/wp-cron.php?doing_wp_cron=1747248576.7797710895538330078125" "WordPress/5.0.18; https://acreditrepaircorp.com"
182.6.6.107 - - [14/May/2025:14:49:36 -0400] "GET / HTTP/1.1" 200 15732 "-" "Mozilla/5.0 (iPhone; CPU iPhone OS 17_2_1 like Mac OS X) AppleWebKit/605.1.15 (KHTML, like Gecko) Version/17.2 Mobile/15E148 Safari/604.1"
182.6.6.107 - - [14/May/2025:14:49:37 -0400] "GET /wp-content/plugins/beaver-builder-lite-version/css/jquery.magnificpopup.css?ver=1.9.4 HTTP/1.1" 200 1749 "https://acreditrepaircorp.com/" "Mozilla/5.0 (iPhone; CPU iPhone OS 17_2_1 like Mac OS X) AppleWebKit/605.1.15 (KHTML, like Gecko) Version/17.2 Mobile/15E148 Safari/604.1"
182.6.6.107 - - [14/May/2025:14:49:37 -0400] "GET /wp-content/plugins/leads//shared/shortcodes/css/frontend-render.css?ver=5.0.18 HTTP/1.1" 200 11015 "https://acreditrepaircorp.com/" "Mozilla/5.0 (iPhone; CPU iPhone OS 17_2_1 like Mac OS X) AppleWebKit/605.1.15 (KHTML, like Gecko) Version/17.2 Mobile/15E148 Safari/604.1"
182.6.6.107 - - [14/May/2025:14:49:37 -0400] "GET /wp-content/plugins/revslider/public/assets/css/settings.css?ver=5.4.6.3.1 HTTP/1.1" 200 6856 "https://acreditrepaircorp.com/" "Mozilla/5.0 (iPhone; CPU iPhone OS 17_2_1 like Mac OS X) AppleWebKit/605.1.15 (KHTML, like Gecko) Version/17.2 Mobile/15E148 Safari/604.1"
182.6.6.107 - - [14/May/2025:14:49:37 -0400] "GET /wp-content/plugins/builder-responsive-pricing-tables/assets/css/pricing-tables.css?ver=5.0.18 HTTP/1.1" 200 2444 "https://acreditrepaircorp.com/" "Mozilla/5.0 (iPhone; CPU iPhone OS 17_2_1 like Mac OS X) AppleWebKit/605.1.15 (KHTML, like Gecko) Version/17.2 Mobile/15E148 Safari/604.1"
182.6.6.107 - - [14/May/2025:14:49:37 -0400] "GET /wp-content/themes/TESSERACT/style.css?ver=1.0.0 HTTP/1.1" 200 10905 "https://acreditrepaircorp.com/" "Mozilla/5.0 (iPhone; CPU iPhone OS 17_2_1 like Mac OS X) AppleWebKit/605.1.15 (KHTML, like Gecko) Version/17.2 Mobile/15E148 Safari/604.1"
182.6.6.107 - - [14/May/2025:14:49:37 -0400] "GET /wp-content/themes/TESSERACT/css/footer-banner.css?ver=1.0.0 HTTP/1.1" 200 1177 "https://acreditrepaircorp.com/" "Mozilla/5.0 (iPhone; CPU iPhone OS 17_2_1 like Mac OS X) AppleWebKit/605.1.15 (KHTML, like Gecko) Version/17.2 Mobile/15E148 Safari/604.1"
182.6.6.107 - - [14/May/2025:14:49:37 -0400] "GET /wp-includes/css/dashicons.min.css?ver=5.0.18 HTTP/1.1" 200 28437 "https://acreditrepaircorp.com/" "Mozilla/5.0 (iPhone; CPU iPhone OS 17_2_1 like Mac OS X) AppleWebKit/605.1.15 (KHTML, like Gecko) Version/17.2 Mobile/15E148 Safari/604.1"
182.6.6.107 - - [14/May/2025:14:49:37 -0400] "GET /wp-content/plugins/wonderplugin-gallery/engine/wonderplugingallery.js?ver=3.9C HTTP/1.1" 200 27407 "https://acreditrepaircorp.com/" "Mozilla/5.0 (iPhone; CPU iPhone OS 17_2_1 like Mac OS X) AppleWebKit/605.1.15 (KHTML, like Gecko) Version/17.2 Mobile/15E148 Safari/604.1"
182.6.6.107 - - [14/May/2025:14:49:37 -0400] "GET /wp-content/themes/TESSERACT/css/site-banner.css?ver=1.0.0 HTTP/1.1" 200 1591 "https://acreditrepaircorp.com/" "Mozilla/5.0 (iPhone; CPU iPhone OS 17_2_1 like Mac OS X) AppleWebKit/605.1.15 (KHTML, like Gecko) Version/17.2 Mobile/15E148 Safari/604.1"
182.6.6.107 - - [14/May/2025:14:49:37 -0400] "GET /wp-content/themes/TESSERACT/js/modernizr.custom.min.js?ver=1.0.0 HTTP/1.1" 200 3260 "https://acreditrepaircorp.com/" "Mozilla/5.0 (iPhone; CPU iPhone OS 17_2_1 like Mac OS X) AppleWebKit/605.1.15 (KHTML, like Gecko) Version/17.2 Mobile/15E148 Safari/604.1"
182.6.6.107 - - [14/May/2025:14:49:37 -0400] "GET /wp-includes/js/jquery/jquery-migrate.min.js?ver=1.4.1 HTTP/1.1" 200 3823 "https://acreditrepaircorp.com/" "Mozilla/5.0 (iPhone; CPU iPhone OS 17_2_1 like Mac OS X) AppleWebKit/605.1.15 (KHTML, like Gecko) Version/17.2 Mobile/15E148 Safari/604.1"
182.6.6.107 - - [14/May/2025:14:49:37 -0400] "GET /wp-content/plugins/revslider/public/assets/js/jquery.themepunch.tools.min.js?ver=5.4.6.3.1 HTTP/1.1" 200 37077 "https://acreditrepaircorp.com/" "Mozilla/5.0 (iPhone; CPU iPhone OS 17_2_1 like Mac OS X) AppleWebKit/605.1.15 (KHTML, like Gecko) Version/17.2 Mobile/15E148 Safari/604.1"
182.6.6.107 - - [14/May/2025:14:49:37 -0400] "GET /wp-content/plugins/leads//shared/assets/js/frontend/analytics/inboundAnalytics.min.js HTTP/1.1" 200 11696 "https://acreditrepaircorp.com/" "Mozilla/5.0 (iPhone; CPU iPhone OS 17_2_1 like Mac OS X) AppleWebKit/605.1.15 (KHTML, like Gecko) Version/17.2 Mobile/15E148 Safari/604.1"
182.6.6.107 - - [14/May/2025:14:49:37 -0400] "GET /wp-content/plugins/beaver-builder-lite-version/js/jquery.fitvids.js?ver=1.9.4 HTTP/1.1" 200 1135 "https://acreditrepaircorp.com/" "Mozilla/5.0 (iPhone; CPU iPhone OS 17_2_1 like Mac OS X) AppleWebKit/605.1.15 (KHTML, like Gecko) Version/17.2 Mobile/15E148 Safari/604.1"
182.6.6.107 - - [14/May/2025:14:49:37 -0400] "GET /wp-content/themes/TESSERACT/js/skip-link-focus-fix.js?ver=1.0.0 HTTP/1.1" 200 258 "https://acreditrepaircorp.com/" "Mozilla/5.0 (iPhone; CPU iPhone OS 17_2_1 like Mac OS X) AppleWebKit/605.1.15 (KHTML, like Gecko) Version/17.2 Mobile/15E148 Safari/604.1"
182.6.6.107 - - [14/May/2025:14:49:37 -0400] "GET /wp-includes/js/wp-embed.min.js?ver=5.0.18 HTTP/1.1" 200 638 "https://acreditrepaircorp.com/" "Mozilla/5.0 (iPhone; CPU iPhone OS 17_2_1 like Mac OS X) AppleWebKit/605.1.15 (KHTML, like Gecko) Version/17.2 Mobile/15E148 Safari/604.1"
182.6.6.107 - - [14/May/2025:14:49:37 -0400] "GET /wp-content/plugins/beaver-builder-lite-version/js/jquery.magnificpopup.min.js?ver=1.9.4 HTTP/1.1" 200 7280 "https://acreditrepaircorp.com/" "Mozilla/5.0 (iPhone; CPU iPhone OS 17_2_1 like Mac OS X) AppleWebKit/605.1.15 (KHTML, like Gecko) Version/17.2 Mobile/15E148 Safari/604.1"
182.6.6.107 - - [14/May/2025:14:49:37 -0400] "GET /wp-content/plugins/go_pricing/assets/js/go_pricing_scripts.js?ver=3.3.12 HTTP/1.1" 200 5244 "https://acreditrepaircorp.com/" "Mozilla/5.0 (iPhone; CPU iPhone OS 17_2_1 like Mac OS X) AppleWebKit/605.1.15 (KHTML, like Gecko) Version/17.2 Mobile/15E148 Safari/604.1"
182.6.6.107 - - [14/May/2025:14:49:37 -0400] "GET /wp-content/plugins/contact-form-7/includes/js/jquery.form.min.js?ver=3.51.0-2014.06.20 HTTP/1.1" 200 5539 "https://acreditrepaircorp.com/" "Mozilla/5.0 (iPhone; CPU iPhone OS 17_2_1 like Mac OS X) AppleWebKit/605.1.15 (KHTML, like Gecko) Version/17.2 Mobile/15E148 Safari/604.1"
182.6.6.107 - - [14/May/2025:14:49:37 -0400] "GET /wp-content/themes/TESSERACT/js/jquery.sidr.min.js?ver=1.0.0 HTTP/1.1" 200 1450 "https://acreditrepaircorp.com/" "Mozilla/5.0 (iPhone; CPU iPhone OS 17_2_1 like Mac OS X) AppleWebKit/605.1.15 (KHTML, like Gecko) Version/17.2 Mobile/15E148 Safari/604.1"
182.6.6.107 - - [14/May/2025:14:49:37 -0400] "GET /wp-content/themes/TESSERACT/js/helpers.js?ver=1.0.0 HTTP/1.1" 200 942 "https://acreditrepaircorp.com/" "Mozilla/5.0 (iPhone; CPU iPhone OS 17_2_1 like Mac OS X) AppleWebKit/605.1.15 (KHTML, like Gecko) Version/17.2 Mobile/15E148 Safari/604.1"
182.6.6.107 - - [14/May/2025:14:49:38 -0400] "GET /wp-content/uploads/2021/02/Acredit-logo-1.png HTTP/1.1" 200 44611 "https://acreditrepaircorp.com/" "Mozilla/5.0 (iPhone; CPU iPhone OS 17_2_1 like Mac OS X) AppleWebKit/605.1.15 (KHTML, like Gecko) Version/17.2 Mobile/15E148 Safari/604.1"
182.6.6.107 - - [14/May/2025:14:49:37 -0400] "GET /wp-content/plugins/revslider/public/assets/js/jquery.themepunch.revolution.min.js?ver=5.4.6.3.1 HTTP/1.1" 200 17231 "https://acreditrepaircorp.com/" "Mozilla/5.0 (iPhone; CPU iPhone OS 17_2_1 like Mac OS X) AppleWebKit/605.1.15 (KHTML, like Gecko) Version/17.2 Mobile/15E148 Safari/604.1"
182.6.6.107 - - [14/May/2025:14:49:37 -0400] "GET /wp-content/themes/TESSERACT/js/jquery.fittext.js?ver=1.0.0 HTTP/1.1" 200 521 "https://acreditrepaircorp.com/" "Mozilla/5.0 (iPhone; CPU iPhone OS 17_2_1 like Mac OS X) AppleWebKit/605.1.15 (KHTML, like Gecko) Version/17.2 Mobile/15E148 Safari/604.1"
182.6.6.107 - - [14/May/2025:14:49:37 -0400] "GET /wp-content/themes/TESSERACT/js/helpers.js?ver=5.0.18 HTTP/1.1" 200 942 "https://acreditrepaircorp.com/" "Mozilla/5.0 (iPhone; CPU iPhone OS 17_2_1 like Mac OS X) AppleWebKit/605.1.15 (KHTML, like Gecko) Version/17.2 Mobile/15E148 Safari/604.1"
