85.208.96.201 - - [29/Apr/2025:10:02:10 -0400] "GET /11788pytz5acfvp231de HTTP/1.1" 404 10370 "-" "Mozilla/5.0 (compatible; SemrushBot/7~bl; +http://www.semrush.com/bot.html)"
185.191.171.15 - - [29/Apr/2025:10:03:15 -0400] "GET /20525ibic77e9fwb8ea1f HTTP/1.1" 404 10372 "-" "Mozilla/5.0 (compatible; SemrushBot/7~bl; +http://www.semrush.com/bot.html)"
192.64.118.117 - - [29/Apr/2025:10:04:05 -0400] "POST /wp-cron.php?doing_wp_cron=1745935445.9286260604858398437500 HTTP/1.1" 403 1242 "https://acreditrepaircorp.com/wp-cron.php?doing_wp_cron=1745935445.9286260604858398437500" "WordPress/5.0.18; https://acreditrepaircorp.com"
185.191.171.10 - - [29/Apr/2025:10:04:04 -0400] "GET /17536qmle035dxqc0e29 HTTP/1.1" 404 10370 "-" "Mozilla/5.0 (compatible; SemrushBot/7~bl; +http://www.semrush.com/bot.html)"
85.208.96.200 - - [29/Apr/2025:10:04:49 -0400] "GET /22428fpztbcbf692 HTTP/1.1" 404 10372 "-" "Mozilla/5.0 (compatible; SemrushBot/7~bl; +http://www.semrush.com/bot.html)"
192.64.118.117 - - [29/Apr/2025:10:05:23 -0400] "POST /wp-cron.php?doing_wp_cron=1745935523.9301919937133789062500 HTTP/1.1" 403 1242 "https://acreditrepaircorp.com/wp-cron.php?doing_wp_cron=1745935523.9301919937133789062500" "WordPress/5.0.18; https://acreditrepaircorp.com"
85.208.96.200 - - [29/Apr/2025:10:05:19 -0400] "GET /17367qmle2ab2keff9c HTTP/1.1" 404 10372 "-" "Mozilla/5.0 (compatible; SemrushBot/7~bl; +http://www.semrush.com/bot.html)"
85.208.96.203 - - [29/Apr/2025:10:05:50 -0400] "GET /28961bubt36a97iud6050 HTTP/1.1" 404 10366 "-" "Mozilla/5.0 (compatible; SemrushBot/7~bl; +http://www.semrush.com/bot.html)"
192.64.118.117 - - [29/Apr/2025:10:07:41 -0400] "POST /wp-cron.php?doing_wp_cron=1745935661.8263509273529052734375 HTTP/1.1" 403 1242 "https://acreditrepaircorp.com/wp-cron.php?doing_wp_cron=1745935661.8263509273529052734375" "WordPress/5.0.18; https://acreditrepaircorp.com"
185.191.171.4 - - [29/Apr/2025:10:07:37 -0400] "GET /12986qmlebd7xl3861 HTTP/1.1" 404 10373 "-" "Mozilla/5.0 (compatible; SemrushBot/7~bl; +http://www.semrush.com/bot.html)"
185.191.171.4 - - [29/Apr/2025:10:08:11 -0400] "GET /3565stqdd87ot710 HTTP/1.1" 404 10372 "-" "Mozilla/5.0 (compatible; SemrushBot/7~bl; +http://www.semrush.com/bot.html)"
85.208.96.197 - - [29/Apr/2025:10:09:18 -0400] "GET /24225ufctf797947ef220e7bf HTTP/1.1" 404 10372 "-" "Mozilla/5.0 (compatible; SemrushBot/7~bl; +http://www.semrush.com/bot.html)"
85.208.96.200 - - [29/Apr/2025:10:10:04 -0400] "GET /8175rvlb2d0ewb9675 HTTP/1.1" 404 10376 "-" "Mozilla/5.0 (compatible; SemrushBot/7~bl; +http://www.semrush.com/bot.html)"
185.191.171.6 - - [29/Apr/2025:10:04:14 -0400] "GET /24439xvjl954dc5kla1f5ae HTTP/1.1" 404 10372 "-" "Mozilla/5.0 (compatible; SemrushBot/7~bl; +http://www.semrush.com/bot.html)"
85.208.96.202 - - [29/Apr/2025:10:04:29 -0400] "GET /16566tkog3444bpo05d914 HTTP/1.1" 404 10369 "-" "Mozilla/5.0 (compatible; SemrushBot/7~bl; +http://www.semrush.com/bot.html)"
185.191.171.13 - - [29/Apr/2025:10:04:58 -0400] "GET /19127xvjledba9dc2clda26d125 HTTP/1.1" 404 10372 "-" "Mozilla/5.0 (compatible; SemrushBot/7~bl; +http://www.semrush.com/bot.html)"
85.208.96.200 - - [29/Apr/2025:10:05:44 -0400] "GET /12696mjms75tmdd0 HTTP/1.1" 404 10373 "-" "Mozilla/5.0 (compatible; SemrushBot/7~bl; +http://www.semrush.com/bot.html)"
185.191.171.6 - - [29/Apr/2025:10:05:57 -0400] "GET /22156fpztb5d8pfefd1f HTTP/1.1" 404 10365 "-" "Mozilla/5.0 (compatible; SemrushBot/7~bl; +http://www.semrush.com/bot.html)"
85.208.96.194 - - [29/Apr/2025:10:08:18 -0400] "GET /6246kkdwe95f1rd589de0 HTTP/1.1" 404 10369 "-" "Mozilla/5.0 (compatible; SemrushBot/7~bl; +http://www.semrush.com/bot.html)"
192.64.118.117 - - [29/Apr/2025:10:09:07 -0400] "POST /wp-cron.php?doing_wp_cron=1745935747.3715009689331054687500 HTTP/1.1" 403 1242 "https://acreditrepaircorp.com/wp-cron.php?doing_wp_cron=1745935747.3715009689331054687500" "WordPress/5.0.18; https://acreditrepaircorp.com"
185.191.171.4 - - [29/Apr/2025:10:09:06 -0400] "GET /4095pytza8d8yz07a5 HTTP/1.1" 404 10366 "-" "Mozilla/5.0 (compatible; SemrushBot/7~bl; +http://www.semrush.com/bot.html)"
185.191.171.6 - - [29/Apr/2025:10:09:37 -0400] "GET /20089ciet910cie1a HTTP/1.1" 404 10373 "-" "Mozilla/5.0 (compatible; SemrushBot/7~bl; +http://www.semrush.com/bot.html)"
192.64.118.117 - - [29/Apr/2025:10:10:08 -0400] "POST /wp-cron.php?doing_wp_cron=1745935808.8308210372924804687500 HTTP/1.1" 403 1242 "https://acreditrepaircorp.com/wp-cron.php?doing_wp_cron=1745935808.8308210372924804687500" "WordPress/5.0.18; https://acreditrepaircorp.com"
192.64.118.117 - - [29/Apr/2025:10:11:26 -0400] "POST /wp-cron.php?doing_wp_cron=1745935886.9309680461883544921875 HTTP/1.1" 403 1242 "https://acreditrepaircorp.com/wp-cron.php?doing_wp_cron=1745935886.9309680461883544921875" "WordPress/5.0.18; https://acreditrepaircorp.com"
185.191.171.19 - - [29/Apr/2025:10:12:18 -0400] "GET /524pxop6669beppef08f87 HTTP/1.1" 404 10372 "-" "Mozilla/5.0 (compatible; SemrushBot/7~bl; +http://www.semrush.com/bot.html)"
192.64.118.117 - - [29/Apr/2025:10:12:33 -0400] "POST /wp-cron.php?doing_wp_cron=1745935953.8523950576782226562500 HTTP/1.1" 403 1242 "https://acreditrepaircorp.com/wp-cron.php?doing_wp_cron=1745935953.8523950576782226562500" "WordPress/5.0.18; https://acreditrepaircorp.com"
185.191.171.8 - - [29/Apr/2025:10:12:32 -0400] "GET /27489afwp4915de0sf5bf9757 HTTP/1.1" 404 10372 "-" "Mozilla/5.0 (compatible; SemrushBot/7~bl; +http://www.semrush.com/bot.html)"
185.191.171.13 - - [29/Apr/2025:10:12:42 -0400] "GET /16156izzu4878vi53f8d HTTP/1.1" 404 10372 "-" "Mozilla/5.0 (compatible; SemrushBot/7~bl; +http://www.semrush.com/bot.html)"
185.191.171.7 - - [29/Apr/2025:10:13:17 -0400] "GET /10395jvwc5943gc7398 HTTP/1.1" 404 10372 "-" "Mozilla/5.0 (compatible; SemrushBot/7~bl; +http://www.semrush.com/bot.html)"
192.64.118.117 - - [29/Apr/2025:10:13:34 -0400] "POST /wp-cron.php?doing_wp_cron=1745936014.1305499076843261718750 HTTP/1.1" 403 1242 "https://acreditrepaircorp.com/wp-cron.php?doing_wp_cron=1745936014.1305499076843261718750" "WordPress/5.0.18; https://acreditrepaircorp.com"
185.191.171.3 - - [29/Apr/2025:10:13:30 -0400] "GET /12198lzct93edepc4db835 HTTP/1.1" 404 10372 "-" "Mozilla/5.0 (compatible; SemrushBot/7~bl; +http://www.semrush.com/bot.html)"
85.208.96.201 - - [29/Apr/2025:10:13:36 -0400] "GET /18621cuis676f963qubb9632f HTTP/1.1" 404 10371 "-" "Mozilla/5.0 (compatible; SemrushBot/7~bl; +http://www.semrush.com/bot.html)"
85.208.96.200 - - [29/Apr/2025:10:14:07 -0400] "GET /23975equeab6ee78doec8a13c5e HTTP/1.1" 404 10370 "-" "Mozilla/5.0 (compatible; SemrushBot/7~bl; +http://www.semrush.com/bot.html)"
85.208.96.201 - - [29/Apr/2025:10:14:18 -0400] "GET /6396ldya61ll0f8 HTTP/1.1" 404 10369 "-" "Mozilla/5.0 (compatible; SemrushBot/7~bl; +http://www.semrush.com/bot.html)"
192.64.118.117 - - [29/Apr/2025:10:14:55 -0400] "POST /wp-cron.php?doing_wp_cron=1745936095.8292980194091796875000 HTTP/1.1" 403 1242 "https://acreditrepaircorp.com/wp-cron.php?doing_wp_cron=1745936095.8292980194091796875000" "WordPress/5.0.18; https://acreditrepaircorp.com"
185.191.171.4 - - [29/Apr/2025:10:14:53 -0400] "GET /1603equec31fbbcea5b0d0 HTTP/1.1" 404 10370 "-" "Mozilla/5.0 (compatible; SemrushBot/7~bl; +http://www.semrush.com/bot.html)"
185.191.171.16 - - [29/Apr/2025:10:15:41 -0400] "GET /1480zqto44b2jz22758 HTTP/1.1" 404 10373 "-" "Mozilla/5.0 (compatible; SemrushBot/7~bl; +http://www.semrush.com/bot.html)"
185.191.171.17 - - [29/Apr/2025:10:16:19 -0400] "GET /10683lelj6365ijdc1e HTTP/1.1" 404 10365 "-" "Mozilla/5.0 (compatible; SemrushBot/7~bl; +http://www.semrush.com/bot.html)"
85.208.96.194 - - [29/Apr/2025:10:16:23 -0400] "GET /6743ujvo20a0e7feuo3ed41ec5 HTTP/1.1" 404 10376 "-" "Mozilla/5.0 (compatible; SemrushBot/7~bl; +http://www.semrush.com/bot.html)"
85.208.96.196 - - [29/Apr/2025:10:16:29 -0400] "GET /7475crjf5798322eyf08af6e36 HTTP/1.1" 404 10373 "-" "Mozilla/5.0 (compatible; SemrushBot/7~bl; +http://www.semrush.com/bot.html)"
85.208.96.196 - - [29/Apr/2025:10:17:44 -0400] "GET /7052vfqdfc07b6rv6e825ae HTTP/1.1" 404 10374 "-" "Mozilla/5.0 (compatible; SemrushBot/7~bl; +http://www.semrush.com/bot.html)"
85.208.96.194 - - [29/Apr/2025:10:18:07 -0400] "GET /23655tumd82a8gd316a HTTP/1.1" 404 10375 "-" "Mozilla/5.0 (compatible; SemrushBot/7~bl; +http://www.semrush.com/bot.html)"
185.191.171.16 - - [29/Apr/2025:10:18:25 -0400] "GET /3566srqdd02pq1998 HTTP/1.1" 404 10370 "-" "Mozilla/5.0 (compatible; SemrushBot/7~bl; +http://www.semrush.com/bot.html)"
85.208.96.211 - - [29/Apr/2025:10:10:30 -0400] "GET /21737bmovc2b2emmad1e8 HTTP/1.1" 404 10372 "-" "Mozilla/5.0 (compatible; SemrushBot/7~bl; +http://www.semrush.com/bot.html)"
185.191.171.7 - - [29/Apr/2025:10:10:37 -0400] "GET /28069ufgwf48afbc9 HTTP/1.1" 404 10372 "-" "Mozilla/5.0 (compatible; SemrushBot/7~bl; +http://www.semrush.com/bot.html)"
185.191.171.8 - - [29/Apr/2025:10:11:25 -0400] "GET /14294tlzoa84fz09aa HTTP/1.1" 404 10372 "-" "Mozilla/5.0 (compatible; SemrushBot/7~bl; +http://www.semrush.com/bot.html)"
185.191.171.18 - - [29/Apr/2025:10:11:36 -0400] "GET /22047edwlac1ekl753e HTTP/1.1" 404 10364 "-" "Mozilla/5.0 (compatible; SemrushBot/7~bl; +http://www.semrush.com/bot.html)"
85.208.96.200 - - [29/Apr/2025:10:12:02 -0400] "GET /21169fihn444qi8dd HTTP/1.1" 404 10371 "-" "Mozilla/5.0 (compatible; SemrushBot/7~bl; +http://www.semrush.com/bot.html)"
85.208.96.210 - - [29/Apr/2025:10:12:50 -0400] "GET /11232fpztb6lfdb6 HTTP/1.1" 404 10365 "-" "Mozilla/5.0 (compatible; SemrushBot/7~bl; +http://www.semrush.com/bot.html)"
85.208.96.196 - - [29/Apr/2025:10:14:24 -0400] "GET /29617ilaoe4aol698 HTTP/1.1" 404 10367 "-" "Mozilla/5.0 (compatible; SemrushBot/7~bl; +http://www.semrush.com/bot.html)"
85.208.96.210 - - [29/Apr/2025:10:14:29 -0400] "GET /9293wmag0da8dwm0e896 HTTP/1.1" 404 10370 "-" "Mozilla/5.0 (compatible; SemrushBot/7~bl; +http://www.semrush.com/bot.html)"
192.64.118.117 - - [29/Apr/2025:10:16:21 -0400] "POST /wp-cron.php?doing_wp_cron=1745936181.4459791183471679687500 HTTP/1.1" 403 1242 "https://acreditrepaircorp.com/wp-cron.php?doing_wp_cron=1745936181.4459791183471679687500" "WordPress/5.0.18; https://acreditrepaircorp.com"
85.208.96.207 - - [29/Apr/2025:10:16:48 -0400] "GET /6722wkul86fzudbf9 HTTP/1.1" 404 10371 "-" "Mozilla/5.0 (compatible; SemrushBot/7~bl; +http://www.semrush.com/bot.html)"
185.191.171.16 - - [29/Apr/2025:10:17:06 -0400] "GET /8818fwhcc7a2cd0ph4106b3af HTTP/1.1" 404 10370 "-" "Mozilla/5.0 (compatible; SemrushBot/7~bl; +http://www.semrush.com/bot.html)"
192.64.118.117 - - [29/Apr/2025:10:17:21 -0400] "POST /wp-cron.php?doing_wp_cron=1745936241.5344369411468505859375 HTTP/1.1" 403 1242 "https://acreditrepaircorp.com/wp-cron.php?doing_wp_cron=1745936241.5344369411468505859375" "WordPress/5.0.18; https://acreditrepaircorp.com"
185.191.171.19 - - [29/Apr/2025:10:17:18 -0400] "GET /8589inar0a198b8un289b789 HTTP/1.1" 404 10372 "-" "Mozilla/5.0 (compatible; SemrushBot/7~bl; +http://www.semrush.com/bot.html)"
192.64.118.117 - - [29/Apr/2025:10:18:21 -0400] "POST /wp-cron.php?doing_wp_cron=1745936301.5404069423675537109375 HTTP/1.1" 403 1242 "https://acreditrepaircorp.com/wp-cron.php?doing_wp_cron=1745936301.5404069423675537109375" "WordPress/5.0.18; https://acreditrepaircorp.com"
85.208.96.210 - - [29/Apr/2025:10:18:18 -0400] "GET /13148bxuz9d00f4dbefa2a52 HTTP/1.1" 404 10365 "-" "Mozilla/5.0 (compatible; SemrushBot/7~bl; +http://www.semrush.com/bot.html)"
192.64.118.117 - - [29/Apr/2025:10:19:41 -0400] "POST /wp-cron.php?doing_wp_cron=1745936381.3539381027221679687500 HTTP/1.1" 403 1242 "https://acreditrepaircorp.com/wp-cron.php?doing_wp_cron=1745936381.3539381027221679687500" "WordPress/5.0.18; https://acreditrepaircorp.com"
185.191.171.1 - - [29/Apr/2025:10:19:40 -0400] "GET /11234stqd643nqd2b0 HTTP/1.1" 404 10370 "-" "Mozilla/5.0 (compatible; SemrushBot/7~bl; +http://www.semrush.com/bot.html)"
85.208.96.211 - - [29/Apr/2025:10:20:23 -0400] "GET /4767edwl89f6ulf591 HTTP/1.1" 404 10371 "-" "Mozilla/5.0 (compatible; SemrushBot/7~bl; +http://www.semrush.com/bot.html)"
85.208.96.205 - - [29/Apr/2025:10:20:56 -0400] "GET /robots.txt HTTP/1.1" 200 118 "-" "Mozilla/5.0 (compatible; SemrushBot/7~bl; +http://www.semrush.com/bot.html)"
185.191.171.9 - - [29/Apr/2025:10:20:57 -0400] "GET /10295qcah0f45a3abkhcac4e478 HTTP/1.1" 404 10372 "-" "Mozilla/5.0 (compatible; SemrushBot/7~bl; +http://www.semrush.com/bot.html)"
85.208.96.205 - - [29/Apr/2025:10:21:23 -0400] "GET /15108ldyaafnl3fc HTTP/1.1" 404 10365 "-" "Mozilla/5.0 (compatible; SemrushBot/7~bl; +http://www.semrush.com/bot.html)"
185.191.171.17 - - [29/Apr/2025:10:26:17 -0400] "GET /7052cuisfc07b6rc6e825ae HTTP/1.1" 404 10371 "-" "Mozilla/5.0 (compatible; SemrushBot/7~bl; +http://www.semrush.com/bot.html)"
85.208.96.207 - - [29/Apr/2025:10:26:43 -0400] "GET /6493ujvo3cdeja1a HTTP/1.1" 404 10371 "-" "Mozilla/5.0 (compatible; SemrushBot/7~bl; +http://www.semrush.com/bot.html)"
192.64.118.117 - - [29/Apr/2025:10:26:54 -0400] "POST /wp-cron.php?doing_wp_cron=1745936814.5343949794769287109375 HTTP/1.1" 403 1242 "https://acreditrepaircorp.com/wp-cron.php?doing_wp_cron=1745936814.5343949794769287109375" "WordPress/5.0.18; https://acreditrepaircorp.com"
185.191.171.14 - - [29/Apr/2025:10:26:51 -0400] "GET /10988jmks7d14a1bjbc29a8a HTTP/1.1" 404 10372 "-" "Mozilla/5.0 (compatible; SemrushBot/7~bl; +http://www.semrush.com/bot.html)"
192.64.118.117 - - [29/Apr/2025:10:21:03 -0400] "POST /wp-cron.php?doing_wp_cron=1745936463.1286680698394775390625 HTTP/1.1" 403 1242 "https://acreditrepaircorp.com/wp-cron.php?doing_wp_cron=1745936463.1286680698394775390625" "WordPress/5.0.18; https://acreditrepaircorp.com"
85.208.96.205 - - [29/Apr/2025:10:21:05 -0400] "GET /17841lzctf801099qz4fb7cca HTTP/1.1" 404 10371 "-" "Mozilla/5.0 (compatible; SemrushBot/7~bl; +http://www.semrush.com/bot.html)"
85.208.96.193 - - [29/Apr/2025:10:21:09 -0400] "GET /15287fpzt3d5ccd18kt179692bc HTTP/1.1" 404 10374 "-" "Mozilla/5.0 (compatible; SemrushBot/7~bl; +http://www.semrush.com/bot.html)"
192.64.118.117 - - [29/Apr/2025:10:22:40 -0400] "POST /wp-cron.php?doing_wp_cron=1745936560.2325339317321777343750 HTTP/1.1" 403 1242 "https://acreditrepaircorp.com/wp-cron.php?doing_wp_cron=1745936560.2325339317321777343750" "WordPress/5.0.18; https://acreditrepaircorp.com"
85.208.96.199 - - [29/Apr/2025:10:22:37 -0400] "GET /14996pytz56e2f5fp0453e8f HTTP/1.1" 404 10373 "-" "Mozilla/5.0 (compatible; SemrushBot/7~bl; +http://www.semrush.com/bot.html)"
85.208.96.199 - - [29/Apr/2025:10:25:49 -0400] "GET /28387ukrc2faab5gcab99e9 HTTP/1.1" 404 10373 "-" "Mozilla/5.0 (compatible; SemrushBot/7~bl; +http://www.semrush.com/bot.html)"
85.208.96.207 - - [29/Apr/2025:10:21:53 -0400] "GET /7018fwhcb941096jh9febec97 HTTP/1.1" 404 10371 "-" "Mozilla/5.0 (compatible; SemrushBot/7~bl; +http://www.semrush.com/bot.html)"
192.64.118.117 - - [29/Apr/2025:10:23:44 -0400] "POST /wp-cron.php?doing_wp_cron=1745936624.8368289470672607421875 HTTP/1.1" 403 1242 "https://acreditrepaircorp.com/wp-cron.php?doing_wp_cron=1745936624.8368289470672607421875" "WordPress/5.0.18; https://acreditrepaircorp.com"
85.208.96.208 - - [29/Apr/2025:10:23:41 -0400] "GET /14360pxopf99a43tpa246d2d HTTP/1.1" 404 10365 "-" "Mozilla/5.0 (compatible; SemrushBot/7~bl; +http://www.semrush.com/bot.html)"
85.208.96.199 - - [29/Apr/2025:10:24:20 -0400] "GET /19951icfebaa764ue79dda5 HTTP/1.1" 404 10373 "-" "Mozilla/5.0 (compatible; SemrushBot/7~bl; +http://www.semrush.com/bot.html)"
192.64.118.117 - - [29/Apr/2025:10:25:47 -0400] "POST /wp-cron.php?doing_wp_cron=1745936747.3278870582580566406250 HTTP/1.1" 403 1242 "https://acreditrepaircorp.com/wp-cron.php?doing_wp_cron=1745936747.3278870582580566406250" "WordPress/5.0.18; https://acreditrepaircorp.com"
85.208.96.211 - - [29/Apr/2025:10:25:43 -0400] "GET /29388wkule6tw84e HTTP/1.1" 404 10371 "-" "Mozilla/5.0 (compatible; SemrushBot/7~bl; +http://www.semrush.com/bot.html)"
185.191.171.3 - - [29/Apr/2025:10:28:07 -0400] "GET /11268eque15vea96 HTTP/1.1" 404 10371 "-" "Mozilla/5.0 (compatible; SemrushBot/7~bl; +http://www.semrush.com/bot.html)"
192.64.118.117 - - [29/Apr/2025:10:29:18 -0400] "POST /wp-cron.php?doing_wp_cron=1745936958.4342761039733886718750 HTTP/1.1" 403 1242 "https://acreditrepaircorp.com/wp-cron.php?doing_wp_cron=1745936958.4342761039733886718750" "WordPress/5.0.18; https://acreditrepaircorp.com"
85.208.96.210 - - [29/Apr/2025:10:29:39 -0400] "GET /10669jsgn4c2us475 HTTP/1.1" 404 10371 "-" "Mozilla/5.0 (compatible; SemrushBot/7~bl; +http://www.semrush.com/bot.html)"
192.64.118.117 - - [29/Apr/2025:10:30:29 -0400] "POST /wp-cron.php?doing_wp_cron=1745937029.7286779880523681640625 HTTP/1.1" 403 1242 "https://acreditrepaircorp.com/wp-cron.php?doing_wp_cron=1745937029.7286779880523681640625" "WordPress/5.0.18; https://acreditrepaircorp.com"
85.208.96.195 - - [29/Apr/2025:10:30:25 -0400] "GET /28069wjmmf48ajbc9 HTTP/1.1" 404 10372 "-" "Mozilla/5.0 (compatible; SemrushBot/7~bl; +http://www.semrush.com/bot.html)"
85.208.96.194 - - [29/Apr/2025:10:30:33 -0400] "GET /26333bmovb8b8bgm1dea9 HTTP/1.1" 404 10369 "-" "Mozilla/5.0 (compatible; SemrushBot/7~bl; +http://www.semrush.com/bot.html)"
192.64.118.117 - - [29/Apr/2025:10:32:11 -0400] "POST /wp-cron.php?doing_wp_cron=1745937131.7337160110473632812500 HTTP/1.1" 403 1242 "https://acreditrepaircorp.com/wp-cron.php?doing_wp_cron=1745937131.7337160110473632812500" "WordPress/5.0.18; https://acreditrepaircorp.com"
185.191.171.4 - - [29/Apr/2025:10:32:10 -0400] "GET /3873cuise141cabku5105dc6 HTTP/1.1" 404 10373 "-" "Mozilla/5.0 (compatible; SemrushBot/7~bl; +http://www.semrush.com/bot.html)"
85.208.96.197 - - [29/Apr/2025:10:32:39 -0400] "GET /29505fihnaa75fe7gi2155d4e HTTP/1.1" 404 10373 "-" "Mozilla/5.0 (compatible; SemrushBot/7~bl; +http://www.semrush.com/bot.html)"
85.208.96.200 - - [29/Apr/2025:10:33:32 -0400] "GET /9822ukrc3202bfrd5a2cf HTTP/1.1" 404 10365 "-" "Mozilla/5.0 (compatible; SemrushBot/7~bl; +http://www.semrush.com/bot.html)"
85.208.96.209 - - [29/Apr/2025:10:33:56 -0400] "GET /1974eogwa72aajg52c1bb HTTP/1.1" 404 10373 "-" "Mozilla/5.0 (compatible; SemrushBot/7~bl; +http://www.semrush.com/bot.html)"
85.208.96.195 - - [29/Apr/2025:10:34:12 -0400] "GET /19874qmlec3avl3721 HTTP/1.1" 404 10373 "-" "Mozilla/5.0 (compatible; SemrushBot/7~bl; +http://www.semrush.com/bot.html)"
192.64.118.117 - - [29/Apr/2025:10:34:30 -0400] "POST /wp-cron.php?doing_wp_cron=1745937270.2312819957733154296875 HTTP/1.1" 403 1242 "https://acreditrepaircorp.com/wp-cron.php?doing_wp_cron=1745937270.2312819957733154296875" "WordPress/5.0.18; https://acreditrepaircorp.com"
85.208.96.205 - - [29/Apr/2025:10:34:26 -0400] "GET /24332icfe67debbhi2899a8b HTTP/1.1" 404 10370 "-" "Mozilla/5.0 (compatible; SemrushBot/7~bl; +http://www.semrush.com/bot.html)"
185.191.171.7 - - [29/Apr/2025:10:34:37 -0400] "GET /4288jsgndb40jjf0e15 HTTP/1.1" 404 10372 "-" "Mozilla/5.0 (compatible; SemrushBot/7~bl; +http://www.semrush.com/bot.html)"
85.208.96.208 - - [29/Apr/2025:10:34:42 -0400] "GET /16705ukrcac3yk4f4 HTTP/1.1" 404 10372 "-" "Mozilla/5.0 (compatible; SemrushBot/7~bl; +http://www.semrush.com/bot.html)"
192.64.118.117 - - [29/Apr/2025:10:37:07 -0400] "POST /wp-cron.php?doing_wp_cron=1745937427.8305408954620361328125 HTTP/1.1" 403 1242 "https://acreditrepaircorp.com/wp-cron.php?doing_wp_cron=1745937427.8305408954620361328125" "WordPress/5.0.18; https://acreditrepaircorp.com"
82.156.68.74 - - [29/Apr/2025:10:37:03 -0400] "GET / HTTP/1.1" 200 19126 "http://acreditrepaircorp.com" "Mozilla/5.0 (iPhone; CPU iPhone OS 13_2_3 like Mac OS X) AppleWebKit/605.1.15 (KHTML, like Gecko) Version/13.0.3 Mobile/15E148 Safari/604.1"
85.208.96.195 - - [29/Apr/2025:10:37:15 -0400] "GET /9517lqey260mq38d HTTP/1.1" 404 10374 "-" "Mozilla/5.0 (compatible; SemrushBot/7~bl; +http://www.semrush.com/bot.html)"
85.208.96.206 - - [29/Apr/2025:10:37:26 -0400] "GET /1501ujvo01dejad6 HTTP/1.1" 404 10372 "-" "Mozilla/5.0 (compatible; SemrushBot/7~bl; +http://www.semrush.com/bot.html)"
85.208.96.203 - - [29/Apr/2025:10:37:46 -0400] "GET /5928iclw6eli285 HTTP/1.1" 404 10372 "-" "Mozilla/5.0 (compatible; SemrushBot/7~bl; +http://www.semrush.com/bot.html)"
85.208.96.195 - - [29/Apr/2025:10:37:49 -0400] "GET /7059swcf3d83yfa283 HTTP/1.1" 404 10374 "-" "Mozilla/5.0 (compatible; SemrushBot/7~bl; +http://www.semrush.com/bot.html)"
185.191.171.14 - - [29/Apr/2025:10:37:53 -0400] "GET /28101hpkz02a3a5egp1c28bd7 HTTP/1.1" 404 10365 "-" "Mozilla/5.0 (compatible; SemrushBot/7~bl; +http://www.semrush.com/bot.html)"
192.64.118.117 - - [29/Apr/2025:10:38:41 -0400] "POST /wp-cron.php?doing_wp_cron=1745937521.2392160892486572265625 HTTP/1.1" 403 1242 "https://acreditrepaircorp.com/wp-cron.php?doing_wp_cron=1745937521.2392160892486572265625" "WordPress/5.0.18; https://acreditrepaircorp.com"
185.191.171.4 - - [29/Apr/2025:10:39:06 -0400] "GET /19874jmksc3avk3721 HTTP/1.1" 404 10374 "-" "Mozilla/5.0 (compatible; SemrushBot/7~bl; +http://www.semrush.com/bot.html)"
85.208.96.199 - - [29/Apr/2025:10:39:14 -0400] "GET /11969tlav4db61ul8469c HTTP/1.1" 404 10368 "-" "Mozilla/5.0 (compatible; SemrushBot/7~bl; +http://www.semrush.com/bot.html)"
85.208.96.206 - - [29/Apr/2025:10:39:31 -0400] "GET /13121fwhc6a121cw3e065 HTTP/1.1" 404 10375 "-" "Mozilla/5.0 (compatible; SemrushBot/7~bl; +http://www.semrush.com/bot.html)"
85.208.96.212 - - [29/Apr/2025:10:40:05 -0400] "GET /1209dlfn910b194ylc41b5e2 HTTP/1.1" 404 10372 "-" "Mozilla/5.0 (compatible; SemrushBot/7~bl; +http://www.semrush.com/bot.html)"
110.249.202.50 - - [29/Apr/2025:10:40:59 -0400] "GET / HTTP/1.1" 200 15695 "-" "Mozilla/5.0 (Linux; Android 5.0) AppleWebKit/537.36 (KHTML, like Gecko) Mobile Safari/537.36 (compatible; Bytespider; https://zhanzhang.toutiao.com/)"
110.249.202.50 - - [29/Apr/2025:10:41:06 -0400] "GET /wp-content/plugins/builder-responsive-pricing-tables/assets/css/pricing-tables.css?ver=5.0.18 HTTP/1.1" 200 2444 "https://acreditrepaircorp.com/" "Mozilla/5.0 (Linux; Android 5.0) AppleWebKit/537.36 (KHTML, like Gecko) Mobile Safari/537.36 (compatible; Bytespider; https://zhanzhang.toutiao.com/)"
110.249.202.50 - - [29/Apr/2025:10:41:06 -0400] "GET /wp-content/plugins/revslider/public/assets/css/settings.css?ver=5.4.6.3.1 HTTP/1.1" 200 6856 "https://acreditrepaircorp.com/" "Mozilla/5.0 (Linux; Android 5.0) AppleWebKit/537.36 (KHTML, like Gecko) Mobile Safari/537.36 (compatible; Bytespider; https://zhanzhang.toutiao.com/)"
110.249.202.50 - - [29/Apr/2025:10:41:06 -0400] "GET /wp-content/plugins/contact-form-7/includes/css/styles.css?ver=4.7 HTTP/1.1" 200 539 "https://acreditrepaircorp.com/" "Mozilla/5.0 (Linux; Android 5.0) AppleWebKit/537.36 (KHTML, like Gecko) Mobile Safari/537.36 (compatible; Bytespider; https://zhanzhang.toutiao.com/)"
110.249.202.50 - - [29/Apr/2025:10:41:06 -0400] "GET /wp-content/plugins/go_pricing/assets/css/go_pricing_styles.css?ver=3.3.12 HTTP/1.1" 200 7801 "https://acreditrepaircorp.com/" "Mozilla/5.0 (Linux; Android 5.0) AppleWebKit/537.36 (KHTML, like Gecko) Mobile Safari/537.36 (compatible; Bytespider; https://zhanzhang.toutiao.com/)"
85.208.96.204 - - [29/Apr/2025:10:37:09 -0400] "GET /15115ilao9714dauo6838a1 HTTP/1.1" 404 10373 "-" "Mozilla/5.0 (compatible; SemrushBot/7~bl; +http://www.semrush.com/bot.html)"
85.208.96.208 - - [29/Apr/2025:10:37:20 -0400] "GET /1239ebwnc9a6cnde09 HTTP/1.1" 404 10372 "-" "Mozilla/5.0 (compatible; SemrushBot/7~bl; +http://www.semrush.com/bot.html)"
85.208.96.209 - - [29/Apr/2025:10:37:39 -0400] "GET /9607ujvoda978byoa6b439 HTTP/1.1" 404 10368 "-" "Mozilla/5.0 (compatible; SemrushBot/7~bl; +http://www.semrush.com/bot.html)"
85.208.96.200 - - [29/Apr/2025:10:37:42 -0400] "GET /20259jquif54fqic8aa HTTP/1.1" 404 10365 "-" "Mozilla/5.0 (compatible; SemrushBot/7~bl; +http://www.semrush.com/bot.html)"
85.208.96.207 - - [29/Apr/2025:10:37:57 -0400] "GET /21959wllb7bc80155abc647ab20 HTTP/1.1" 404 10377 "-" "Mozilla/5.0 (compatible; SemrushBot/7~bl; +http://www.semrush.com/bot.html)"
85.208.96.202 - - [29/Apr/2025:10:38:39 -0400] "GET /26948ralva96ccexr78e168d HTTP/1.1" 404 10370 "-" "Mozilla/5.0 (compatible; SemrushBot/7~bl; +http://www.semrush.com/bot.html)"
192.64.118.117 - - [29/Apr/2025:10:40:06 -0400] "POST /wp-cron.php?doing_wp_cron=1745937606.5467469692230224609375 HTTP/1.1" 403 1242 "https://acreditrepaircorp.com/wp-cron.php?doing_wp_cron=1745937606.5467469692230224609375" "WordPress/5.0.18; https://acreditrepaircorp.com"
185.191.171.13 - - [29/Apr/2025:10:40:56 -0400] "GET /14865tlava4866cbela495fa2 HTTP/1.1" 404 10366 "-" "Mozilla/5.0 (compatible; SemrushBot/7~bl; +http://www.semrush.com/bot.html)"
110.249.202.50 - - [29/Apr/2025:10:41:06 -0400] "GET /wp-includes/css/dist/block-library/style.min.css?ver=5.0.18 HTTP/1.1" 200 3971 "https://acreditrepaircorp.com/" "Mozilla/5.0 (Linux; Android 5.0) AppleWebKit/537.36 (KHTML, like Gecko) Mobile Safari/537.36 (compatible; Bytespider; https://zhanzhang.toutiao.com/)"
110.249.202.50 - - [29/Apr/2025:10:41:06 -0400] "GET /wp-content/themes/TESSERACT/style.css?ver=1.0.0 HTTP/1.1" 200 10905 "https://acreditrepaircorp.com/" "Mozilla/5.0 (Linux; Android 5.0) AppleWebKit/537.36 (KHTML, like Gecko) Mobile Safari/537.36 (compatible; Bytespider; https://zhanzhang.toutiao.com/)"
110.249.202.50 - - [29/Apr/2025:10:41:06 -0400] "GET /wp-content/themes/TESSERACT/css/font-awesome.min.css?ver=4.4.0 HTTP/1.1" 200 5723 "https://acreditrepaircorp.com/" "Mozilla/5.0 (Linux; Android 5.0) AppleWebKit/537.36 (KHTML, like Gecko) Mobile Safari/537.36 (compatible; Bytespider; https://zhanzhang.toutiao.com/)"
110.249.202.50 - - [29/Apr/2025:10:41:06 -0400] "GET /wp-content/themes/TESSERACT/css/site-banner.css?ver=1.0.0 HTTP/1.1" 200 1591 "https://acreditrepaircorp.com/" "Mozilla/5.0 (Linux; Android 5.0) AppleWebKit/537.36 (KHTML, like Gecko) Mobile Safari/537.36 (compatible; Bytespider; https://zhanzhang.toutiao.com/)"
110.249.202.50 - - [29/Apr/2025:10:41:06 -0400] "GET /wp-content/plugins/leads//shared/shortcodes/css/frontend-render.css?ver=5.0.18 HTTP/1.1" 200 11015 "https://acreditrepaircorp.com/" "Mozilla/5.0 (Linux; Android 5.0) AppleWebKit/537.36 (KHTML, like Gecko) Mobile Safari/537.36 (compatible; Bytespider; https://zhanzhang.toutiao.com/)"
110.249.202.50 - - [29/Apr/2025:10:41:06 -0400] "GET /wp-content/themes/TESSERACT/css/footer-banner.css?ver=1.0.0 HTTP/1.1" 200 1177 "https://acreditrepaircorp.com/" "Mozilla/5.0 (Linux; Android 5.0) AppleWebKit/537.36 (KHTML, like Gecko) Mobile Safari/537.36 (compatible; Bytespider; https://zhanzhang.toutiao.com/)"
110.249.202.50 - - [29/Apr/2025:10:41:06 -0400] "GET /wp-content/plugins/youtube-embed-plus/styles/ytprefs.min.css?ver=13.0 HTTP/1.1" 200 1180 "https://acreditrepaircorp.com/" "Mozilla/5.0 (Linux; Android 5.0) AppleWebKit/537.36 (KHTML, like Gecko) Mobile Safari/537.36 (compatible; Bytespider; https://zhanzhang.toutiao.com/)"
110.249.202.50 - - [29/Apr/2025:10:41:06 -0400] "GET /wp-includes/js/jquery/jquery.js?ver=1.12.4 HTTP/1.1" 200 32854 "https://acreditrepaircorp.com/" "Mozilla/5.0 (Linux; Android 5.0) AppleWebKit/537.36 (KHTML, like Gecko) Mobile Safari/537.36 (compatible; Bytespider; https://zhanzhang.toutiao.com/)"
110.249.202.50 - - [29/Apr/2025:10:41:06 -0400] "GET /wp-content/plugins/beaver-builder-lite-version/css/jquery.magnificpopup.css?ver=1.9.4 HTTP/1.1" 200 1749 "https://acreditrepaircorp.com/" "Mozilla/5.0 (Linux; Android 5.0) AppleWebKit/537.36 (KHTML, like Gecko) Mobile Safari/537.36 (compatible; Bytespider; https://zhanzhang.toutiao.com/)"
110.249.202.50 - - [29/Apr/2025:10:41:06 -0400] "GET /wp-content/plugins/gtranslate/gtranslate-style24.css?ver=5.0.18 HTTP/1.1" 200 237 "https://acreditrepaircorp.com/" "Mozilla/5.0 (Linux; Android 5.0) AppleWebKit/537.36 (KHTML, like Gecko) Mobile Safari/537.36 (compatible; Bytespider; https://zhanzhang.toutiao.com/)"
110.249.202.50 - - [29/Apr/2025:10:41:06 -0400] "GET /wp-content/uploads/bb-plugin/cache/7-layout.css?ver=d95d182268e2ff4ac0174b47167b7f24 HTTP/1.1" 200 3948 "https://acreditrepaircorp.com/" "Mozilla/5.0 (Linux; Android 5.0) AppleWebKit/537.36 (KHTML, like Gecko) Mobile Safari/537.36 (compatible; Bytespider; https://zhanzhang.toutiao.com/)"
110.249.202.50 - - [29/Apr/2025:10:41:06 -0400] "GET /wp-content/themes/TESSERACT/css/typicons.css?ver=1.0.0 HTTP/1.1" 200 2649 "https://acreditrepaircorp.com/" "Mozilla/5.0 (Linux; Android 5.0) AppleWebKit/537.36 (KHTML, like Gecko) Mobile Safari/537.36 (compatible; Bytespider; https://zhanzhang.toutiao.com/)"
110.249.202.50 - - [29/Apr/2025:10:41:06 -0400] "GET /wp-content/themes/TESSERACT/css/jquery.sidr.css?ver=1.0.0 HTTP/1.1" 200 1506 "https://acreditrepaircorp.com/" "Mozilla/5.0 (Linux; Android 5.0) AppleWebKit/537.36 (KHTML, like Gecko) Mobile Safari/537.36 (compatible; Bytespider; https://zhanzhang.toutiao.com/)"
110.249.202.50 - - [29/Apr/2025:10:41:06 -0400] "GET /wp-content/plugins/revslider/public/assets/js/jquery.themepunch.tools.min.js?ver=5.4.6.3.1 HTTP/1.1" 200 37077 "https://acreditrepaircorp.com/" "Mozilla/5.0 (Linux; Android 5.0) AppleWebKit/537.36 (KHTML, like Gecko) Mobile Safari/537.36 (compatible; Bytespider; https://zhanzhang.toutiao.com/)"
110.249.202.50 - - [29/Apr/2025:10:41:06 -0400] "GET /wp-content/plugins/revslider/public/assets/js/jquery.themepunch.revolution.min.js?ver=5.4.6.3.1 HTTP/1.1" 200 17231 "https://acreditrepaircorp.com/" "Mozilla/5.0 (Linux; Android 5.0) AppleWebKit/537.36 (KHTML, like Gecko) Mobile Safari/537.36 (compatible; Bytespider; https://zhanzhang.toutiao.com/)"
110.249.202.50 - - [29/Apr/2025:10:41:06 -0400] "GET /wp-includes/js/jquery/jquery-migrate.min.js?ver=1.4.1 HTTP/1.1" 200 3823 "https://acreditrepaircorp.com/" "Mozilla/5.0 (Linux; Android 5.0) AppleWebKit/537.36 (KHTML, like Gecko) Mobile Safari/537.36 (compatible; Bytespider; https://zhanzhang.toutiao.com/)"
110.249.202.50 - - [29/Apr/2025:10:41:08 -0400] "GET /wp-content/plugins/go_pricing/assets/js/go_pricing_scripts.js?ver=3.3.12 HTTP/1.1" 200 5244 "https://acreditrepaircorp.com/" "Mozilla/5.0 (Linux; Android 5.0) AppleWebKit/537.36 (KHTML, like Gecko) Mobile Safari/537.36 (compatible; Bytespider; https://zhanzhang.toutiao.com/)"
110.249.202.50 - - [29/Apr/2025:10:41:08 -0400] "GET /wp-content/plugins/contact-form-7/includes/js/jquery.form.min.js?ver=3.51.0-2014.06.20 HTTP/1.1" 200 5539 "https://acreditrepaircorp.com/" "Mozilla/5.0 (Linux; Android 5.0) AppleWebKit/537.36 (KHTML, like Gecko) Mobile Safari/537.36 (compatible; Bytespider; https://zhanzhang.toutiao.com/)"
110.249.202.50 - - [29/Apr/2025:10:41:08 -0400] "GET /wp-content/uploads/bb-plugin/cache/7-layout.js?ver=d95d182268e2ff4ac0174b47167b7f24 HTTP/1.1" 200 4103 "https://acreditrepaircorp.com/" "Mozilla/5.0 (Linux; Android 5.0) AppleWebKit/537.36 (KHTML, like Gecko) Mobile Safari/537.36 (compatible; Bytespider; https://zhanzhang.toutiao.com/)"
110.249.202.50 - - [29/Apr/2025:10:41:08 -0400] "GET /wp-content/themes/TESSERACT/js/jquery.fittext.js?ver=1.0.0 HTTP/1.1" 200 521 "https://acreditrepaircorp.com/" "Mozilla/5.0 (Linux; Android 5.0) AppleWebKit/537.36 (KHTML, like Gecko) Mobile Safari/537.36 (compatible; Bytespider; https://zhanzhang.toutiao.com/)"
110.249.202.50 - - [29/Apr/2025:10:41:06 -0400] "GET /wp-includes/css/dashicons.min.css?ver=5.0.18 HTTP/1.1" 200 28437 "https://acreditrepaircorp.com/" "Mozilla/5.0 (Linux; Android 5.0) AppleWebKit/537.36 (KHTML, like Gecko) Mobile Safari/537.36 (compatible; Bytespider; https://zhanzhang.toutiao.com/)"
110.249.202.50 - - [29/Apr/2025:10:41:06 -0400] "GET /wp-content/themes/TESSERACT/js/modernizr.custom.min.js?ver=1.0.0 HTTP/1.1" 200 3260 "https://acreditrepaircorp.com/" "Mozilla/5.0 (Linux; Android 5.0) AppleWebKit/537.36 (KHTML, like Gecko) Mobile Safari/537.36 (compatible; Bytespider; https://zhanzhang.toutiao.com/)"
110.249.202.50 - - [29/Apr/2025:10:41:06 -0400] "GET /wp-content/plugins/youtube-embed-plus/scripts/ytprefs.min.js?ver=13.0 HTTP/1.1" 200 2489 "https://acreditrepaircorp.com/" "Mozilla/5.0 (Linux; Android 5.0) AppleWebKit/537.36 (KHTML, like Gecko) Mobile Safari/537.36 (compatible; Bytespider; https://zhanzhang.toutiao.com/)"
110.249.202.50 - - [29/Apr/2025:10:41:06 -0400] "GET /wp-content/plugins/wonderplugin-gallery/engine/wonderplugingallery.js?ver=3.9C HTTP/1.1" 200 27407 "https://acreditrepaircorp.com/" "Mozilla/5.0 (Linux; Android 5.0) AppleWebKit/537.36 (KHTML, like Gecko) Mobile Safari/537.36 (compatible; Bytespider; https://zhanzhang.toutiao.com/)"
110.249.202.50 - - [29/Apr/2025:10:41:06 -0400] "GET /wp-content/themes/TESSERACT/js/helpers.js?ver=5.0.18 HTTP/1.1" 200 942 "https://acreditrepaircorp.com/" "Mozilla/5.0 (Linux; Android 5.0) AppleWebKit/537.36 (KHTML, like Gecko) Mobile Safari/537.36 (compatible; Bytespider; https://zhanzhang.toutiao.com/)"
110.249.202.50 - - [29/Apr/2025:10:41:06 -0400] "GET /wp-content/plugins/leads//shared/assets/js/frontend/analytics/inboundAnalytics.min.js HTTP/1.1" 200 11696 "https://acreditrepaircorp.com/" "Mozilla/5.0 (Linux; Android 5.0) AppleWebKit/537.36 (KHTML, like Gecko) Mobile Safari/537.36 (compatible; Bytespider; https://zhanzhang.toutiao.com/)"
110.249.202.50 - - [29/Apr/2025:10:41:08 -0400] "GET /wp-content/plugins/leads//shared//shortcodes/js/spin.min.js HTTP/1.1" 200 1934 "https://acreditrepaircorp.com/" "Mozilla/5.0 (Linux; Android 5.0) AppleWebKit/537.36 (KHTML, like Gecko) Mobile Safari/537.36 (compatible; Bytespider; https://zhanzhang.toutiao.com/)"
110.249.202.50 - - [29/Apr/2025:10:41:08 -0400] "GET /wp-content/plugins/elfsight-social-media-icons-cc/assets/elfsight-social-media-icons.js?ver=1.1.0 HTTP/1.1" 200 37980 "https://acreditrepaircorp.com/" "Mozilla/5.0 (Linux; Android 5.0) AppleWebKit/537.36 (KHTML, like Gecko) Mobile Safari/537.36 (compatible; Bytespider; https://zhanzhang.toutiao.com/)"
110.249.202.50 - - [29/Apr/2025:10:41:08 -0400] "GET /wp-content/plugins/contact-form-7/includes/js/scripts.js?ver=4.7 HTTP/1.1" 200 3452 "https://acreditrepaircorp.com/" "Mozilla/5.0 (Linux; Android 5.0) AppleWebKit/537.36 (KHTML, like Gecko) Mobile Safari/537.36 (compatible; Bytespider; https://zhanzhang.toutiao.com/)"
110.249.202.50 - - [29/Apr/2025:10:41:08 -0400] "GET /wp-content/uploads/2021/02/Acredit-logo-1.png HTTP/1.1" 206 500 "https://acreditrepaircorp.com/" "Mozilla/5.0 (Linux; Android 5.0) AppleWebKit/537.36 (KHTML, like Gecko) Mobile Safari/537.36 (compatible; Bytespider; https://zhanzhang.toutiao.com/)"
110.249.202.50 - - [29/Apr/2025:10:41:09 -0400] "GET /wp-content/plugins/beaver-builder-lite-version/js/jquery.magnificpopup.min.js?ver=1.9.4 HTTP/1.1" 200 7280 "https://acreditrepaircorp.com/" "Mozilla/5.0 (Linux; Android 5.0) AppleWebKit/537.36 (KHTML, like Gecko) Mobile Safari/537.36 (compatible; Bytespider; https://zhanzhang.toutiao.com/)"
110.249.202.50 - - [29/Apr/2025:10:41:09 -0400] "GET /wp-content/themes/TESSERACT/js/helpers.js?ver=1.0.0 HTTP/1.1" 200 942 "https://acreditrepaircorp.com/" "Mozilla/5.0 (Linux; Android 5.0) AppleWebKit/537.36 (KHTML, like Gecko) Mobile Safari/537.36 (compatible; Bytespider; https://zhanzhang.toutiao.com/)"
110.249.202.50 - - [29/Apr/2025:10:41:08 -0400] "GET /wp-content/uploads/2019/01/good-credit-vs-bad-3-1-768x922.jpg HTTP/1.1" 206 500 "https://acreditrepaircorp.com/" "Mozilla/5.0 (Linux; Android 5.0) AppleWebKit/537.36 (KHTML, like Gecko) Mobile Safari/537.36 (compatible; Bytespider; https://zhanzhang.toutiao.com/)"
110.249.202.50 - - [29/Apr/2025:10:41:09 -0400] "GET /wp-content/themes/TESSERACT/js/helpers-functions.js?ver=1.0.0 HTTP/1.1" 200 363 "https://acreditrepaircorp.com/" "Mozilla/5.0 (Linux; Android 5.0) AppleWebKit/537.36 (KHTML, like Gecko) Mobile Safari/537.36 (compatible; Bytespider; https://zhanzhang.toutiao.com/)"
110.249.202.50 - - [29/Apr/2025:10:41:09 -0400] "GET /wp-content/themes/TESSERACT/js/jquery.sidr.min.js?ver=1.0.0 HTTP/1.1" 200 1450 "https://acreditrepaircorp.com/" "Mozilla/5.0 (Linux; Android 5.0) AppleWebKit/537.36 (KHTML, like Gecko) Mobile Safari/537.36 (compatible; Bytespider; https://zhanzhang.toutiao.com/)"
110.249.202.50 - - [29/Apr/2025:10:41:09 -0400] "GET /wp-content/themes/TESSERACT/js/helpers-beaver.js?ver=1.0.0 HTTP/1.1" 200 534 "https://acreditrepaircorp.com/" "Mozilla/5.0 (Linux; Android 5.0) AppleWebKit/537.36 (KHTML, like Gecko) Mobile Safari/537.36 (compatible; Bytespider; https://zhanzhang.toutiao.com/)"
110.249.202.50 - - [29/Apr/2025:10:41:10 -0400] "GET /wp-content/uploads/2019/01/3.jpg HTTP/1.1" 206 500 "https://acreditrepaircorp.com/" "Mozilla/5.0 (Linux; Android 5.0) AppleWebKit/537.36 (KHTML, like Gecko) Mobile Safari/537.36 (compatible; Bytespider; https://zhanzhang.toutiao.com/)"
110.249.202.50 - - [29/Apr/2025:10:41:10 -0400] "GET /wp-content/uploads/2019/01/1.jpg HTTP/1.1" 206 500 "https://acreditrepaircorp.com/" "Mozilla/5.0 (Linux; Android 5.0) AppleWebKit/537.36 (KHTML, like Gecko) Mobile Safari/537.36 (compatible; Bytespider; https://zhanzhang.toutiao.com/)"
110.249.202.50 - - [29/Apr/2025:10:41:10 -0400] "GET /wp-content/uploads/2019/01/2.jpg HTTP/1.1" 206 500 "https://acreditrepaircorp.com/" "Mozilla/5.0 (Linux; Android 5.0) AppleWebKit/537.36 (KHTML, like Gecko) Mobile Safari/537.36 (compatible; Bytespider; https://zhanzhang.toutiao.com/)"
110.249.202.50 - - [29/Apr/2025:10:41:10 -0400] "GET /wp-content/uploads/2019/01/4.jpg HTTP/1.1" 206 500 "https://acreditrepaircorp.com/" "Mozilla/5.0 (Linux; Android 5.0) AppleWebKit/537.36 (KHTML, like Gecko) Mobile Safari/537.36 (compatible; Bytespider; https://zhanzhang.toutiao.com/)"
110.249.202.50 - - [29/Apr/2025:10:41:11 -0400] "GET /wp-content/plugins/revslider/public/assets/js/extensions/revolution.extension.actions.min.js?version=5.4.6.3 HTTP/1.1" 200 2400 "https://acreditrepaircorp.com/" "Mozilla/5.0 (Linux; Android 5.0) AppleWebKit/537.36 (KHTML, like Gecko) Mobile Safari/537.36 (compatible; Bytespider; https://zhanzhang.toutiao.com/)"
110.249.202.50 - - [29/Apr/2025:10:41:11 -0400] "GET /wp-content/plugins/revslider/public/assets/js/extensions/revolution.extension.navigation.min.js?version=5.4.6.3 HTTP/1.1" 200 6678 "https://acreditrepaircorp.com/" "Mozilla/5.0 (Linux; Android 5.0) AppleWebKit/537.36 (KHTML, like Gecko) Mobile Safari/537.36 (compatible; Bytespider; https://zhanzhang.toutiao.com/)"
110.249.202.50 - - [29/Apr/2025:10:41:11 -0400] "POST /wp-admin/admin-ajax.php HTTP/1.1" 403 1242 "https://acreditrepaircorp.com/" "Mozilla/5.0 (Linux; Android 5.0) AppleWebKit/537.36 (KHTML, like Gecko) Mobile Safari/537.36 (compatible; Bytespider; https://zhanzhang.toutiao.com/)"
110.249.202.50 - - [29/Apr/2025:10:41:12 -0400] "GET /wp-content/plugins/revslider/public/assets/assets/loader.gif HTTP/1.1" 206 500 "https://acreditrepaircorp.com/wp-content/plugins/revslider/public/assets/css/settings.css?ver=5.4.6.3.1" "Mozilla/5.0 (Linux; Android 5.0) AppleWebKit/537.36 (KHTML, like Gecko) Mobile Safari/537.36 (compatible; Bytespider; https://zhanzhang.toutiao.com/)"
185.191.171.1 - - [29/Apr/2025:10:27:00 -0400] "GET /13671hpkz4582gz4462 HTTP/1.1" 404 10371 "-" "Mozilla/5.0 (compatible; SemrushBot/7~bl; +http://www.semrush.com/bot.html)"
185.191.171.4 - - [29/Apr/2025:10:27:06 -0400] "GET /19061fihneeb2eoi333dc HTTP/1.1" 404 10366 "-" "Mozilla/5.0 (compatible; SemrushBot/7~bl; +http://www.semrush.com/bot.html)"
192.64.118.117 - - [29/Apr/2025:10:28:10 -0400] "POST /wp-cron.php?doing_wp_cron=1745936890.3309509754180908203125 HTTP/1.1" 403 1242 "https://acreditrepaircorp.com/wp-cron.php?doing_wp_cron=1745936890.3309509754180908203125" "WordPress/5.0.18; https://acreditrepaircorp.com"
185.191.171.13 - - [29/Apr/2025:10:29:13 -0400] "GET /18710ukrc008brc142 HTTP/1.1" 404 10372 "-" "Mozilla/5.0 (compatible; SemrushBot/7~bl; +http://www.semrush.com/bot.html)"
85.208.96.210 - - [29/Apr/2025:10:29:22 -0400] "GET /7812bmov57xbfbc HTTP/1.1" 404 10371 "-" "Mozilla/5.0 (compatible; SemrushBot/7~bl; +http://www.semrush.com/bot.html)"
185.191.171.5 - - [29/Apr/2025:10:29:32 -0400] "GET /24565iglode1gg256 HTTP/1.1" 404 10366 "-" "Mozilla/5.0 (compatible; SemrushBot/7~bl; +http://www.semrush.com/bot.html)"
185.191.171.13 - - [29/Apr/2025:10:30:03 -0400] "GET /25894bdgm98e0f98jg9368c0e0 HTTP/1.1" 404 10372 "-" "Mozilla/5.0 (compatible; SemrushBot/7~bl; +http://www.semrush.com/bot.html)"
192.64.118.117 - - [29/Apr/2025:10:33:18 -0400] "POST /wp-cron.php?doing_wp_cron=1745937198.8350920677185058593750 HTTP/1.1" 403 1242 "https://acreditrepaircorp.com/wp-cron.php?doing_wp_cron=1745937198.8350920677185058593750" "WordPress/5.0.18; https://acreditrepaircorp.com"
185.191.171.19 - - [29/Apr/2025:10:33:14 -0400] "GET /6812crjf64b646lcfda289f HTTP/1.1" 404 10370 "-" "Mozilla/5.0 (compatible; SemrushBot/7~bl; +http://www.semrush.com/bot.html)"
85.208.96.199 - - [29/Apr/2025:10:33:23 -0400] "GET /29522afwpbcexw6db6 HTTP/1.1" 404 10367 "-" "Mozilla/5.0 (compatible; SemrushBot/7~bl; +http://www.semrush.com/bot.html)"
185.191.171.7 - - [29/Apr/2025:10:33:39 -0400] "GET /10935qzyoee86aode9c HTTP/1.1" 404 10372 "-" "Mozilla/5.0 (compatible; SemrushBot/7~bl; +http://www.semrush.com/bot.html)"
185.191.171.9 - - [29/Apr/2025:10:35:03 -0400] "GET /26405izzu698c4azcaa4a HTTP/1.1" 404 10372 "-" "Mozilla/5.0 (compatible; SemrushBot/7~bl; +http://www.semrush.com/bot.html)"
110.249.202.50 - - [29/Apr/2025:10:41:09 -0400] "GET /wp-content/plugins/beaver-builder-lite-version/js/jquery.fitvids.js?ver=1.9.4 HTTP/1.1" 200 1135 "https://acreditrepaircorp.com/" "Mozilla/5.0 (Linux; Android 5.0) AppleWebKit/537.36 (KHTML, like Gecko) Mobile Safari/537.36 (compatible; Bytespider; https://zhanzhang.toutiao.com/)"
110.249.202.50 - - [29/Apr/2025:10:41:09 -0400] "GET /wp-includes/js/wp-embed.min.js?ver=5.0.18 HTTP/1.1" 200 638 "https://acreditrepaircorp.com/" "Mozilla/5.0 (Linux; Android 5.0) AppleWebKit/537.36 (KHTML, like Gecko) Mobile Safari/537.36 (compatible; Bytespider; https://zhanzhang.toutiao.com/)"
110.249.202.50 - - [29/Apr/2025:10:41:09 -0400] "GET /wp-content/plugins/beaver-builder-lite-version/js/jquery.waypoints.min.js?ver=1.9.4 HTTP/1.1" 200 2540 "https://acreditrepaircorp.com/" "Mozilla/5.0 (Linux; Android 5.0) AppleWebKit/537.36 (KHTML, like Gecko) Mobile Safari/537.36 (compatible; Bytespider; https://zhanzhang.toutiao.com/)"
110.249.202.50 - - [29/Apr/2025:10:41:10 -0400] "GET /wp-content/themes/TESSERACT/js/skip-link-focus-fix.js?ver=1.0.0 HTTP/1.1" 200 258 "https://acreditrepaircorp.com/" "Mozilla/5.0 (Linux; Android 5.0) AppleWebKit/537.36 (KHTML, like Gecko) Mobile Safari/537.36 (compatible; Bytespider; https://zhanzhang.toutiao.com/)"
110.249.202.50 - - [29/Apr/2025:10:41:10 -0400] "GET /wp-content/plugins/youtube-embed-plus/scripts/fitvids.min.js?ver=13.0 HTTP/1.1" 200 681 "https://acreditrepaircorp.com/" "Mozilla/5.0 (Linux; Android 5.0) AppleWebKit/537.36 (KHTML, like Gecko) Mobile Safari/537.36 (compatible; Bytespider; https://zhanzhang.toutiao.com/)"
110.249.202.50 - - [29/Apr/2025:10:41:11 -0400] "GET /wp-content/plugins/revslider/public/assets/js/extensions/revolution.extension.slideanims.min.js?version=5.4.6.3 HTTP/1.1" 200 6656 "https://acreditrepaircorp.com/" "Mozilla/5.0 (Linux; Android 5.0) AppleWebKit/537.36 (KHTML, like Gecko) Mobile Safari/537.36 (compatible; Bytespider; https://zhanzhang.toutiao.com/)"
110.249.202.50 - - [29/Apr/2025:10:41:11 -0400] "GET /wp-content/plugins/revslider/public/assets/js/extensions/revolution.extension.layeranimation.min.js?version=5.4.6.3 HTTP/1.1" 200 13832 "https://acreditrepaircorp.com/" "Mozilla/5.0 (Linux; Android 5.0) AppleWebKit/537.36 (KHTML, like Gecko) Mobile Safari/537.36 (compatible; Bytespider; https://zhanzhang.toutiao.com/)"
192.64.118.117 - - [29/Apr/2025:10:41:15 -0400] "POST /wp-cron.php?doing_wp_cron=1745937675.6272370815277099609375 HTTP/1.1" 403 1242 "https://acreditrepaircorp.com/wp-cron.php?doing_wp_cron=1745937675.6272370815277099609375" "WordPress/5.0.18; https://acreditrepaircorp.com"
85.208.96.194 - - [29/Apr/2025:10:41:50 -0400] "GET /1366juok7beae8fzo02fe91ed HTTP/1.1" 404 10376 "-" "Mozilla/5.0 (compatible; SemrushBot/7~bl; +http://www.semrush.com/bot.html)"
185.191.171.15 - - [29/Apr/2025:10:42:06 -0400] "GET /12554wvqf126hq4a31 HTTP/1.1" 404 10366 "-" "Mozilla/5.0 (compatible; SemrushBot/7~bl; +http://www.semrush.com/bot.html)"
85.208.96.201 - - [29/Apr/2025:10:42:18 -0400] "GET /1066kxat8325569laa2187e12 HTTP/1.1" 404 10364 "-" "Mozilla/5.0 (compatible; SemrushBot/7~bl; +http://www.semrush.com/bot.html)"
185.191.171.5 - - [29/Apr/2025:10:42:47 -0400] "GET /19179lbgy8bc7cyc7e3 HTTP/1.1" 404 10372 "-" "Mozilla/5.0 (compatible; SemrushBot/7~bl; +http://www.semrush.com/bot.html)"
192.64.118.117 - - [29/Apr/2025:10:43:32 -0400] "POST /wp-cron.php?doing_wp_cron=1745937812.1409969329833984375000 HTTP/1.1" 403 1242 "https://acreditrepaircorp.com/wp-cron.php?doing_wp_cron=1745937812.1409969329833984375000" "WordPress/5.0.18; https://acreditrepaircorp.com"
110.249.202.50 - - [29/Apr/2025:10:41:11 -0400] "POST /?ga_action=googleanalytics_get_script HTTP/1.1" 200 296 "https://acreditrepaircorp.com/" "Mozilla/5.0 (Linux; Android 5.0) AppleWebKit/537.36 (KHTML, like Gecko) Mobile Safari/537.36 (compatible; Bytespider; https://zhanzhang.toutiao.com/)"
185.191.171.15 - - [29/Apr/2025:10:41:19 -0400] "GET /1443juok47a2yk23b1 HTTP/1.1" 404 10373 "-" "Mozilla/5.0 (compatible; SemrushBot/7~bl; +http://www.semrush.com/bot.html)"
185.191.171.17 - - [29/Apr/2025:10:42:01 -0400] "GET /19771ralvc49cc4wv2aae85 HTTP/1.1" 404 10371 "-" "Mozilla/5.0 (compatible; SemrushBot/7~bl; +http://www.semrush.com/bot.html)"
192.64.118.117 - - [29/Apr/2025:10:42:16 -0400] "POST /wp-cron.php?doing_wp_cron=1745937736.4303169250488281250000 HTTP/1.1" 403 1242 "https://acreditrepaircorp.com/wp-cron.php?doing_wp_cron=1745937736.4303169250488281250000" "WordPress/5.0.18; https://acreditrepaircorp.com"
185.191.171.5 - - [29/Apr/2025:10:42:13 -0400] "GET /29644pyts07a9pp4dee5 HTTP/1.1" 404 10366 "-" "Mozilla/5.0 (compatible; SemrushBot/7~bl; +http://www.semrush.com/bot.html)"
185.191.171.3 - - [29/Apr/2025:10:42:58 -0400] "GET /20079jkol788bsld1f4 HTTP/1.1" 404 10372 "-" "Mozilla/5.0 (compatible; SemrushBot/7~bl; +http://www.semrush.com/bot.html)"
185.191.171.5 - - [29/Apr/2025:10:43:30 -0400] "GET /16723fihn519455qn885ec9 HTTP/1.1" 404 10372 "-" "Mozilla/5.0 (compatible; SemrushBot/7~bl; +http://www.semrush.com/bot.html)"
85.208.96.212 - - [29/Apr/2025:10:44:17 -0400] "GET /4965hjtc7db2b2fkj00eb417 HTTP/1.1" 404 10371 "-" "Mozilla/5.0 (compatible; SemrushBot/7~bl; +http://www.semrush.com/bot.html)"
185.191.171.6 - - [29/Apr/2025:10:44:50 -0400] "GET /13808rvlb3a744dnr3c95d42 HTTP/1.1" 404 10366 "-" "Mozilla/5.0 (compatible; SemrushBot/7~bl; +http://www.semrush.com/bot.html)"
85.208.96.210 - - [29/Apr/2025:10:45:07 -0400] "GET /28468afwpd3dejaa6300 HTTP/1.1" 404 10369 "-" "Mozilla/5.0 (compatible; SemrushBot/7~bl; +http://www.semrush.com/bot.html)"
85.208.96.203 - - [29/Apr/2025:10:45:13 -0400] "GET /24250wllb2d88538dlc76d826d HTTP/1.1" 404 10365 "-" "Mozilla/5.0 (compatible; SemrushBot/7~bl; +http://www.semrush.com/bot.html)"
158.69.23.79 - - [29/Apr/2025:10:45:48 -0400] "GET /wp-json/wqc/v1/ HTTP/1.1" 404 113 "-" "Linux Mozilla"
185.191.171.16 - - [29/Apr/2025:10:45:57 -0400] "GET /6511equeebda9dwe43c118 HTTP/1.1" 404 10371 "-" "Mozilla/5.0 (compatible; SemrushBot/7~bl; +http://www.semrush.com/bot.html)"
185.191.171.5 - - [29/Apr/2025:10:46:11 -0400] "GET /5809rvlbbcbwvc0d HTTP/1.1" 404 10373 "-" "Mozilla/5.0 (compatible; SemrushBot/7~bl; +http://www.semrush.com/bot.html)"
185.191.171.1 - - [29/Apr/2025:10:46:17 -0400] "GET /7131lqey7293sy451f HTTP/1.1" 404 10370 "-" "Mozilla/5.0 (compatible; SemrushBot/7~bl; +http://www.semrush.com/bot.html)"
85.208.96.210 - - [29/Apr/2025:10:46:25 -0400] "GET /29081lqeyb9a3fyqedb19 HTTP/1.1" 404 10375 "-" "Mozilla/5.0 (compatible; SemrushBot/7~bl; +http://www.semrush.com/bot.html)"
192.64.118.117 - - [29/Apr/2025:10:47:55 -0400] "POST /wp-cron.php?doing_wp_cron=1745938075.0450809001922607421875 HTTP/1.1" 403 1242 "https://acreditrepaircorp.com/wp-cron.php?doing_wp_cron=1745938075.0450809001922607421875" "WordPress/5.0.18; https://acreditrepaircorp.com"
192.64.118.117 - - [29/Apr/2025:10:48:59 -0400] "POST /wp-cron.php?doing_wp_cron=1745938138.9384100437164306640625 HTTP/1.1" 403 1242 "https://acreditrepaircorp.com/wp-cron.php?doing_wp_cron=1745938138.9384100437164306640625" "WordPress/5.0.18; https://acreditrepaircorp.com"
185.191.171.12 - - [29/Apr/2025:10:48:57 -0400] "GET /28746ibice7ae8bif6b82c HTTP/1.1" 404 10372 "-" "Mozilla/5.0 (compatible; SemrushBot/7~bl; +http://www.semrush.com/bot.html)"
185.191.171.12 - - [29/Apr/2025:10:49:01 -0400] "GET /12986obsybd7xs3861 HTTP/1.1" 404 10372 "-" "Mozilla/5.0 (compatible; SemrushBot/7~bl; +http://www.semrush.com/bot.html)"
85.208.96.196 - - [29/Apr/2025:10:49:07 -0400] "GET /23102icfe7e2zf4fc7 HTTP/1.1" 404 10374 "-" "Mozilla/5.0 (compatible; SemrushBot/7~bl; +http://www.semrush.com/bot.html)"
185.191.171.12 - - [29/Apr/2025:10:49:13 -0400] "GET /28105wkul979kkd98 HTTP/1.1" 404 10372 "-" "Mozilla/5.0 (compatible; SemrushBot/7~bl; +http://www.semrush.com/bot.html)"
185.191.171.11 - - [29/Apr/2025:10:49:58 -0400] "GET /8240fztze1b4eajf25c2b38 HTTP/1.1" 404 10364 "-" "Mozilla/5.0 (compatible; SemrushBot/7~bl; +http://www.semrush.com/bot.html)"
192.64.118.117 - - [29/Apr/2025:10:51:37 -0400] "POST /wp-cron.php?doing_wp_cron=1745938297.2345330715179443359375 HTTP/1.1" 403 1242 "https://acreditrepaircorp.com/wp-cron.php?doing_wp_cron=1745938297.2345330715179443359375" "WordPress/5.0.18; https://acreditrepaircorp.com"
192.64.118.117 - - [29/Apr/2025:10:53:09 -0400] "POST /wp-cron.php?doing_wp_cron=1745938389.7457489967346191406250 HTTP/1.1" 403 1242 "https://acreditrepaircorp.com/wp-cron.php?doing_wp_cron=1745938389.7457489967346191406250" "WordPress/5.0.18; https://acreditrepaircorp.com"
185.191.171.7 - - [29/Apr/2025:10:53:08 -0400] "GET /17616osmj90zob63 HTTP/1.1" 404 10371 "-" "Mozilla/5.0 (compatible; SemrushBot/7~bl; +http://www.semrush.com/bot.html)"
