85.208.96.206 - - [29/Apr/2025:15:33:27 -0400] "GET /26242ytxf10cf519tx7838e89e HTTP/1.1" 404 10374 "-" "Mozilla/5.0 (compatible; SemrushBot/7~bl; +http://www.semrush.com/bot.html)"
85.208.96.203 - - [29/Apr/2025:15:33:41 -0400] "GET /25847ibicd2cc8b77ocf3da3270 HTTP/1.1" 404 10371 "-" "Mozilla/5.0 (compatible; SemrushBot/7~bl; +http://www.semrush.com/bot.html)"
85.208.96.195 - - [29/Apr/2025:15:33:54 -0400] "GET /7008dlfn2bzdd39 HTTP/1.1" 404 10373 "-" "Mozilla/5.0 (compatible; SemrushBot/7~bl; +http://www.semrush.com/bot.html)"
185.191.171.11 - - [29/Apr/2025:15:34:13 -0400] "GET /16817qubxaddaagu3888e HTTP/1.1" 404 10372 "-" "Mozilla/5.0 (compatible; SemrushBot/7~bl; +http://www.semrush.com/bot.html)"
192.64.118.117 - - [29/Apr/2025:15:35:26 -0400] "POST /wp-cron.php?doing_wp_cron=1745955326.9543559551239013671875 HTTP/1.1" 403 1242 "https://acreditrepaircorp.com/wp-cron.php?doing_wp_cron=1745955326.9543559551239013671875" "WordPress/5.0.18; https://acreditrepaircorp.com"
85.208.96.196 - - [29/Apr/2025:15:35:26 -0400] "GET /4068ukrc39xuf29 HTTP/1.1" 404 10374 "-" "Mozilla/5.0 (compatible; SemrushBot/7~bl; +http://www.semrush.com/bot.html)"
85.208.96.193 - - [29/Apr/2025:15:35:42 -0400] "GET /20422bmov6ddc320xo5463ce77 HTTP/1.1" 404 10374 "-" "Mozilla/5.0 (compatible; SemrushBot/7~bl; +http://www.semrush.com/bot.html)"
185.191.171.8 - - [29/Apr/2025:15:35:51 -0400] "GET /11600vlaq66196apv954a536 HTTP/1.1" 404 10372 "-" "Mozilla/5.0 (compatible; SemrushBot/7~bl; +http://www.semrush.com/bot.html)"
185.191.171.10 - - [29/Apr/2025:15:35:59 -0400] "GET /15231wllb6e56gb7983 HTTP/1.1" 404 10370 "-" "Mozilla/5.0 (compatible; SemrushBot/7~bl; +http://www.semrush.com/bot.html)"
192.64.118.117 - - [29/Apr/2025:15:37:11 -0400] "POST /wp-cron.php?doing_wp_cron=1745955431.6376171112060546875000 HTTP/1.1" 403 1242 "https://acreditrepaircorp.com/wp-cron.php?doing_wp_cron=1745955431.6376171112060546875000" "WordPress/5.0.18; https://acreditrepaircorp.com"
185.191.171.17 - - [29/Apr/2025:15:37:33 -0400] "GET /3144wmagb1jwacb HTTP/1.1" 404 10375 "-" "Mozilla/5.0 (compatible; SemrushBot/7~bl; +http://www.semrush.com/bot.html)"
185.191.171.13 - - [29/Apr/2025:15:37:37 -0400] "GET /13939rprie6fe13oif85b8f HTTP/1.1" 404 10373 "-" "Mozilla/5.0 (compatible; SemrushBot/7~bl; +http://www.semrush.com/bot.html)"
192.64.118.117 - - [29/Apr/2025:15:34:10 -0400] "POST /wp-cron.php?doing_wp_cron=1745955250.9429380893707275390625 HTTP/1.1" 403 1242 "https://acreditrepaircorp.com/wp-cron.php?doing_wp_cron=1745955250.9429380893707275390625" "WordPress/5.0.18; https://acreditrepaircorp.com"
85.208.96.199 - - [29/Apr/2025:15:34:09 -0400] "GET /28689wvqff0ce5a6wvf4de448 HTTP/1.1" 404 10374 "-" "Mozilla/5.0 (compatible; SemrushBot/7~bl; +http://www.semrush.com/bot.html)"
85.208.96.194 - - [29/Apr/2025:15:37:09 -0400] "GET /13748hypw5dfe07fh02fa367 HTTP/1.1" 404 10377 "-" "Mozilla/5.0 (compatible; SemrushBot/7~bl; +http://www.semrush.com/bot.html)"
85.208.96.194 - - [29/Apr/2025:15:37:13 -0400] "GET /27998srqd5a3hq16f8 HTTP/1.1" 404 10376 "-" "Mozilla/5.0 (compatible; SemrushBot/7~bl; +http://www.semrush.com/bot.html)"
85.208.96.193 - - [29/Apr/2025:15:38:04 -0400] "GET /16565ilaodede6ol194c5 HTTP/1.1" 404 10375 "-" "Mozilla/5.0 (compatible; SemrushBot/7~bl; +http://www.semrush.com/bot.html)"
192.64.118.117 - - [29/Apr/2025:15:39:20 -0400] "POST /wp-cron.php?doing_wp_cron=1745955560.7453351020812988281250 HTTP/1.1" 403 1242 "https://acreditrepaircorp.com/wp-cron.php?doing_wp_cron=1745955560.7453351020812988281250" "WordPress/5.0.18; https://acreditrepaircorp.com"
185.191.171.15 - - [29/Apr/2025:15:39:30 -0400] "GET /23497tkog5b4ek585 HTTP/1.1" 404 10364 "-" "Mozilla/5.0 (compatible; SemrushBot/7~bl; +http://www.semrush.com/bot.html)"
85.208.96.208 - - [29/Apr/2025:15:39:33 -0400] "GET /10566lelj09dc1vlfe6faf HTTP/1.1" 404 10373 "-" "Mozilla/5.0 (compatible; SemrushBot/7~bl; +http://www.semrush.com/bot.html)"
192.64.118.117 - - [29/Apr/2025:15:40:36 -0400] "POST /wp-cron.php?doing_wp_cron=1745955636.3665809631347656250000 HTTP/1.1" 403 1242 "https://acreditrepaircorp.com/wp-cron.php?doing_wp_cron=1745955636.3665809631347656250000" "WordPress/5.0.18; https://acreditrepaircorp.com"
185.191.171.1 - - [29/Apr/2025:15:41:14 -0400] "GET /10177nqzi763wq3f0 HTTP/1.1" 404 10370 "-" "Mozilla/5.0 (compatible; SemrushBot/7~bl; +http://www.semrush.com/bot.html)"
192.64.118.117 - - [29/Apr/2025:15:41:54 -0400] "POST /wp-cron.php?doing_wp_cron=1745955714.9432559013366699218750 HTTP/1.1" 403 1242 "https://acreditrepaircorp.com/wp-cron.php?doing_wp_cron=1745955714.9432559013366699218750" "WordPress/5.0.18; https://acreditrepaircorp.com"
192.64.118.117 - - [29/Apr/2025:15:43:17 -0400] "POST /wp-cron.php?doing_wp_cron=1745955797.1758790016174316406250 HTTP/1.1" 403 1242 "https://acreditrepaircorp.com/wp-cron.php?doing_wp_cron=1745955797.1758790016174316406250" "WordPress/5.0.18; https://acreditrepaircorp.com"
185.191.171.2 - - [29/Apr/2025:15:43:16 -0400] "GET /28746tkoge7ae8bof6b82c HTTP/1.1" 404 10372 "-" "Mozilla/5.0 (compatible; SemrushBot/7~bl; +http://www.semrush.com/bot.html)"
199.127.56.236 - - [29/Apr/2025:15:43:25 -0400] "GET / HTTP/1.1" 200 15694 "-" "Mozilla/5.0 (Windows NT 10.0; Win64; x64) AppleWebKit/537.36 (KHTML, like Gecko) Chrome/121.0.6167.85 Safari/537.36"
199.127.56.236 - - [29/Apr/2025:15:43:25 -0400] "GET /wp-content/plugins/revslider/public/assets/css/settings.css?ver=5.4.6.3.1 HTTP/1.1" 200 6856 "https://acreditrepaircorp.com/" "Mozilla/5.0 (Windows NT 10.0; Win64; x64) AppleWebKit/537.36 (KHTML, like Gecko) Chrome/121.0.6167.85 Safari/537.36"
199.127.56.236 - - [29/Apr/2025:15:43:25 -0400] "GET /wp-content/themes/TESSERACT/css/typicons.css?ver=1.0.0 HTTP/1.1" 200 2649 "https://acreditrepaircorp.com/" "Mozilla/5.0 (Windows NT 10.0; Win64; x64) AppleWebKit/537.36 (KHTML, like Gecko) Chrome/121.0.6167.85 Safari/537.36"
199.127.56.236 - - [29/Apr/2025:15:43:25 -0400] "GET /wp-content/themes/TESSERACT/css/font-awesome.min.css?ver=4.4.0 HTTP/1.1" 200 5723 "https://acreditrepaircorp.com/" "Mozilla/5.0 (Windows NT 10.0; Win64; x64) AppleWebKit/537.36 (KHTML, like Gecko) Chrome/121.0.6167.85 Safari/537.36"
199.127.56.236 - - [29/Apr/2025:15:43:25 -0400] "GET /wp-content/themes/TESSERACT/css/jquery.sidr.css?ver=1.0.0 HTTP/1.1" 200 1506 "https://acreditrepaircorp.com/" "Mozilla/5.0 (Windows NT 10.0; Win64; x64) AppleWebKit/537.36 (KHTML, like Gecko) Chrome/121.0.6167.85 Safari/537.36"
199.127.56.236 - - [29/Apr/2025:15:43:25 -0400] "GET /wp-includes/js/jquery/jquery-migrate.min.js?ver=1.4.1 HTTP/1.1" 200 3823 "https://acreditrepaircorp.com/" "Mozilla/5.0 (Windows NT 10.0; Win64; x64) AppleWebKit/537.36 (KHTML, like Gecko) Chrome/121.0.6167.85 Safari/537.36"
199.127.56.236 - - [29/Apr/2025:15:43:25 -0400] "GET /wp-content/plugins/youtube-embed-plus/scripts/ytprefs.min.js?ver=13.0 HTTP/1.1" 200 2489 "https://acreditrepaircorp.com/" "Mozilla/5.0 (Windows NT 10.0; Win64; x64) AppleWebKit/537.36 (KHTML, like Gecko) Chrome/121.0.6167.85 Safari/537.36"
185.191.171.9 - - [29/Apr/2025:15:37:54 -0400] "GET /11475tlzo7418uo28c3 HTTP/1.1" 404 10373 "-" "Mozilla/5.0 (compatible; SemrushBot/7~bl; +http://www.semrush.com/bot.html)"
185.191.171.17 - - [29/Apr/2025:15:37:59 -0400] "GET /18503pytz31c86148cz40e64eff HTTP/1.1" 404 10370 "-" "Mozilla/5.0 (compatible; SemrushBot/7~bl; +http://www.semrush.com/bot.html)"
85.208.96.206 - - [29/Apr/2025:15:39:19 -0400] "GET /24142hjtcce3e8c4zt37a59e12 HTTP/1.1" 404 10371 "-" "Mozilla/5.0 (compatible; SemrushBot/7~bl; +http://www.semrush.com/bot.html)"
85.208.96.202 - - [29/Apr/2025:15:40:06 -0400] "GET /24307rvlbf5dfb6ibc97bcc HTTP/1.1" 404 10364 "-" "Mozilla/5.0 (compatible; SemrushBot/7~bl; +http://www.semrush.com/bot.html)"
185.191.171.11 - - [29/Apr/2025:15:40:18 -0400] "GET /15192wjmmfdtwb90 HTTP/1.1" 404 10369 "-" "Mozilla/5.0 (compatible; SemrushBot/7~bl; +http://www.semrush.com/bot.html)"
185.191.171.9 - - [29/Apr/2025:15:40:35 -0400] "GET /3012jkolabhjd7d HTTP/1.1" 404 10373 "-" "Mozilla/5.0 (compatible; SemrushBot/7~bl; +http://www.semrush.com/bot.html)"
185.191.171.19 - - [29/Apr/2025:15:41:53 -0400] "GET /7812afwp57xafbc HTTP/1.1" 404 10372 "-" "Mozilla/5.0 (compatible; SemrushBot/7~bl; +http://www.semrush.com/bot.html)"
185.191.171.7 - - [29/Apr/2025:15:42:11 -0400] "GET /9633inara9dcbd0yn05afe84 HTTP/1.1" 404 10373 "-" "Mozilla/5.0 (compatible; SemrushBot/7~bl; +http://www.semrush.com/bot.html)"
185.191.171.3 - - [29/Apr/2025:15:42:18 -0400] "GET /3012tlavabhtd7d HTTP/1.1" 404 10371 "-" "Mozilla/5.0 (compatible; SemrushBot/7~bl; +http://www.semrush.com/bot.html)"
85.208.96.203 - - [29/Apr/2025:15:43:23 -0400] "GET /2601opmp742cc3cmpc789ad8 HTTP/1.1" 404 10372 "-" "Mozilla/5.0 (compatible; SemrushBot/7~bl; +http://www.semrush.com/bot.html)"
199.127.56.236 - - [29/Apr/2025:15:43:25 -0400] "GET /wp-content/plugins/beaver-builder-lite-version/css/jquery.magnificpopup.css?ver=1.9.4 HTTP/1.1" 200 1749 "https://acreditrepaircorp.com/" "Mozilla/5.0 (Windows NT 10.0; Win64; x64) AppleWebKit/537.36 (KHTML, like Gecko) Chrome/121.0.6167.85 Safari/537.36"
199.127.56.236 - - [29/Apr/2025:15:43:25 -0400] "GET /wp-content/plugins/builder-responsive-pricing-tables/assets/css/pricing-tables.css?ver=5.0.18 HTTP/1.1" 200 2444 "https://acreditrepaircorp.com/" "Mozilla/5.0 (Windows NT 10.0; Win64; x64) AppleWebKit/537.36 (KHTML, like Gecko) Chrome/121.0.6167.85 Safari/537.36"
199.127.56.236 - - [29/Apr/2025:15:43:25 -0400] "GET /wp-content/themes/TESSERACT/css/site-banner.css?ver=1.0.0 HTTP/1.1" 200 1591 "https://acreditrepaircorp.com/" "Mozilla/5.0 (Windows NT 10.0; Win64; x64) AppleWebKit/537.36 (KHTML, like Gecko) Chrome/121.0.6167.85 Safari/537.36"
199.127.56.236 - - [29/Apr/2025:15:43:25 -0400] "GET /wp-content/themes/TESSERACT/css/footer-banner.css?ver=1.0.0 HTTP/1.1" 200 1177 "https://acreditrepaircorp.com/" "Mozilla/5.0 (Windows NT 10.0; Win64; x64) AppleWebKit/537.36 (KHTML, like Gecko) Chrome/121.0.6167.85 Safari/537.36"
199.127.56.236 - - [29/Apr/2025:15:43:25 -0400] "GET /wp-content/plugins/contact-form-7/includes/css/styles.css?ver=4.7 HTTP/1.1" 200 539 "https://acreditrepaircorp.com/" "Mozilla/5.0 (Windows NT 10.0; Win64; x64) AppleWebKit/537.36 (KHTML, like Gecko) Chrome/121.0.6167.85 Safari/537.36"
199.127.56.236 - - [29/Apr/2025:15:43:25 -0400] "GET /wp-content/uploads/bb-plugin/cache/7-layout.css?ver=d95d182268e2ff4ac0174b47167b7f24 HTTP/1.1" 200 3948 "https://acreditrepaircorp.com/" "Mozilla/5.0 (Windows NT 10.0; Win64; x64) AppleWebKit/537.36 (KHTML, like Gecko) Chrome/121.0.6167.85 Safari/537.36"
199.127.56.236 - - [29/Apr/2025:15:43:25 -0400] "GET /wp-content/plugins/youtube-embed-plus/styles/ytprefs.min.css?ver=13.0 HTTP/1.1" 200 1180 "https://acreditrepaircorp.com/" "Mozilla/5.0 (Windows NT 10.0; Win64; x64) AppleWebKit/537.36 (KHTML, like Gecko) Chrome/121.0.6167.85 Safari/537.36"
199.127.56.236 - - [29/Apr/2025:15:43:25 -0400] "GET /wp-content/plugins/leads//shared/shortcodes/css/frontend-render.css?ver=5.0.18 HTTP/1.1" 200 11015 "https://acreditrepaircorp.com/" "Mozilla/5.0 (Windows NT 10.0; Win64; x64) AppleWebKit/537.36 (KHTML, like Gecko) Chrome/121.0.6167.85 Safari/537.36"
199.127.56.236 - - [29/Apr/2025:15:43:25 -0400] "GET /wp-includes/css/dashicons.min.css?ver=5.0.18 HTTP/1.1" 200 28437 "https://acreditrepaircorp.com/" "Mozilla/5.0 (Windows NT 10.0; Win64; x64) AppleWebKit/537.36 (KHTML, like Gecko) Chrome/121.0.6167.85 Safari/537.36"
199.127.56.236 - - [29/Apr/2025:15:43:25 -0400] "GET /wp-content/themes/TESSERACT/style.css?ver=1.0.0 HTTP/1.1" 200 10905 "https://acreditrepaircorp.com/" "Mozilla/5.0 (Windows NT 10.0; Win64; x64) AppleWebKit/537.36 (KHTML, like Gecko) Chrome/121.0.6167.85 Safari/537.36"
199.127.56.236 - - [29/Apr/2025:15:43:25 -0400] "GET /wp-includes/js/jquery/jquery.js?ver=1.12.4 HTTP/1.1" 200 32854 "https://acreditrepaircorp.com/" "Mozilla/5.0 (Windows NT 10.0; Win64; x64) AppleWebKit/537.36 (KHTML, like Gecko) Chrome/121.0.6167.85 Safari/537.36"
199.127.56.236 - - [29/Apr/2025:15:43:25 -0400] "GET /wp-content/themes/TESSERACT/js/helpers.js?ver=5.0.18 HTTP/1.1" 200 942 "https://acreditrepaircorp.com/" "Mozilla/5.0 (Windows NT 10.0; Win64; x64) AppleWebKit/537.36 (KHTML, like Gecko) Chrome/121.0.6167.85 Safari/537.36"
199.127.56.236 - - [29/Apr/2025:15:43:25 -0400] "GET /wp-content/themes/TESSERACT/js/modernizr.custom.min.js?ver=1.0.0 HTTP/1.1" 200 3260 "https://acreditrepaircorp.com/" "Mozilla/5.0 (Windows NT 10.0; Win64; x64) AppleWebKit/537.36 (KHTML, like Gecko) Chrome/121.0.6167.85 Safari/537.36"
199.127.56.236 - - [29/Apr/2025:15:43:25 -0400] "GET /wp-content/plugins/revslider/public/assets/js/jquery.themepunch.revolution.min.js?ver=5.4.6.3.1 HTTP/1.1" 200 17231 "https://acreditrepaircorp.com/" "Mozilla/5.0 (Windows NT 10.0; Win64; x64) AppleWebKit/537.36 (KHTML, like Gecko) Chrome/121.0.6167.85 Safari/537.36"
199.127.56.236 - - [29/Apr/2025:15:43:25 -0400] "GET /wp-content/plugins/leads//shared/assets/js/frontend/analytics/inboundAnalytics.min.js HTTP/1.1" 200 11696 "https://acreditrepaircorp.com/" "Mozilla/5.0 (Windows NT 10.0; Win64; x64) AppleWebKit/537.36 (KHTML, like Gecko) Chrome/121.0.6167.85 Safari/537.36"
199.127.56.236 - - [29/Apr/2025:15:43:26 -0400] "GET /wp-content/uploads/2019/01/1.jpg HTTP/1.1" 200 228881 "https://acreditrepaircorp.com/" "Mozilla/5.0 (Windows NT 10.0; Win64; x64) AppleWebKit/537.36 (KHTML, like Gecko) Chrome/121.0.6167.85 Safari/537.36"
199.127.56.236 - - [29/Apr/2025:15:43:26 -0400] "GET /wp-content/uploads/2019/01/2.jpg HTTP/1.1" 200 237486 "https://acreditrepaircorp.com/" "Mozilla/5.0 (Windows NT 10.0; Win64; x64) AppleWebKit/537.36 (KHTML, like Gecko) Chrome/121.0.6167.85 Safari/537.36"
199.127.56.236 - - [29/Apr/2025:15:43:26 -0400] "GET /wp-content/themes/TESSERACT/js/helpers.js?ver=1.0.0 HTTP/1.1" 200 942 "https://acreditrepaircorp.com/" "Mozilla/5.0 (Windows NT 10.0; Win64; x64) AppleWebKit/537.36 (KHTML, like Gecko) Chrome/121.0.6167.85 Safari/537.36"
199.127.56.236 - - [29/Apr/2025:15:43:26 -0400] "GET /wp-content/plugins/leads//shared//shortcodes/js/spin.min.js HTTP/1.1" 200 1934 "https://acreditrepaircorp.com/" "Mozilla/5.0 (Windows NT 10.0; Win64; x64) AppleWebKit/537.36 (KHTML, like Gecko) Chrome/121.0.6167.85 Safari/537.36"
199.127.56.236 - - [29/Apr/2025:15:43:26 -0400] "GET /wp-content/uploads/bb-plugin/cache/7-layout.js?ver=d95d182268e2ff4ac0174b47167b7f24 HTTP/1.1" 200 4103 "https://acreditrepaircorp.com/" "Mozilla/5.0 (Windows NT 10.0; Win64; x64) AppleWebKit/537.36 (KHTML, like Gecko) Chrome/121.0.6167.85 Safari/537.36"
199.127.56.236 - - [29/Apr/2025:15:43:26 -0400] "GET /wp-content/plugins/beaver-builder-lite-version/js/jquery.magnificpopup.min.js?ver=1.9.4 HTTP/1.1" 200 7280 "https://acreditrepaircorp.com/" "Mozilla/5.0 (Windows NT 10.0; Win64; x64) AppleWebKit/537.36 (KHTML, like Gecko) Chrome/121.0.6167.85 Safari/537.36"
199.127.56.236 - - [29/Apr/2025:15:43:25 -0400] "GET /wp-content/uploads/2021/02/Acredit-logo-1.png HTTP/1.1" 200 44611 "https://acreditrepaircorp.com/" "Mozilla/5.0 (Windows NT 10.0; Win64; x64) AppleWebKit/537.36 (KHTML, like Gecko) Chrome/121.0.6167.85 Safari/537.36"
199.127.56.236 - - [29/Apr/2025:15:43:25 -0400] "GET /wp-includes/css/dist/block-library/style.min.css?ver=5.0.18 HTTP/1.1" 200 3971 "https://acreditrepaircorp.com/" "Mozilla/5.0 (Windows NT 10.0; Win64; x64) AppleWebKit/537.36 (KHTML, like Gecko) Chrome/121.0.6167.85 Safari/537.36"
199.127.56.236 - - [29/Apr/2025:15:43:25 -0400] "GET /wp-content/plugins/gtranslate/gtranslate-style24.css?ver=5.0.18 HTTP/1.1" 200 237 "https://acreditrepaircorp.com/" "Mozilla/5.0 (Windows NT 10.0; Win64; x64) AppleWebKit/537.36 (KHTML, like Gecko) Chrome/121.0.6167.85 Safari/537.36"
199.127.56.236 - - [29/Apr/2025:15:43:25 -0400] "GET /wp-content/plugins/go_pricing/assets/css/go_pricing_styles.css?ver=3.3.12 HTTP/1.1" 200 7801 "https://acreditrepaircorp.com/" "Mozilla/5.0 (Windows NT 10.0; Win64; x64) AppleWebKit/537.36 (KHTML, like Gecko) Chrome/121.0.6167.85 Safari/537.36"
199.127.56.236 - - [29/Apr/2025:15:43:25 -0400] "GET /wp-content/plugins/wonderplugin-gallery/engine/wonderplugingallery.js?ver=3.9C HTTP/1.1" 200 27407 "https://acreditrepaircorp.com/" "Mozilla/5.0 (Windows NT 10.0; Win64; x64) AppleWebKit/537.36 (KHTML, like Gecko) Chrome/121.0.6167.85 Safari/537.36"
199.127.56.236 - - [29/Apr/2025:15:43:25 -0400] "GET /wp-content/plugins/revslider/public/assets/js/jquery.themepunch.tools.min.js?ver=5.4.6.3.1 HTTP/1.1" 200 37077 "https://acreditrepaircorp.com/" "Mozilla/5.0 (Windows NT 10.0; Win64; x64) AppleWebKit/537.36 (KHTML, like Gecko) Chrome/121.0.6167.85 Safari/537.36"
199.127.56.236 - - [29/Apr/2025:15:43:26 -0400] "GET /wp-content/uploads/2019/01/4.jpg HTTP/1.1" 200 322849 "https://acreditrepaircorp.com/" "Mozilla/5.0 (Windows NT 10.0; Win64; x64) AppleWebKit/537.36 (KHTML, like Gecko) Chrome/121.0.6167.85 Safari/537.36"
199.127.56.236 - - [29/Apr/2025:15:43:26 -0400] "GET /wp-content/uploads/2019/01/3.jpg HTTP/1.1" 200 99473 "https://acreditrepaircorp.com/" "Mozilla/5.0 (Windows NT 10.0; Win64; x64) AppleWebKit/537.36 (KHTML, like Gecko) Chrome/121.0.6167.85 Safari/537.36"
199.127.56.236 - - [29/Apr/2025:15:43:26 -0400] "GET /wp-content/plugins/beaver-builder-lite-version/js/jquery.fitvids.js?ver=1.9.4 HTTP/1.1" 200 1135 "https://acreditrepaircorp.com/" "Mozilla/5.0 (Windows NT 10.0; Win64; x64) AppleWebKit/537.36 (KHTML, like Gecko) Chrome/121.0.6167.85 Safari/537.36"
199.127.56.236 - - [29/Apr/2025:15:43:26 -0400] "GET /wp-content/plugins/contact-form-7/includes/js/jquery.form.min.js?ver=3.51.0-2014.06.20 HTTP/1.1" 200 5539 "https://acreditrepaircorp.com/" "Mozilla/5.0 (Windows NT 10.0; Win64; x64) AppleWebKit/537.36 (KHTML, like Gecko) Chrome/121.0.6167.85 Safari/537.36"
199.127.56.236 - - [29/Apr/2025:15:43:26 -0400] "GET /wp-content/themes/TESSERACT/js/jquery.fittext.js?ver=1.0.0 HTTP/1.1" 200 521 "https://acreditrepaircorp.com/" "Mozilla/5.0 (Windows NT 10.0; Win64; x64) AppleWebKit/537.36 (KHTML, like Gecko) Chrome/121.0.6167.85 Safari/537.36"
199.127.56.236 - - [29/Apr/2025:15:43:26 -0400] "GET /wp-content/uploads/2019/01/good-credit-vs-bad-3-1.jpg HTTP/1.1" 200 166218 "https://acreditrepaircorp.com/" "Mozilla/5.0 (Windows NT 10.0; Win64; x64) AppleWebKit/537.36 (KHTML, like Gecko) Chrome/121.0.6167.85 Safari/537.36"
199.127.56.236 - - [29/Apr/2025:15:43:26 -0400] "GET /wp-content/plugins/elfsight-social-media-icons-cc/assets/elfsight-social-media-icons.js?ver=1.1.0 HTTP/1.1" 200 37980 "https://acreditrepaircorp.com/" "Mozilla/5.0 (Windows NT 10.0; Win64; x64) AppleWebKit/537.36 (KHTML, like Gecko) Chrome/121.0.6167.85 Safari/537.36"
199.127.56.236 - - [29/Apr/2025:15:43:26 -0400] "GET /wp-content/plugins/go_pricing/assets/js/go_pricing_scripts.js?ver=3.3.12 HTTP/1.1" 200 5244 "https://acreditrepaircorp.com/" "Mozilla/5.0 (Windows NT 10.0; Win64; x64) AppleWebKit/537.36 (KHTML, like Gecko) Chrome/121.0.6167.85 Safari/537.36"
199.127.56.236 - - [29/Apr/2025:15:43:26 -0400] "GET /wp-includes/js/wp-embed.min.js?ver=5.0.18 HTTP/1.1" 200 638 "https://acreditrepaircorp.com/" "Mozilla/5.0 (Windows NT 10.0; Win64; x64) AppleWebKit/537.36 (KHTML, like Gecko) Chrome/121.0.6167.85 Safari/537.36"
199.127.56.236 - - [29/Apr/2025:15:43:26 -0400] "GET /wp-content/plugins/contact-form-7/includes/js/scripts.js?ver=4.7 HTTP/1.1" 200 3452 "https://acreditrepaircorp.com/" "Mozilla/5.0 (Windows NT 10.0; Win64; x64) AppleWebKit/537.36 (KHTML, like Gecko) Chrome/121.0.6167.85 Safari/537.36"
199.127.56.236 - - [29/Apr/2025:15:43:26 -0400] "GET /wp-content/themes/TESSERACT/js/helpers-functions.js?ver=1.0.0 HTTP/1.1" 200 363 "https://acreditrepaircorp.com/" "Mozilla/5.0 (Windows NT 10.0; Win64; x64) AppleWebKit/537.36 (KHTML, like Gecko) Chrome/121.0.6167.85 Safari/537.36"
199.127.56.236 - - [29/Apr/2025:15:43:26 -0400] "GET /wp-content/themes/TESSERACT/js/helpers-beaver.js?ver=1.0.0 HTTP/1.1" 200 534 "https://acreditrepaircorp.com/" "Mozilla/5.0 (Windows NT 10.0; Win64; x64) AppleWebKit/537.36 (KHTML, like Gecko) Chrome/121.0.6167.85 Safari/537.36"
199.127.56.236 - - [29/Apr/2025:15:43:26 -0400] "GET /wp-content/themes/TESSERACT/js/jquery.sidr.min.js?ver=1.0.0 HTTP/1.1" 200 1450 "https://acreditrepaircorp.com/" "Mozilla/5.0 (Windows NT 10.0; Win64; x64) AppleWebKit/537.36 (KHTML, like Gecko) Chrome/121.0.6167.85 Safari/537.36"
199.127.56.236 - - [29/Apr/2025:15:43:26 -0400] "GET /wp-content/themes/TESSERACT/js/skip-link-focus-fix.js?ver=1.0.0 HTTP/1.1" 200 258 "https://acreditrepaircorp.com/" "Mozilla/5.0 (Windows NT 10.0; Win64; x64) AppleWebKit/537.36 (KHTML, like Gecko) Chrome/121.0.6167.85 Safari/537.36"
199.127.56.236 - - [29/Apr/2025:15:43:26 -0400] "GET /wp-content/plugins/youtube-embed-plus/scripts/fitvids.min.js?ver=13.0 HTTP/1.1" 200 681 "https://acreditrepaircorp.com/" "Mozilla/5.0 (Windows NT 10.0; Win64; x64) AppleWebKit/537.36 (KHTML, like Gecko) Chrome/121.0.6167.85 Safari/537.36"
199.127.56.236 - - [29/Apr/2025:15:43:26 -0400] "GET /wp-content/plugins/beaver-builder-lite-version/js/jquery.waypoints.min.js?ver=1.9.4 HTTP/1.1" 200 2540 "https://acreditrepaircorp.com/" "Mozilla/5.0 (Windows NT 10.0; Win64; x64) AppleWebKit/537.36 (KHTML, like Gecko) Chrome/121.0.6167.85 Safari/537.36"
199.127.56.236 - - [29/Apr/2025:15:43:26 -0400] "GET /wp-content/plugins/revslider/public/assets/js/extensions/revolution.extension.navigation.min.js?version=5.4.6.3 HTTP/1.1" 200 6678 "https://acreditrepaircorp.com/" "Mozilla/5.0 (Windows NT 10.0; Win64; x64) AppleWebKit/537.36 (KHTML, like Gecko) Chrome/121.0.6167.85 Safari/537.36"
199.127.56.236 - - [29/Apr/2025:15:43:26 -0400] "GET /wp-content/plugins/revslider/public/assets/js/extensions/revolution.extension.layeranimation.min.js?version=5.4.6.3 HTTP/1.1" 200 13832 "https://acreditrepaircorp.com/" "Mozilla/5.0 (Windows NT 10.0; Win64; x64) AppleWebKit/537.36 (KHTML, like Gecko) Chrome/121.0.6167.85 Safari/537.36"
199.127.56.236 - - [29/Apr/2025:15:43:26 -0400] "GET /wp-content/plugins/revslider/public/assets/assets/loader.gif HTTP/1.1" 200 2545 "https://acreditrepaircorp.com/wp-content/plugins/revslider/public/assets/css/settings.css?ver=5.4.6.3.1" "Mozilla/5.0 (Windows NT 10.0; Win64; x64) AppleWebKit/537.36 (KHTML, like Gecko) Chrome/121.0.6167.85 Safari/537.36"
85.208.96.209 - - [29/Apr/2025:15:43:29 -0400] "GET /21016obsy84deto9f4b4 HTTP/1.1" 404 10375 "-" "Mozilla/5.0 (compatible; SemrushBot/7~bl; +http://www.semrush.com/bot.html)"
185.191.171.3 - - [29/Apr/2025:15:43:46 -0400] "GET /27599qcah9e7a7cf9yh5e66e618 HTTP/1.1" 404 10373 "-" "Mozilla/5.0 (compatible; SemrushBot/7~bl; +http://www.semrush.com/bot.html)"
185.191.171.9 - - [29/Apr/2025:15:43:49 -0400] "GET /29608ubjh1c05fu14788 HTTP/1.1" 404 10372 "-" "Mozilla/5.0 (compatible; SemrushBot/7~bl; +http://www.semrush.com/bot.html)"
185.191.171.14 - - [29/Apr/2025:15:44:44 -0400] "GET /28838izzub08pz2f36 HTTP/1.1" 404 10368 "-" "Mozilla/5.0 (compatible; SemrushBot/7~bl; +http://www.semrush.com/bot.html)"
199.127.56.236 - - [29/Apr/2025:15:43:26 -0400] "GET /wp-content/plugins/revslider/public/assets/js/extensions/revolution.extension.actions.min.js?version=5.4.6.3 HTTP/1.1" 200 2400 "https://acreditrepaircorp.com/" "Mozilla/5.0 (Windows NT 10.0; Win64; x64) AppleWebKit/537.36 (KHTML, like Gecko) Chrome/121.0.6167.85 Safari/537.36"
199.127.56.236 - - [29/Apr/2025:15:43:26 -0400] "GET /wp-content/plugins/revslider/public/assets/js/extensions/revolution.extension.slideanims.min.js?version=5.4.6.3 HTTP/1.1" 200 6656 "https://acreditrepaircorp.com/" "Mozilla/5.0 (Windows NT 10.0; Win64; x64) AppleWebKit/537.36 (KHTML, like Gecko) Chrome/121.0.6167.85 Safari/537.36"
199.127.56.236 - - [29/Apr/2025:15:43:26 -0400] "GET /wp-content/plugins/revslider/public/assets/fonts/revicons/revicons.woff?5510888 HTTP/1.1" 200 7536 "https://acreditrepaircorp.com/wp-content/plugins/revslider/public/assets/css/settings.css?ver=5.4.6.3.1" "Mozilla/5.0 (Windows NT 10.0; Win64; x64) AppleWebKit/537.36 (KHTML, like Gecko) Chrome/121.0.6167.85 Safari/537.36"
199.127.56.236 - - [29/Apr/2025:15:43:26 -0400] "POST /?ga_action=googleanalytics_get_script HTTP/1.1" 200 296 "https://acreditrepaircorp.com/" "Mozilla/5.0 (Windows NT 10.0; Win64; x64) AppleWebKit/537.36 (KHTML, like Gecko) Chrome/121.0.6167.85 Safari/537.36"
192.64.118.117 - - [29/Apr/2025:15:44:46 -0400] "POST /wp-cron.php?doing_wp_cron=1745955886.2402229309082031250000 HTTP/1.1" 403 1242 "https://acreditrepaircorp.com/wp-cron.php?doing_wp_cron=1745955886.2402229309082031250000" "WordPress/5.0.18; https://acreditrepaircorp.com"
85.208.96.204 - - [29/Apr/2025:15:45:11 -0400] "GET /25545cuisf4fc465yud5816e0 HTTP/1.1" 404 10372 "-" "Mozilla/5.0 (compatible; SemrushBot/7~bl; +http://www.semrush.com/bot.html)"
185.191.171.19 - - [29/Apr/2025:15:45:45 -0400] "GET /robots.txt HTTP/1.1" 200 118 "-" "Mozilla/5.0 (compatible; SemrushBot/7~bl; +http://www.semrush.com/bot.html)"
85.208.96.201 - - [29/Apr/2025:15:46:15 -0400] "GET /18190iglof59f602blcf7b640e HTTP/1.1" 404 10370 "-" "Mozilla/5.0 (compatible; SemrushBot/7~bl; +http://www.semrush.com/bot.html)"
92.255.85.164 - - [29/Apr/2025:15:47:14 -0400] "GET / HTTP/1.0" 200 80531 "https://acreditrepaircorp.com/" "Mozilla/5.0 (Windows NT 10.0; Win64; x64) AppleWebKit/537.36 (KHTML, like Gecko) Chrome/129.0.0.0 Safari/537.36"
185.191.171.15 - - [29/Apr/2025:15:47:36 -0400] "GET /23706wllb67080fl19503f HTTP/1.1" 404 10372 "-" "Mozilla/5.0 (compatible; SemrushBot/7~bl; +http://www.semrush.com/bot.html)"
185.191.171.1 - - [29/Apr/2025:15:47:48 -0400] "GET /8051bubt85dd88b7ct67105294 HTTP/1.1" 404 10370 "-" "Mozilla/5.0 (compatible; SemrushBot/7~bl; +http://www.semrush.com/bot.html)"
85.208.96.198 - - [29/Apr/2025:15:47:57 -0400] "GET /21345cuisd00524bku069609a HTTP/1.1" 404 10373 "-" "Mozilla/5.0 (compatible; SemrushBot/7~bl; +http://www.semrush.com/bot.html)"
185.191.171.12 - - [29/Apr/2025:15:48:06 -0400] "GET /9633zqtoa9dcbd0yq05afe84 HTTP/1.1" 404 10365 "-" "Mozilla/5.0 (compatible; SemrushBot/7~bl; +http://www.semrush.com/bot.html)"
192.64.118.117 - - [29/Apr/2025:15:48:24 -0400] "POST /wp-cron.php?doing_wp_cron=1745956104.6302220821380615234375 HTTP/1.1" 403 1242 "https://acreditrepaircorp.com/wp-cron.php?doing_wp_cron=1745956104.6302220821380615234375" "WordPress/5.0.18; https://acreditrepaircorp.com"
85.208.96.204 - - [29/Apr/2025:15:49:22 -0400] "GET /29644qmle07a9pq4dee5 HTTP/1.1" 404 10371 "-" "Mozilla/5.0 (compatible; SemrushBot/7~bl; +http://www.semrush.com/bot.html)"
192.64.118.117 - - [29/Apr/2025:15:50:56 -0400] "POST /wp-cron.php?doing_wp_cron=1745956256.2378690242767333984375 HTTP/1.1" 403 1242 "https://acreditrepaircorp.com/wp-cron.php?doing_wp_cron=1745956256.2378690242767333984375" "WordPress/5.0.18; https://acreditrepaircorp.com"
85.208.96.201 - - [29/Apr/2025:15:51:25 -0400] "GET /6564dixh42xd259 HTTP/1.1" 404 10371 "-" "Mozilla/5.0 (compatible; SemrushBot/7~bl; +http://www.semrush.com/bot.html)"
85.208.96.209 - - [29/Apr/2025:15:44:57 -0400] "GET /10793juok77dbbou54079 HTTP/1.1" 404 10375 "-" "Mozilla/5.0 (compatible; SemrushBot/7~bl; +http://www.semrush.com/bot.html)"
192.64.118.117 - - [29/Apr/2025:15:45:47 -0400] "POST /wp-cron.php?doing_wp_cron=1745955947.7490439414978027343750 HTTP/1.1" 403 1242 "https://acreditrepaircorp.com/wp-cron.php?doing_wp_cron=1745955947.7490439414978027343750" "WordPress/5.0.18; https://acreditrepaircorp.com"
85.208.96.204 - - [29/Apr/2025:15:45:46 -0400] "GET /8051pytz85dd88b7cz67105294 HTTP/1.1" 404 10371 "-" "Mozilla/5.0 (compatible; SemrushBot/7~bl; +http://www.semrush.com/bot.html)"
185.191.171.18 - - [29/Apr/2025:15:45:51 -0400] "GET /14260vlaq6ecfxv71023 HTTP/1.1" 404 10372 "-" "Mozilla/5.0 (compatible; SemrushBot/7~bl; +http://www.semrush.com/bot.html)"
192.64.118.117 - - [29/Apr/2025:15:47:16 -0400] "POST /wp-cron.php?doing_wp_cron=1745956036.1342639923095703125000 HTTP/1.1" 403 1242 "https://acreditrepaircorp.com/wp-cron.php?doing_wp_cron=1745956036.1342639923095703125000" "WordPress/5.0.18; https://acreditrepaircorp.com"
185.191.171.12 - - [29/Apr/2025:15:47:27 -0400] "GET /24378kkdwfc3cfbd76d879 HTTP/1.1" 404 10372 "-" "Mozilla/5.0 (compatible; SemrushBot/7~bl; +http://www.semrush.com/bot.html)"
85.208.96.206 - - [29/Apr/2025:15:47:32 -0400] "GET /3757pxopa7ayxb8c HTTP/1.1" 404 10365 "-" "Mozilla/5.0 (compatible; SemrushBot/7~bl; +http://www.semrush.com/bot.html)"
185.191.171.14 - - [29/Apr/2025:15:48:02 -0400] "GET /24655tobz48802csz79b135 HTTP/1.1" 404 10373 "-" "Mozilla/5.0 (compatible; SemrushBot/7~bl; +http://www.semrush.com/bot.html)"
185.191.171.3 - - [29/Apr/2025:15:48:22 -0400] "GET /19774cgyve9f783fzy9157514b HTTP/1.1" 404 10372 "-" "Mozilla/5.0 (compatible; SemrushBot/7~bl; +http://www.semrush.com/bot.html)"
85.208.96.202 - - [29/Apr/2025:15:49:07 -0400] "GET /6246afwpe95f1rw589de0 HTTP/1.1" 404 10371 "-" "Mozilla/5.0 (compatible; SemrushBot/7~bl; +http://www.semrush.com/bot.html)"
185.191.171.19 - - [29/Apr/2025:15:49:19 -0400] "GET /28979bmova5d14fadav0a45a909 HTTP/1.1" 404 10372 "-" "Mozilla/5.0 (compatible; SemrushBot/7~bl; +http://www.semrush.com/bot.html)"
85.208.96.207 - - [29/Apr/2025:15:50:54 -0400] "GET /580qzyo895atq1dc5e HTTP/1.1" 404 10371 "-" "Mozilla/5.0 (compatible; SemrushBot/7~bl; +http://www.semrush.com/bot.html)"
185.191.171.15 - - [29/Apr/2025:15:52:14 -0400] "GET /16255apnh7e10deqha57d67 HTTP/1.1" 404 10372 "-" "Mozilla/5.0 (compatible; SemrushBot/7~bl; +http://www.semrush.com/bot.html)"
85.208.96.197 - - [29/Apr/2025:15:52:48 -0400] "GET /3021jmks562d5e9qm8f05dd9 HTTP/1.1" 404 10378 "-" "Mozilla/5.0 (compatible; SemrushBot/7~bl; +http://www.semrush.com/bot.html)"
85.208.96.203 - - [29/Apr/2025:15:53:25 -0400] "GET /16723yoyc519455qc885ec9 HTTP/1.1" 404 10372 "-" "Mozilla/5.0 (compatible; SemrushBot/7~bl; +http://www.semrush.com/bot.html)"
85.208.96.206 - - [29/Apr/2025:15:54:25 -0400] "GET /9522xvjl5f755rj10a72f HTTP/1.1" 404 10372 "-" "Mozilla/5.0 (compatible; SemrushBot/7~bl; +http://www.semrush.com/bot.html)"
185.191.171.9 - - [29/Apr/2025:15:51:44 -0400] "GET /7052qdmufc07b6rq6e825ae HTTP/1.1" 404 10373 "-" "Mozilla/5.0 (compatible; SemrushBot/7~bl; +http://www.semrush.com/bot.html)"
85.208.96.208 - - [29/Apr/2025:15:51:50 -0400] "GET /2037jqui7e86d3auq0d5e6d0 HTTP/1.1" 404 10370 "-" "Mozilla/5.0 (compatible; SemrushBot/7~bl; +http://www.semrush.com/bot.html)"
192.64.118.117 - - [29/Apr/2025:15:52:03 -0400] "POST /wp-cron.php?doing_wp_cron=1745956323.8655641078948974609375 HTTP/1.1" 403 1242 "https://acreditrepaircorp.com/wp-cron.php?doing_wp_cron=1745956323.8655641078948974609375" "WordPress/5.0.18; https://acreditrepaircorp.com"
185.191.171.9 - - [29/Apr/2025:15:52:03 -0400] "GET /8240rvlbe1b4eajr25c2b38 HTTP/1.1" 404 10372 "-" "Mozilla/5.0 (compatible; SemrushBot/7~bl; +http://www.semrush.com/bot.html)"
85.208.96.212 - - [29/Apr/2025:15:52:24 -0400] "GET /4144ujvo528dvua810b HTTP/1.1" 404 10366 "-" "Mozilla/5.0 (compatible; SemrushBot/7~bl; +http://www.semrush.com/bot.html)"
192.64.118.117 - - [29/Apr/2025:15:53:24 -0400] "POST /wp-cron.php?doing_wp_cron=1745956404.0172541141510009765625 HTTP/1.1" 403 1242 "https://acreditrepaircorp.com/wp-cron.php?doing_wp_cron=1745956404.0172541141510009765625" "WordPress/5.0.18; https://acreditrepaircorp.com"
85.208.96.202 - - [29/Apr/2025:15:53:23 -0400] "GET /16896cgyv3bhc4ce HTTP/1.1" 404 10370 "-" "Mozilla/5.0 (compatible; SemrushBot/7~bl; +http://www.semrush.com/bot.html)"
185.191.171.10 - - [29/Apr/2025:15:53:43 -0400] "GET /25613fwhc97d23owa929d HTTP/1.1" 404 10371 "-" "Mozilla/5.0 (compatible; SemrushBot/7~bl; +http://www.semrush.com/bot.html)"
185.191.171.14 - - [29/Apr/2025:15:54:01 -0400] "GET /11444eogwe08459pea9eb5bd HTTP/1.1" 404 10371 "-" "Mozilla/5.0 (compatible; SemrushBot/7~bl; +http://www.semrush.com/bot.html)"
192.64.118.117 - - [29/Apr/2025:15:54:25 -0400] "POST /wp-cron.php?doing_wp_cron=1745956465.5977001190185546875000 HTTP/1.1" 403 1242 "https://acreditrepaircorp.com/wp-cron.php?doing_wp_cron=1745956465.5977001190185546875000" "WordPress/5.0.18; https://acreditrepaircorp.com"
185.191.171.18 - - [29/Apr/2025:15:56:09 -0400] "GET /17137ufgw7ddofa9b HTTP/1.1" 404 10375 "-" "Mozilla/5.0 (compatible; SemrushBot/7~bl; +http://www.semrush.com/bot.html)"
85.208.96.194 - - [29/Apr/2025:15:56:16 -0400] "GET /13715ytxf7ab068e4yfa939c573 HTTP/1.1" 404 10369 "-" "Mozilla/5.0 (compatible; SemrushBot/7~bl; +http://www.semrush.com/bot.html)"
85.208.96.196 - - [29/Apr/2025:15:56:28 -0400] "GET /11475kkdw7418uw28c3 HTTP/1.1" 404 10373 "-" "Mozilla/5.0 (compatible; SemrushBot/7~bl; +http://www.semrush.com/bot.html)"
192.64.118.117 - - [29/Apr/2025:15:57:01 -0400] "POST /wp-cron.php?doing_wp_cron=1745956621.8115439414978027343750 HTTP/1.1" 403 1242 "https://acreditrepaircorp.com/wp-cron.php?doing_wp_cron=1745956621.8115439414978027343750" "WordPress/5.0.18; https://acreditrepaircorp.com"
185.191.171.12 - - [29/Apr/2025:15:57:01 -0400] "GET /14409jvwc1c58fafqva3cc187 HTTP/1.1" 404 10371 "-" "Mozilla/5.0 (compatible; SemrushBot/7~bl; +http://www.semrush.com/bot.html)"
185.191.171.7 - - [29/Apr/2025:15:57:31 -0400] "GET /8225vlaqbf72cul91eb5 HTTP/1.1" 404 10372 "-" "Mozilla/5.0 (compatible; SemrushBot/7~bl; +http://www.semrush.com/bot.html)"
192.64.118.117 - - [29/Apr/2025:15:58:12 -0400] "POST /wp-cron.php?doing_wp_cron=1745956692.4501349925994873046875 HTTP/1.1" 403 1242 "https://acreditrepaircorp.com/wp-cron.php?doing_wp_cron=1745956692.4501349925994873046875" "WordPress/5.0.18; https://acreditrepaircorp.com"
192.64.118.117 - - [29/Apr/2025:15:59:35 -0400] "POST /wp-cron.php?doing_wp_cron=1745956775.6365070343017578125000 HTTP/1.1" 403 1242 "https://acreditrepaircorp.com/wp-cron.php?doing_wp_cron=1745956775.6365070343017578125000" "WordPress/5.0.18; https://acreditrepaircorp.com"
185.191.171.11 - - [29/Apr/2025:15:59:35 -0400] "GET /22476kxyw12xk8db HTTP/1.1" 404 10375 "-" "Mozilla/5.0 (compatible; SemrushBot/7~bl; +http://www.semrush.com/bot.html)"
185.191.171.1 - - [29/Apr/2025:16:00:18 -0400] "GET /5748tlav39nt47a HTTP/1.1" 404 10377 "-" "Mozilla/5.0 (compatible; SemrushBot/7~bl; +http://www.semrush.com/bot.html)"
185.191.171.16 - - [29/Apr/2025:16:00:27 -0400] "GET /13165kkdwfd1uk76b HTTP/1.1" 404 10371 "-" "Mozilla/5.0 (compatible; SemrushBot/7~bl; +http://www.semrush.com/bot.html)"
185.191.171.13 - - [29/Apr/2025:16:00:48 -0400] "GET /14232afwp7dva5e7 HTTP/1.1" 404 10378 "-" "Mozilla/5.0 (compatible; SemrushBot/7~bl; +http://www.semrush.com/bot.html)"
85.208.96.194 - - [29/Apr/2025:16:01:01 -0400] "GET /4095rpria8d8yi07a5 HTTP/1.1" 404 10381 "-" "Mozilla/5.0 (compatible; SemrushBot/7~bl; +http://www.semrush.com/bot.html)"
192.64.118.117 - - [29/Apr/2025:16:02:15 -0400] "POST /wp-cron.php?doing_wp_cron=1745956935.2965080738067626953125 HTTP/1.1" 403 1242 "https://acreditrepaircorp.com/wp-cron.php?doing_wp_cron=1745956935.2965080738067626953125" "WordPress/5.0.18; https://acreditrepaircorp.com"
185.191.171.18 - - [29/Apr/2025:16:02:43 -0400] "GET /4616wllb16127dzwca4dc75 HTTP/1.1" 404 10379 "-" "Mozilla/5.0 (compatible; SemrushBot/7~bl; +http://www.semrush.com/bot.html)"
85.208.96.195 - - [29/Apr/2025:16:02:54 -0400] "GET /19714vfqd435ce08rq89530bd7 HTTP/1.1" 404 10379 "-" "Mozilla/5.0 (compatible; SemrushBot/7~bl; +http://www.semrush.com/bot.html)"
192.64.118.117 - - [29/Apr/2025:16:03:57 -0400] "POST /wp-cron.php?doing_wp_cron=1745957036.9961080551147460937500 HTTP/1.1" 403 1242 "https://acreditrepaircorp.com/wp-cron.php?doing_wp_cron=1745957036.9961080551147460937500" "WordPress/5.0.18; https://acreditrepaircorp.com"
85.208.96.202 - - [29/Apr/2025:16:03:56 -0400] "GET /14261osmjfba5bysc4b82 HTTP/1.1" 404 10376 "-" "Mozilla/5.0 (compatible; SemrushBot/7~bl; +http://www.semrush.com/bot.html)"
185.191.171.10 - - [29/Apr/2025:16:04:20 -0400] "GET /19302moey47b27ve1ff77b HTTP/1.1" 404 10376 "-" "Mozilla/5.0 (compatible; SemrushBot/7~bl; +http://www.semrush.com/bot.html)"
85.208.96.193 - - [29/Apr/2025:16:04:42 -0400] "GET /16705njbbac3yj4f4 HTTP/1.1" 404 10380 "-" "Mozilla/5.0 (compatible; SemrushBot/7~bl; +http://www.semrush.com/bot.html)"
85.208.96.200 - - [29/Apr/2025:15:55:19 -0400] "GET /16161uoqaae38f40ao7188d10 HTTP/1.1" 404 10371 "-" "Mozilla/5.0 (compatible; SemrushBot/7~bl; +http://www.semrush.com/bot.html)"
192.64.118.117 - - [29/Apr/2025:15:55:57 -0400] "POST /wp-cron.php?doing_wp_cron=1745956557.4583029747009277343750 HTTP/1.1" 403 1242 "https://acreditrepaircorp.com/wp-cron.php?doing_wp_cron=1745956557.4583029747009277343750" "WordPress/5.0.18; https://acreditrepaircorp.com"
85.208.96.194 - - [29/Apr/2025:15:55:57 -0400] "GET /3808icfe2de6xi01a9c HTTP/1.1" 404 10376 "-" "Mozilla/5.0 (compatible; SemrushBot/7~bl; +http://www.semrush.com/bot.html)"
185.191.171.11 - - [29/Apr/2025:15:56:49 -0400] "GET /18556ejfld46fdee123f HTTP/1.1" 404 10371 "-" "Mozilla/5.0 (compatible; SemrushBot/7~bl; +http://www.semrush.com/bot.html)"
85.208.96.202 - - [29/Apr/2025:15:57:06 -0400] "GET /28029jvwcff00dadmv0a21c37 HTTP/1.1" 404 10370 "-" "Mozilla/5.0 (compatible; SemrushBot/7~bl; +http://www.semrush.com/bot.html)"
85.208.96.202 - - [29/Apr/2025:15:57:16 -0400] "GET /4827jextb095ct38b2 HTTP/1.1" 404 10370 "-" "Mozilla/5.0 (compatible; SemrushBot/7~bl; +http://www.semrush.com/bot.html)"
185.191.171.12 - - [29/Apr/2025:15:57:28 -0400] "GET /17988lxzd51hldbb HTTP/1.1" 404 10375 "-" "Mozilla/5.0 (compatible; SemrushBot/7~bl; +http://www.semrush.com/bot.html)"
85.208.96.195 - - [29/Apr/2025:15:57:51 -0400] "GET /1480hypw44b2jh22758 HTTP/1.1" 404 10373 "-" "Mozilla/5.0 (compatible; SemrushBot/7~bl; +http://www.semrush.com/bot.html)"
185.191.171.5 - - [29/Apr/2025:15:58:12 -0400] "GET /6997lbgy48aob85f HTTP/1.1" 404 10372 "-" "Mozilla/5.0 (compatible; SemrushBot/7~bl; +http://www.semrush.com/bot.html)"
85.208.96.212 - - [29/Apr/2025:15:58:37 -0400] "GET /25847iglod2cc8b77oof3da3270 HTTP/1.1" 404 10372 "-" "Mozilla/5.0 (compatible; SemrushBot/7~bl; +http://www.semrush.com/bot.html)"
185.191.171.11 - - [29/Apr/2025:15:59:56 -0400] "GET /23706qmle67080fl19503f HTTP/1.1" 404 10370 "-" "Mozilla/5.0 (compatible; SemrushBot/7~bl; +http://www.semrush.com/bot.html)"
192.64.118.117 - - [29/Apr/2025:16:00:36 -0400] "POST /wp-cron.php?doing_wp_cron=1745956836.0680809020996093750000 HTTP/1.1" 403 1242 "https://acreditrepaircorp.com/wp-cron.php?doing_wp_cron=1745956836.0680809020996093750000" "WordPress/5.0.18; https://acreditrepaircorp.com"
85.208.96.202 - - [29/Apr/2025:16:00:35 -0400] "GET /28022qzyo58bfy6645 HTTP/1.1" 404 10376 "-" "Mozilla/5.0 (compatible; SemrushBot/7~bl; +http://www.semrush.com/bot.html)"
85.208.96.195 - - [29/Apr/2025:16:02:14 -0400] "GET /19737zqtoa23dab5oqca14cf1 HTTP/1.1" 404 10378 "-" "Mozilla/5.0 (compatible; SemrushBot/7~bl; +http://www.semrush.com/bot.html)"
185.191.171.7 - - [29/Apr/2025:16:02:28 -0400] "GET /16620ubjhe8ru07b HTTP/1.1" 404 10378 "-" "Mozilla/5.0 (compatible; SemrushBot/7~bl; +http://www.semrush.com/bot.html)"
85.208.96.193 - - [29/Apr/2025:16:02:30 -0400] "GET /11475dlfn7418un28c3 HTTP/1.1" 404 10380 "-" "Mozilla/5.0 (compatible; SemrushBot/7~bl; +http://www.semrush.com/bot.html)"
192.64.118.117 - - [29/Apr/2025:16:05:04 -0400] "POST /wp-cron.php?doing_wp_cron=1745957104.1903009414672851562500 HTTP/1.1" 403 1242 "https://acreditrepaircorp.com/wp-cron.php?doing_wp_cron=1745957104.1903009414672851562500" "WordPress/5.0.18; https://acreditrepaircorp.com"
192.64.118.117 - - [29/Apr/2025:16:06:18 -0400] "POST /wp-cron.php?doing_wp_cron=1745957178.2971179485321044921875 HTTP/1.1" 403 1242 "https://acreditrepaircorp.com/wp-cron.php?doing_wp_cron=1745957178.2971179485321044921875" "WordPress/5.0.18; https://acreditrepaircorp.com"
85.208.96.209 - - [29/Apr/2025:16:06:17 -0400] "GET /14072jvwc64a543rj9b32ca0 HTTP/1.1" 404 10381 "-" "Mozilla/5.0 (compatible; SemrushBot/7~bl; +http://www.semrush.com/bot.html)"
185.191.171.9 - - [29/Apr/2025:16:06:43 -0400] "GET /19061tkogeeb2eok333dc HTTP/1.1" 404 10378 "-" "Mozilla/5.0 (compatible; SemrushBot/7~bl; +http://www.semrush.com/bot.html)"
85.208.96.195 - - [29/Apr/2025:16:05:03 -0400] "GET /4062afwp8d88frwb17ca4 HTTP/1.1" 404 10379 "-" "Mozilla/5.0 (compatible; SemrushBot/7~bl; +http://www.semrush.com/bot.html)"
185.191.171.19 - - [29/Apr/2025:16:07:30 -0400] "GET /3757mjmsa7ayjb8c HTTP/1.1" 404 10377 "-" "Mozilla/5.0 (compatible; SemrushBot/7~bl; +http://www.semrush.com/bot.html)"
85.208.96.196 - - [29/Apr/2025:16:07:56 -0400] "GET /15231jgqx6e56gx7983 HTTP/1.1" 404 10378 "-" "Mozilla/5.0 (compatible; SemrushBot/7~bl; +http://www.semrush.com/bot.html)"
192.64.118.117 - - [29/Apr/2025:16:08:37 -0400] "POST /wp-cron.php?doing_wp_cron=1745957317.9801549911499023437500 HTTP/1.1" 403 1242 "https://acreditrepaircorp.com/wp-cron.php?doing_wp_cron=1745957317.9801549911499023437500" "WordPress/5.0.18; https://acreditrepaircorp.com"
185.191.171.1 - - [29/Apr/2025:16:09:00 -0400] "GET /11788ytxf5acfvy231de HTTP/1.1" 404 10377 "-" "Mozilla/5.0 (compatible; SemrushBot/7~bl; +http://www.semrush.com/bot.html)"
185.191.171.19 - - [29/Apr/2025:16:09:27 -0400] "GET /24996pyts03vp775 HTTP/1.1" 404 10378 "-" "Mozilla/5.0 (compatible; SemrushBot/7~bl; +http://www.semrush.com/bot.html)"
192.64.118.117 - - [29/Apr/2025:16:09:38 -0400] "POST /wp-cron.php?doing_wp_cron=1745957378.8241930007934570312500 HTTP/1.1" 403 1242 "https://acreditrepaircorp.com/wp-cron.php?doing_wp_cron=1745957378.8241930007934570312500" "WordPress/5.0.18; https://acreditrepaircorp.com"
192.64.118.117 - - [29/Apr/2025:16:10:41 -0400] "POST /wp-cron.php?doing_wp_cron=1745957441.3098978996276855468750 HTTP/1.1" 403 1242 "https://acreditrepaircorp.com/wp-cron.php?doing_wp_cron=1745957441.3098978996276855468750" "WordPress/5.0.18; https://acreditrepaircorp.com"
85.208.96.205 - - [29/Apr/2025:16:10:47 -0400] "GET /3566tobzd02pb1998 HTTP/1.1" 404 10377 "-" "Mozilla/5.0 (compatible; SemrushBot/7~bl; +http://www.semrush.com/bot.html)"
85.208.96.193 - - [29/Apr/2025:16:07:08 -0400] "GET /8175ytxf2d0ewf9675 HTTP/1.1" 404 10375 "-" "Mozilla/5.0 (compatible; SemrushBot/7~bl; +http://www.semrush.com/bot.html)"
192.64.118.117 - - [29/Apr/2025:16:07:26 -0400] "POST /wp-cron.php?doing_wp_cron=1745957246.8602080345153808593750 HTTP/1.1" 403 1242 "https://acreditrepaircorp.com/wp-cron.php?doing_wp_cron=1745957246.8602080345153808593750" "WordPress/5.0.18; https://acreditrepaircorp.com"
185.191.171.13 - - [29/Apr/2025:16:07:26 -0400] "GET /11018fihnd9dfh133d HTTP/1.1" 404 10378 "-" "Mozilla/5.0 (compatible; SemrushBot/7~bl; +http://www.semrush.com/bot.html)"
185.191.171.12 - - [29/Apr/2025:16:08:03 -0400] "GET /14548pjrx7b82zp1f468 HTTP/1.1" 404 10377 "-" "Mozilla/5.0 (compatible; SemrushBot/7~bl; +http://www.semrush.com/bot.html)"
185.191.171.4 - - [29/Apr/2025:16:08:37 -0400] "GET /23761kxyw0ecix4af HTTP/1.1" 404 10378 "-" "Mozilla/5.0 (compatible; SemrushBot/7~bl; +http://www.semrush.com/bot.html)"
185.191.171.9 - - [29/Apr/2025:16:09:04 -0400] "GET /16388jextd79611tj1a5c0c9 HTTP/1.1" 404 10378 "-" "Mozilla/5.0 (compatible; SemrushBot/7~bl; +http://www.semrush.com/bot.html)"
85.208.96.211 - - [29/Apr/2025:16:09:29 -0400] "GET /13638afwpd0718zw79e389 HTTP/1.1" 404 10377 "-" "Mozilla/5.0 (compatible; SemrushBot/7~bl; +http://www.semrush.com/bot.html)"
185.191.171.16 - - [29/Apr/2025:16:09:33 -0400] "GET /15192inarfdtib90 HTTP/1.1" 404 10372 "-" "Mozilla/5.0 (compatible; SemrushBot/7~bl; +http://www.semrush.com/bot.html)"
85.208.96.208 - - [29/Apr/2025:16:09:38 -0400] "GET /15174ytxf7810dbxcb6213 HTTP/1.1" 404 10369 "-" "Mozilla/5.0 (compatible; SemrushBot/7~bl; +http://www.semrush.com/bot.html)"
85.208.96.208 - - [29/Apr/2025:16:10:40 -0400] "GET /7637nqzia343ceqed732 HTTP/1.1" 404 10369 "-" "Mozilla/5.0 (compatible; SemrushBot/7~bl; +http://www.semrush.com/bot.html)"
85.208.96.212 - - [29/Apr/2025:16:11:09 -0400] "GET /15752lelj5a435dhl281cee1 HTTP/1.1" 404 10370 "-" "Mozilla/5.0 (compatible; SemrushBot/7~bl; +http://www.semrush.com/bot.html)"
85.208.96.212 - - [29/Apr/2025:16:11:20 -0400] "GET /23895lxzd600dmd2a71 HTTP/1.1" 404 10377 "-" "Mozilla/5.0 (compatible; SemrushBot/7~bl; +http://www.semrush.com/bot.html)"
192.64.118.117 - - [29/Apr/2025:16:11:45 -0400] "POST /wp-cron.php?doing_wp_cron=1745957505.4128661155700683593750 HTTP/1.1" 403 1242 "https://acreditrepaircorp.com/wp-cron.php?doing_wp_cron=1745957505.4128661155700683593750" "WordPress/5.0.18; https://acreditrepaircorp.com"
85.208.96.199 - - [29/Apr/2025:16:12:40 -0400] "GET /28744kxat339ezkaaf0e HTTP/1.1" 404 10379 "-" "Mozilla/5.0 (compatible; SemrushBot/7~bl; +http://www.semrush.com/bot.html)"
85.208.96.205 - - [29/Apr/2025:16:13:23 -0400] "GET /7110zqto47bf9xt04a966 HTTP/1.1" 404 10377 "-" "Mozilla/5.0 (compatible; SemrushBot/7~bl; +http://www.semrush.com/bot.html)"
85.208.96.212 - - [29/Apr/2025:16:13:39 -0400] "GET /27489ldya4915de0sd5bf9757 HTTP/1.1" 404 10377 "-" "Mozilla/5.0 (compatible; SemrushBot/7~bl; +http://www.semrush.com/bot.html)"
192.64.118.117 - - [29/Apr/2025:16:14:52 -0400] "POST /wp-cron.php?doing_wp_cron=1745957692.0420649051666259765625 HTTP/1.1" 403 1242 "https://acreditrepaircorp.com/wp-cron.php?doing_wp_cron=1745957692.0420649051666259765625" "WordPress/5.0.18; https://acreditrepaircorp.com"
185.191.171.1 - - [29/Apr/2025:16:16:00 -0400] "GET /10284wkul77zwf21 HTTP/1.1" 404 10376 "-" "Mozilla/5.0 (compatible; SemrushBot/7~bl; +http://www.semrush.com/bot.html)"
85.208.96.199 - - [29/Apr/2025:16:16:20 -0400] "GET /20689iclw7eeec960 HTTP/1.1" 404 10379 "-" "Mozilla/5.0 (compatible; SemrushBot/7~bl; +http://www.semrush.com/bot.html)"
85.208.96.204 - - [29/Apr/2025:16:16:58 -0400] "GET /17137izzu7ddoza9b HTTP/1.1" 404 10371 "-" "Mozilla/5.0 (compatible; SemrushBot/7~bl; +http://www.semrush.com/bot.html)"
192.64.118.117 - - [29/Apr/2025:16:17:26 -0400] "POST /wp-cron.php?doing_wp_cron=1745957846.8871159553527832031250 HTTP/1.1" 403 1242 "https://acreditrepaircorp.com/wp-cron.php?doing_wp_cron=1745957846.8871159553527832031250" "WordPress/5.0.18; https://acreditrepaircorp.com"
85.208.96.197 - - [29/Apr/2025:16:17:26 -0400] "GET /28740lbgybevl590 HTTP/1.1" 404 10374 "-" "Mozilla/5.0 (compatible; SemrushBot/7~bl; +http://www.semrush.com/bot.html)"
85.208.96.199 - - [29/Apr/2025:16:17:28 -0400] "GET /8818leljc7a2cd0pl4106b3af HTTP/1.1" 404 10376 "-" "Mozilla/5.0 (compatible; SemrushBot/7~bl; +http://www.semrush.com/bot.html)"
85.208.96.204 - - [29/Apr/2025:16:17:45 -0400] "GET /7597ciet56eqi17a HTTP/1.1" 404 10380 "-" "Mozilla/5.0 (compatible; SemrushBot/7~bl; +http://www.semrush.com/bot.html)"
185.191.171.13 - - [29/Apr/2025:16:18:45 -0400] "GET /29107opmp344c7dypa99776 HTTP/1.1" 404 10379 "-" "Mozilla/5.0 (compatible; SemrushBot/7~bl; +http://www.semrush.com/bot.html)"
85.208.96.211 - - [29/Apr/2025:16:19:29 -0400] "GET /8308wvqf3214zw96937 HTTP/1.1" 404 10377 "-" "Mozilla/5.0 (compatible; SemrushBot/7~bl; +http://www.semrush.com/bot.html)"
185.191.171.14 - - [29/Apr/2025:16:19:31 -0400] "GET /14320ogfk76cefo8a93f HTTP/1.1" 404 10378 "-" "Mozilla/5.0 (compatible; SemrushBot/7~bl; +http://www.semrush.com/bot.html)"
85.208.96.203 - - [29/Apr/2025:16:21:19 -0400] "GET /12965bubt99916cu371c1 HTTP/1.1" 404 10377 "-" "Mozilla/5.0 (compatible; SemrushBot/7~bl; +http://www.semrush.com/bot.html)"
85.208.96.197 - - [29/Apr/2025:16:22:03 -0400] "GET /robots.txt HTTP/1.1" 200 118 "-" "Mozilla/5.0 (compatible; SemrushBot/7~bl; +http://www.semrush.com/bot.html)"
185.191.171.6 - - [29/Apr/2025:16:22:04 -0400] "GET /4068eque39xef29 HTTP/1.1" 404 10378 "-" "Mozilla/5.0 (compatible; SemrushBot/7~bl; +http://www.semrush.com/bot.html)"
192.64.118.117 - - [29/Apr/2025:16:22:34 -0400] "POST /wp-cron.php?doing_wp_cron=1745958154.4815680980682373046875 HTTP/1.1" 403 1242 "https://acreditrepaircorp.com/wp-cron.php?doing_wp_cron=1745958154.4815680980682373046875" "WordPress/5.0.18; https://acreditrepaircorp.com"
185.191.171.10 - - [29/Apr/2025:16:22:48 -0400] "GET /3193fkns9cegk57c HTTP/1.1" 404 10377 "-" "Mozilla/5.0 (compatible; SemrushBot/7~bl; +http://www.semrush.com/bot.html)"
185.191.171.3 - - [29/Apr/2025:16:11:44 -0400] "GET /22014wkul2d7a4due981ca HTTP/1.1" 404 10379 "-" "Mozilla/5.0 (compatible; SemrushBot/7~bl; +http://www.semrush.com/bot.html)"
185.191.171.8 - - [29/Apr/2025:16:12:02 -0400] "GET /8039dlfnbe46a11aqn66661a0b HTTP/1.1" 404 10372 "-" "Mozilla/5.0 (compatible; SemrushBot/7~bl; +http://www.semrush.com/bot.html)"
85.208.96.195 - - [29/Apr/2025:16:12:34 -0400] "GET /6483jgqx7234ux93c4 HTTP/1.1" 404 10379 "-" "Mozilla/5.0 (compatible; SemrushBot/7~bl; +http://www.semrush.com/bot.html)"
192.64.118.117 - - [29/Apr/2025:16:13:23 -0400] "POST /wp-cron.php?doing_wp_cron=1745957603.9361898899078369140625 HTTP/1.1" 403 1242 "https://acreditrepaircorp.com/wp-cron.php?doing_wp_cron=1745957603.9361898899078369140625" "WordPress/5.0.18; https://acreditrepaircorp.com"
85.208.96.193 - - [29/Apr/2025:16:14:51 -0400] "GET /2037fztz7e86d3auz0d5e6d0 HTTP/1.1" 404 10380 "-" "Mozilla/5.0 (compatible; SemrushBot/7~bl; +http://www.semrush.com/bot.html)"
85.208.96.209 - - [29/Apr/2025:16:15:45 -0400] "GET /28500edwld2pe788 HTTP/1.1" 404 10374 "-" "Mozilla/5.0 (compatible; SemrushBot/7~bl; +http://www.semrush.com/bot.html)"
192.64.118.117 - - [29/Apr/2025:16:16:01 -0400] "POST /wp-cron.php?doing_wp_cron=1745957761.2234289646148681640625 HTTP/1.1" 403 1242 "https://acreditrepaircorp.com/wp-cron.php?doing_wp_cron=1745957761.2234289646148681640625" "WordPress/5.0.18; https://acreditrepaircorp.com"
85.208.96.203 - - [29/Apr/2025:16:16:07 -0400] "GET /28468juokd3dejja6300 HTTP/1.1" 404 10378 "-" "Mozilla/5.0 (compatible; SemrushBot/7~bl; +http://www.semrush.com/bot.html)"
185.191.171.14 - - [29/Apr/2025:16:16:36 -0400] "GET /4208wmag8e3ad4hwcc42624 HTTP/1.1" 404 10378 "-" "Mozilla/5.0 (compatible; SemrushBot/7~bl; +http://www.semrush.com/bot.html)"
